[INFO] fetching crate dharitri-sc 0.1.7...
[INFO] checking dharitri-sc-0.1.7 against nightly-2024-02-05 for check-cfg
[INFO] extracting crate dharitri-sc 0.1.7 into /workspace/builds/worker-7-tc1/source
[INFO] validating manifest of crates.io crate dharitri-sc 0.1.7 on toolchain nightly-2024-02-05
[INFO] running `Command { std: CARGO_HOME="/workspace/cargo-home" RUSTUP_HOME="/workspace/rustup-home" "/workspace/cargo-home/bin/cargo" "+nightly-2024-02-05" "metadata" "--manifest-path" "Cargo.toml" "--no-deps", kill_on_drop: false }`
[INFO] started tweaking crates.io crate dharitri-sc 0.1.7
[INFO] finished tweaking crates.io crate dharitri-sc 0.1.7
[INFO] tweaked toml for crates.io crate dharitri-sc 0.1.7 written to /workspace/builds/worker-7-tc1/source/Cargo.toml
[INFO] running `Command { std: CARGO_HOME="/workspace/cargo-home" RUSTUP_HOME="/workspace/rustup-home" "/workspace/cargo-home/bin/cargo" "+nightly-2024-02-05" "generate-lockfile" "--manifest-path" "Cargo.toml", kill_on_drop: false }`
[INFO] [stderr]     Updating crates.io index
[INFO] running `Command { std: CARGO_HOME="/workspace/cargo-home" RUSTUP_HOME="/workspace/rustup-home" "/workspace/cargo-home/bin/cargo" "+nightly-2024-02-05" "fetch" "--manifest-path" "Cargo.toml", kill_on_drop: false }`
[INFO] [stderr]  Downloading crates ...
[INFO] [stderr]   Downloaded dharitri-sc-codec-derive v0.0.5
[INFO] [stderr]   Downloaded dharitri-sc-codec v0.0.5
[INFO] [stderr]   Downloaded dharitri-sc-derive v0.1.7
[INFO] running `Command { std: "docker" "create" "-v" "/var/lib/crater-agent-workspace/builds/worker-7-tc1/target:/opt/rustwide/target:rw,Z" "-v" "/var/lib/crater-agent-workspace/builds/worker-7-tc1/source:/opt/rustwide/workdir:ro,Z" "-v" "/var/lib/crater-agent-workspace/cargo-home:/opt/rustwide/cargo-home:ro,Z" "-v" "/var/lib/crater-agent-workspace/rustup-home:/opt/rustwide/rustup-home:ro,Z" "-e" "SOURCE_DIR=/opt/rustwide/workdir" "-e" "CARGO_TARGET_DIR=/opt/rustwide/target" "-e" "CARGO_HOME=/opt/rustwide/cargo-home" "-e" "RUSTUP_HOME=/opt/rustwide/rustup-home" "-w" "/opt/rustwide/workdir" "-m" "1610612736" "--user" "0:0" "--network" "none" "ghcr.io/rust-lang/crates-build-env/linux@sha256:2788e3201cd34a07e3172128adcd8b3090168a8e3bcc40d7c032b9dda1df7d1c" "/opt/rustwide/cargo-home/bin/cargo" "+nightly-2024-02-05" "metadata" "--no-deps" "--format-version=1", kill_on_drop: false }`
[INFO] [stdout] 0083a7cd03a335207399090deeeb169cbbc097afe71cf4c9e5562bece8d5993f
[INFO] running `Command { std: "docker" "start" "-a" "0083a7cd03a335207399090deeeb169cbbc097afe71cf4c9e5562bece8d5993f", kill_on_drop: false }`
[INFO] running `Command { std: "docker" "inspect" "0083a7cd03a335207399090deeeb169cbbc097afe71cf4c9e5562bece8d5993f", kill_on_drop: false }`
[INFO] running `Command { std: "docker" "rm" "-f" "0083a7cd03a335207399090deeeb169cbbc097afe71cf4c9e5562bece8d5993f", kill_on_drop: false }`
[INFO] [stdout] 0083a7cd03a335207399090deeeb169cbbc097afe71cf4c9e5562bece8d5993f
[INFO] running `Command { std: "docker" "create" "-v" "/var/lib/crater-agent-workspace/builds/worker-7-tc1/target:/opt/rustwide/target:rw,Z" "-v" "/var/lib/crater-agent-workspace/builds/worker-7-tc1/source:/opt/rustwide/workdir:ro,Z" "-v" "/var/lib/crater-agent-workspace/cargo-home:/opt/rustwide/cargo-home:ro,Z" "-v" "/var/lib/crater-agent-workspace/rustup-home:/opt/rustwide/rustup-home:ro,Z" "-e" "SOURCE_DIR=/opt/rustwide/workdir" "-e" "CARGO_TARGET_DIR=/opt/rustwide/target" "-e" "CARGO_INCREMENTAL=0" "-e" "RUST_BACKTRACE=full" "-e" "RUSTFLAGS=--cap-lints=forbid" "-e" "RUSTDOCFLAGS=--cap-lints=forbid" "-e" "CARGO_HOME=/opt/rustwide/cargo-home" "-e" "RUSTUP_HOME=/opt/rustwide/rustup-home" "-w" "/opt/rustwide/workdir" "-m" "1610612736" "--user" "0:0" "--network" "none" "ghcr.io/rust-lang/crates-build-env/linux@sha256:2788e3201cd34a07e3172128adcd8b3090168a8e3bcc40d7c032b9dda1df7d1c" "/opt/rustwide/cargo-home/bin/cargo" "+nightly-2024-02-05" "check" "--frozen" "--all" "--all-targets" "--message-format=json", kill_on_drop: false }`
[INFO] [stdout] 21c2577092058aa8beb9a294dc36ec20b2ceb86bd161831c74107c2c51eb3236
[INFO] running `Command { std: "docker" "start" "-a" "21c2577092058aa8beb9a294dc36ec20b2ceb86bd161831c74107c2c51eb3236", kill_on_drop: false }`
[INFO] [stderr]    Compiling smallvec v1.13.1
[INFO] [stderr]    Compiling hex v0.4.3
[INFO] [stderr]     Checking once_cell v1.19.0
[INFO] [stderr]    Compiling endian-type v0.1.2
[INFO] [stderr]     Checking arrayvec v0.7.4
[INFO] [stderr]    Compiling hex-literal v0.3.4
[INFO] [stderr]    Compiling ahash v0.8.7
[INFO] [stderr]    Compiling nibble_vec v0.1.0
[INFO] [stderr]    Compiling radix_trie v0.2.1
[INFO] [stderr]    Compiling dharitri-sc-codec-derive v0.0.5
[INFO] [stderr]     Checking hashbrown v0.13.2
[INFO] [stderr]    Compiling dharitri-sc-derive v0.1.7
[INFO] [stderr]     Checking dharitri-sc-codec v0.0.5
[INFO] [stderr]     Checking dharitri-sc v0.1.7 (/opt/rustwide/workdir)
[INFO] [stdout] error[E0308]: mismatched types
[INFO] [stdout]    --> src/types/managed/wrapped/managed_vec.rs:429:39
[INFO] [stdout]     |
[INFO] [stdout] 429 |             slice.is_sorted_by(|a, b| compare(&a.decode(), &b.decode()))
[INFO] [stdout]     |                                       ^^^^^^^^^^^^^^^^^^^^^^^^^^^^^^^^^ expected `bool`, found `Option<Ordering>`
[INFO] [stdout]     |
[INFO] [stdout]     = note: expected type `bool`
[INFO] [stdout]                found enum `Option<core::cmp::Ordering>`
[INFO] [stdout] help: use `Option::is_some` to test if the `Option` has a value
[INFO] [stdout]     |
[INFO] [stdout] 429 |             slice.is_sorted_by(|a, b| compare(&a.decode(), &b.decode()).is_some())
[INFO] [stdout]     |                                                                        ++++++++++
[INFO] [stdout] 
[INFO] [stdout] 
[INFO] [stdout] error[E0308]: mismatched types
[INFO] [stdout]    --> src/types/managed/wrapped/managed_vec.rs:429:39
[INFO] [stdout]     |
[INFO] [stdout] 429 |             slice.is_sorted_by(|a, b| compare(&a.decode(), &b.decode()))
[INFO] [stdout]     |                                       ^^^^^^^^^^^^^^^^^^^^^^^^^^^^^^^^^ expected `bool`, found `Option<Ordering>`
[INFO] [stdout]     |
[INFO] [stdout]     = note: expected type `bool`
[INFO] [stdout]                found enum `Option<core::cmp::Ordering>`
[INFO] [stdout] help: use `Option::is_some` to test if the `Option` has a value
[INFO] [stdout]     |
[INFO] [stdout] 429 |             slice.is_sorted_by(|a, b| compare(&a.decode(), &b.decode()).is_some())
[INFO] [stdout]     |                                                                        ++++++++++
[INFO] [stdout] 
[INFO] [stdout] 
[INFO] [stdout] error: aborting due to 1 previous error
[INFO] [stdout] 
[INFO] [stdout] 
[INFO] [stdout] For more information about this error, try `rustc --explain E0308`.
[INFO] [stdout] 
[INFO] [stderr] error: could not compile `dharitri-sc` (lib) due to 2 previous errors
[INFO] [stderr] warning: build failed, waiting for other jobs to finish...
[INFO] [stdout] error: aborting due to 1 previous error
[INFO] [stdout] 
[INFO] [stdout] 
[INFO] [stdout] For more information about this error, try `rustc --explain E0308`.
[INFO] [stdout] 
[INFO] [stderr] error: could not compile `dharitri-sc` (lib test) due to 2 previous errors
[INFO] running `Command { std: "docker" "inspect" "21c2577092058aa8beb9a294dc36ec20b2ceb86bd161831c74107c2c51eb3236", kill_on_drop: false }`
[INFO] running `Command { std: "docker" "rm" "-f" "21c2577092058aa8beb9a294dc36ec20b2ceb86bd161831c74107c2c51eb3236", kill_on_drop: false }`
[INFO] [stdout] 21c2577092058aa8beb9a294dc36ec20b2ceb86bd161831c74107c2c51eb3236
[INFO] checking dharitri-sc-0.1.7 against nightly-2024-02-05+rustflags=-Dunexpected_cfgs+cargoflags=-Zcheck-cfg for check-cfg
[INFO] extracting crate dharitri-sc 0.1.7 into /workspace/builds/worker-7-tc2/source
[INFO] validating manifest of crates.io crate dharitri-sc 0.1.7 on toolchain nightly-2024-02-05
[INFO] running `Command { std: CARGO_HOME="/workspace/cargo-home" RUSTUP_HOME="/workspace/rustup-home" "/workspace/cargo-home/bin/cargo" "+nightly-2024-02-05" "metadata" "--manifest-path" "Cargo.toml" "--no-deps", kill_on_drop: false }`
[INFO] started tweaking crates.io crate dharitri-sc 0.1.7
[INFO] finished tweaking crates.io crate dharitri-sc 0.1.7
[INFO] tweaked toml for crates.io crate dharitri-sc 0.1.7 written to /workspace/builds/worker-7-tc2/source/Cargo.toml
[INFO] running `Command { std: CARGO_HOME="/workspace/cargo-home" RUSTUP_HOME="/workspace/rustup-home" "/workspace/cargo-home/bin/cargo" "+nightly-2024-02-05" "generate-lockfile" "--manifest-path" "Cargo.toml", kill_on_drop: false }`
[INFO] [stderr]     Updating crates.io index
[INFO] running `Command { std: CARGO_HOME="/workspace/cargo-home" RUSTUP_HOME="/workspace/rustup-home" "/workspace/cargo-home/bin/cargo" "+nightly-2024-02-05" "fetch" "--manifest-path" "Cargo.toml", kill_on_drop: false }`
[INFO] running `Command { std: "docker" "create" "-v" "/var/lib/crater-agent-workspace/builds/worker-7-tc2/target:/opt/rustwide/target:rw,Z" "-v" "/var/lib/crater-agent-workspace/builds/worker-7-tc2/source:/opt/rustwide/workdir:ro,Z" "-v" "/var/lib/crater-agent-workspace/cargo-home:/opt/rustwide/cargo-home:ro,Z" "-v" "/var/lib/crater-agent-workspace/rustup-home:/opt/rustwide/rustup-home:ro,Z" "-e" "SOURCE_DIR=/opt/rustwide/workdir" "-e" "CARGO_TARGET_DIR=/opt/rustwide/target" "-e" "CARGO_HOME=/opt/rustwide/cargo-home" "-e" "RUSTUP_HOME=/opt/rustwide/rustup-home" "-w" "/opt/rustwide/workdir" "-m" "1610612736" "--user" "0:0" "--network" "none" "ghcr.io/rust-lang/crates-build-env/linux@sha256:2788e3201cd34a07e3172128adcd8b3090168a8e3bcc40d7c032b9dda1df7d1c" "/opt/rustwide/cargo-home/bin/cargo" "+nightly-2024-02-05" "metadata" "--no-deps" "--format-version=1", kill_on_drop: false }`
[INFO] [stdout] 9064e219720002d19bbae031cf74ccb75d25206dd7bd7518bec9922903f995de
[INFO] running `Command { std: "docker" "start" "-a" "9064e219720002d19bbae031cf74ccb75d25206dd7bd7518bec9922903f995de", kill_on_drop: false }`
[INFO] running `Command { std: "docker" "inspect" "9064e219720002d19bbae031cf74ccb75d25206dd7bd7518bec9922903f995de", kill_on_drop: false }`
[INFO] running `Command { std: "docker" "rm" "-f" "9064e219720002d19bbae031cf74ccb75d25206dd7bd7518bec9922903f995de", kill_on_drop: false }`
[INFO] [stdout] 9064e219720002d19bbae031cf74ccb75d25206dd7bd7518bec9922903f995de
[INFO] running `Command { std: "docker" "create" "-v" "/var/lib/crater-agent-workspace/builds/worker-7-tc2/target:/opt/rustwide/target:rw,Z" "-v" "/var/lib/crater-agent-workspace/builds/worker-7-tc2/source:/opt/rustwide/workdir:ro,Z" "-v" "/var/lib/crater-agent-workspace/cargo-home:/opt/rustwide/cargo-home:ro,Z" "-v" "/var/lib/crater-agent-workspace/rustup-home:/opt/rustwide/rustup-home:ro,Z" "-e" "SOURCE_DIR=/opt/rustwide/workdir" "-e" "CARGO_TARGET_DIR=/opt/rustwide/target" "-e" "CARGO_INCREMENTAL=0" "-e" "RUST_BACKTRACE=full" "-e" "RUSTFLAGS=--cap-lints=forbid -Dunexpected_cfgs" "-e" "RUSTDOCFLAGS=--cap-lints=forbid" "-e" "CARGO_HOME=/opt/rustwide/cargo-home" "-e" "RUSTUP_HOME=/opt/rustwide/rustup-home" "-w" "/opt/rustwide/workdir" "-m" "1610612736" "--user" "0:0" "--network" "none" "ghcr.io/rust-lang/crates-build-env/linux@sha256:2788e3201cd34a07e3172128adcd8b3090168a8e3bcc40d7c032b9dda1df7d1c" "/opt/rustwide/cargo-home/bin/cargo" "+nightly-2024-02-05" "check" "--frozen" "--all" "--all-targets" "--message-format=json" "-Zcheck-cfg", kill_on_drop: false }`
[INFO] [stdout] a600616bf98dc78bfba2f2c4946a665b4cf49b7614bd997eaf8523d4cf62a953
[INFO] running `Command { std: "docker" "start" "-a" "a600616bf98dc78bfba2f2c4946a665b4cf49b7614bd997eaf8523d4cf62a953", kill_on_drop: false }`
[INFO] [stderr]    Compiling smallvec v1.13.1
[INFO] [stderr]    Compiling hex v0.4.3
[INFO] [stderr]    Compiling endian-type v0.1.2
[INFO] [stderr]    Compiling ahash v0.8.7
[INFO] [stderr]     Checking once_cell v1.19.0
[INFO] [stderr]     Checking arrayvec v0.7.4
[INFO] [stderr]    Compiling hex-literal v0.3.4
[INFO] [stderr]    Compiling nibble_vec v0.1.0
[INFO] [stderr]    Compiling radix_trie v0.2.1
[INFO] [stderr]    Compiling dharitri-sc-codec-derive v0.0.5
[INFO] [stderr]     Checking hashbrown v0.13.2
[INFO] [stderr]    Compiling dharitri-sc-derive v0.1.7
[INFO] [stderr]     Checking dharitri-sc-codec v0.0.5
[INFO] [stderr]     Checking dharitri-sc v0.1.7 (/opt/rustwide/workdir)
[INFO] [stdout] error[E0308]: mismatched types
[INFO] [stdout]    --> src/types/managed/wrapped/managed_vec.rs:429:39
[INFO] [stdout]     |
[INFO] [stdout] 429 |             slice.is_sorted_by(|a, b| compare(&a.decode(), &b.decode()))
[INFO] [stdout]     |                                       ^^^^^^^^^^^^^^^^^^^^^^^^^^^^^^^^^ expected `bool`, found `Option<Ordering>`
[INFO] [stdout]     |
[INFO] [stdout]     = note: expected type `bool`
[INFO] [stdout]                found enum `Option<core::cmp::Ordering>`
[INFO] [stdout] help: use `Option::is_some` to test if the `Option` has a value
[INFO] [stdout]     |
[INFO] [stdout] 429 |             slice.is_sorted_by(|a, b| compare(&a.decode(), &b.decode()).is_some())
[INFO] [stdout]     |                                                                        ++++++++++
[INFO] [stdout] 
[INFO] [stdout] 
[INFO] [stdout] error[E0308]: mismatched types
[INFO] [stdout]    --> src/types/managed/wrapped/managed_vec.rs:429:39
[INFO] [stdout]     |
[INFO] [stdout] 429 |             slice.is_sorted_by(|a, b| compare(&a.decode(), &b.decode()))
[INFO] [stdout]     |                                       ^^^^^^^^^^^^^^^^^^^^^^^^^^^^^^^^^ expected `bool`, found `Option<Ordering>`
[INFO] [stdout]     |
[INFO] [stdout]     = note: expected type `bool`
[INFO] [stdout]                found enum `Option<core::cmp::Ordering>`
[INFO] [stdout] help: use `Option::is_some` to test if the `Option` has a value
[INFO] [stdout]     |
[INFO] [stdout] 429 |             slice.is_sorted_by(|a, b| compare(&a.decode(), &b.decode()).is_some())
[INFO] [stdout]     |                                                                        ++++++++++
[INFO] [stdout] 
[INFO] [stdout] 
[INFO] [stdout] error: aborting due to 1 previous error
[INFO] [stdout] 
[INFO] [stdout] 
[INFO] [stdout] For more information about this error, try `rustc --explain E0308`.
[INFO] [stdout] 
[INFO] [stderr] error: could not compile `dharitri-sc` (lib) due to 2 previous errors
[INFO] [stderr] warning: build failed, waiting for other jobs to finish...
[INFO] [stdout] error: aborting due to 1 previous error
[INFO] [stdout] 
[INFO] [stdout] 
[INFO] [stdout] For more information about this error, try `rustc --explain E0308`.
[INFO] [stdout] 
[INFO] [stderr] error: could not compile `dharitri-sc` (lib test) due to 2 previous errors
[INFO] running `Command { std: "docker" "inspect" "a600616bf98dc78bfba2f2c4946a665b4cf49b7614bd997eaf8523d4cf62a953", kill_on_drop: false }`
[INFO] running `Command { std: "docker" "rm" "-f" "a600616bf98dc78bfba2f2c4946a665b4cf49b7614bd997eaf8523d4cf62a953", kill_on_drop: false }`
[INFO] [stdout] a600616bf98dc78bfba2f2c4946a665b4cf49b7614bd997eaf8523d4cf62a953
