[INFO] fetching crate dfile 1.3.6...
[INFO] checking dfile-1.3.6 against nightly-2024-02-05 for check-cfg
[INFO] extracting crate dfile 1.3.6 into /workspace/builds/worker-4-tc1/source
[INFO] validating manifest of crates.io crate dfile 1.3.6 on toolchain nightly-2024-02-05
[INFO] running `Command { std: CARGO_HOME="/workspace/cargo-home" RUSTUP_HOME="/workspace/rustup-home" "/workspace/cargo-home/bin/cargo" "+nightly-2024-02-05" "metadata" "--manifest-path" "Cargo.toml" "--no-deps", kill_on_drop: false }`
[INFO] started tweaking crates.io crate dfile 1.3.6
[INFO] finished tweaking crates.io crate dfile 1.3.6
[INFO] tweaked toml for crates.io crate dfile 1.3.6 written to /workspace/builds/worker-4-tc1/source/Cargo.toml
[INFO] crate crates.io crate dfile 1.3.6 already has a lockfile, it will not be regenerated
[INFO] running `Command { std: CARGO_HOME="/workspace/cargo-home" RUSTUP_HOME="/workspace/rustup-home" "/workspace/cargo-home/bin/cargo" "+nightly-2024-02-05" "fetch" "--manifest-path" "Cargo.toml", kill_on_drop: false }`
[INFO] [stderr]  Downloading crates ...
[INFO] [stderr]   Downloaded structopt v0.3.7
[INFO] [stderr]   Downloaded wincolor v1.0.2
[INFO] [stderr]   Downloaded syn-mid v0.4.0
[INFO] [stderr]   Downloaded structopt-derive v0.4.0
[INFO] [stderr]   Downloaded pretty_env_logger v0.3.1
[INFO] [stderr]   Downloaded termcolor v1.0.5
[INFO] [stderr]   Downloaded serde_yaml v0.8.11
[INFO] [stderr]   Downloaded proc-macro-error v0.4.4
[INFO] [stderr]   Downloaded jobserver v0.1.17
[INFO] [stderr]   Downloaded yaml-rust v0.4.3
[INFO] [stderr]   Downloaded git2 v0.11.0
[INFO] [stderr]   Downloaded libgit2-sys v0.10.0
[INFO] [stderr]   Downloaded syn v1.0.13
[INFO] [stderr]   Downloaded proc-macro2 v1.0.7
[INFO] [stderr]   Downloaded rustversion v1.0.1
[INFO] [stderr]   Downloaded proc-macro-error-attr v0.4.3
[INFO] [stderr]   Downloaded smallvec v1.1.0
[INFO] [stderr]   Downloaded time v0.2.1
[INFO] [stderr]   Downloaded libssh2-sys v0.2.13
[INFO] running `Command { std: "docker" "create" "-v" "/var/lib/crater-agent-workspace/builds/worker-4-tc1/target:/opt/rustwide/target:rw,Z" "-v" "/var/lib/crater-agent-workspace/builds/worker-4-tc1/source:/opt/rustwide/workdir:ro,Z" "-v" "/var/lib/crater-agent-workspace/cargo-home:/opt/rustwide/cargo-home:ro,Z" "-v" "/var/lib/crater-agent-workspace/rustup-home:/opt/rustwide/rustup-home:ro,Z" "-e" "SOURCE_DIR=/opt/rustwide/workdir" "-e" "CARGO_TARGET_DIR=/opt/rustwide/target" "-e" "CARGO_HOME=/opt/rustwide/cargo-home" "-e" "RUSTUP_HOME=/opt/rustwide/rustup-home" "-w" "/opt/rustwide/workdir" "-m" "1610612736" "--user" "0:0" "--network" "none" "ghcr.io/rust-lang/crates-build-env/linux@sha256:2788e3201cd34a07e3172128adcd8b3090168a8e3bcc40d7c032b9dda1df7d1c" "/opt/rustwide/cargo-home/bin/cargo" "+nightly-2024-02-05" "metadata" "--no-deps" "--format-version=1", kill_on_drop: false }`
[INFO] [stdout] a7eada5bfaff1cc20a6de201dc48f3729fecaad2b9daae67f440301853e11474
[INFO] running `Command { std: "docker" "start" "-a" "a7eada5bfaff1cc20a6de201dc48f3729fecaad2b9daae67f440301853e11474", kill_on_drop: false }`
[INFO] running `Command { std: "docker" "inspect" "a7eada5bfaff1cc20a6de201dc48f3729fecaad2b9daae67f440301853e11474", kill_on_drop: false }`
[INFO] running `Command { std: "docker" "rm" "-f" "a7eada5bfaff1cc20a6de201dc48f3729fecaad2b9daae67f440301853e11474", kill_on_drop: false }`
[INFO] [stdout] a7eada5bfaff1cc20a6de201dc48f3729fecaad2b9daae67f440301853e11474
[INFO] running `Command { std: "docker" "create" "-v" "/var/lib/crater-agent-workspace/builds/worker-4-tc1/target:/opt/rustwide/target:rw,Z" "-v" "/var/lib/crater-agent-workspace/builds/worker-4-tc1/source:/opt/rustwide/workdir:ro,Z" "-v" "/var/lib/crater-agent-workspace/cargo-home:/opt/rustwide/cargo-home:ro,Z" "-v" "/var/lib/crater-agent-workspace/rustup-home:/opt/rustwide/rustup-home:ro,Z" "-e" "SOURCE_DIR=/opt/rustwide/workdir" "-e" "CARGO_TARGET_DIR=/opt/rustwide/target" "-e" "CARGO_INCREMENTAL=0" "-e" "RUST_BACKTRACE=full" "-e" "RUSTFLAGS=--cap-lints=forbid" "-e" "RUSTDOCFLAGS=--cap-lints=forbid" "-e" "CARGO_HOME=/opt/rustwide/cargo-home" "-e" "RUSTUP_HOME=/opt/rustwide/rustup-home" "-w" "/opt/rustwide/workdir" "-m" "1610612736" "--user" "0:0" "--network" "none" "ghcr.io/rust-lang/crates-build-env/linux@sha256:2788e3201cd34a07e3172128adcd8b3090168a8e3bcc40d7c032b9dda1df7d1c" "/opt/rustwide/cargo-home/bin/cargo" "+nightly-2024-02-05" "check" "--frozen" "--all" "--all-targets" "--message-format=json", kill_on_drop: false }`
[INFO] [stdout] 5dffe5d4632e73a9d3ffc161cf411d3debb7adb0ab8cfcdf5eb519e0f922b5a0
[INFO] running `Command { std: "docker" "start" "-a" "5dffe5d4632e73a9d3ffc161cf411d3debb7adb0ab8cfcdf5eb519e0f922b5a0", kill_on_drop: false }`
[INFO] [stderr]    Compiling libc v0.2.66
[INFO] [stderr]    Compiling log v0.4.8
[INFO] [stderr]    Compiling autocfg v0.1.7
[INFO] [stderr]    Compiling cfg-if v0.1.10
[INFO] [stderr]    Compiling pkg-config v0.3.17
[INFO] [stderr]    Compiling proc-macro2 v1.0.7
[INFO] [stderr]    Compiling unicode-xid v0.2.0
[INFO] [stderr]    Compiling syn v1.0.13
[INFO] [stderr]    Compiling memchr v2.2.1
[INFO] [stderr]    Compiling bitflags v1.2.1
[INFO] [stderr]     Checking matches v0.1.8
[INFO] [stderr]     Checking smallvec v1.1.0
[INFO] [stderr]     Checking unicode-width v0.1.7
[INFO] [stderr]    Compiling unicode-segmentation v1.6.0
[INFO] [stderr]     Checking quick-error v1.2.3
[INFO] [stderr]    Compiling serde v1.0.104
[INFO] [stderr]     Checking regex-syntax v0.6.12
[INFO] [stderr]     Checking unicode-bidi v0.3.4
[INFO] [stderr]     Checking humantime v1.3.0
[INFO] [stderr]     Checking linked-hash-map v0.5.2
[INFO] [stderr]     Checking textwrap v0.11.0
[INFO] [stderr]     Checking unicode-normalization v0.1.11
[INFO] [stderr]     Checking termcolor v1.0.5
[INFO] [stderr]     Checking vec_map v0.8.1
[INFO] [stderr]    Compiling num-traits v0.2.10
[INFO] [stderr]    Compiling num-integer v0.1.41
[INFO] [stderr]    Compiling heck v0.3.1
[INFO] [stderr]     Checking percent-encoding v2.1.0
[INFO] [stderr]     Checking yaml-rust v0.4.3
[INFO] [stderr]     Checking dtoa v0.4.4
[INFO] [stderr]     Checking openssl-probe v0.1.2
[INFO] [stderr]     Checking glob v0.3.0
[INFO] [stderr]     Checking time v0.2.1
[INFO] [stderr]     Checking aho-corasick v0.7.6
[INFO] [stderr]    Compiling quote v1.0.2
[INFO] [stderr]     Checking atty v0.2.14
[INFO] [stderr]     Checking time v0.1.42
[INFO] [stderr]     Checking dirs-sys v0.3.4
[INFO] [stderr]     Checking idna v0.2.0
[INFO] [stderr]     Checking clap v2.33.0
[INFO] [stderr]    Compiling jobserver v0.1.17
[INFO] [stderr]    Compiling num_cpus v1.11.1
[INFO] [stderr]     Checking dirs v2.0.2
[INFO] [stderr]    Compiling cc v1.0.48
[INFO] [stderr]     Checking url v2.1.0
[INFO] [stderr]     Checking chrono v0.4.10
[INFO] [stderr]    Compiling libz-sys v1.0.25
[INFO] [stderr]    Compiling openssl-sys v0.9.53
[INFO] [stderr]    Compiling libssh2-sys v0.2.13
[INFO] [stderr]    Compiling libgit2-sys v0.10.0
[INFO] [stderr]     Checking regex v1.3.1
[INFO] [stderr] The following warnings were emitted during compilation:
[INFO] [stderr] 
[INFO] [stderr] warning: openssl-sys@0.9.53: build/expando.c:4:24: error: pasting "RUST_VERSION_OPENSSL_" and "(" does not give a valid preprocessing token
[INFO] [stderr] warning: openssl-sys@0.9.53:     4 | #define VERSION2(n, v) RUST_VERSION_##n##_##v
[INFO] [stderr] warning: openssl-sys@0.9.53:       |                        ^~~~~~~~~~~~~
[INFO] [stderr] warning: openssl-sys@0.9.53: build/expando.c:5:23: note: in expansion of macro 'VERSION2'
[INFO] [stderr] warning: openssl-sys@0.9.53:     5 | #define VERSION(n, v) VERSION2(n, v)
[INFO] [stderr] warning: openssl-sys@0.9.53:       |                       ^~~~~~~~
[INFO] [stderr] warning: openssl-sys@0.9.53: build/expando.c:10:1: note: in expansion of macro 'VERSION'
[INFO] [stderr] warning: openssl-sys@0.9.53:    10 | VERSION(OPENSSL, OPENSSL_VERSION_NUMBER)
[INFO] [stderr] warning: openssl-sys@0.9.53:       | ^~~~~~~
[INFO] [stderr] 
[INFO] [stderr] error: failed to run custom build command for `openssl-sys v0.9.53`
[INFO] [stderr] note: To improve backtraces for build dependencies, set the CARGO_PROFILE_DEV_BUILD_OVERRIDE_DEBUG=true environment variable to enable debug information generation.
[INFO] [stderr] 
[INFO] [stderr] Caused by:
[INFO] [stderr]   process didn't exit successfully: `/opt/rustwide/target/debug/build/openssl-sys-9b56e52b6ce8dd38/build-script-main` (exit status: 101)
[INFO] [stderr]   --- stdout
[INFO] [stderr]   cargo:rustc-cfg=const_fn
[INFO] [stderr]   cargo:rerun-if-env-changed=X86_64_UNKNOWN_LINUX_GNU_OPENSSL_LIB_DIR
[INFO] [stderr]   X86_64_UNKNOWN_LINUX_GNU_OPENSSL_LIB_DIR unset
[INFO] [stderr]   cargo:rerun-if-env-changed=OPENSSL_LIB_DIR
[INFO] [stderr]   OPENSSL_LIB_DIR unset
[INFO] [stderr]   cargo:rerun-if-env-changed=X86_64_UNKNOWN_LINUX_GNU_OPENSSL_INCLUDE_DIR
[INFO] [stderr]   X86_64_UNKNOWN_LINUX_GNU_OPENSSL_INCLUDE_DIR unset
[INFO] [stderr]   cargo:rerun-if-env-changed=OPENSSL_INCLUDE_DIR
[INFO] [stderr]   OPENSSL_INCLUDE_DIR unset
[INFO] [stderr]   cargo:rerun-if-env-changed=X86_64_UNKNOWN_LINUX_GNU_OPENSSL_DIR
[INFO] [stderr]   X86_64_UNKNOWN_LINUX_GNU_OPENSSL_DIR unset
[INFO] [stderr]   cargo:rerun-if-env-changed=OPENSSL_DIR
[INFO] [stderr]   OPENSSL_DIR unset
[INFO] [stderr]   cargo:rustc-link-lib=ssl
[INFO] [stderr]   cargo:rustc-link-lib=crypto
[INFO] [stderr]   OPT_LEVEL = Some("0")
[INFO] [stderr]   TARGET = Some("x86_64-unknown-linux-gnu")
[INFO] [stderr]   HOST = Some("x86_64-unknown-linux-gnu")
[INFO] [stderr]   CC_x86_64-unknown-linux-gnu = None
[INFO] [stderr]   CC_x86_64_unknown_linux_gnu = None
[INFO] [stderr]   HOST_CC = None
[INFO] [stderr]   CC = None
[INFO] [stderr]   CFLAGS_x86_64-unknown-linux-gnu = None
[INFO] [stderr]   CFLAGS_x86_64_unknown_linux_gnu = None
[INFO] [stderr]   HOST_CFLAGS = None
[INFO] [stderr]   CFLAGS = None
[INFO] [stderr]   CRATE_CC_NO_DEFAULTS = None
[INFO] [stderr]   DEBUG = Some("true")
[INFO] [stderr]   CARGO_CFG_TARGET_FEATURE = Some("fxsr,sse,sse2")
[INFO] [stderr]   running: "cc" "-O0" "-ffunction-sections" "-fdata-sections" "-fPIC" "-g" "-fno-omit-frame-pointer" "-m64" "-I" "/usr/include" "-Wall" "-Wextra" "-E" "build/expando.c"
[INFO] [stderr]   cargo:warning=build/expando.c:4:24: error: pasting "RUST_VERSION_OPENSSL_" and "(" does not give a valid preprocessing token
[INFO] [stderr]   cargo:warning=    4 | #define VERSION2(n, v) RUST_VERSION_##n##_##v
[INFO] [stderr]   cargo:warning=      |                        ^~~~~~~~~~~~~
[INFO] [stderr]   cargo:warning=build/expando.c:5:23: note: in expansion of macro 'VERSION2'
[INFO] [stderr]   cargo:warning=    5 | #define VERSION(n, v) VERSION2(n, v)
[INFO] [stderr]   cargo:warning=      |                       ^~~~~~~~
[INFO] [stderr]   cargo:warning=build/expando.c:10:1: note: in expansion of macro 'VERSION'
[INFO] [stderr]   cargo:warning=   10 | VERSION(OPENSSL, OPENSSL_VERSION_NUMBER)
[INFO] [stderr]   cargo:warning=      | ^~~~~~~
[INFO] [stderr]   exit status: 1
[INFO] [stderr] 
[INFO] [stderr]   --- stderr
[INFO] [stderr]   thread 'main' panicked at /opt/rustwide/cargo-home/registry/src/index.crates.io-6f17d22bba15001f/openssl-sys-0.9.53/build/main.rs:126:13:
[INFO] [stderr] 
[INFO] [stderr]   Header expansion error:
[INFO] [stderr]   Error { kind: ToolExecError, message: "Command \"cc\" \"-O0\" \"-ffunction-sections\" \"-fdata-sections\" \"-fPIC\" \"-g\" \"-fno-omit-frame-pointer\" \"-m64\" \"-I\" \"/usr/include\" \"-Wall\" \"-Wextra\" \"-E\" \"build/expando.c\" with args \"cc\" did not execute successfully (status code exit status: 1)." }
[INFO] [stderr] 
[INFO] [stderr]   Failed to find OpenSSL development headers.
[INFO] [stderr] 
[INFO] [stderr]   You can try fixing this setting the `OPENSSL_DIR` environment variable
[INFO] [stderr]   pointing to your OpenSSL installation or installing OpenSSL headers package
[INFO] [stderr]   specific to your distribution:
[INFO] [stderr] 
[INFO] [stderr]       # On Ubuntu
[INFO] [stderr]       sudo apt-get install libssl-dev
[INFO] [stderr]       # On Arch Linux
[INFO] [stderr]       sudo pacman -S openssl
[INFO] [stderr]       # On Fedora
[INFO] [stderr]       sudo dnf install openssl-devel
[INFO] [stderr] 
[INFO] [stderr]   See rust-openssl README for more information:
[INFO] [stderr] 
[INFO] [stderr]       https://github.com/sfackler/rust-openssl#linux
[INFO] [stderr] 
[INFO] [stderr]   stack backtrace:
[INFO] [stderr]      0:     0x56168679d4f6 - std::backtrace_rs::backtrace::libunwind::trace::heebc7766b165eb2a
[INFO] [stderr]                                  at /rustc/268dbbbc4b3fd71c5f360a4d0728295252430b5b/library/std/src/../../backtrace/src/backtrace/libunwind.rs:104:5
[INFO] [stderr]      1:     0x56168679d4f6 - std::backtrace_rs::backtrace::trace_unsynchronized::ha677020d8fc0296d
[INFO] [stderr]                                  at /rustc/268dbbbc4b3fd71c5f360a4d0728295252430b5b/library/std/src/../../backtrace/src/backtrace/mod.rs:66:5
[INFO] [stderr]      2:     0x56168679d4f6 - std::sys_common::backtrace::_print_fmt::hcaff2fd86a1aeaa3
[INFO] [stderr]                                  at /rustc/268dbbbc4b3fd71c5f360a4d0728295252430b5b/library/std/src/sys_common/backtrace.rs:68:5
[INFO] [stderr]      3:     0x56168679d4f6 - <std::sys_common::backtrace::_print::DisplayBacktrace as core::fmt::Display>::fmt::hc2446d8aa0059188
[INFO] [stderr]                                  at /rustc/268dbbbc4b3fd71c5f360a4d0728295252430b5b/library/std/src/sys_common/backtrace.rs:44:22
[INFO] [stderr]      4:     0x5616867c27f0 - core::fmt::rt::Argument::fmt::h2fbb6454da37999b
[INFO] [stderr]                                  at /rustc/268dbbbc4b3fd71c5f360a4d0728295252430b5b/library/core/src/fmt/rt.rs:142:9
[INFO] [stderr]      5:     0x5616867c27f0 - core::fmt::write::had96bdeda7d49d3a
[INFO] [stderr]                                  at /rustc/268dbbbc4b3fd71c5f360a4d0728295252430b5b/library/core/src/fmt/mod.rs:1120:17
[INFO] [stderr]      6:     0x56168679acbf - std::io::Write::write_fmt::h30b1f36eea05b391
[INFO] [stderr]                                  at /rustc/268dbbbc4b3fd71c5f360a4d0728295252430b5b/library/std/src/io/mod.rs:1849:15
[INFO] [stderr]      7:     0x56168679d2d4 - std::sys_common::backtrace::_print::hc333bb91ae972137
[INFO] [stderr]                                  at /rustc/268dbbbc4b3fd71c5f360a4d0728295252430b5b/library/std/src/sys_common/backtrace.rs:47:5
[INFO] [stderr]      8:     0x56168679d2d4 - std::sys_common::backtrace::print::h18fd3c71a95a3169
[INFO] [stderr]                                  at /rustc/268dbbbc4b3fd71c5f360a4d0728295252430b5b/library/std/src/sys_common/backtrace.rs:34:9
[INFO] [stderr]      9:     0x56168679ebb7 - std::panicking::default_hook::{{closure}}::ha3473f9bcb4e9a37
[INFO] [stderr]     10:     0x56168679e919 - std::panicking::default_hook::h23d9d43185db6584
[INFO] [stderr]                                  at /rustc/268dbbbc4b3fd71c5f360a4d0728295252430b5b/library/std/src/panicking.rs:292:9
[INFO] [stderr]     11:     0x56168679f048 - std::panicking::rust_panic_with_hook::h94aceaa7df3a6edd
[INFO] [stderr]                                  at /rustc/268dbbbc4b3fd71c5f360a4d0728295252430b5b/library/std/src/panicking.rs:781:13
[INFO] [stderr]     12:     0x56168679ef22 - std::panicking::begin_panic_handler::{{closure}}::h9905d45d1d82fc42
[INFO] [stderr]                                  at /rustc/268dbbbc4b3fd71c5f360a4d0728295252430b5b/library/std/src/panicking.rs:659:13
[INFO] [stderr]     13:     0x56168679d9f6 - std::sys_common::backtrace::__rust_end_short_backtrace::hb02085545dc143b9
[INFO] [stderr]                                  at /rustc/268dbbbc4b3fd71c5f360a4d0728295252430b5b/library/std/src/sys_common/backtrace.rs:171:18
[INFO] [stderr]     14:     0x56168679ec74 - rust_begin_unwind
[INFO] [stderr]                                  at /rustc/268dbbbc4b3fd71c5f360a4d0728295252430b5b/library/std/src/panicking.rs:647:5
[INFO] [stderr]     15:     0x56168670a685 - core::panicking::panic_fmt::h6dca3983f8a9f4d0
[INFO] [stderr]                                  at /rustc/268dbbbc4b3fd71c5f360a4d0728295252430b5b/library/core/src/panicking.rs:72:14
[INFO] [stderr]     16:     0x56168671311b - build_script_main::validate_headers::h9305045259aaa7a9
[INFO] [stderr]     17:     0x56168670fb7e - build_script_main::find::try_pkg_config::h6c116ce2387b9b01
[INFO] [stderr]     18:     0x56168670e898 - build_script_main::find::find_openssl_dir::h0fc159a741af49e2
[INFO] [stderr]     19:     0x56168670e6a2 - build_script_main::find::get_openssl::{{closure}}::hb30daa789467b36c
[INFO] [stderr]     20:     0x56168671601f - core::option::Option<T>::unwrap_or_else::h7c9d115d4242b7ed
[INFO] [stderr]     21:     0x56168670e49d - build_script_main::find::get_openssl::h4560b493bc7acfb9
[INFO] [stderr]     22:     0x561686710a69 - build_script_main::main::hf38584c9e4ceb5c4
[INFO] [stderr]     23:     0x56168670b8d3 - core::ops::function::FnOnce::call_once::h74f1ee7ec0713e55
[INFO] [stderr]     24:     0x561686714466 - std::sys_common::backtrace::__rust_begin_short_backtrace::h33163bc6312dfc39
[INFO] [stderr]     25:     0x561686714579 - std::rt::lang_start::{{closure}}::he05c98b9313b704f
[INFO] [stderr]     26:     0x561686796de1 - core::ops::function::impls::<impl core::ops::function::FnOnce<A> for &F>::call_once::h298d8ff12ebcec8c
[INFO] [stderr]                                  at /rustc/268dbbbc4b3fd71c5f360a4d0728295252430b5b/library/core/src/ops/function.rs:284:13
[INFO] [stderr]     27:     0x561686796de1 - std::panicking::try::do_call::hbd0ffb05da5bd343
[INFO] [stderr]                                  at /rustc/268dbbbc4b3fd71c5f360a4d0728295252430b5b/library/std/src/panicking.rs:554:40
[INFO] [stderr]     28:     0x561686796de1 - std::panicking::try::h11c9a152defd5d2a
[INFO] [stderr]                                  at /rustc/268dbbbc4b3fd71c5f360a4d0728295252430b5b/library/std/src/panicking.rs:518:19
[INFO] [stderr]     29:     0x561686796de1 - std::panic::catch_unwind::h0d6db2fa902b4d64
[INFO] [stderr]                                  at /rustc/268dbbbc4b3fd71c5f360a4d0728295252430b5b/library/std/src/panic.rs:142:14
[INFO] [stderr]     30:     0x561686796de1 - std::rt::lang_start_internal::{{closure}}::hdcc09b4aad7ef821
[INFO] [stderr]                                  at /rustc/268dbbbc4b3fd71c5f360a4d0728295252430b5b/library/std/src/rt.rs:148:48
[INFO] [stderr]     31:     0x561686796de1 - std::panicking::try::do_call::h3ffd2f162d60900f
[INFO] [stderr]                                  at /rustc/268dbbbc4b3fd71c5f360a4d0728295252430b5b/library/std/src/panicking.rs:554:40
[INFO] [stderr]     32:     0x561686796de1 - std::panicking::try::heeba82b9c3e190fb
[INFO] [stderr]                                  at /rustc/268dbbbc4b3fd71c5f360a4d0728295252430b5b/library/std/src/panicking.rs:518:19
[INFO] [stderr]     33:     0x561686796de1 - std::panic::catch_unwind::hdaab8f1c188f387f
[INFO] [stderr]                                  at /rustc/268dbbbc4b3fd71c5f360a4d0728295252430b5b/library/std/src/panic.rs:142:14
[INFO] [stderr]     34:     0x561686796de1 - std::rt::lang_start_internal::h9989e088c48b7903
[INFO] [stderr]                                  at /rustc/268dbbbc4b3fd71c5f360a4d0728295252430b5b/library/std/src/rt.rs:148:20
[INFO] [stderr]     35:     0x561686714557 - std::rt::lang_start::h3ae9c2fc0cc5ab3e
[INFO] [stderr]     36:     0x561686714015 - main
[INFO] [stderr]     37:     0x7f8d10bc0d90 - <unknown>
[INFO] [stderr]     38:     0x7f8d10bc0e40 - __libc_start_main
[INFO] [stderr]     39:     0x56168670aea5 - _start
[INFO] [stderr]     40:                0x0 - <unknown>
[INFO] [stderr] warning: build failed, waiting for other jobs to finish...
[INFO] running `Command { std: "docker" "inspect" "5dffe5d4632e73a9d3ffc161cf411d3debb7adb0ab8cfcdf5eb519e0f922b5a0", kill_on_drop: false }`
[INFO] running `Command { std: "docker" "rm" "-f" "5dffe5d4632e73a9d3ffc161cf411d3debb7adb0ab8cfcdf5eb519e0f922b5a0", kill_on_drop: false }`
[INFO] [stdout] 5dffe5d4632e73a9d3ffc161cf411d3debb7adb0ab8cfcdf5eb519e0f922b5a0
[INFO] checking dfile-1.3.6 against nightly-2024-02-05+rustflags=-Dunexpected_cfgs+cargoflags=-Zcheck-cfg for check-cfg
[INFO] extracting crate dfile 1.3.6 into /workspace/builds/worker-4-tc2/source
[INFO] validating manifest of crates.io crate dfile 1.3.6 on toolchain nightly-2024-02-05
[INFO] running `Command { std: CARGO_HOME="/workspace/cargo-home" RUSTUP_HOME="/workspace/rustup-home" "/workspace/cargo-home/bin/cargo" "+nightly-2024-02-05" "metadata" "--manifest-path" "Cargo.toml" "--no-deps", kill_on_drop: false }`
[INFO] started tweaking crates.io crate dfile 1.3.6
[INFO] finished tweaking crates.io crate dfile 1.3.6
[INFO] tweaked toml for crates.io crate dfile 1.3.6 written to /workspace/builds/worker-4-tc2/source/Cargo.toml
[INFO] crate crates.io crate dfile 1.3.6 already has a lockfile, it will not be regenerated
[INFO] running `Command { std: CARGO_HOME="/workspace/cargo-home" RUSTUP_HOME="/workspace/rustup-home" "/workspace/cargo-home/bin/cargo" "+nightly-2024-02-05" "fetch" "--manifest-path" "Cargo.toml", kill_on_drop: false }`
[INFO] running `Command { std: "docker" "create" "-v" "/var/lib/crater-agent-workspace/builds/worker-4-tc2/target:/opt/rustwide/target:rw,Z" "-v" "/var/lib/crater-agent-workspace/builds/worker-4-tc2/source:/opt/rustwide/workdir:ro,Z" "-v" "/var/lib/crater-agent-workspace/cargo-home:/opt/rustwide/cargo-home:ro,Z" "-v" "/var/lib/crater-agent-workspace/rustup-home:/opt/rustwide/rustup-home:ro,Z" "-e" "SOURCE_DIR=/opt/rustwide/workdir" "-e" "CARGO_TARGET_DIR=/opt/rustwide/target" "-e" "CARGO_HOME=/opt/rustwide/cargo-home" "-e" "RUSTUP_HOME=/opt/rustwide/rustup-home" "-w" "/opt/rustwide/workdir" "-m" "1610612736" "--user" "0:0" "--network" "none" "ghcr.io/rust-lang/crates-build-env/linux@sha256:2788e3201cd34a07e3172128adcd8b3090168a8e3bcc40d7c032b9dda1df7d1c" "/opt/rustwide/cargo-home/bin/cargo" "+nightly-2024-02-05" "metadata" "--no-deps" "--format-version=1", kill_on_drop: false }`
[INFO] [stdout] 76280d3f9bad84d46fd70181acbb73cbdbe8779f9e4013478b03d28551a08b18
[INFO] running `Command { std: "docker" "start" "-a" "76280d3f9bad84d46fd70181acbb73cbdbe8779f9e4013478b03d28551a08b18", kill_on_drop: false }`
[INFO] running `Command { std: "docker" "inspect" "76280d3f9bad84d46fd70181acbb73cbdbe8779f9e4013478b03d28551a08b18", kill_on_drop: false }`
[INFO] running `Command { std: "docker" "rm" "-f" "76280d3f9bad84d46fd70181acbb73cbdbe8779f9e4013478b03d28551a08b18", kill_on_drop: false }`
[INFO] [stdout] 76280d3f9bad84d46fd70181acbb73cbdbe8779f9e4013478b03d28551a08b18
[INFO] running `Command { std: "docker" "create" "-v" "/var/lib/crater-agent-workspace/builds/worker-4-tc2/target:/opt/rustwide/target:rw,Z" "-v" "/var/lib/crater-agent-workspace/builds/worker-4-tc2/source:/opt/rustwide/workdir:ro,Z" "-v" "/var/lib/crater-agent-workspace/cargo-home:/opt/rustwide/cargo-home:ro,Z" "-v" "/var/lib/crater-agent-workspace/rustup-home:/opt/rustwide/rustup-home:ro,Z" "-e" "SOURCE_DIR=/opt/rustwide/workdir" "-e" "CARGO_TARGET_DIR=/opt/rustwide/target" "-e" "CARGO_INCREMENTAL=0" "-e" "RUST_BACKTRACE=full" "-e" "RUSTFLAGS=--cap-lints=forbid -Dunexpected_cfgs" "-e" "RUSTDOCFLAGS=--cap-lints=forbid" "-e" "CARGO_HOME=/opt/rustwide/cargo-home" "-e" "RUSTUP_HOME=/opt/rustwide/rustup-home" "-w" "/opt/rustwide/workdir" "-m" "1610612736" "--user" "0:0" "--network" "none" "ghcr.io/rust-lang/crates-build-env/linux@sha256:2788e3201cd34a07e3172128adcd8b3090168a8e3bcc40d7c032b9dda1df7d1c" "/opt/rustwide/cargo-home/bin/cargo" "+nightly-2024-02-05" "check" "--frozen" "--all" "--all-targets" "--message-format=json" "-Zcheck-cfg", kill_on_drop: false }`
[INFO] [stdout] d5861c72a419bd7e3198d11469c00658eee3610f727f69a4559cc04a4926bc58
[INFO] running `Command { std: "docker" "start" "-a" "d5861c72a419bd7e3198d11469c00658eee3610f727f69a4559cc04a4926bc58", kill_on_drop: false }`
[INFO] [stderr]    Compiling libc v0.2.66
[INFO] [stderr]    Compiling log v0.4.8
[INFO] [stderr]    Compiling cfg-if v0.1.10
[INFO] [stderr]    Compiling autocfg v0.1.7
[INFO] [stderr]    Compiling pkg-config v0.3.17
[INFO] [stderr]    Compiling proc-macro2 v1.0.7
[INFO] [stderr]    Compiling unicode-xid v0.2.0
[INFO] [stderr]    Compiling syn v1.0.13
[INFO] [stderr]    Compiling memchr v2.2.1
[INFO] [stderr]    Compiling bitflags v1.2.1
[INFO] [stderr]     Checking smallvec v1.1.0
[INFO] [stderr]     Checking matches v0.1.8
[INFO] [stderr]     Checking regex-syntax v0.6.12
[INFO] [stderr]    Compiling unicode-segmentation v1.6.0
[INFO] [stderr]     Checking quick-error v1.2.3
[INFO] [stderr]    Compiling serde v1.0.104
[INFO] [stderr]     Checking unicode-width v0.1.7
[INFO] [stderr]     Checking unicode-bidi v0.3.4
[INFO] [stderr]     Checking humantime v1.3.0
[INFO] [stderr]     Checking vec_map v0.8.1
[INFO] [stderr]     Checking textwrap v0.11.0
[INFO] [stderr]     Checking unicode-normalization v0.1.11
[INFO] [stderr]     Checking percent-encoding v2.1.0
[INFO] [stderr]     Checking linked-hash-map v0.5.2
[INFO] [stderr]     Checking termcolor v1.0.5
[INFO] [stderr]    Compiling num-traits v0.2.10
[INFO] [stderr]    Compiling num-integer v0.1.41
[INFO] [stderr]    Compiling heck v0.3.1
[INFO] [stderr]     Checking yaml-rust v0.4.3
[INFO] [stderr]     Checking dtoa v0.4.4
[INFO] [stderr]     Checking openssl-probe v0.1.2
[INFO] [stderr]     Checking time v0.2.1
[INFO] [stderr]     Checking glob v0.3.0
[INFO] [stderr]     Checking aho-corasick v0.7.6
[INFO] [stderr]     Checking atty v0.2.14
[INFO] [stderr]     Checking time v0.1.42
[INFO] [stderr]     Checking dirs-sys v0.3.4
[INFO] [stderr]     Checking clap v2.33.0
[INFO] [stderr]     Checking idna v0.2.0
[INFO] [stderr]     Checking dirs v2.0.2
[INFO] [stderr]    Compiling num_cpus v1.11.1
[INFO] [stderr]    Compiling jobserver v0.1.17
[INFO] [stderr]    Compiling quote v1.0.2
[INFO] [stderr]    Compiling cc v1.0.48
[INFO] [stderr]     Checking url v2.1.0
[INFO] [stderr]     Checking chrono v0.4.10
[INFO] [stderr]     Checking regex v1.3.1
[INFO] [stderr]    Compiling libz-sys v1.0.25
[INFO] [stderr]    Compiling openssl-sys v0.9.53
[INFO] [stderr]    Compiling libssh2-sys v0.2.13
[INFO] [stderr]    Compiling libgit2-sys v0.10.0
[INFO] [stderr] The following warnings were emitted during compilation:
[INFO] [stderr] 
[INFO] [stderr] warning: openssl-sys@0.9.53: build/expando.c:4:24: error: pasting "RUST_VERSION_OPENSSL_" and "(" does not give a valid preprocessing token
[INFO] [stderr] warning: openssl-sys@0.9.53:     4 | #define VERSION2(n, v) RUST_VERSION_##n##_##v
[INFO] [stderr] warning: openssl-sys@0.9.53:       |                        ^~~~~~~~~~~~~
[INFO] [stderr] warning: openssl-sys@0.9.53: build/expando.c:5:23: note: in expansion of macro 'VERSION2'
[INFO] [stderr] warning: openssl-sys@0.9.53:     5 | #define VERSION(n, v) VERSION2(n, v)
[INFO] [stderr] warning: openssl-sys@0.9.53:       |                       ^~~~~~~~
[INFO] [stderr] warning: openssl-sys@0.9.53: build/expando.c:10:1: note: in expansion of macro 'VERSION'
[INFO] [stderr] warning: openssl-sys@0.9.53:    10 | VERSION(OPENSSL, OPENSSL_VERSION_NUMBER)
[INFO] [stderr] warning: openssl-sys@0.9.53:       | ^~~~~~~
[INFO] [stderr] 
[INFO] [stderr] error: failed to run custom build command for `openssl-sys v0.9.53`
[INFO] [stderr] note: To improve backtraces for build dependencies, set the CARGO_PROFILE_DEV_BUILD_OVERRIDE_DEBUG=true environment variable to enable debug information generation.
[INFO] [stderr] 
[INFO] [stderr] Caused by:
[INFO] [stderr]   process didn't exit successfully: `/opt/rustwide/target/debug/build/openssl-sys-9b56e52b6ce8dd38/build-script-main` (exit status: 101)
[INFO] [stderr]   --- stdout
[INFO] [stderr]   cargo:rustc-cfg=const_fn
[INFO] [stderr]   cargo:rerun-if-env-changed=X86_64_UNKNOWN_LINUX_GNU_OPENSSL_LIB_DIR
[INFO] [stderr]   X86_64_UNKNOWN_LINUX_GNU_OPENSSL_LIB_DIR unset
[INFO] [stderr]   cargo:rerun-if-env-changed=OPENSSL_LIB_DIR
[INFO] [stderr]   OPENSSL_LIB_DIR unset
[INFO] [stderr]   cargo:rerun-if-env-changed=X86_64_UNKNOWN_LINUX_GNU_OPENSSL_INCLUDE_DIR
[INFO] [stderr]   X86_64_UNKNOWN_LINUX_GNU_OPENSSL_INCLUDE_DIR unset
[INFO] [stderr]   cargo:rerun-if-env-changed=OPENSSL_INCLUDE_DIR
[INFO] [stderr]   OPENSSL_INCLUDE_DIR unset
[INFO] [stderr]   cargo:rerun-if-env-changed=X86_64_UNKNOWN_LINUX_GNU_OPENSSL_DIR
[INFO] [stderr]   X86_64_UNKNOWN_LINUX_GNU_OPENSSL_DIR unset
[INFO] [stderr]   cargo:rerun-if-env-changed=OPENSSL_DIR
[INFO] [stderr]   OPENSSL_DIR unset
[INFO] [stderr]   cargo:rustc-link-lib=ssl
[INFO] [stderr]   cargo:rustc-link-lib=crypto
[INFO] [stderr]   OPT_LEVEL = Some("0")
[INFO] [stderr]   TARGET = Some("x86_64-unknown-linux-gnu")
[INFO] [stderr]   HOST = Some("x86_64-unknown-linux-gnu")
[INFO] [stderr]   CC_x86_64-unknown-linux-gnu = None
[INFO] [stderr]   CC_x86_64_unknown_linux_gnu = None
[INFO] [stderr]   HOST_CC = None
[INFO] [stderr]   CC = None
[INFO] [stderr]   CFLAGS_x86_64-unknown-linux-gnu = None
[INFO] [stderr]   CFLAGS_x86_64_unknown_linux_gnu = None
[INFO] [stderr]   HOST_CFLAGS = None
[INFO] [stderr]   CFLAGS = None
[INFO] [stderr]   CRATE_CC_NO_DEFAULTS = None
[INFO] [stderr]   DEBUG = Some("true")
[INFO] [stderr]   CARGO_CFG_TARGET_FEATURE = Some("fxsr,sse,sse2")
[INFO] [stderr]   running: "cc" "-O0" "-ffunction-sections" "-fdata-sections" "-fPIC" "-g" "-fno-omit-frame-pointer" "-m64" "-I" "/usr/include" "-Wall" "-Wextra" "-E" "build/expando.c"
[INFO] [stderr]   cargo:warning=build/expando.c:4:24: error: pasting "RUST_VERSION_OPENSSL_" and "(" does not give a valid preprocessing token
[INFO] [stderr]   cargo:warning=    4 | #define VERSION2(n, v) RUST_VERSION_##n##_##v
[INFO] [stderr]   cargo:warning=      |                        ^~~~~~~~~~~~~
[INFO] [stderr]   cargo:warning=build/expando.c:5:23: note: in expansion of macro 'VERSION2'
[INFO] [stderr]   cargo:warning=    5 | #define VERSION(n, v) VERSION2(n, v)
[INFO] [stderr]   cargo:warning=      |                       ^~~~~~~~
[INFO] [stderr]   cargo:warning=build/expando.c:10:1: note: in expansion of macro 'VERSION'
[INFO] [stderr]   cargo:warning=   10 | VERSION(OPENSSL, OPENSSL_VERSION_NUMBER)
[INFO] [stderr]   cargo:warning=      | ^~~~~~~
[INFO] [stderr]   exit status: 1
[INFO] [stderr] 
[INFO] [stderr]   --- stderr
[INFO] [stderr]   thread 'main' panicked at /opt/rustwide/cargo-home/registry/src/index.crates.io-6f17d22bba15001f/openssl-sys-0.9.53/build/main.rs:126:13:
[INFO] [stderr] 
[INFO] [stderr]   Header expansion error:
[INFO] [stderr]   Error { kind: ToolExecError, message: "Command \"cc\" \"-O0\" \"-ffunction-sections\" \"-fdata-sections\" \"-fPIC\" \"-g\" \"-fno-omit-frame-pointer\" \"-m64\" \"-I\" \"/usr/include\" \"-Wall\" \"-Wextra\" \"-E\" \"build/expando.c\" with args \"cc\" did not execute successfully (status code exit status: 1)." }
[INFO] [stderr] 
[INFO] [stderr]   Failed to find OpenSSL development headers.
[INFO] [stderr] 
[INFO] [stderr]   You can try fixing this setting the `OPENSSL_DIR` environment variable
[INFO] [stderr]   pointing to your OpenSSL installation or installing OpenSSL headers package
[INFO] [stderr]   specific to your distribution:
[INFO] [stderr] 
[INFO] [stderr]       # On Ubuntu
[INFO] [stderr]       sudo apt-get install libssl-dev
[INFO] [stderr]       # On Arch Linux
[INFO] [stderr]       sudo pacman -S openssl
[INFO] [stderr]       # On Fedora
[INFO] [stderr]       sudo dnf install openssl-devel
[INFO] [stderr] 
[INFO] [stderr]   See rust-openssl README for more information:
[INFO] [stderr] 
[INFO] [stderr]       https://github.com/sfackler/rust-openssl#linux
[INFO] [stderr] 
[INFO] [stderr]   stack backtrace:
[INFO] [stderr]      0:     0x55fe9b5364f6 - std::backtrace_rs::backtrace::libunwind::trace::heebc7766b165eb2a
[INFO] [stderr]                                  at /rustc/268dbbbc4b3fd71c5f360a4d0728295252430b5b/library/std/src/../../backtrace/src/backtrace/libunwind.rs:104:5
[INFO] [stderr]      1:     0x55fe9b5364f6 - std::backtrace_rs::backtrace::trace_unsynchronized::ha677020d8fc0296d
[INFO] [stderr]                                  at /rustc/268dbbbc4b3fd71c5f360a4d0728295252430b5b/library/std/src/../../backtrace/src/backtrace/mod.rs:66:5
[INFO] [stderr]      2:     0x55fe9b5364f6 - std::sys_common::backtrace::_print_fmt::hcaff2fd86a1aeaa3
[INFO] [stderr]                                  at /rustc/268dbbbc4b3fd71c5f360a4d0728295252430b5b/library/std/src/sys_common/backtrace.rs:68:5
[INFO] [stderr]      3:     0x55fe9b5364f6 - <std::sys_common::backtrace::_print::DisplayBacktrace as core::fmt::Display>::fmt::hc2446d8aa0059188
[INFO] [stderr]                                  at /rustc/268dbbbc4b3fd71c5f360a4d0728295252430b5b/library/std/src/sys_common/backtrace.rs:44:22
[INFO] [stderr]      4:     0x55fe9b55b7f0 - core::fmt::rt::Argument::fmt::h2fbb6454da37999b
[INFO] [stderr]                                  at /rustc/268dbbbc4b3fd71c5f360a4d0728295252430b5b/library/core/src/fmt/rt.rs:142:9
[INFO] [stderr]      5:     0x55fe9b55b7f0 - core::fmt::write::had96bdeda7d49d3a
[INFO] [stderr]                                  at /rustc/268dbbbc4b3fd71c5f360a4d0728295252430b5b/library/core/src/fmt/mod.rs:1120:17
[INFO] [stderr]      6:     0x55fe9b533cbf - std::io::Write::write_fmt::h30b1f36eea05b391
[INFO] [stderr]                                  at /rustc/268dbbbc4b3fd71c5f360a4d0728295252430b5b/library/std/src/io/mod.rs:1849:15
[INFO] [stderr]      7:     0x55fe9b5362d4 - std::sys_common::backtrace::_print::hc333bb91ae972137
[INFO] [stderr]                                  at /rustc/268dbbbc4b3fd71c5f360a4d0728295252430b5b/library/std/src/sys_common/backtrace.rs:47:5
[INFO] [stderr]      8:     0x55fe9b5362d4 - std::sys_common::backtrace::print::h18fd3c71a95a3169
[INFO] [stderr]                                  at /rustc/268dbbbc4b3fd71c5f360a4d0728295252430b5b/library/std/src/sys_common/backtrace.rs:34:9
[INFO] [stderr]      9:     0x55fe9b537bb7 - std::panicking::default_hook::{{closure}}::ha3473f9bcb4e9a37
[INFO] [stderr]     10:     0x55fe9b537919 - std::panicking::default_hook::h23d9d43185db6584
[INFO] [stderr]                                  at /rustc/268dbbbc4b3fd71c5f360a4d0728295252430b5b/library/std/src/panicking.rs:292:9
[INFO] [stderr]     11:     0x55fe9b538048 - std::panicking::rust_panic_with_hook::h94aceaa7df3a6edd
[INFO] [stderr]                                  at /rustc/268dbbbc4b3fd71c5f360a4d0728295252430b5b/library/std/src/panicking.rs:781:13
[INFO] [stderr]     12:     0x55fe9b537f22 - std::panicking::begin_panic_handler::{{closure}}::h9905d45d1d82fc42
[INFO] [stderr]                                  at /rustc/268dbbbc4b3fd71c5f360a4d0728295252430b5b/library/std/src/panicking.rs:659:13
[INFO] [stderr]     13:     0x55fe9b5369f6 - std::sys_common::backtrace::__rust_end_short_backtrace::hb02085545dc143b9
[INFO] [stderr]                                  at /rustc/268dbbbc4b3fd71c5f360a4d0728295252430b5b/library/std/src/sys_common/backtrace.rs:171:18
[INFO] [stderr]     14:     0x55fe9b537c74 - rust_begin_unwind
[INFO] [stderr]                                  at /rustc/268dbbbc4b3fd71c5f360a4d0728295252430b5b/library/std/src/panicking.rs:647:5
[INFO] [stderr]     15:     0x55fe9b4a3685 - core::panicking::panic_fmt::h6dca3983f8a9f4d0
[INFO] [stderr]                                  at /rustc/268dbbbc4b3fd71c5f360a4d0728295252430b5b/library/core/src/panicking.rs:72:14
[INFO] [stderr]     16:     0x55fe9b4ac11b - build_script_main::validate_headers::h9305045259aaa7a9
[INFO] [stderr]     17:     0x55fe9b4a8b7e - build_script_main::find::try_pkg_config::h6c116ce2387b9b01
[INFO] [stderr]     18:     0x55fe9b4a7898 - build_script_main::find::find_openssl_dir::h0fc159a741af49e2
[INFO] [stderr]     19:     0x55fe9b4a76a2 - build_script_main::find::get_openssl::{{closure}}::hb30daa789467b36c
[INFO] [stderr]     20:     0x55fe9b4af01f - core::option::Option<T>::unwrap_or_else::h7c9d115d4242b7ed
[INFO] [stderr]     21:     0x55fe9b4a749d - build_script_main::find::get_openssl::h4560b493bc7acfb9
[INFO] [stderr]     22:     0x55fe9b4a9a69 - build_script_main::main::hf38584c9e4ceb5c4
[INFO] [stderr]     23:     0x55fe9b4a48d3 - core::ops::function::FnOnce::call_once::h74f1ee7ec0713e55
[INFO] [stderr]     24:     0x55fe9b4ad466 - std::sys_common::backtrace::__rust_begin_short_backtrace::h33163bc6312dfc39
[INFO] [stderr]     25:     0x55fe9b4ad579 - std::rt::lang_start::{{closure}}::he05c98b9313b704f
[INFO] [stderr]     26:     0x55fe9b52fde1 - core::ops::function::impls::<impl core::ops::function::FnOnce<A> for &F>::call_once::h298d8ff12ebcec8c
[INFO] [stderr]                                  at /rustc/268dbbbc4b3fd71c5f360a4d0728295252430b5b/library/core/src/ops/function.rs:284:13
[INFO] [stderr]     27:     0x55fe9b52fde1 - std::panicking::try::do_call::hbd0ffb05da5bd343
[INFO] [stderr]                                  at /rustc/268dbbbc4b3fd71c5f360a4d0728295252430b5b/library/std/src/panicking.rs:554:40
[INFO] [stderr]     28:     0x55fe9b52fde1 - std::panicking::try::h11c9a152defd5d2a
[INFO] [stderr]                                  at /rustc/268dbbbc4b3fd71c5f360a4d0728295252430b5b/library/std/src/panicking.rs:518:19
[INFO] [stderr]     29:     0x55fe9b52fde1 - std::panic::catch_unwind::h0d6db2fa902b4d64
[INFO] [stderr]                                  at /rustc/268dbbbc4b3fd71c5f360a4d0728295252430b5b/library/std/src/panic.rs:142:14
[INFO] [stderr]     30:     0x55fe9b52fde1 - std::rt::lang_start_internal::{{closure}}::hdcc09b4aad7ef821
[INFO] [stderr]                                  at /rustc/268dbbbc4b3fd71c5f360a4d0728295252430b5b/library/std/src/rt.rs:148:48
[INFO] [stderr]     31:     0x55fe9b52fde1 - std::panicking::try::do_call::h3ffd2f162d60900f
[INFO] [stderr]                                  at /rustc/268dbbbc4b3fd71c5f360a4d0728295252430b5b/library/std/src/panicking.rs:554:40
[INFO] [stderr]     32:     0x55fe9b52fde1 - std::panicking::try::heeba82b9c3e190fb
[INFO] [stderr]                                  at /rustc/268dbbbc4b3fd71c5f360a4d0728295252430b5b/library/std/src/panicking.rs:518:19
[INFO] [stderr]     33:     0x55fe9b52fde1 - std::panic::catch_unwind::hdaab8f1c188f387f
[INFO] [stderr]                                  at /rustc/268dbbbc4b3fd71c5f360a4d0728295252430b5b/library/std/src/panic.rs:142:14
[INFO] [stderr]     34:     0x55fe9b52fde1 - std::rt::lang_start_internal::h9989e088c48b7903
[INFO] [stderr]                                  at /rustc/268dbbbc4b3fd71c5f360a4d0728295252430b5b/library/std/src/rt.rs:148:20
[INFO] [stderr]     35:     0x55fe9b4ad557 - std::rt::lang_start::h3ae9c2fc0cc5ab3e
[INFO] [stderr]     36:     0x55fe9b4ad015 - main
[INFO] [stderr]     37:     0x7f08ee91dd90 - <unknown>
[INFO] [stderr]     38:     0x7f08ee91de40 - __libc_start_main
[INFO] [stderr]     39:     0x55fe9b4a3ea5 - _start
[INFO] [stderr]     40:                0x0 - <unknown>
[INFO] [stderr] warning: build failed, waiting for other jobs to finish...
[INFO] running `Command { std: "docker" "inspect" "d5861c72a419bd7e3198d11469c00658eee3610f727f69a4559cc04a4926bc58", kill_on_drop: false }`
[INFO] running `Command { std: "docker" "rm" "-f" "d5861c72a419bd7e3198d11469c00658eee3610f727f69a4559cc04a4926bc58", kill_on_drop: false }`
[INFO] [stdout] d5861c72a419bd7e3198d11469c00658eee3610f727f69a4559cc04a4926bc58
