[INFO] fetching crate df_st_core 0.3.0-development-2...
[INFO] checking df_st_core-0.3.0-development-2 against nightly-2024-02-05 for check-cfg
[INFO] extracting crate df_st_core 0.3.0-development-2 into /workspace/builds/worker-7-tc1/source
[INFO] validating manifest of crates.io crate df_st_core 0.3.0-development-2 on toolchain nightly-2024-02-05
[INFO] running `Command { std: CARGO_HOME="/workspace/cargo-home" RUSTUP_HOME="/workspace/rustup-home" "/workspace/cargo-home/bin/cargo" "+nightly-2024-02-05" "metadata" "--manifest-path" "Cargo.toml" "--no-deps", kill_on_drop: false }`
[INFO] started tweaking crates.io crate df_st_core 0.3.0-development-2
[INFO] finished tweaking crates.io crate df_st_core 0.3.0-development-2
[INFO] tweaked toml for crates.io crate df_st_core 0.3.0-development-2 written to /workspace/builds/worker-7-tc1/source/Cargo.toml
[INFO] running `Command { std: CARGO_HOME="/workspace/cargo-home" RUSTUP_HOME="/workspace/rustup-home" "/workspace/cargo-home/bin/cargo" "+nightly-2024-02-05" "generate-lockfile" "--manifest-path" "Cargo.toml", kill_on_drop: false }`
[INFO] [stderr]     Updating crates.io index
[INFO] running `Command { std: CARGO_HOME="/workspace/cargo-home" RUSTUP_HOME="/workspace/rustup-home" "/workspace/cargo-home/bin/cargo" "+nightly-2024-02-05" "fetch" "--manifest-path" "Cargo.toml", kill_on_drop: false }`
[INFO] [stderr]  Downloading crates ...
[INFO] [stderr]   Downloaded juniper_codegen v0.14.2
[INFO] [stderr]   Downloaded df_st_derive v0.3.0-development-2
[INFO] [stderr]   Downloaded df_cp437 v1.1.0
[INFO] [stderr]   Downloaded juniper v0.14.2
[INFO] running `Command { std: "docker" "create" "-v" "/var/lib/crater-agent-workspace/builds/worker-7-tc1/target:/opt/rustwide/target:rw,Z" "-v" "/var/lib/crater-agent-workspace/builds/worker-7-tc1/source:/opt/rustwide/workdir:ro,Z" "-v" "/var/lib/crater-agent-workspace/cargo-home:/opt/rustwide/cargo-home:ro,Z" "-v" "/var/lib/crater-agent-workspace/rustup-home:/opt/rustwide/rustup-home:ro,Z" "-e" "SOURCE_DIR=/opt/rustwide/workdir" "-e" "CARGO_TARGET_DIR=/opt/rustwide/target" "-e" "CARGO_HOME=/opt/rustwide/cargo-home" "-e" "RUSTUP_HOME=/opt/rustwide/rustup-home" "-w" "/opt/rustwide/workdir" "-m" "1610612736" "--user" "0:0" "--network" "none" "ghcr.io/rust-lang/crates-build-env/linux@sha256:2788e3201cd34a07e3172128adcd8b3090168a8e3bcc40d7c032b9dda1df7d1c" "/opt/rustwide/cargo-home/bin/cargo" "+nightly-2024-02-05" "metadata" "--no-deps" "--format-version=1", kill_on_drop: false }`
[INFO] [stdout] 2d14edd63ebc4840592c99a33abf6db4e07540d2444d35090d62cfd636d6dfe2
[INFO] running `Command { std: "docker" "start" "-a" "2d14edd63ebc4840592c99a33abf6db4e07540d2444d35090d62cfd636d6dfe2", kill_on_drop: false }`
[INFO] running `Command { std: "docker" "inspect" "2d14edd63ebc4840592c99a33abf6db4e07540d2444d35090d62cfd636d6dfe2", kill_on_drop: false }`
[INFO] running `Command { std: "docker" "rm" "-f" "2d14edd63ebc4840592c99a33abf6db4e07540d2444d35090d62cfd636d6dfe2", kill_on_drop: false }`
[INFO] [stdout] 2d14edd63ebc4840592c99a33abf6db4e07540d2444d35090d62cfd636d6dfe2
[INFO] running `Command { std: "docker" "create" "-v" "/var/lib/crater-agent-workspace/builds/worker-7-tc1/target:/opt/rustwide/target:rw,Z" "-v" "/var/lib/crater-agent-workspace/builds/worker-7-tc1/source:/opt/rustwide/workdir:ro,Z" "-v" "/var/lib/crater-agent-workspace/cargo-home:/opt/rustwide/cargo-home:ro,Z" "-v" "/var/lib/crater-agent-workspace/rustup-home:/opt/rustwide/rustup-home:ro,Z" "-e" "SOURCE_DIR=/opt/rustwide/workdir" "-e" "CARGO_TARGET_DIR=/opt/rustwide/target" "-e" "CARGO_INCREMENTAL=0" "-e" "RUST_BACKTRACE=full" "-e" "RUSTFLAGS=--cap-lints=forbid" "-e" "RUSTDOCFLAGS=--cap-lints=forbid" "-e" "CARGO_HOME=/opt/rustwide/cargo-home" "-e" "RUSTUP_HOME=/opt/rustwide/rustup-home" "-w" "/opt/rustwide/workdir" "-m" "1610612736" "--user" "0:0" "--network" "none" "ghcr.io/rust-lang/crates-build-env/linux@sha256:2788e3201cd34a07e3172128adcd8b3090168a8e3bcc40d7c032b9dda1df7d1c" "/opt/rustwide/cargo-home/bin/cargo" "+nightly-2024-02-05" "check" "--frozen" "--all" "--all-targets" "--message-format=json", kill_on_drop: false }`
[INFO] [stdout] 3af012dc1d53d81e0eff0fb968a7c9dbc0c23a57b8532a91c4c80909299a1b90
[INFO] running `Command { std: "docker" "start" "-a" "3af012dc1d53d81e0eff0fb968a7c9dbc0c23a57b8532a91c4c80909299a1b90", kill_on_drop: false }`
[INFO] [stderr]    Compiling libc v0.2.153
[INFO] [stderr]     Checking iana-time-zone v0.1.60
[INFO] [stderr]    Compiling rustix v0.38.31
[INFO] [stderr]     Checking gimli v0.28.1
[INFO] [stderr]     Checking memchr v2.7.1
[INFO] [stderr]    Compiling num-traits v0.2.17
[INFO] [stderr]    Compiling schemars v0.8.16
[INFO] [stderr]     Checking adler v1.0.2
[INFO] [stderr]     Checking dyn-clone v1.0.16
[INFO] [stderr]     Checking rustc-demangle v0.1.23
[INFO] [stderr]     Checking linux-raw-sys v0.4.13
[INFO] [stderr]     Checking uuid v0.7.4
[INFO] [stderr]     Checking bitflags v2.4.2
[INFO] [stderr]    Compiling serde_derive_internals v0.26.0
[INFO] [stderr]    Compiling juniper_codegen v0.14.2
[INFO] [stderr]     Checking indexmap v1.9.3
[INFO] [stderr]     Checking miniz_oxide v0.7.2
[INFO] [stderr]     Checking serde_path_to_error v0.1.15
[INFO] [stderr]    Compiling df_st_derive v0.3.0-development-2
[INFO] [stderr]     Checking colored v2.1.0
[INFO] [stderr]     Checking fastrand v2.0.1
[INFO] [stderr]     Checking df_cp437 v1.1.0
[INFO] [stderr]     Checking object v0.32.2
[INFO] [stderr]    Compiling schemars_derive v0.8.16
[INFO] [stderr]     Checking chrono v0.4.33
[INFO] [stderr]    Compiling cc v1.0.83
[INFO] [stderr]     Checking dirs-sys v0.3.7
[INFO] [stderr]     Checking directories v3.0.2
[INFO] [stderr]     Checking addr2line v0.21.0
[INFO] [stderr]     Checking tempfile v3.10.0
[INFO] [stderr]     Checking juniper v0.14.2
[INFO] [stderr]    Compiling backtrace v0.3.69
[INFO] [stderr]     Checking df_st_core v0.3.0-development-2 (/opt/rustwide/workdir)
[INFO] [stdout] error[E0425]: cannot find function `convert_cp437_byte_to_utf8_bytes` in crate `df_cp437`
[INFO] [stdout]    --> src/bufreader.rs:259:45
[INFO] [stdout]     |
[INFO] [stdout] 259 |                     let newchar = df_cp437::convert_cp437_byte_to_utf8_bytes(&self.buf[i]);
[INFO] [stdout]     |                                             ^^^^^^^^^^^^^^^^^^^^^^^^^^^^^^^^ help: a function with a similar name exists: `convert_cp437_byte_to_utf8_bytes_for_chars`
[INFO] [stdout]     |
[INFO] [stdout]    ::: /opt/rustwide/cargo-home/registry/src/index.crates.io-6f17d22bba15001f/df_cp437-1.1.0/src/cp437.rs:329:1
[INFO] [stdout]     |
[INFO] [stdout] 329 | pub fn convert_cp437_byte_to_utf8_bytes_for_chars(b: &u8) -> [u8; 3] {
[INFO] [stdout]     | -------------------------------------------------------------------- similarly named function `convert_cp437_byte_to_utf8_bytes_for_chars` defined here
[INFO] [stdout] 
[INFO] [stdout] 
[INFO] [stdout] error[E0425]: cannot find function `convert_cp437_byte_to_utf8_bytes` in crate `df_cp437`
[INFO] [stdout]    --> src/bufreader.rs:259:45
[INFO] [stdout]     |
[INFO] [stdout] 259 |                     let newchar = df_cp437::convert_cp437_byte_to_utf8_bytes(&self.buf[i]);
[INFO] [stdout]     |                                             ^^^^^^^^^^^^^^^^^^^^^^^^^^^^^^^^ help: a function with a similar name exists: `convert_cp437_byte_to_utf8_bytes_for_chars`
[INFO] [stdout]     |
[INFO] [stdout]    ::: /opt/rustwide/cargo-home/registry/src/index.crates.io-6f17d22bba15001f/df_cp437-1.1.0/src/cp437.rs:329:1
[INFO] [stdout]     |
[INFO] [stdout] 329 | pub fn convert_cp437_byte_to_utf8_bytes_for_chars(b: &u8) -> [u8; 3] {
[INFO] [stdout]     | -------------------------------------------------------------------- similarly named function `convert_cp437_byte_to_utf8_bytes_for_chars` defined here
[INFO] [stdout] 
[INFO] [stdout] 
[INFO] [stdout] error: aborting due to 1 previous error
[INFO] [stdout] 
[INFO] [stdout] 
[INFO] [stdout] For more information about this error, try `rustc --explain E0425`.
[INFO] [stdout] 
[INFO] [stdout] error: aborting due to 1 previous error
[INFO] [stdout] 
[INFO] [stdout] 
[INFO] [stdout] For more information about this error, try `rustc --explain E0425`.
[INFO] [stdout] 
[INFO] [stderr] error: could not compile `df_st_core` (lib test) due to 2 previous errors
[INFO] [stderr] warning: build failed, waiting for other jobs to finish...
[INFO] [stderr] error: could not compile `df_st_core` (lib) due to 2 previous errors
[INFO] running `Command { std: "docker" "inspect" "3af012dc1d53d81e0eff0fb968a7c9dbc0c23a57b8532a91c4c80909299a1b90", kill_on_drop: false }`
[INFO] running `Command { std: "docker" "rm" "-f" "3af012dc1d53d81e0eff0fb968a7c9dbc0c23a57b8532a91c4c80909299a1b90", kill_on_drop: false }`
[INFO] [stdout] 3af012dc1d53d81e0eff0fb968a7c9dbc0c23a57b8532a91c4c80909299a1b90
[INFO] checking df_st_core-0.3.0-development-2 against nightly-2024-02-05+rustflags=-Dunexpected_cfgs+cargoflags=-Zcheck-cfg for check-cfg
[INFO] extracting crate df_st_core 0.3.0-development-2 into /workspace/builds/worker-7-tc2/source
[INFO] validating manifest of crates.io crate df_st_core 0.3.0-development-2 on toolchain nightly-2024-02-05
[INFO] running `Command { std: CARGO_HOME="/workspace/cargo-home" RUSTUP_HOME="/workspace/rustup-home" "/workspace/cargo-home/bin/cargo" "+nightly-2024-02-05" "metadata" "--manifest-path" "Cargo.toml" "--no-deps", kill_on_drop: false }`
[INFO] started tweaking crates.io crate df_st_core 0.3.0-development-2
[INFO] finished tweaking crates.io crate df_st_core 0.3.0-development-2
[INFO] tweaked toml for crates.io crate df_st_core 0.3.0-development-2 written to /workspace/builds/worker-7-tc2/source/Cargo.toml
[INFO] running `Command { std: CARGO_HOME="/workspace/cargo-home" RUSTUP_HOME="/workspace/rustup-home" "/workspace/cargo-home/bin/cargo" "+nightly-2024-02-05" "generate-lockfile" "--manifest-path" "Cargo.toml", kill_on_drop: false }`
[INFO] [stderr]     Blocking waiting for file lock on package cache
[INFO] [stderr]     Updating crates.io index
[INFO] running `Command { std: CARGO_HOME="/workspace/cargo-home" RUSTUP_HOME="/workspace/rustup-home" "/workspace/cargo-home/bin/cargo" "+nightly-2024-02-05" "fetch" "--manifest-path" "Cargo.toml", kill_on_drop: false }`
[INFO] running `Command { std: "docker" "create" "-v" "/var/lib/crater-agent-workspace/builds/worker-7-tc2/target:/opt/rustwide/target:rw,Z" "-v" "/var/lib/crater-agent-workspace/builds/worker-7-tc2/source:/opt/rustwide/workdir:ro,Z" "-v" "/var/lib/crater-agent-workspace/cargo-home:/opt/rustwide/cargo-home:ro,Z" "-v" "/var/lib/crater-agent-workspace/rustup-home:/opt/rustwide/rustup-home:ro,Z" "-e" "SOURCE_DIR=/opt/rustwide/workdir" "-e" "CARGO_TARGET_DIR=/opt/rustwide/target" "-e" "CARGO_HOME=/opt/rustwide/cargo-home" "-e" "RUSTUP_HOME=/opt/rustwide/rustup-home" "-w" "/opt/rustwide/workdir" "-m" "1610612736" "--user" "0:0" "--network" "none" "ghcr.io/rust-lang/crates-build-env/linux@sha256:2788e3201cd34a07e3172128adcd8b3090168a8e3bcc40d7c032b9dda1df7d1c" "/opt/rustwide/cargo-home/bin/cargo" "+nightly-2024-02-05" "metadata" "--no-deps" "--format-version=1", kill_on_drop: false }`
[INFO] [stdout] 2287c3724dafb1ed39fd0c3ad1fe4bd1829e6d1472ccf04bc93a0d1ee4a31b84
[INFO] running `Command { std: "docker" "start" "-a" "2287c3724dafb1ed39fd0c3ad1fe4bd1829e6d1472ccf04bc93a0d1ee4a31b84", kill_on_drop: false }`
[INFO] running `Command { std: "docker" "inspect" "2287c3724dafb1ed39fd0c3ad1fe4bd1829e6d1472ccf04bc93a0d1ee4a31b84", kill_on_drop: false }`
[INFO] running `Command { std: "docker" "rm" "-f" "2287c3724dafb1ed39fd0c3ad1fe4bd1829e6d1472ccf04bc93a0d1ee4a31b84", kill_on_drop: false }`
[INFO] [stdout] 2287c3724dafb1ed39fd0c3ad1fe4bd1829e6d1472ccf04bc93a0d1ee4a31b84
[INFO] running `Command { std: "docker" "create" "-v" "/var/lib/crater-agent-workspace/builds/worker-7-tc2/target:/opt/rustwide/target:rw,Z" "-v" "/var/lib/crater-agent-workspace/builds/worker-7-tc2/source:/opt/rustwide/workdir:ro,Z" "-v" "/var/lib/crater-agent-workspace/cargo-home:/opt/rustwide/cargo-home:ro,Z" "-v" "/var/lib/crater-agent-workspace/rustup-home:/opt/rustwide/rustup-home:ro,Z" "-e" "SOURCE_DIR=/opt/rustwide/workdir" "-e" "CARGO_TARGET_DIR=/opt/rustwide/target" "-e" "CARGO_INCREMENTAL=0" "-e" "RUST_BACKTRACE=full" "-e" "RUSTFLAGS=--cap-lints=forbid -Dunexpected_cfgs" "-e" "RUSTDOCFLAGS=--cap-lints=forbid" "-e" "CARGO_HOME=/opt/rustwide/cargo-home" "-e" "RUSTUP_HOME=/opt/rustwide/rustup-home" "-w" "/opt/rustwide/workdir" "-m" "1610612736" "--user" "0:0" "--network" "none" "ghcr.io/rust-lang/crates-build-env/linux@sha256:2788e3201cd34a07e3172128adcd8b3090168a8e3bcc40d7c032b9dda1df7d1c" "/opt/rustwide/cargo-home/bin/cargo" "+nightly-2024-02-05" "check" "--frozen" "--all" "--all-targets" "--message-format=json" "-Zcheck-cfg", kill_on_drop: false }`
[INFO] [stdout] db5c00312249646c012f84aa5075fc56e84a6590cf07c1cd461a8588d8e46929
[INFO] running `Command { std: "docker" "start" "-a" "db5c00312249646c012f84aa5075fc56e84a6590cf07c1cd461a8588d8e46929", kill_on_drop: false }`
[INFO] [stderr]    Compiling libc v0.2.153
[INFO] [stderr]     Checking memchr v2.7.1
[INFO] [stderr]     Checking iana-time-zone v0.1.60
[INFO] [stderr]    Compiling rustix v0.38.31
[INFO] [stderr]    Compiling num-traits v0.2.17
[INFO] [stderr]     Checking gimli v0.28.1
[INFO] [stderr]    Compiling schemars v0.8.16
[INFO] [stderr]     Checking adler v1.0.2
[INFO] [stderr]     Checking uuid v0.7.4
[INFO] [stderr]     Checking dyn-clone v1.0.16
[INFO] [stderr]     Checking bitflags v2.4.2
[INFO] [stderr]     Checking linux-raw-sys v0.4.13
[INFO] [stderr]    Compiling serde_derive_internals v0.26.0
[INFO] [stderr]    Compiling juniper_codegen v0.14.2
[INFO] [stderr]     Checking rustc-demangle v0.1.23
[INFO] [stderr]     Checking indexmap v1.9.3
[INFO] [stderr]     Checking miniz_oxide v0.7.2
[INFO] [stderr]     Checking serde_path_to_error v0.1.15
[INFO] [stderr]    Compiling df_st_derive v0.3.0-development-2
[INFO] [stderr]     Checking colored v2.1.0
[INFO] [stderr]     Checking fastrand v2.0.1
[INFO] [stderr]     Checking df_cp437 v1.1.0
[INFO] [stderr]     Checking object v0.32.2
[INFO] [stderr]    Compiling schemars_derive v0.8.16
[INFO] [stderr]     Checking chrono v0.4.33
[INFO] [stderr]    Compiling cc v1.0.83
[INFO] [stderr]     Checking dirs-sys v0.3.7
[INFO] [stderr]     Checking directories v3.0.2
[INFO] [stderr]     Checking tempfile v3.10.0
[INFO] [stderr]     Checking addr2line v0.21.0
[INFO] [stderr]     Checking juniper v0.14.2
[INFO] [stderr]    Compiling backtrace v0.3.69
[INFO] [stderr]     Checking df_st_core v0.3.0-development-2 (/opt/rustwide/workdir)
[INFO] [stdout] error[E0425]: cannot find function `convert_cp437_byte_to_utf8_bytes` in crate `df_cp437`
[INFO] [stdout]    --> src/bufreader.rs:259:45
[INFO] [stdout]     |
[INFO] [stdout] 259 |                     let newchar = df_cp437::convert_cp437_byte_to_utf8_bytes(&self.buf[i]);
[INFO] [stdout]     |                                             ^^^^^^^^^^^^^^^^^^^^^^^^^^^^^^^^ help: a function with a similar name exists: `convert_cp437_byte_to_utf8_bytes_for_chars`
[INFO] [stdout]     |
[INFO] [stdout]    ::: /opt/rustwide/cargo-home/registry/src/index.crates.io-6f17d22bba15001f/df_cp437-1.1.0/src/cp437.rs:329:1
[INFO] [stdout]     |
[INFO] [stdout] 329 | pub fn convert_cp437_byte_to_utf8_bytes_for_chars(b: &u8) -> [u8; 3] {
[INFO] [stdout]     | -------------------------------------------------------------------- similarly named function `convert_cp437_byte_to_utf8_bytes_for_chars` defined here
[INFO] [stdout] 
[INFO] [stdout] 
[INFO] [stdout] error[E0425]: cannot find function `convert_cp437_byte_to_utf8_bytes` in crate `df_cp437`
[INFO] [stdout]    --> src/bufreader.rs:259:45
[INFO] [stdout]     |
[INFO] [stdout] 259 |                     let newchar = df_cp437::convert_cp437_byte_to_utf8_bytes(&self.buf[i]);
[INFO] [stdout]     |                                             ^^^^^^^^^^^^^^^^^^^^^^^^^^^^^^^^ help: a function with a similar name exists: `convert_cp437_byte_to_utf8_bytes_for_chars`
[INFO] [stdout]     |
[INFO] [stdout]    ::: /opt/rustwide/cargo-home/registry/src/index.crates.io-6f17d22bba15001f/df_cp437-1.1.0/src/cp437.rs:329:1
[INFO] [stdout]     |
[INFO] [stdout] 329 | pub fn convert_cp437_byte_to_utf8_bytes_for_chars(b: &u8) -> [u8; 3] {
[INFO] [stdout]     | -------------------------------------------------------------------- similarly named function `convert_cp437_byte_to_utf8_bytes_for_chars` defined here
[INFO] [stdout] 
[INFO] [stdout] 
[INFO] [stdout] error: aborting due to 1 previous error
[INFO] [stdout] 
[INFO] [stdout] 
[INFO] [stdout] For more information about this error, try `rustc --explain E0425`.
[INFO] [stdout] 
[INFO] [stdout] error: aborting due to 1 previous error
[INFO] [stdout] 
[INFO] [stdout] 
[INFO] [stdout] For more information about this error, try `rustc --explain E0425`.
[INFO] [stdout] 
[INFO] [stderr] error: could not compile `df_st_core` (lib test) due to 2 previous errors
[INFO] [stderr] warning: build failed, waiting for other jobs to finish...
[INFO] [stderr] error: could not compile `df_st_core` (lib) due to 2 previous errors
[INFO] running `Command { std: "docker" "inspect" "db5c00312249646c012f84aa5075fc56e84a6590cf07c1cd461a8588d8e46929", kill_on_drop: false }`
[INFO] running `Command { std: "docker" "rm" "-f" "db5c00312249646c012f84aa5075fc56e84a6590cf07c1cd461a8588d8e46929", kill_on_drop: false }`
[INFO] [stdout] db5c00312249646c012f84aa5075fc56e84a6590cf07c1cd461a8588d8e46929
