[INFO] fetching crate df_ls_syntax_analysis 0.3.0-rc.1...
[INFO] checking df_ls_syntax_analysis-0.3.0-rc.1 against nightly-2024-02-05 for check-cfg
[INFO] extracting crate df_ls_syntax_analysis 0.3.0-rc.1 into /workspace/builds/worker-2-tc1/source
[INFO] validating manifest of crates.io crate df_ls_syntax_analysis 0.3.0-rc.1 on toolchain nightly-2024-02-05
[INFO] running `Command { std: CARGO_HOME="/workspace/cargo-home" RUSTUP_HOME="/workspace/rustup-home" "/workspace/cargo-home/bin/cargo" "+nightly-2024-02-05" "metadata" "--manifest-path" "Cargo.toml" "--no-deps", kill_on_drop: false }`
[INFO] started tweaking crates.io crate df_ls_syntax_analysis 0.3.0-rc.1
[INFO] finished tweaking crates.io crate df_ls_syntax_analysis 0.3.0-rc.1
[INFO] tweaked toml for crates.io crate df_ls_syntax_analysis 0.3.0-rc.1 written to /workspace/builds/worker-2-tc1/source/Cargo.toml
[INFO] running `Command { std: CARGO_HOME="/workspace/cargo-home" RUSTUP_HOME="/workspace/rustup-home" "/workspace/cargo-home/bin/cargo" "+nightly-2024-02-05" "generate-lockfile" "--manifest-path" "Cargo.toml", kill_on_drop: false }`
[INFO] [stderr]     Updating crates.io index
[INFO] running `Command { std: CARGO_HOME="/workspace/cargo-home" RUSTUP_HOME="/workspace/rustup-home" "/workspace/cargo-home/bin/cargo" "+nightly-2024-02-05" "fetch" "--manifest-path" "Cargo.toml", kill_on_drop: false }`
[INFO] [stderr]  Downloading crates ...
[INFO] [stderr]   Downloaded rust-embed-utils v7.8.1
[INFO] [stderr]   Downloaded rust-embed-impl v6.8.1
[INFO] [stderr]   Downloaded df_ls_core v0.3.0-rc.1
[INFO] [stderr]   Downloaded df_ls_derive v0.3.0-rc.1
[INFO] [stderr]   Downloaded df_ls_diagnostics v0.3.0-rc.1
[INFO] [stderr]   Downloaded df_cp437 v1.1.0
[INFO] [stderr]   Downloaded df_ls_lexical_analysis v0.3.0-rc.1
[INFO] [stderr]   Downloaded lsp-types v0.93.2
[INFO] [stderr]   Downloaded rust-embed v6.8.1
[INFO] running `Command { std: "docker" "create" "-v" "/var/lib/crater-agent-workspace/builds/worker-2-tc1/target:/opt/rustwide/target:rw,Z" "-v" "/var/lib/crater-agent-workspace/builds/worker-2-tc1/source:/opt/rustwide/workdir:ro,Z" "-v" "/var/lib/crater-agent-workspace/cargo-home:/opt/rustwide/cargo-home:ro,Z" "-v" "/var/lib/crater-agent-workspace/rustup-home:/opt/rustwide/rustup-home:ro,Z" "-e" "SOURCE_DIR=/opt/rustwide/workdir" "-e" "CARGO_TARGET_DIR=/opt/rustwide/target" "-e" "CARGO_HOME=/opt/rustwide/cargo-home" "-e" "RUSTUP_HOME=/opt/rustwide/rustup-home" "-w" "/opt/rustwide/workdir" "-m" "1610612736" "--user" "0:0" "--network" "none" "ghcr.io/rust-lang/crates-build-env/linux@sha256:2788e3201cd34a07e3172128adcd8b3090168a8e3bcc40d7c032b9dda1df7d1c" "/opt/rustwide/cargo-home/bin/cargo" "+nightly-2024-02-05" "metadata" "--no-deps" "--format-version=1", kill_on_drop: false }`
[INFO] [stdout] 922aa80d45a8ab81799b18fd5d63d3faff6a97a90a2bd28631fd6f0459d1a378
[INFO] running `Command { std: "docker" "start" "-a" "922aa80d45a8ab81799b18fd5d63d3faff6a97a90a2bd28631fd6f0459d1a378", kill_on_drop: false }`
[INFO] running `Command { std: "docker" "inspect" "922aa80d45a8ab81799b18fd5d63d3faff6a97a90a2bd28631fd6f0459d1a378", kill_on_drop: false }`
[INFO] running `Command { std: "docker" "rm" "-f" "922aa80d45a8ab81799b18fd5d63d3faff6a97a90a2bd28631fd6f0459d1a378", kill_on_drop: false }`
[INFO] [stdout] 922aa80d45a8ab81799b18fd5d63d3faff6a97a90a2bd28631fd6f0459d1a378
[INFO] running `Command { std: "docker" "create" "-v" "/var/lib/crater-agent-workspace/builds/worker-2-tc1/target:/opt/rustwide/target:rw,Z" "-v" "/var/lib/crater-agent-workspace/builds/worker-2-tc1/source:/opt/rustwide/workdir:ro,Z" "-v" "/var/lib/crater-agent-workspace/cargo-home:/opt/rustwide/cargo-home:ro,Z" "-v" "/var/lib/crater-agent-workspace/rustup-home:/opt/rustwide/rustup-home:ro,Z" "-e" "SOURCE_DIR=/opt/rustwide/workdir" "-e" "CARGO_TARGET_DIR=/opt/rustwide/target" "-e" "CARGO_INCREMENTAL=0" "-e" "RUST_BACKTRACE=full" "-e" "RUSTFLAGS=--cap-lints=forbid" "-e" "RUSTDOCFLAGS=--cap-lints=forbid" "-e" "CARGO_HOME=/opt/rustwide/cargo-home" "-e" "RUSTUP_HOME=/opt/rustwide/rustup-home" "-w" "/opt/rustwide/workdir" "-m" "1610612736" "--user" "0:0" "--network" "none" "ghcr.io/rust-lang/crates-build-env/linux@sha256:2788e3201cd34a07e3172128adcd8b3090168a8e3bcc40d7c032b9dda1df7d1c" "/opt/rustwide/cargo-home/bin/cargo" "+nightly-2024-02-05" "check" "--frozen" "--all" "--all-targets" "--message-format=json", kill_on_drop: false }`
[INFO] [stdout] 00ead09ed4ce6e2630f81b5d7a94bc62f0e954b1b0241af54eb09a6cae1a0b0e
[INFO] running `Command { std: "docker" "start" "-a" "00ead09ed4ce6e2630f81b5d7a94bc62f0e954b1b0241af54eb09a6cae1a0b0e", kill_on_drop: false }`
[INFO] [stderr]    Compiling generic-array v0.14.7
[INFO] [stderr]    Compiling same-file v1.0.6
[INFO] [stderr]    Compiling syn v2.0.48
[INFO] [stderr]    Compiling syn v1.0.109
[INFO] [stderr]     Checking object v0.32.2
[INFO] [stderr]     Checking diff v0.1.13
[INFO] [stderr]     Checking yansi v0.5.1
[INFO] [stderr]     Checking df_cp437 v1.1.0
[INFO] [stderr]    Compiling walkdir v2.4.0
[INFO] [stderr]     Checking pretty_assertions v1.4.0
[INFO] [stderr]     Checking block-buffer v0.10.4
[INFO] [stderr]     Checking crypto-common v0.1.6
[INFO] [stderr]     Checking digest v0.10.7
[INFO] [stderr]     Checking sha2 v0.10.8
[INFO] [stderr]     Checking rust-embed-utils v7.8.1
[INFO] [stderr]    Compiling serde_derive v1.0.196
[INFO] [stderr]    Compiling rust-embed-impl v6.8.1
[INFO] [stderr]    Compiling serde_repr v0.1.18
[INFO] [stderr]     Checking rust-embed v6.8.1
[INFO] [stderr]    Compiling df_ls_derive v0.3.0-rc.1
[INFO] [stderr]     Checking backtrace v0.3.69
[INFO] [stderr]     Checking serde v1.0.196
[INFO] [stderr]     Checking serde_json v1.0.113
[INFO] [stderr]     Checking url v2.5.0
[INFO] [stderr]     Checking serde_path_to_error v0.1.15
[INFO] [stderr]     Checking df_ls_core v0.3.0-rc.1
[INFO] [stderr]     Checking lsp-types v0.93.2
[INFO] [stderr]     Checking df_ls_diagnostics v0.3.0-rc.1
[INFO] [stderr]     Checking df_ls_lexical_analysis v0.3.0-rc.1
[INFO] [stderr]     Checking df_ls_syntax_analysis v0.3.0-rc.1 (/opt/rustwide/workdir)
[INFO] [stdout] warning: unused imports: `DMExtraInfo`, `DiagnosticsInfo`
[INFO] [stdout]  --> src/token_deserializers/mod.rs:9:29
[INFO] [stdout]   |
[INFO] [stdout] 9 | pub use df_ls_diagnostics::{DMExtraInfo, DiagnosticsInfo};
[INFO] [stdout]   |                             ^^^^^^^^^^^  ^^^^^^^^^^^^^^^
[INFO] [stdout]   |
[INFO] [stdout]   = note: `#[warn(unused_imports)]` on by default
[INFO] [stdout] 
[INFO] [stdout] 
[INFO] [stdout] warning: unused imports: `DMExtraInfo`, `DiagnosticsInfo`
[INFO] [stdout]  --> src/token_deserializers/mod.rs:9:29
[INFO] [stdout]   |
[INFO] [stdout] 9 | pub use df_ls_diagnostics::{DMExtraInfo, DiagnosticsInfo};
[INFO] [stdout]   |                             ^^^^^^^^^^^  ^^^^^^^^^^^^^^^
[INFO] [stdout]   |
[INFO] [stdout]   = note: `#[warn(unused_imports)]` on by default
[INFO] [stdout] 
[INFO] [stdout] 
[INFO] [stdout] warning: 1 warning emitted
[INFO] [stdout] 
[INFO] [stdout] 
[INFO] [stdout] error[E0432]: unresolved import `df_ls_debug_structure`
[INFO] [stdout]  --> tests/enum.rs:4:5
[INFO] [stdout]   |
[INFO] [stdout] 4 | use df_ls_debug_structure::*;
[INFO] [stdout]   |     ^^^^^^^^^^^^^^^^^^^^^ use of undeclared crate or module `df_ls_debug_structure`
[INFO] [stdout] 
[INFO] [stdout] 
[INFO] [stdout] error[E0432]: unresolved import `df_ls_debug_structure`
[INFO] [stdout]  --> tests/option.rs:4:5
[INFO] [stdout]   |
[INFO] [stdout] 4 | use df_ls_debug_structure::*;
[INFO] [stdout]   |     ^^^^^^^^^^^^^^^^^^^^^ use of undeclared crate or module `df_ls_debug_structure`
[INFO] [stdout] 
[INFO] [stdout] 
[INFO] [stdout] error[E0432]: unresolved import `df_ls_debug_structure`
[INFO] [stdout]  --> tests/derive_special.rs:4:5
[INFO] [stdout]   |
[INFO] [stdout] 4 | use df_ls_debug_structure::*;
[INFO] [stdout]   |     ^^^^^^^^^^^^^^^^^^^^^ use of undeclared crate or module `df_ls_debug_structure`
[INFO] [stdout] 
[INFO] [stdout] 
[INFO] [stdout] error[E0432]: unresolved import `df_ls_debug_structure`
[INFO] [stdout]  --> tests/byte_char_difference.rs:3:5
[INFO] [stdout]   |
[INFO] [stdout] 3 | use df_ls_debug_structure::*;
[INFO] [stdout]   |     ^^^^^^^^^^^^^^^^^^^^^ use of undeclared crate or module `df_ls_debug_structure`
[INFO] [stdout] 
[INFO] [stdout] 
[INFO] [stdout] error[E0432]: unresolved import `df_ls_debug_structure`
[INFO] [stdout]  --> tests/missing_brackets.rs:4:5
[INFO] [stdout]   |
[INFO] [stdout] 4 | use df_ls_debug_structure::*;
[INFO] [stdout]   |     ^^^^^^^^^^^^^^^^^^^^^ use of undeclared crate or module `df_ls_debug_structure`
[INFO] [stdout] 
[INFO] [stdout] 
[INFO] [stdout] error[E0432]: unresolved import `df_ls_debug_structure`
[INFO] [stdout]  --> tests/token_unchecked_code.rs:2:5
[INFO] [stdout]   |
[INFO] [stdout] 2 | use df_ls_debug_structure::*;
[INFO] [stdout]   |     ^^^^^^^^^^^^^^^^^^^^^ use of undeclared crate or module `df_ls_debug_structure`
[INFO] [stdout] 
[INFO] [stdout] 
[INFO] [stdout] error[E0432]: unresolved import `df_ls_debug_structure`
[INFO] [stdout]  --> tests/primary_token.rs:3:5
[INFO] [stdout]   |
[INFO] [stdout] 3 | use df_ls_debug_structure::*;
[INFO] [stdout]   |     ^^^^^^^^^^^^^^^^^^^^^ use of undeclared crate or module `df_ls_debug_structure`
[INFO] [stdout] 
[INFO] [stdout] 
[INFO] [stdout] error[E0422]: cannot find struct, variant or union type `DebugRaw` in this scope
[INFO] [stdout]   --> tests/byte_char_difference.rs:65:25
[INFO] [stdout]    |
[INFO] [stdout] 65 |     .add_test_structure(DebugRaw {
[INFO] [stdout]    |                         ^^^^^^^^ not found in this scope
[INFO] [stdout] 
[INFO] [stdout] 
[INFO] [stdout] error[E0422]: cannot find struct, variant or union type `MainToken` in this scope
[INFO] [stdout]   --> tests/byte_char_difference.rs:67:31
[INFO] [stdout]    |
[INFO] [stdout] 67 |         token_structure: vec![MainToken {
[INFO] [stdout]    |                               ^^^^^^^^^ not found in this scope
[INFO] [stdout] 
[INFO] [stdout] 
[INFO] [stdout] error[E0422]: cannot find struct, variant or union type `DebugTokens` in this scope
[INFO] [stdout]   --> tests/byte_char_difference.rs:68:25
[INFO] [stdout]    |
[INFO] [stdout] 68 |             debug: vec![DebugTokens {
[INFO] [stdout]    |                         ^^^^^^^^^^^ not found in this scope
[INFO] [stdout] 
[INFO] [stdout] 
[INFO] [stdout] error[E0422]: cannot find struct, variant or union type `DebugRaw` in this scope
[INFO] [stdout]   --> tests/derive_special.rs:23:25
[INFO] [stdout]    |
[INFO] [stdout] 23 |     .add_test_structure(DebugRaw {
[INFO] [stdout]    |                         ^^^^^^^^ not found in this scope
[INFO] [stdout] 
[INFO] [stdout] 
[INFO] [stdout] error[E0422]: cannot find struct, variant or union type `MainToken` in this scope
[INFO] [stdout]   --> tests/derive_special.rs:25:31
[INFO] [stdout]    |
[INFO] [stdout] 25 |         token_structure: vec![MainToken {
[INFO] [stdout]    |                               ^^^^^^^^^ not found in this scope
[INFO] [stdout] 
[INFO] [stdout] 
[INFO] [stdout] error[E0422]: cannot find struct, variant or union type `ProfessionToken` in this scope
[INFO] [stdout]   --> tests/derive_special.rs:26:31
[INFO] [stdout]    |
[INFO] [stdout] 26 |             professions: vec![ProfessionToken {
[INFO] [stdout]    |                               ^^^^^^^^^^^^^^^ help: a type alias with a similar name exists: `ProgressToken`
[INFO] [stdout]    |
[INFO] [stdout]   ::: /opt/rustwide/cargo-home/registry/src/index.crates.io-6f17d22bba15001f/lsp-types-0.93.2/src/progress.rs:5:1
[INFO] [stdout]    |
[INFO] [stdout] 5  | pub type ProgressToken = NumberOrString;
[INFO] [stdout]    | ---------------------- similarly named type alias `ProgressToken` defined here
[INFO] [stdout] 
[INFO] [stdout] 
[INFO] [stdout] error[E0422]: cannot find struct, variant or union type `DebugRaw` in this scope
[INFO] [stdout]   --> tests/derive_special.rs:54:25
[INFO] [stdout]    |
[INFO] [stdout] 54 |     .add_test_structure(DebugRaw {
[INFO] [stdout]    |                         ^^^^^^^^ not found in this scope
[INFO] [stdout] 
[INFO] [stdout] 
[INFO] [stdout] error[E0422]: cannot find struct, variant or union type `MainToken` in this scope
[INFO] [stdout]   --> tests/derive_special.rs:56:31
[INFO] [stdout]    |
[INFO] [stdout] 56 |         token_structure: vec![MainToken {
[INFO] [stdout]    |                               ^^^^^^^^^ not found in this scope
[INFO] [stdout] 
[INFO] [stdout] 
[INFO] [stdout] error[E0422]: cannot find struct, variant or union type `ProfessionToken` in this scope
[INFO] [stdout]   --> tests/derive_special.rs:57:31
[INFO] [stdout]    |
[INFO] [stdout] 57 |             professions: vec![ProfessionToken {
[INFO] [stdout]    |                               ^^^^^^^^^^^^^^^ help: a type alias with a similar name exists: `ProgressToken`
[INFO] [stdout]    |
[INFO] [stdout]   ::: /opt/rustwide/cargo-home/registry/src/index.crates.io-6f17d22bba15001f/lsp-types-0.93.2/src/progress.rs:5:1
[INFO] [stdout]    |
[INFO] [stdout] 5  | pub type ProgressToken = NumberOrString;
[INFO] [stdout]    | ---------------------- similarly named type alias `ProgressToken` defined here
[INFO] [stdout] 
[INFO] [stdout] 
[INFO] [stdout] error[E0422]: cannot find struct, variant or union type `DebugRaw` in this scope
[INFO] [stdout]   --> tests/primary_token.rs:29:25
[INFO] [stdout]    |
[INFO] [stdout] 29 |     .add_test_structure(DebugRaw {
[INFO] [stdout]    |                         ^^^^^^^^ not found in this scope
[INFO] [stdout] 
[INFO] [stdout] 
[INFO] [stdout] error[E0422]: cannot find struct, variant or union type `DebugRaw` in this scope
[INFO] [stdout]    --> tests/primary_token.rs:115:25
[INFO] [stdout]     |
[INFO] [stdout] 115 |     .add_test_structure(DebugRaw {
[INFO] [stdout]     |                         ^^^^^^^^ not found in this scope
[INFO] [stdout] 
[INFO] [stdout] 
[INFO] [stdout] error[E0422]: cannot find struct, variant or union type `DebugRaw` in this scope
[INFO] [stdout]    --> tests/primary_token.rs:180:25
[INFO] [stdout]     |
[INFO] [stdout] 180 |     .add_test_structure(DebugRaw {
[INFO] [stdout]     |                         ^^^^^^^^ not found in this scope
[INFO] [stdout] 
[INFO] [stdout] 
[INFO] [stdout] error[E0422]: cannot find struct, variant or union type `DebugRaw` in this scope
[INFO] [stdout]   --> tests/option.rs:25:25
[INFO] [stdout]    |
[INFO] [stdout] 25 |     .add_test_structure(DebugRaw {
[INFO] [stdout]    |                         ^^^^^^^^ not found in this scope
[INFO] [stdout] 
[INFO] [stdout] 
[INFO] [stdout] error[E0422]: cannot find struct, variant or union type `MainToken` in this scope
[INFO] [stdout]   --> tests/option.rs:27:31
[INFO] [stdout]    |
[INFO] [stdout] 27 |         token_structure: vec![MainToken {
[INFO] [stdout]    |                               ^^^^^^^^^ not found in this scope
[INFO] [stdout] 
[INFO] [stdout] 
[INFO] [stdout] error[E0422]: cannot find struct, variant or union type `ProfessionToken` in this scope
[INFO] [stdout]   --> tests/option.rs:29:17
[INFO] [stdout]    |
[INFO] [stdout] 29 |                 ProfessionToken {
[INFO] [stdout]    |                 ^^^^^^^^^^^^^^^ help: a type alias with a similar name exists: `ProgressToken`
[INFO] [stdout]    |
[INFO] [stdout]   ::: /opt/rustwide/cargo-home/registry/src/index.crates.io-6f17d22bba15001f/lsp-types-0.93.2/src/progress.rs:5:1
[INFO] [stdout]    |
[INFO] [stdout] 5  | pub type ProgressToken = NumberOrString;
[INFO] [stdout]    | ---------------------- similarly named type alias `ProgressToken` defined here
[INFO] [stdout] 
[INFO] [stdout] 
[INFO] [stdout] error[E0422]: cannot find struct, variant or union type `ProfessionToken` in this scope
[INFO] [stdout]   --> tests/option.rs:34:17
[INFO] [stdout]    |
[INFO] [stdout] 34 |                 ProfessionToken {
[INFO] [stdout]    |                 ^^^^^^^^^^^^^^^ help: a type alias with a similar name exists: `ProgressToken`
[INFO] [stdout]    |
[INFO] [stdout]   ::: /opt/rustwide/cargo-home/registry/src/index.crates.io-6f17d22bba15001f/lsp-types-0.93.2/src/progress.rs:5:1
[INFO] [stdout]    |
[INFO] [stdout] 5  | pub type ProgressToken = NumberOrString;
[INFO] [stdout]    | ---------------------- similarly named type alias `ProgressToken` defined here
[INFO] [stdout] 
[INFO] [stdout] 
[INFO] [stdout] error[E0422]: cannot find struct, variant or union type `DebugRaw` in this scope
[INFO] [stdout]   --> tests/option.rs:62:25
[INFO] [stdout]    |
[INFO] [stdout] 62 |     .add_test_structure(DebugRaw {
[INFO] [stdout]    |                         ^^^^^^^^ not found in this scope
[INFO] [stdout] 
[INFO] [stdout] 
[INFO] [stdout] error[E0422]: cannot find struct, variant or union type `MainToken` in this scope
[INFO] [stdout]   --> tests/option.rs:64:31
[INFO] [stdout]    |
[INFO] [stdout] 64 |         token_structure: vec![MainToken {
[INFO] [stdout]    |                               ^^^^^^^^^ not found in this scope
[INFO] [stdout] 
[INFO] [stdout] 
[INFO] [stdout] error[E0422]: cannot find struct, variant or union type `ProfessionToken` in this scope
[INFO] [stdout]   --> tests/option.rs:65:31
[INFO] [stdout]    |
[INFO] [stdout] 65 |             professions: vec![ProfessionToken {
[INFO] [stdout]    |                               ^^^^^^^^^^^^^^^ help: a type alias with a similar name exists: `ProgressToken`
[INFO] [stdout]    |
[INFO] [stdout]   ::: /opt/rustwide/cargo-home/registry/src/index.crates.io-6f17d22bba15001f/lsp-types-0.93.2/src/progress.rs:5:1
[INFO] [stdout]    |
[INFO] [stdout] 5  | pub type ProgressToken = NumberOrString;
[INFO] [stdout]    | ---------------------- similarly named type alias `ProgressToken` defined here
[INFO] [stdout] 
[INFO] [stdout] 
[INFO] [stdout] error[E0422]: cannot find struct, variant or union type `DebugRaw` in this scope
[INFO] [stdout]    --> tests/option.rs:103:25
[INFO] [stdout]     |
[INFO] [stdout] 103 |     .add_test_structure(DebugRaw {
[INFO] [stdout]     |                         ^^^^^^^^ not found in this scope
[INFO] [stdout] 
[INFO] [stdout] 
[INFO] [stdout] error[E0422]: cannot find struct, variant or union type `MainToken` in this scope
[INFO] [stdout]    --> tests/option.rs:105:31
[INFO] [stdout]     |
[INFO] [stdout] 105 |         token_structure: vec![MainToken {
[INFO] [stdout]     |                               ^^^^^^^^^ not found in this scope
[INFO] [stdout] 
[INFO] [stdout] 
[INFO] [stdout] error[E0422]: cannot find struct, variant or union type `ProfessionToken` in this scope
[INFO] [stdout]    --> tests/option.rs:106:31
[INFO] [stdout]     |
[INFO] [stdout] 106 |             professions: vec![ProfessionToken {
[INFO] [stdout]     |                               ^^^^^^^^^^^^^^^ help: a type alias with a similar name exists: `ProgressToken`
[INFO] [stdout]     |
[INFO] [stdout]    ::: /opt/rustwide/cargo-home/registry/src/index.crates.io-6f17d22bba15001f/lsp-types-0.93.2/src/progress.rs:5:1
[INFO] [stdout]     |
[INFO] [stdout] 5   | pub type ProgressToken = NumberOrString;
[INFO] [stdout]     | ---------------------- similarly named type alias `ProgressToken` defined here
[INFO] [stdout] 
[INFO] [stdout] 
[INFO] [stdout] error[E0422]: cannot find struct, variant or union type `DebugRaw` in this scope
[INFO] [stdout]   --> tests/missing_brackets.rs:32:25
[INFO] [stdout]    |
[INFO] [stdout] 32 |     .add_test_structure(DebugRaw {
[INFO] [stdout]    |                         ^^^^^^^^ not found in this scope
[INFO] [stdout] 
[INFO] [stdout] 
[INFO] [stdout] error[E0422]: cannot find struct, variant or union type `MainToken` in this scope
[INFO] [stdout]   --> tests/missing_brackets.rs:34:31
[INFO] [stdout]    |
[INFO] [stdout] 34 |         token_structure: vec![MainToken {
[INFO] [stdout]    |                               ^^^^^^^^^ not found in this scope
[INFO] [stdout] 
[INFO] [stdout] 
[INFO] [stdout] error[E0422]: cannot find struct, variant or union type `Type1Token` in this scope
[INFO] [stdout]   --> tests/missing_brackets.rs:35:26
[INFO] [stdout]    |
[INFO] [stdout] 35 |             type_1: vec![Type1Token {
[INFO] [stdout]    |                          ^^^^^^^^^^ not found in this scope
[INFO] [stdout] 
[INFO] [stdout] 
[INFO] [stdout] error[E0422]: cannot find struct, variant or union type `DebugRaw` in this scope
[INFO] [stdout]   --> tests/missing_brackets.rs:71:25
[INFO] [stdout]    |
[INFO] [stdout] 71 |     .add_test_structure(DebugRaw {
[INFO] [stdout]    |                         ^^^^^^^^ not found in this scope
[INFO] [stdout] 
[INFO] [stdout] 
[INFO] [stdout] error[E0422]: cannot find struct, variant or union type `DebugRaw` in this scope
[INFO] [stdout]    --> tests/missing_brackets.rs:277:25
[INFO] [stdout]     |
[INFO] [stdout] 277 |     .add_test_structure(DebugRaw {
[INFO] [stdout]     |                         ^^^^^^^^ not found in this scope
[INFO] [stdout] 
[INFO] [stdout] 
[INFO] [stdout] error[E0422]: cannot find struct, variant or union type `DebugRaw` in this scope
[INFO] [stdout]    --> tests/missing_brackets.rs:330:25
[INFO] [stdout]     |
[INFO] [stdout] 330 |     .add_test_structure(DebugRaw {
[INFO] [stdout]     |                         ^^^^^^^^ not found in this scope
[INFO] [stdout] 
[INFO] [stdout] 
[INFO] [stdout] error[E0422]: cannot find struct, variant or union type `MainToken` in this scope
[INFO] [stdout]    --> tests/missing_brackets.rs:332:31
[INFO] [stdout]     |
[INFO] [stdout] 332 |         token_structure: vec![MainToken {
[INFO] [stdout]     |                               ^^^^^^^^^ not found in this scope
[INFO] [stdout] 
[INFO] [stdout] 
[INFO] [stdout] error[E0422]: cannot find struct, variant or union type `Type1Token` in this scope
[INFO] [stdout]    --> tests/missing_brackets.rs:333:26
[INFO] [stdout]     |
[INFO] [stdout] 333 |             type_1: vec![Type1Token {
[INFO] [stdout]     |                          ^^^^^^^^^^ not found in this scope
[INFO] [stdout] 
[INFO] [stdout] 
[INFO] [stdout] error[E0422]: cannot find struct, variant or union type `DebugRaw` in this scope
[INFO] [stdout]    --> tests/missing_brackets.rs:389:25
[INFO] [stdout]     |
[INFO] [stdout] 389 |     .add_test_structure(DebugRaw {
[INFO] [stdout]     |                         ^^^^^^^^ not found in this scope
[INFO] [stdout] 
[INFO] [stdout] 
[INFO] [stdout] error[E0422]: cannot find struct, variant or union type `MainToken` in this scope
[INFO] [stdout]    --> tests/missing_brackets.rs:391:31
[INFO] [stdout]     |
[INFO] [stdout] 391 |         token_structure: vec![MainToken {
[INFO] [stdout]     |                               ^^^^^^^^^ not found in this scope
[INFO] [stdout] 
[INFO] [stdout] 
[INFO] [stdout] error[E0422]: cannot find struct, variant or union type `Type1Token` in this scope
[INFO] [stdout]    --> tests/missing_brackets.rs:392:26
[INFO] [stdout]     |
[INFO] [stdout] 392 |             type_1: vec![Type1Token {
[INFO] [stdout]     |                          ^^^^^^^^^^ not found in this scope
[INFO] [stdout] 
[INFO] [stdout] 
[INFO] [stdout] error[E0422]: cannot find struct, variant or union type `DebugRaw` in this scope
[INFO] [stdout]   --> tests/enum.rs:23:25
[INFO] [stdout]    |
[INFO] [stdout] 23 |     .add_test_structure(DebugRaw {
[INFO] [stdout]    |                         ^^^^^^^^ not found in this scope
[INFO] [stdout] 
[INFO] [stdout] 
[INFO] [stdout] error[E0422]: cannot find struct, variant or union type `MainToken` in this scope
[INFO] [stdout]   --> tests/enum.rs:25:31
[INFO] [stdout]    |
[INFO] [stdout] 25 |         token_structure: vec![MainToken {
[INFO] [stdout]    |                               ^^^^^^^^^ not found in this scope
[INFO] [stdout] 
[INFO] [stdout] 
[INFO] [stdout] error[E0422]: cannot find struct, variant or union type `HumanToken` in this scope
[INFO] [stdout]   --> tests/enum.rs:26:46
[INFO] [stdout]    |
[INFO] [stdout] 26 |             type_2: vec![Type2Token::Bipedal(HumanToken {
[INFO] [stdout]    |                                              ^^^^^^^^^^ not found in this scope
[INFO] [stdout] 
[INFO] [stdout] 
[INFO] [stdout] error[E0422]: cannot find struct, variant or union type `DebugRaw` in this scope
[INFO] [stdout]   --> tests/enum.rs:57:25
[INFO] [stdout]    |
[INFO] [stdout] 57 |     .add_test_structure(DebugRaw {
[INFO] [stdout]    |                         ^^^^^^^^ not found in this scope
[INFO] [stdout] 
[INFO] [stdout] 
[INFO] [stdout] error[E0422]: cannot find struct, variant or union type `MainToken` in this scope
[INFO] [stdout]   --> tests/enum.rs:59:31
[INFO] [stdout]    |
[INFO] [stdout] 59 |         token_structure: vec![MainToken {
[INFO] [stdout]    |                               ^^^^^^^^^ not found in this scope
[INFO] [stdout] 
[INFO] [stdout] 
[INFO] [stdout] error[E0422]: cannot find struct, variant or union type `ProfessionToken` in this scope
[INFO] [stdout]   --> tests/enum.rs:60:31
[INFO] [stdout]    |
[INFO] [stdout] 60 |             professions: vec![ProfessionToken {
[INFO] [stdout]    |                               ^^^^^^^^^^^^^^^ not found in this scope
[INFO] [stdout] 
[INFO] [stdout] 
[INFO] [stdout] error[E0422]: cannot find struct, variant or union type `DebugRaw` in this scope
[INFO] [stdout]   --> tests/enum.rs:90:25
[INFO] [stdout]    |
[INFO] [stdout] 90 |     .add_test_structure(DebugRaw {
[INFO] [stdout]    |                         ^^^^^^^^ not found in this scope
[INFO] [stdout] 
[INFO] [stdout] 
[INFO] [stdout] error[E0422]: cannot find struct, variant or union type `MainToken` in this scope
[INFO] [stdout]   --> tests/enum.rs:92:31
[INFO] [stdout]    |
[INFO] [stdout] 92 |         token_structure: vec![MainToken {
[INFO] [stdout]    |                               ^^^^^^^^^ not found in this scope
[INFO] [stdout] 
[INFO] [stdout] 
[INFO] [stdout] error[E0422]: cannot find struct, variant or union type `ProfessionToken` in this scope
[INFO] [stdout]   --> tests/enum.rs:94:17
[INFO] [stdout]    |
[INFO] [stdout] 94 |                 ProfessionToken {
[INFO] [stdout]    |                 ^^^^^^^^^^^^^^^ not found in this scope
[INFO] [stdout] 
[INFO] [stdout] 
[INFO] [stdout] error[E0422]: cannot find struct, variant or union type `ProfessionToken` in this scope
[INFO] [stdout]   --> tests/enum.rs:99:17
[INFO] [stdout]    |
[INFO] [stdout] 99 |                 ProfessionToken {
[INFO] [stdout]    |                 ^^^^^^^^^^^^^^^ not found in this scope
[INFO] [stdout] 
[INFO] [stdout] 
[INFO] [stdout] error: aborting due to 7 previous errors
[INFO] [stdout] 
[INFO] [stdout] 
[INFO] [stdout] Some errors have detailed explanations: E0422, E0432.
[INFO] [stdout] 
[INFO] [stdout] For more information about an error, try `rustc --explain E0422`.
[INFO] [stdout] 
[INFO] [stdout] error: aborting due to 11 previous errors
[INFO] [stdout] 
[INFO] [stdout] 
[INFO] [stdout] Some errors have detailed explanations: E0422, E0432.
[INFO] [stdout] 
[INFO] [stdout] For more information about an error, try `rustc --explain E0422`.
[INFO] [stdout] 
[INFO] [stdout] error: aborting due to 4 previous errors
[INFO] [stdout] 
[INFO] [stdout] 
[INFO] [stdout] Some errors have detailed explanations: E0422, E0432.
[INFO] [stdout] 
[INFO] [stdout] For more information about an error, try `rustc --explain E0422`.
[INFO] [stdout] 
[INFO] [stdout] error[E0433]: failed to resolve: use of undeclared type `Type2Token`
[INFO] [stdout]   --> tests/enum.rs:26:26
[INFO] [stdout]    |
[INFO] [stdout] 26 |             type_2: vec![Type2Token::Bipedal(HumanToken {
[INFO] [stdout]    |                          ^^^^^^^^^^ use of undeclared type `Type2Token`
[INFO] [stdout] 
[INFO] [stdout] 
[INFO] [stdout] error[E0433]: failed to resolve: use of undeclared type `GenderEnum`
[INFO] [stdout]   --> tests/enum.rs:29:30
[INFO] [stdout]    |
[INFO] [stdout] 29 |                 gender: Some(GenderEnum::Female),
[INFO] [stdout]    |                              ^^^^^^^^^^ use of undeclared type `GenderEnum`
[INFO] [stdout] 
[INFO] [stdout] 
[INFO] [stdout] error: aborting due to 4 previous errors
[INFO] [stdout] 
[INFO] [stdout] 
[INFO] [stdout] Some errors have detailed explanations: E0422, E0432.
[INFO] [stdout] 
[INFO] [stdout] For more information about an error, try `rustc --explain E0422`.
[INFO] [stdout] 
[INFO] [stderr] error: could not compile `df_ls_syntax_analysis` (test "derive_special") due to 8 previous errors
[INFO] [stderr] warning: build failed, waiting for other jobs to finish...
[INFO] [stderr] error: could not compile `df_ls_syntax_analysis` (test "option") due to 12 previous errors
[INFO] [stderr] error: could not compile `df_ls_syntax_analysis` (test "primary_token") due to 5 previous errors
[INFO] [stdout] error[E0433]: failed to resolve: use of undeclared type `GenderEnum`
[INFO] [stdout]   --> tests/enum.rs:62:31
[INFO] [stdout]    |
[INFO] [stdout] 62 |                 genders: vec![GenderEnum::Female, GenderEnum::Male, GenderEnum::Other],
[INFO] [stdout]    |                               ^^^^^^^^^^ use of undeclared type `GenderEnum`
[INFO] [stdout] 
[INFO] [stdout] 
[INFO] [stdout] error[E0433]: failed to resolve: use of undeclared type `GenderEnum`
[INFO] [stdout]   --> tests/enum.rs:62:51
[INFO] [stdout]    |
[INFO] [stdout] 62 |                 genders: vec![GenderEnum::Female, GenderEnum::Male, GenderEnum::Other],
[INFO] [stdout]    |                                                   ^^^^^^^^^^ use of undeclared type `GenderEnum`
[INFO] [stdout] 
[INFO] [stdout] 
[INFO] [stdout] error[E0433]: failed to resolve: use of undeclared type `GenderEnum`
[INFO] [stdout]   --> tests/enum.rs:62:69
[INFO] [stdout]    |
[INFO] [stdout] 62 |                 genders: vec![GenderEnum::Female, GenderEnum::Male, GenderEnum::Other],
[INFO] [stdout]    |                                                                     ^^^^^^^^^^ use of undeclared type `GenderEnum`
[INFO] [stdout] 
[INFO] [stdout] 
[INFO] [stdout] error[E0422]: cannot find struct, variant or union type `DebugRaw` in this scope
[INFO] [stdout]   --> tests/token_unchecked_code.rs:24:25
[INFO] [stdout]    |
[INFO] [stdout] 24 |     .add_test_structure(DebugRaw {
[INFO] [stdout]    |                         ^^^^^^^^ not found in this scope
[INFO] [stdout] 
[INFO] [stdout] 
[INFO] [stderr] error: could not compile `df_ls_syntax_analysis` (test "byte_char_difference") due to 5 previous errors
[INFO] [stdout] error[E0433]: failed to resolve: use of undeclared type `HandednessEnum`
[INFO] [stdout]   --> tests/enum.rs:96:54
[INFO] [stdout]    |
[INFO] [stdout] 96 |                     handedness: Some(Choose::Choice2(HandednessEnum::Left)),
[INFO] [stdout]    |                                                      ^^^^^^^^^^^^^^ use of undeclared type `HandednessEnum`
[INFO] [stdout] 
[INFO] [stdout] 
[INFO] [stdout] error[E0422]: cannot find struct, variant or union type `MainToken` in this scope
[INFO] [stdout]   --> tests/token_unchecked_code.rs:26:31
[INFO] [stdout]    |
[INFO] [stdout] 26 |         token_structure: vec![MainToken {
[INFO] [stdout]    |                               ^^^^^^^^^ not found in this scope
[INFO] [stdout] 
[INFO] [stdout] 
[INFO] [stdout] error[E0422]: cannot find struct, variant or union type `DebugTokens` in this scope
[INFO] [stdout]   --> tests/token_unchecked_code.rs:27:25
[INFO] [stdout]    |
[INFO] [stdout] 27 |             debug: vec![DebugTokens {
[INFO] [stdout]    |                         ^^^^^^^^^^^ not found in this scope
[INFO] [stdout] 
[INFO] [stdout] 
[INFO] [stdout] error[E0433]: failed to resolve: use of undeclared type `HandednessEnum`
[INFO] [stdout]    --> tests/enum.rs:101:54
[INFO] [stdout]     |
[INFO] [stdout] 101 |                     handedness: Some(Choose::Choice2(HandednessEnum::Ambidextrous)),
[INFO] [stdout]     |                                                      ^^^^^^^^^^^^^^ use of undeclared type `HandednessEnum`
[INFO] [stdout] 
[INFO] [stdout] 
[INFO] [stdout] error[E0422]: cannot find struct, variant or union type `DebugRaw` in this scope
[INFO] [stdout]    --> tests/token_unchecked_code.rs:123:25
[INFO] [stdout]     |
[INFO] [stdout] 123 |     .add_test_structure(DebugRaw {
[INFO] [stdout]     |                         ^^^^^^^^ not found in this scope
[INFO] [stdout] 
[INFO] [stdout] 
[INFO] [stdout] error[E0422]: cannot find struct, variant or union type `MainToken` in this scope
[INFO] [stdout]    --> tests/token_unchecked_code.rs:125:31
[INFO] [stdout]     |
[INFO] [stdout] 125 |         token_structure: vec![MainToken {
[INFO] [stdout]     |                               ^^^^^^^^^ not found in this scope
[INFO] [stdout] 
[INFO] [stdout] 
[INFO] [stdout] error[E0422]: cannot find struct, variant or union type `DebugTokens` in this scope
[INFO] [stdout]    --> tests/token_unchecked_code.rs:126:25
[INFO] [stdout]     |
[INFO] [stdout] 126 |             debug: vec![DebugTokens {
[INFO] [stdout]     |                         ^^^^^^^^^^^ not found in this scope
[INFO] [stdout] 
[INFO] [stdout] 
[INFO] [stdout] error[E0422]: cannot find struct, variant or union type `DebugRaw` in this scope
[INFO] [stdout]    --> tests/token_unchecked_code.rs:282:25
[INFO] [stdout]     |
[INFO] [stdout] 282 |     .add_test_structure(DebugRaw {
[INFO] [stdout]     |                         ^^^^^^^^ not found in this scope
[INFO] [stdout] 
[INFO] [stdout] 
[INFO] [stdout] error[E0422]: cannot find struct, variant or union type `MainToken` in this scope
[INFO] [stdout]    --> tests/token_unchecked_code.rs:284:31
[INFO] [stdout]     |
[INFO] [stdout] 284 |         token_structure: vec![MainToken {
[INFO] [stdout]     |                               ^^^^^^^^^ not found in this scope
[INFO] [stdout] 
[INFO] [stdout] 
[INFO] [stdout] error[E0422]: cannot find struct, variant or union type `DebugTokens` in this scope
[INFO] [stdout]    --> tests/token_unchecked_code.rs:285:25
[INFO] [stdout]     |
[INFO] [stdout] 285 |             debug: vec![DebugTokens {
[INFO] [stdout]     |                         ^^^^^^^^^^^ not found in this scope
[INFO] [stdout] 
[INFO] [stdout] 
[INFO] [stdout] error[E0422]: cannot find struct, variant or union type `DebugRaw` in this scope
[INFO] [stdout]    --> tests/token_unchecked_code.rs:392:25
[INFO] [stdout]     |
[INFO] [stdout] 392 |     .add_test_structure(DebugRaw {
[INFO] [stdout]     |                         ^^^^^^^^ not found in this scope
[INFO] [stdout] 
[INFO] [stdout] 
[INFO] [stdout] error[E0422]: cannot find struct, variant or union type `MainToken` in this scope
[INFO] [stdout]    --> tests/token_unchecked_code.rs:394:31
[INFO] [stdout]     |
[INFO] [stdout] 394 |         token_structure: vec![MainToken {
[INFO] [stdout]     |                               ^^^^^^^^^ not found in this scope
[INFO] [stdout] 
[INFO] [stdout] 
[INFO] [stdout] error[E0422]: cannot find struct, variant or union type `DebugTokens` in this scope
[INFO] [stdout]    --> tests/token_unchecked_code.rs:395:25
[INFO] [stdout]     |
[INFO] [stdout] 395 |             debug: vec![DebugTokens {
[INFO] [stdout]     |                         ^^^^^^^^^^^ not found in this scope
[INFO] [stdout] 
[INFO] [stdout] 
[INFO] [stdout] error[E0422]: cannot find struct, variant or union type `DebugRaw` in this scope
[INFO] [stdout]    --> tests/token_unchecked_code.rs:512:25
[INFO] [stdout]     |
[INFO] [stdout] 512 |     .add_test_structure(DebugRaw {
[INFO] [stdout]     |                         ^^^^^^^^ not found in this scope
[INFO] [stdout] 
[INFO] [stdout] 
[INFO] [stdout] error[E0422]: cannot find struct, variant or union type `MainToken` in this scope
[INFO] [stdout]    --> tests/token_unchecked_code.rs:514:31
[INFO] [stdout]     |
[INFO] [stdout] 514 |         token_structure: vec![MainToken {
[INFO] [stdout]     |                               ^^^^^^^^^ not found in this scope
[INFO] [stdout] 
[INFO] [stdout] 
[INFO] [stdout] error[E0422]: cannot find struct, variant or union type `DebugTokens` in this scope
[INFO] [stdout]    --> tests/token_unchecked_code.rs:515:25
[INFO] [stdout]     |
[INFO] [stdout] 515 |             debug: vec![DebugTokens {
[INFO] [stdout]     |                         ^^^^^^^^^^^ not found in this scope
[INFO] [stdout] 
[INFO] [stdout] 
[INFO] [stdout] error: aborting due to 12 previous errors
[INFO] [stdout] 
[INFO] [stdout] 
[INFO] [stdout] Some errors have detailed explanations: E0422, E0432.
[INFO] [stdout] 
[INFO] [stdout] For more information about an error, try `rustc --explain E0422`.
[INFO] [stdout] 
[INFO] [stdout] error: aborting due to 18 previous errors
[INFO] [stdout] 
[INFO] [stdout] 
[INFO] [stdout] Some errors have detailed explanations: E0422, E0432, E0433.
[INFO] [stdout] 
[INFO] [stdout] For more information about an error, try `rustc --explain E0422`.
[INFO] [stdout] 
[INFO] [stdout] error[E0433]: failed to resolve: use of undeclared type `DebugEnum`
[INFO] [stdout]   --> tests/token_unchecked_code.rs:29:21
[INFO] [stdout]    |
[INFO] [stdout] 29 |                     DebugEnum::Enum1,
[INFO] [stdout]    |                     ^^^^^^^^^ use of undeclared type `DebugEnum`
[INFO] [stdout] 
[INFO] [stdout] 
[INFO] [stdout] error[E0433]: failed to resolve: use of undeclared type `DebugEnum`
[INFO] [stdout]   --> tests/token_unchecked_code.rs:30:21
[INFO] [stdout]    |
[INFO] [stdout] 30 |                     DebugEnum::Enum2,
[INFO] [stdout]    |                     ^^^^^^^^^ use of undeclared type `DebugEnum`
[INFO] [stdout] 
[INFO] [stdout] 
[INFO] [stdout] error[E0433]: failed to resolve: use of undeclared type `DebugEnum`
[INFO] [stdout]   --> tests/token_unchecked_code.rs:31:21
[INFO] [stdout]    |
[INFO] [stdout] 31 |                     DebugEnum::Enum3,
[INFO] [stdout]    |                     ^^^^^^^^^ use of undeclared type `DebugEnum`
[INFO] [stdout] 
[INFO] [stdout] 
[INFO] [stdout] error[E0433]: failed to resolve: use of undeclared type `DebugEnum`
[INFO] [stdout]   --> tests/token_unchecked_code.rs:32:21
[INFO] [stdout]    |
[INFO] [stdout] 32 |                     DebugEnum::Enum4,
[INFO] [stdout]    |                     ^^^^^^^^^ use of undeclared type `DebugEnum`
[INFO] [stdout] 
[INFO] [stdout] 
[INFO] [stderr] error: could not compile `df_ls_syntax_analysis` (test "enum") due to 19 previous errors
[INFO] [stderr] error: could not compile `df_ls_syntax_analysis` (test "missing_brackets") due to 13 previous errors
[INFO] [stdout] error[E0433]: failed to resolve: use of undeclared type `DebugUnaryTokenEnum`
[INFO] [stdout]    --> tests/token_unchecked_code.rs:128:45
[INFO] [stdout]     |
[INFO] [stdout] 128 |                 unary_token_multi_arg: vec![DebugUnaryTokenEnum::Option1(Reference(
[INFO] [stdout]     |                                             ^^^^^^^^^^^^^^^^^^^ use of undeclared type `DebugUnaryTokenEnum`
[INFO] [stdout] 
[INFO] [stdout] 
[INFO] [stdout] error: aborting due to 21 previous errors
[INFO] [stdout] 
[INFO] [stdout] 
[INFO] [stdout] Some errors have detailed explanations: E0422, E0432, E0433.
[INFO] [stdout] 
[INFO] [stdout] For more information about an error, try `rustc --explain E0422`.
[INFO] [stdout] 
[INFO] [stderr] error: could not compile `df_ls_syntax_analysis` (test "token_unchecked_code") due to 22 previous errors
[INFO] [stdout] warning: 1 warning emitted
[INFO] [stdout] 
[INFO] [stdout] 
[INFO] running `Command { std: "docker" "inspect" "00ead09ed4ce6e2630f81b5d7a94bc62f0e954b1b0241af54eb09a6cae1a0b0e", kill_on_drop: false }`
[INFO] running `Command { std: "docker" "rm" "-f" "00ead09ed4ce6e2630f81b5d7a94bc62f0e954b1b0241af54eb09a6cae1a0b0e", kill_on_drop: false }`
[INFO] [stdout] 00ead09ed4ce6e2630f81b5d7a94bc62f0e954b1b0241af54eb09a6cae1a0b0e
