[INFO] fetching crate destruct-lib 0.1.2...
[INFO] checking destruct-lib-0.1.2 against nightly-2024-02-05 for check-cfg
[INFO] extracting crate destruct-lib 0.1.2 into /workspace/builds/worker-6-tc1/source
[INFO] validating manifest of crates.io crate destruct-lib 0.1.2 on toolchain nightly-2024-02-05
[INFO] running `Command { std: CARGO_HOME="/workspace/cargo-home" RUSTUP_HOME="/workspace/rustup-home" "/workspace/cargo-home/bin/cargo" "+nightly-2024-02-05" "metadata" "--manifest-path" "Cargo.toml" "--no-deps", kill_on_drop: false }`
[INFO] started tweaking crates.io crate destruct-lib 0.1.2
[INFO] finished tweaking crates.io crate destruct-lib 0.1.2
[INFO] tweaked toml for crates.io crate destruct-lib 0.1.2 written to /workspace/builds/worker-6-tc1/source/Cargo.toml
[INFO] running `Command { std: CARGO_HOME="/workspace/cargo-home" RUSTUP_HOME="/workspace/rustup-home" "/workspace/cargo-home/bin/cargo" "+nightly-2024-02-05" "generate-lockfile" "--manifest-path" "Cargo.toml", kill_on_drop: false }`
[INFO] [stderr]     Updating crates.io index
[INFO] running `Command { std: CARGO_HOME="/workspace/cargo-home" RUSTUP_HOME="/workspace/rustup-home" "/workspace/cargo-home/bin/cargo" "+nightly-2024-02-05" "fetch" "--manifest-path" "Cargo.toml", kill_on_drop: false }`
[INFO] [stderr]  Downloading crates ...
[INFO] [stderr]   Downloaded destruct-derive v0.1.2
[INFO] [stderr]   Downloaded proc-macro-error v0.2.6
[INFO] [stderr]   Downloaded err-derive v0.1.6
[INFO] running `Command { std: "docker" "create" "-v" "/var/lib/crater-agent-workspace/builds/worker-6-tc1/target:/opt/rustwide/target:rw,Z" "-v" "/var/lib/crater-agent-workspace/builds/worker-6-tc1/source:/opt/rustwide/workdir:ro,Z" "-v" "/var/lib/crater-agent-workspace/cargo-home:/opt/rustwide/cargo-home:ro,Z" "-v" "/var/lib/crater-agent-workspace/rustup-home:/opt/rustwide/rustup-home:ro,Z" "-e" "SOURCE_DIR=/opt/rustwide/workdir" "-e" "CARGO_TARGET_DIR=/opt/rustwide/target" "-e" "CARGO_HOME=/opt/rustwide/cargo-home" "-e" "RUSTUP_HOME=/opt/rustwide/rustup-home" "-w" "/opt/rustwide/workdir" "-m" "1610612736" "--user" "0:0" "--network" "none" "ghcr.io/rust-lang/crates-build-env/linux@sha256:2788e3201cd34a07e3172128adcd8b3090168a8e3bcc40d7c032b9dda1df7d1c" "/opt/rustwide/cargo-home/bin/cargo" "+nightly-2024-02-05" "metadata" "--no-deps" "--format-version=1", kill_on_drop: false }`
[INFO] [stdout] db8f86471807b3d23e8904773dcac4e5396d813c303df440474e88464806a2b3
[INFO] running `Command { std: "docker" "start" "-a" "db8f86471807b3d23e8904773dcac4e5396d813c303df440474e88464806a2b3", kill_on_drop: false }`
[INFO] running `Command { std: "docker" "inspect" "db8f86471807b3d23e8904773dcac4e5396d813c303df440474e88464806a2b3", kill_on_drop: false }`
[INFO] running `Command { std: "docker" "rm" "-f" "db8f86471807b3d23e8904773dcac4e5396d813c303df440474e88464806a2b3", kill_on_drop: false }`
[INFO] [stdout] db8f86471807b3d23e8904773dcac4e5396d813c303df440474e88464806a2b3
[INFO] running `Command { std: "docker" "create" "-v" "/var/lib/crater-agent-workspace/builds/worker-6-tc1/target:/opt/rustwide/target:rw,Z" "-v" "/var/lib/crater-agent-workspace/builds/worker-6-tc1/source:/opt/rustwide/workdir:ro,Z" "-v" "/var/lib/crater-agent-workspace/cargo-home:/opt/rustwide/cargo-home:ro,Z" "-v" "/var/lib/crater-agent-workspace/rustup-home:/opt/rustwide/rustup-home:ro,Z" "-e" "SOURCE_DIR=/opt/rustwide/workdir" "-e" "CARGO_TARGET_DIR=/opt/rustwide/target" "-e" "CARGO_INCREMENTAL=0" "-e" "RUST_BACKTRACE=full" "-e" "RUSTFLAGS=--cap-lints=forbid" "-e" "RUSTDOCFLAGS=--cap-lints=forbid" "-e" "CARGO_HOME=/opt/rustwide/cargo-home" "-e" "RUSTUP_HOME=/opt/rustwide/rustup-home" "-w" "/opt/rustwide/workdir" "-m" "1610612736" "--user" "0:0" "--network" "none" "ghcr.io/rust-lang/crates-build-env/linux@sha256:2788e3201cd34a07e3172128adcd8b3090168a8e3bcc40d7c032b9dda1df7d1c" "/opt/rustwide/cargo-home/bin/cargo" "+nightly-2024-02-05" "check" "--frozen" "--all" "--all-targets" "--message-format=json", kill_on_drop: false }`
[INFO] [stdout] 74e8da4fde3b539059f45b4fa18867382fd86b67ae67871379a2b9be9a957f54
[INFO] running `Command { std: "docker" "start" "-a" "74e8da4fde3b539059f45b4fa18867382fd86b67ae67871379a2b9be9a957f54", kill_on_drop: false }`
[INFO] [stderr]    Compiling syn v1.0.109
[INFO] [stderr]    Compiling unicode-xid v0.2.4
[INFO] [stderr]    Compiling err-derive v0.1.6
[INFO] [stderr]    Compiling proc-macro-error v0.2.6
[INFO] [stderr]    Compiling synstructure v0.12.6
[INFO] [stderr]    Compiling destruct-derive v0.1.2
[INFO] [stderr]    Compiling derive-new v0.5.9
[INFO] [stdout] error[E0433]: failed to resolve: could not find `__rt` in `quote`
[INFO] [stdout]    --> /opt/rustwide/cargo-home/registry/src/index.crates.io-6f17d22bba15001f/err-derive-0.1.6/src/lib.rs:145:63
[INFO] [stdout]     |
[INFO] [stdout] 145 | fn display_body(s: &synstructure::Structure) -> Option<quote::__rt::TokenStream> {
[INFO] [stdout]     |                                                               ^^^^ could not find `__rt` in `quote`
[INFO] [stdout] 
[INFO] [stdout] 
[INFO] [stdout] error[E0432]: unresolved import `syn::export`
[INFO] [stdout]  --> /opt/rustwide/cargo-home/registry/src/index.crates.io-6f17d22bba15001f/destruct-derive-0.1.2/src/lib.rs:6:10
[INFO] [stdout]   |
[INFO] [stdout] 6 | use syn::export::TokenStream2;
[INFO] [stdout]   |          ^^^^^^ could not find `export` in `syn`
[INFO] [stdout] 
[INFO] [stdout] 
[INFO] [stdout] error: aborting due to 1 previous error
[INFO] [stdout] 
[INFO] [stdout] 
[INFO] [stdout] For more information about this error, try `rustc --explain E0433`.
[INFO] [stdout] 
[INFO] [stderr] error: could not compile `err-derive` (lib) due to 2 previous errors
[INFO] [stderr] warning: build failed, waiting for other jobs to finish...
[INFO] [stdout] error: aborting due to 1 previous error
[INFO] [stdout] 
[INFO] [stdout] 
[INFO] [stdout] For more information about this error, try `rustc --explain E0432`.
[INFO] [stdout] 
[INFO] [stderr] error: could not compile `destruct-derive` (lib) due to 2 previous errors
[INFO] running `Command { std: "docker" "inspect" "74e8da4fde3b539059f45b4fa18867382fd86b67ae67871379a2b9be9a957f54", kill_on_drop: false }`
[INFO] running `Command { std: "docker" "rm" "-f" "74e8da4fde3b539059f45b4fa18867382fd86b67ae67871379a2b9be9a957f54", kill_on_drop: false }`
[INFO] [stdout] 74e8da4fde3b539059f45b4fa18867382fd86b67ae67871379a2b9be9a957f54
[INFO] checking destruct-lib-0.1.2 against nightly-2024-02-05+rustflags=-Dunexpected_cfgs+cargoflags=-Zcheck-cfg for check-cfg
[INFO] extracting crate destruct-lib 0.1.2 into /workspace/builds/worker-6-tc2/source
[INFO] validating manifest of crates.io crate destruct-lib 0.1.2 on toolchain nightly-2024-02-05
[INFO] running `Command { std: CARGO_HOME="/workspace/cargo-home" RUSTUP_HOME="/workspace/rustup-home" "/workspace/cargo-home/bin/cargo" "+nightly-2024-02-05" "metadata" "--manifest-path" "Cargo.toml" "--no-deps", kill_on_drop: false }`
[INFO] started tweaking crates.io crate destruct-lib 0.1.2
[INFO] finished tweaking crates.io crate destruct-lib 0.1.2
[INFO] tweaked toml for crates.io crate destruct-lib 0.1.2 written to /workspace/builds/worker-6-tc2/source/Cargo.toml
[INFO] running `Command { std: CARGO_HOME="/workspace/cargo-home" RUSTUP_HOME="/workspace/rustup-home" "/workspace/cargo-home/bin/cargo" "+nightly-2024-02-05" "generate-lockfile" "--manifest-path" "Cargo.toml", kill_on_drop: false }`
[INFO] [stderr]     Updating crates.io index
[INFO] running `Command { std: CARGO_HOME="/workspace/cargo-home" RUSTUP_HOME="/workspace/rustup-home" "/workspace/cargo-home/bin/cargo" "+nightly-2024-02-05" "fetch" "--manifest-path" "Cargo.toml", kill_on_drop: false }`
[INFO] running `Command { std: "docker" "create" "-v" "/var/lib/crater-agent-workspace/builds/worker-6-tc2/target:/opt/rustwide/target:rw,Z" "-v" "/var/lib/crater-agent-workspace/builds/worker-6-tc2/source:/opt/rustwide/workdir:ro,Z" "-v" "/var/lib/crater-agent-workspace/cargo-home:/opt/rustwide/cargo-home:ro,Z" "-v" "/var/lib/crater-agent-workspace/rustup-home:/opt/rustwide/rustup-home:ro,Z" "-e" "SOURCE_DIR=/opt/rustwide/workdir" "-e" "CARGO_TARGET_DIR=/opt/rustwide/target" "-e" "CARGO_HOME=/opt/rustwide/cargo-home" "-e" "RUSTUP_HOME=/opt/rustwide/rustup-home" "-w" "/opt/rustwide/workdir" "-m" "1610612736" "--user" "0:0" "--network" "none" "ghcr.io/rust-lang/crates-build-env/linux@sha256:2788e3201cd34a07e3172128adcd8b3090168a8e3bcc40d7c032b9dda1df7d1c" "/opt/rustwide/cargo-home/bin/cargo" "+nightly-2024-02-05" "metadata" "--no-deps" "--format-version=1", kill_on_drop: false }`
[INFO] [stdout] 81958a40e896dce548aef82a021ba4c67dfc043ef3dc8410c4b31a0acd96461d
[INFO] running `Command { std: "docker" "start" "-a" "81958a40e896dce548aef82a021ba4c67dfc043ef3dc8410c4b31a0acd96461d", kill_on_drop: false }`
[INFO] running `Command { std: "docker" "inspect" "81958a40e896dce548aef82a021ba4c67dfc043ef3dc8410c4b31a0acd96461d", kill_on_drop: false }`
[INFO] running `Command { std: "docker" "rm" "-f" "81958a40e896dce548aef82a021ba4c67dfc043ef3dc8410c4b31a0acd96461d", kill_on_drop: false }`
[INFO] [stdout] 81958a40e896dce548aef82a021ba4c67dfc043ef3dc8410c4b31a0acd96461d
[INFO] running `Command { std: "docker" "create" "-v" "/var/lib/crater-agent-workspace/builds/worker-6-tc2/target:/opt/rustwide/target:rw,Z" "-v" "/var/lib/crater-agent-workspace/builds/worker-6-tc2/source:/opt/rustwide/workdir:ro,Z" "-v" "/var/lib/crater-agent-workspace/cargo-home:/opt/rustwide/cargo-home:ro,Z" "-v" "/var/lib/crater-agent-workspace/rustup-home:/opt/rustwide/rustup-home:ro,Z" "-e" "SOURCE_DIR=/opt/rustwide/workdir" "-e" "CARGO_TARGET_DIR=/opt/rustwide/target" "-e" "CARGO_INCREMENTAL=0" "-e" "RUST_BACKTRACE=full" "-e" "RUSTFLAGS=--cap-lints=forbid -Dunexpected_cfgs" "-e" "RUSTDOCFLAGS=--cap-lints=forbid" "-e" "CARGO_HOME=/opt/rustwide/cargo-home" "-e" "RUSTUP_HOME=/opt/rustwide/rustup-home" "-w" "/opt/rustwide/workdir" "-m" "1610612736" "--user" "0:0" "--network" "none" "ghcr.io/rust-lang/crates-build-env/linux@sha256:2788e3201cd34a07e3172128adcd8b3090168a8e3bcc40d7c032b9dda1df7d1c" "/opt/rustwide/cargo-home/bin/cargo" "+nightly-2024-02-05" "check" "--frozen" "--all" "--all-targets" "--message-format=json" "-Zcheck-cfg", kill_on_drop: false }`
[INFO] [stdout] a24c765f43263f5901cdd1bb848b9fc127f8a132942a2c24132cab34ca8210f8
[INFO] running `Command { std: "docker" "start" "-a" "a24c765f43263f5901cdd1bb848b9fc127f8a132942a2c24132cab34ca8210f8", kill_on_drop: false }`
[INFO] [stderr]    Compiling syn v1.0.109
[INFO] [stderr]    Compiling unicode-xid v0.2.4
[INFO] [stderr]    Compiling err-derive v0.1.6
[INFO] [stderr]    Compiling proc-macro-error v0.2.6
[INFO] [stderr]    Compiling synstructure v0.12.6
[INFO] [stderr]    Compiling destruct-derive v0.1.2
[INFO] [stderr]    Compiling derive-new v0.5.9
[INFO] [stdout] error[E0433]: failed to resolve: could not find `__rt` in `quote`
[INFO] [stdout]    --> /opt/rustwide/cargo-home/registry/src/index.crates.io-6f17d22bba15001f/err-derive-0.1.6/src/lib.rs:145:63
[INFO] [stdout]     |
[INFO] [stdout] 145 | fn display_body(s: &synstructure::Structure) -> Option<quote::__rt::TokenStream> {
[INFO] [stdout]     |                                                               ^^^^ could not find `__rt` in `quote`
[INFO] [stdout] 
[INFO] [stdout] 
[INFO] [stdout] error[E0432]: unresolved import `syn::export`
[INFO] [stdout]  --> /opt/rustwide/cargo-home/registry/src/index.crates.io-6f17d22bba15001f/destruct-derive-0.1.2/src/lib.rs:6:10
[INFO] [stdout]   |
[INFO] [stdout] 6 | use syn::export::TokenStream2;
[INFO] [stdout]   |          ^^^^^^ could not find `export` in `syn`
[INFO] [stdout] 
[INFO] [stdout] 
[INFO] [stdout] error: aborting due to 1 previous error
[INFO] [stdout] 
[INFO] [stdout] 
[INFO] [stdout] For more information about this error, try `rustc --explain E0433`.
[INFO] [stdout] 
[INFO] [stderr] error: could not compile `err-derive` (lib) due to 2 previous errors
[INFO] [stderr] warning: build failed, waiting for other jobs to finish...
[INFO] [stdout] error: aborting due to 1 previous error
[INFO] [stdout] 
[INFO] [stdout] 
[INFO] [stdout] For more information about this error, try `rustc --explain E0432`.
[INFO] [stdout] 
[INFO] [stderr] error: could not compile `destruct-derive` (lib) due to 2 previous errors
[INFO] running `Command { std: "docker" "inspect" "a24c765f43263f5901cdd1bb848b9fc127f8a132942a2c24132cab34ca8210f8", kill_on_drop: false }`
[INFO] running `Command { std: "docker" "rm" "-f" "a24c765f43263f5901cdd1bb848b9fc127f8a132942a2c24132cab34ca8210f8", kill_on_drop: false }`
[INFO] [stdout] a24c765f43263f5901cdd1bb848b9fc127f8a132942a2c24132cab34ca8210f8
