[INFO] fetching crate destruct-derive 0.1.2...
[INFO] checking destruct-derive-0.1.2 against nightly-2024-02-05 for check-cfg
[INFO] extracting crate destruct-derive 0.1.2 into /workspace/builds/worker-1-tc1/source
[INFO] validating manifest of crates.io crate destruct-derive 0.1.2 on toolchain nightly-2024-02-05
[INFO] running `Command { std: CARGO_HOME="/workspace/cargo-home" RUSTUP_HOME="/workspace/rustup-home" "/workspace/cargo-home/bin/cargo" "+nightly-2024-02-05" "metadata" "--manifest-path" "Cargo.toml" "--no-deps", kill_on_drop: false }`
[INFO] started tweaking crates.io crate destruct-derive 0.1.2
[INFO] finished tweaking crates.io crate destruct-derive 0.1.2
[INFO] tweaked toml for crates.io crate destruct-derive 0.1.2 written to /workspace/builds/worker-1-tc1/source/Cargo.toml
[INFO] running `Command { std: CARGO_HOME="/workspace/cargo-home" RUSTUP_HOME="/workspace/rustup-home" "/workspace/cargo-home/bin/cargo" "+nightly-2024-02-05" "generate-lockfile" "--manifest-path" "Cargo.toml", kill_on_drop: false }`
[INFO] [stderr]     Updating crates.io index
[INFO] running `Command { std: CARGO_HOME="/workspace/cargo-home" RUSTUP_HOME="/workspace/rustup-home" "/workspace/cargo-home/bin/cargo" "+nightly-2024-02-05" "fetch" "--manifest-path" "Cargo.toml", kill_on_drop: false }`
[INFO] running `Command { std: "docker" "create" "-v" "/var/lib/crater-agent-workspace/builds/worker-1-tc1/target:/opt/rustwide/target:rw,Z" "-v" "/var/lib/crater-agent-workspace/builds/worker-1-tc1/source:/opt/rustwide/workdir:ro,Z" "-v" "/var/lib/crater-agent-workspace/cargo-home:/opt/rustwide/cargo-home:ro,Z" "-v" "/var/lib/crater-agent-workspace/rustup-home:/opt/rustwide/rustup-home:ro,Z" "-e" "SOURCE_DIR=/opt/rustwide/workdir" "-e" "CARGO_TARGET_DIR=/opt/rustwide/target" "-e" "CARGO_HOME=/opt/rustwide/cargo-home" "-e" "RUSTUP_HOME=/opt/rustwide/rustup-home" "-w" "/opt/rustwide/workdir" "-m" "1610612736" "--user" "0:0" "--network" "none" "ghcr.io/rust-lang/crates-build-env/linux@sha256:2788e3201cd34a07e3172128adcd8b3090168a8e3bcc40d7c032b9dda1df7d1c" "/opt/rustwide/cargo-home/bin/cargo" "+nightly-2024-02-05" "metadata" "--no-deps" "--format-version=1", kill_on_drop: false }`
[INFO] [stdout] 978cb1b5b72e35ef8a1d1d129d8722eced2a6dfd8367654ca94f948402f38e70
[INFO] running `Command { std: "docker" "start" "-a" "978cb1b5b72e35ef8a1d1d129d8722eced2a6dfd8367654ca94f948402f38e70", kill_on_drop: false }`
[INFO] running `Command { std: "docker" "inspect" "978cb1b5b72e35ef8a1d1d129d8722eced2a6dfd8367654ca94f948402f38e70", kill_on_drop: false }`
[INFO] running `Command { std: "docker" "rm" "-f" "978cb1b5b72e35ef8a1d1d129d8722eced2a6dfd8367654ca94f948402f38e70", kill_on_drop: false }`
[INFO] [stdout] 978cb1b5b72e35ef8a1d1d129d8722eced2a6dfd8367654ca94f948402f38e70
[INFO] running `Command { std: "docker" "create" "-v" "/var/lib/crater-agent-workspace/builds/worker-1-tc1/target:/opt/rustwide/target:rw,Z" "-v" "/var/lib/crater-agent-workspace/builds/worker-1-tc1/source:/opt/rustwide/workdir:ro,Z" "-v" "/var/lib/crater-agent-workspace/cargo-home:/opt/rustwide/cargo-home:ro,Z" "-v" "/var/lib/crater-agent-workspace/rustup-home:/opt/rustwide/rustup-home:ro,Z" "-e" "SOURCE_DIR=/opt/rustwide/workdir" "-e" "CARGO_TARGET_DIR=/opt/rustwide/target" "-e" "CARGO_INCREMENTAL=0" "-e" "RUST_BACKTRACE=full" "-e" "RUSTFLAGS=--cap-lints=forbid" "-e" "RUSTDOCFLAGS=--cap-lints=forbid" "-e" "CARGO_HOME=/opt/rustwide/cargo-home" "-e" "RUSTUP_HOME=/opt/rustwide/rustup-home" "-w" "/opt/rustwide/workdir" "-m" "1610612736" "--user" "0:0" "--network" "none" "ghcr.io/rust-lang/crates-build-env/linux@sha256:2788e3201cd34a07e3172128adcd8b3090168a8e3bcc40d7c032b9dda1df7d1c" "/opt/rustwide/cargo-home/bin/cargo" "+nightly-2024-02-05" "check" "--frozen" "--all" "--all-targets" "--message-format=json", kill_on_drop: false }`
[INFO] [stdout] aecaf62b94e5007fc205c888dc500919b950eaed39d783e19021c939761a0464
[INFO] running `Command { std: "docker" "start" "-a" "aecaf62b94e5007fc205c888dc500919b950eaed39d783e19021c939761a0464", kill_on_drop: false }`
[INFO] [stderr]    Compiling syn v1.0.109
[INFO] [stderr]     Checking destruct-derive v0.1.2 (/opt/rustwide/workdir)
[INFO] [stdout] error[E0432]: unresolved import `syn::export`
[INFO] [stdout]  --> src/lib.rs:6:10
[INFO] [stdout]   |
[INFO] [stdout] 6 | use syn::export::TokenStream2;
[INFO] [stdout]   |          ^^^^^^ could not find `export` in `syn`
[INFO] [stdout] 
[INFO] [stdout] 
[INFO] [stdout] error[E0432]: unresolved import `syn::export`
[INFO] [stdout]  --> src/lib.rs:6:10
[INFO] [stdout]   |
[INFO] [stdout] 6 | use syn::export::TokenStream2;
[INFO] [stdout]   |          ^^^^^^ could not find `export` in `syn`
[INFO] [stdout] 
[INFO] [stdout] 
[INFO] [stdout] error: aborting due to 1 previous error
[INFO] [stdout] 
[INFO] [stdout] 
[INFO] [stdout] For more information about this error, try `rustc --explain E0432`.
[INFO] [stdout] 
[INFO] [stdout] error: aborting due to 1 previous error
[INFO] [stdout] 
[INFO] [stdout] 
[INFO] [stdout] For more information about this error, try `rustc --explain E0432`.
[INFO] [stdout] 
[INFO] [stderr] error: could not compile `destruct-derive` (lib test) due to 2 previous errors
[INFO] [stderr] warning: build failed, waiting for other jobs to finish...
[INFO] [stderr] error: could not compile `destruct-derive` (lib) due to 2 previous errors
[INFO] running `Command { std: "docker" "inspect" "aecaf62b94e5007fc205c888dc500919b950eaed39d783e19021c939761a0464", kill_on_drop: false }`
[INFO] running `Command { std: "docker" "rm" "-f" "aecaf62b94e5007fc205c888dc500919b950eaed39d783e19021c939761a0464", kill_on_drop: false }`
[INFO] [stdout] aecaf62b94e5007fc205c888dc500919b950eaed39d783e19021c939761a0464
[INFO] checking destruct-derive-0.1.2 against nightly-2024-02-05+rustflags=-Dunexpected_cfgs+cargoflags=-Zcheck-cfg for check-cfg
[INFO] extracting crate destruct-derive 0.1.2 into /workspace/builds/worker-1-tc2/source
[INFO] validating manifest of crates.io crate destruct-derive 0.1.2 on toolchain nightly-2024-02-05
[INFO] running `Command { std: CARGO_HOME="/workspace/cargo-home" RUSTUP_HOME="/workspace/rustup-home" "/workspace/cargo-home/bin/cargo" "+nightly-2024-02-05" "metadata" "--manifest-path" "Cargo.toml" "--no-deps", kill_on_drop: false }`
[INFO] started tweaking crates.io crate destruct-derive 0.1.2
[INFO] finished tweaking crates.io crate destruct-derive 0.1.2
[INFO] tweaked toml for crates.io crate destruct-derive 0.1.2 written to /workspace/builds/worker-1-tc2/source/Cargo.toml
[INFO] running `Command { std: CARGO_HOME="/workspace/cargo-home" RUSTUP_HOME="/workspace/rustup-home" "/workspace/cargo-home/bin/cargo" "+nightly-2024-02-05" "generate-lockfile" "--manifest-path" "Cargo.toml", kill_on_drop: false }`
[INFO] [stderr]     Updating crates.io index
[INFO] running `Command { std: CARGO_HOME="/workspace/cargo-home" RUSTUP_HOME="/workspace/rustup-home" "/workspace/cargo-home/bin/cargo" "+nightly-2024-02-05" "fetch" "--manifest-path" "Cargo.toml", kill_on_drop: false }`
[INFO] running `Command { std: "docker" "create" "-v" "/var/lib/crater-agent-workspace/builds/worker-1-tc2/target:/opt/rustwide/target:rw,Z" "-v" "/var/lib/crater-agent-workspace/builds/worker-1-tc2/source:/opt/rustwide/workdir:ro,Z" "-v" "/var/lib/crater-agent-workspace/cargo-home:/opt/rustwide/cargo-home:ro,Z" "-v" "/var/lib/crater-agent-workspace/rustup-home:/opt/rustwide/rustup-home:ro,Z" "-e" "SOURCE_DIR=/opt/rustwide/workdir" "-e" "CARGO_TARGET_DIR=/opt/rustwide/target" "-e" "CARGO_HOME=/opt/rustwide/cargo-home" "-e" "RUSTUP_HOME=/opt/rustwide/rustup-home" "-w" "/opt/rustwide/workdir" "-m" "1610612736" "--user" "0:0" "--network" "none" "ghcr.io/rust-lang/crates-build-env/linux@sha256:2788e3201cd34a07e3172128adcd8b3090168a8e3bcc40d7c032b9dda1df7d1c" "/opt/rustwide/cargo-home/bin/cargo" "+nightly-2024-02-05" "metadata" "--no-deps" "--format-version=1", kill_on_drop: false }`
[INFO] [stdout] 53ffb35928121ed0d231d198c1d11ce78704197aa669238936fcb6cafb6ccdce
[INFO] running `Command { std: "docker" "start" "-a" "53ffb35928121ed0d231d198c1d11ce78704197aa669238936fcb6cafb6ccdce", kill_on_drop: false }`
[INFO] running `Command { std: "docker" "inspect" "53ffb35928121ed0d231d198c1d11ce78704197aa669238936fcb6cafb6ccdce", kill_on_drop: false }`
[INFO] running `Command { std: "docker" "rm" "-f" "53ffb35928121ed0d231d198c1d11ce78704197aa669238936fcb6cafb6ccdce", kill_on_drop: false }`
[INFO] [stdout] 53ffb35928121ed0d231d198c1d11ce78704197aa669238936fcb6cafb6ccdce
[INFO] running `Command { std: "docker" "create" "-v" "/var/lib/crater-agent-workspace/builds/worker-1-tc2/target:/opt/rustwide/target:rw,Z" "-v" "/var/lib/crater-agent-workspace/builds/worker-1-tc2/source:/opt/rustwide/workdir:ro,Z" "-v" "/var/lib/crater-agent-workspace/cargo-home:/opt/rustwide/cargo-home:ro,Z" "-v" "/var/lib/crater-agent-workspace/rustup-home:/opt/rustwide/rustup-home:ro,Z" "-e" "SOURCE_DIR=/opt/rustwide/workdir" "-e" "CARGO_TARGET_DIR=/opt/rustwide/target" "-e" "CARGO_INCREMENTAL=0" "-e" "RUST_BACKTRACE=full" "-e" "RUSTFLAGS=--cap-lints=forbid -Dunexpected_cfgs" "-e" "RUSTDOCFLAGS=--cap-lints=forbid" "-e" "CARGO_HOME=/opt/rustwide/cargo-home" "-e" "RUSTUP_HOME=/opt/rustwide/rustup-home" "-w" "/opt/rustwide/workdir" "-m" "1610612736" "--user" "0:0" "--network" "none" "ghcr.io/rust-lang/crates-build-env/linux@sha256:2788e3201cd34a07e3172128adcd8b3090168a8e3bcc40d7c032b9dda1df7d1c" "/opt/rustwide/cargo-home/bin/cargo" "+nightly-2024-02-05" "check" "--frozen" "--all" "--all-targets" "--message-format=json" "-Zcheck-cfg", kill_on_drop: false }`
[INFO] [stdout] 73924c27f5df801c02fa222f40b909932dc27f625e95f2d649207dfccf68abef
[INFO] running `Command { std: "docker" "start" "-a" "73924c27f5df801c02fa222f40b909932dc27f625e95f2d649207dfccf68abef", kill_on_drop: false }`
[INFO] [stderr]    Compiling syn v1.0.109
[INFO] [stderr]     Checking destruct-derive v0.1.2 (/opt/rustwide/workdir)
[INFO] [stdout] error[E0432]: unresolved import `syn::export`
[INFO] [stdout]  --> src/lib.rs:6:10
[INFO] [stdout]   |
[INFO] [stdout] 6 | use syn::export::TokenStream2;
[INFO] [stdout]   |          ^^^^^^ could not find `export` in `syn`
[INFO] [stdout] 
[INFO] [stdout] 
[INFO] [stdout] error[E0432]: unresolved import `syn::export`
[INFO] [stdout]  --> src/lib.rs:6:10
[INFO] [stdout]   |
[INFO] [stdout] 6 | use syn::export::TokenStream2;
[INFO] [stdout]   |          ^^^^^^ could not find `export` in `syn`
[INFO] [stdout] 
[INFO] [stdout] 
[INFO] [stdout] error: aborting due to 1 previous error
[INFO] [stdout] 
[INFO] [stdout] 
[INFO] [stdout] For more information about this error, try `rustc --explain E0432`.
[INFO] [stdout] 
[INFO] [stderr] error: could not compile `destruct-derive` (lib test) due to 2 previous errors
[INFO] [stderr] warning: build failed, waiting for other jobs to finish...
[INFO] [stdout] error: aborting due to 1 previous error
[INFO] [stdout] 
[INFO] [stdout] 
[INFO] [stdout] For more information about this error, try `rustc --explain E0432`.
[INFO] [stdout] 
[INFO] [stderr] error: could not compile `destruct-derive` (lib) due to 2 previous errors
[INFO] running `Command { std: "docker" "inspect" "73924c27f5df801c02fa222f40b909932dc27f625e95f2d649207dfccf68abef", kill_on_drop: false }`
[INFO] running `Command { std: "docker" "rm" "-f" "73924c27f5df801c02fa222f40b909932dc27f625e95f2d649207dfccf68abef", kill_on_drop: false }`
[INFO] [stdout] 73924c27f5df801c02fa222f40b909932dc27f625e95f2d649207dfccf68abef
