[INFO] fetching crate desk-terminal 0.0.0...
[INFO] checking desk-terminal-0.0.0 against nightly-2024-02-05 for check-cfg
[INFO] extracting crate desk-terminal 0.0.0 into /workspace/builds/worker-7-tc1/source
[INFO] validating manifest of crates.io crate desk-terminal 0.0.0 on toolchain nightly-2024-02-05
[INFO] running `Command { std: CARGO_HOME="/workspace/cargo-home" RUSTUP_HOME="/workspace/rustup-home" "/workspace/cargo-home/bin/cargo" "+nightly-2024-02-05" "metadata" "--manifest-path" "Cargo.toml" "--no-deps", kill_on_drop: false }`
[INFO] started tweaking crates.io crate desk-terminal 0.0.0
[INFO] finished tweaking crates.io crate desk-terminal 0.0.0
[INFO] tweaked toml for crates.io crate desk-terminal 0.0.0 written to /workspace/builds/worker-7-tc1/source/Cargo.toml
[INFO] running `Command { std: CARGO_HOME="/workspace/cargo-home" RUSTUP_HOME="/workspace/rustup-home" "/workspace/cargo-home/bin/cargo" "+nightly-2024-02-05" "generate-lockfile" "--manifest-path" "Cargo.toml", kill_on_drop: false }`
[INFO] [stderr]     Updating crates.io index
[INFO] running `Command { std: CARGO_HOME="/workspace/cargo-home" RUSTUP_HOME="/workspace/rustup-home" "/workspace/cargo-home/bin/cargo" "+nightly-2024-02-05" "fetch" "--manifest-path" "Cargo.toml", kill_on_drop: false }`
[INFO] [stderr]  Downloading crates ...
[INFO] [stderr]   Downloaded deskc-link v0.0.0
[INFO] [stderr]   Downloaded deskc-ast v0.0.0
[INFO] [stderr]   Downloaded deskc-typeinfer v0.0.0
[INFO] [stderr]   Downloaded desk-command v0.0.0
[INFO] [stderr]   Downloaded deskc-file v0.0.0
[INFO] [stderr]   Downloaded deskc-types v0.0.0
[INFO] [stderr]   Downloaded deskc-hir v0.0.0
[INFO] [stderr]   Downloaded desk-system-ordering v0.0.0
[INFO] [stderr]   Downloaded deskc-hirgen v0.0.0
[INFO] [stderr]   Downloaded dworkspace-codebase v0.0.0
[INFO] [stderr]   Downloaded desk-window v0.0.0
[INFO] [stderr]   Downloaded deskc-lexer v0.0.0
[INFO] [stderr]   Downloaded dworkspace v0.0.0
[INFO] [stderr]   Downloaded deskc-tokens v0.0.0
[INFO] [stderr]   Downloaded dworkspace-components v0.0.0
[INFO] [stderr]   Downloaded deskc-parser v0.0.0
[INFO] [stderr]   Downloaded deskc-ids v0.0.0
[INFO] [stderr]   Downloaded deskc-textual-diagnostics v0.0.0
[INFO] running `Command { std: "docker" "create" "-v" "/var/lib/crater-agent-workspace/builds/worker-7-tc1/target:/opt/rustwide/target:rw,Z" "-v" "/var/lib/crater-agent-workspace/builds/worker-7-tc1/source:/opt/rustwide/workdir:ro,Z" "-v" "/var/lib/crater-agent-workspace/cargo-home:/opt/rustwide/cargo-home:ro,Z" "-v" "/var/lib/crater-agent-workspace/rustup-home:/opt/rustwide/rustup-home:ro,Z" "-e" "SOURCE_DIR=/opt/rustwide/workdir" "-e" "CARGO_TARGET_DIR=/opt/rustwide/target" "-e" "CARGO_HOME=/opt/rustwide/cargo-home" "-e" "RUSTUP_HOME=/opt/rustwide/rustup-home" "-w" "/opt/rustwide/workdir" "-m" "1610612736" "--user" "0:0" "--network" "none" "ghcr.io/rust-lang/crates-build-env/linux@sha256:2788e3201cd34a07e3172128adcd8b3090168a8e3bcc40d7c032b9dda1df7d1c" "/opt/rustwide/cargo-home/bin/cargo" "+nightly-2024-02-05" "metadata" "--no-deps" "--format-version=1", kill_on_drop: false }`
[INFO] [stdout] 72f90d8986eb73106e2b70bcc21cad0a9626542ecbfa4f613848e9c63ae399c5
[INFO] running `Command { std: "docker" "start" "-a" "72f90d8986eb73106e2b70bcc21cad0a9626542ecbfa4f613848e9c63ae399c5", kill_on_drop: false }`
[INFO] running `Command { std: "docker" "inspect" "72f90d8986eb73106e2b70bcc21cad0a9626542ecbfa4f613848e9c63ae399c5", kill_on_drop: false }`
[INFO] running `Command { std: "docker" "rm" "-f" "72f90d8986eb73106e2b70bcc21cad0a9626542ecbfa4f613848e9c63ae399c5", kill_on_drop: false }`
[INFO] [stdout] 72f90d8986eb73106e2b70bcc21cad0a9626542ecbfa4f613848e9c63ae399c5
[INFO] running `Command { std: "docker" "create" "-v" "/var/lib/crater-agent-workspace/builds/worker-7-tc1/target:/opt/rustwide/target:rw,Z" "-v" "/var/lib/crater-agent-workspace/builds/worker-7-tc1/source:/opt/rustwide/workdir:ro,Z" "-v" "/var/lib/crater-agent-workspace/cargo-home:/opt/rustwide/cargo-home:ro,Z" "-v" "/var/lib/crater-agent-workspace/rustup-home:/opt/rustwide/rustup-home:ro,Z" "-e" "SOURCE_DIR=/opt/rustwide/workdir" "-e" "CARGO_TARGET_DIR=/opt/rustwide/target" "-e" "CARGO_INCREMENTAL=0" "-e" "RUST_BACKTRACE=full" "-e" "RUSTFLAGS=--cap-lints=forbid" "-e" "RUSTDOCFLAGS=--cap-lints=forbid" "-e" "CARGO_HOME=/opt/rustwide/cargo-home" "-e" "RUSTUP_HOME=/opt/rustwide/rustup-home" "-w" "/opt/rustwide/workdir" "-m" "1610612736" "--user" "0:0" "--network" "none" "ghcr.io/rust-lang/crates-build-env/linux@sha256:2788e3201cd34a07e3172128adcd8b3090168a8e3bcc40d7c032b9dda1df7d1c" "/opt/rustwide/cargo-home/bin/cargo" "+nightly-2024-02-05" "check" "--frozen" "--all" "--all-targets" "--message-format=json", kill_on_drop: false }`
[INFO] [stdout] fca3299cc1d942d4d46a0270c605a0ac31e93f22d5ab8ce3f099a982c6fbfa57
[INFO] running `Command { std: "docker" "start" "-a" "fca3299cc1d942d4d46a0270c605a0ac31e93f22d5ab8ce3f099a982c6fbfa57", kill_on_drop: false }`
[INFO] [stderr]    Compiling libc v0.2.153
[INFO] [stderr]     Checking once_cell v1.19.0
[INFO] [stderr]     Checking scopeguard v1.2.0
[INFO] [stderr]    Compiling thiserror v1.0.56
[INFO] [stderr]     Checking byteorder v1.5.0
[INFO] [stderr]    Compiling serde v1.0.196
[INFO] [stderr]    Compiling lock_api v0.4.11
[INFO] [stderr]    Compiling ahash v0.7.7
[INFO] [stderr]    Compiling parking_lot_core v0.9.9
[INFO] [stderr]     Checking instant v0.1.12
[INFO] [stderr]     Checking parking v2.2.0
[INFO] [stderr]     Checking memchr v2.7.1
[INFO] [stderr]    Compiling syn v2.0.48
[INFO] [stderr]    Compiling syn v1.0.109
[INFO] [stderr]    Compiling getrandom v0.2.12
[INFO] [stderr]     Checking concurrent-queue v2.4.0
[INFO] [stderr]     Checking fixedbitset v0.4.2
[INFO] [stderr]     Checking futures-core v0.3.30
[INFO] [stderr]     Checking log v0.4.20
[INFO] [stderr]     Checking tracing-core v0.1.32
[INFO] [stderr]     Checking futures-lite v2.2.0
[INFO] [stderr]    Compiling uuid v1.7.0
[INFO] [stderr]     Checking event-listener v4.0.3
[INFO] [stderr]     Checking async-task v4.7.0
[INFO] [stderr]     Checking fxhash v0.2.1
[INFO] [stderr]     Checking fastrand v1.9.0
[INFO] [stderr]     Checking futures-io v0.3.30
[INFO] [stderr]     Checking event-listener v2.5.3
[INFO] [stderr]     Checking waker-fn v1.1.1
[INFO] [stderr]     Checking fastrand v2.0.1
[INFO] [stderr]     Checking thread_local v1.1.7
[INFO] [stderr]     Checking async-channel v1.9.0
[INFO] [stderr]     Checking downcast-rs v1.2.0
[INFO] [stderr]     Checking bevy_ptr v0.8.1
[INFO] [stderr]    Compiling num-traits v0.2.17
[INFO] [stderr]     Checking event-listener-strategy v0.4.0
[INFO] [stderr]    Compiling indexmap v1.9.3
[INFO] [stderr]     Checking regex-syntax v0.8.2
[INFO] [stderr]     Checking tracing v0.1.40
[INFO] [stderr]     Checking allocator-api2 v0.2.16
[INFO] [stderr]     Checking futures-lite v1.13.0
[INFO] [stderr]     Checking async-lock v3.3.0
[INFO] [stderr]     Checking aho-corasick v1.1.2
[INFO] [stderr]     Checking regex-syntax v0.6.29
[INFO] [stderr]     Checking rustc-hash v1.1.0
[INFO] [stderr]     Checking overload v0.1.1
[INFO] [stderr]     Checking cty v0.2.2
[INFO] [stderr]     Checking nu-ansi-term v0.46.0
[INFO] [stderr]     Checking tracing-log v0.2.0
[INFO] [stderr]     Checking raw-window-handle v0.4.3
[INFO] [stderr]     Checking sharded-slab v0.1.7
[INFO] [stderr]     Checking equivalent v1.0.1
[INFO] [stderr]     Checking tracing-log v0.1.4
[INFO] [stderr]     Checking libloading v0.7.4
[INFO] [stderr]     Checking bit-vec v0.6.3
[INFO] [stderr]     Checking simd-adler32 v0.3.7
[INFO] [stderr]    Compiling ash v0.37.3+1.3.251
[INFO] [stderr]     Checking same-file v1.0.6
[INFO] [stderr]    Compiling khronos-egl v4.1.0
[INFO] [stderr]     Checking bitflags v2.4.2
[INFO] [stderr]     Checking unicode-xid v0.2.4
[INFO] [stderr]    Compiling anyhow v1.0.79
[INFO] [stderr]     Checking termcolor v1.4.1
[INFO] [stderr]     Checking async-executor v1.8.0
[INFO] [stderr]     Checking gpu-descriptor-types v0.1.2
[INFO] [stderr]     Checking pp-rs v0.2.1
[INFO] [stderr]     Checking walkdir v2.4.0
[INFO] [stderr]     Checking bit-set v0.5.3
[INFO] [stderr]     Checking gpu-alloc-types v0.2.0
[INFO] [stderr]     Checking arrayvec v0.7.4
[INFO] [stderr]     Checking codespan-reporting v0.11.1
[INFO] [stderr]    Compiling cfg_aliases v0.1.1
[INFO] [stderr]     Checking hexf-parse v0.2.1
[INFO] [stderr]     Checking miniz_oxide v0.7.2
[INFO] [stderr]     Checking gpu-alloc v0.5.4
[INFO] [stderr]    Compiling wgpu-core v0.13.2
[INFO] [stderr]     Checking wgpu-types v0.13.2
[INFO] [stderr]     Checking renderdoc-sys v0.7.1
[INFO] [stderr]     Checking inplace_it v0.3.5
[INFO] [stderr]     Checking uuid v0.8.2
[INFO] [stderr]     Checking glow v0.11.2
[INFO] [stderr]     Checking profiling v1.0.14
[INFO] [stderr]    Compiling parking_lot_core v0.8.6
[INFO] [stderr]     Checking fdeflate v0.3.4
[INFO] [stderr]     Checking copyless v0.1.5
[INFO] [stderr]     Checking const_panic v0.2.8
[INFO] [stderr]    Compiling crunchy v0.2.2
[INFO] [stderr]     Checking color_quant v1.1.0
[INFO] [stderr]     Checking flate2 v1.0.28
[INFO] [stderr]    Compiling tiny-keccak v2.0.2
[INFO] [stderr]     Checking num_cpus v1.16.0
[INFO] [stderr]     Checking mio v0.8.10
[INFO] [stderr]     Checking inotify-sys v0.1.5
[INFO] [stderr]     Checking spirv v0.2.0+1.5.4
[INFO] [stderr]     Checking ahash v0.8.7
[INFO] [stderr]     Checking bevy_tasks v0.8.1
[INFO] [stderr]     Checking inotify v0.9.6
[INFO] [stderr]     Checking filetime v0.2.23
[INFO] [stderr]     Checking png v0.17.11
[INFO] [stderr]     Checking hex v0.4.3
[INFO] [stderr]     Checking deskc-link v0.0.0
[INFO] [stderr]    Compiling memoffset v0.6.5
[INFO] [stderr]     Checking ttf-parser v0.20.0
[INFO] [stderr]     Checking hashbrown v0.14.3
[INFO] [stderr]     Checking notify v5.0.0-pre.15
[INFO] [stderr]     Checking regex-automata v0.1.10
[INFO] [stderr]    Compiling alsa-sys v0.3.1
[INFO] [stderr]     Checking regex-automata v0.4.5
[INFO] [stderr]     Checking ab_glyph_rasterizer v0.1.8
[INFO] [stderr]     Checking radsort v0.1.0
[INFO] [stderr]    Compiling libudev-sys v0.1.4
[INFO] [stderr]     Checking deskc-file v0.0.0
[INFO] [stderr]    Compiling const-random-macro v0.1.16
[INFO] [stderr]    Compiling serde_json v1.0.113
[INFO] [stderr]     Checking deskc-hir v0.0.0
[INFO] [stderr]     Checking nix v0.23.2
[INFO] [stderr]     Checking euclid v0.22.9
[INFO] [stderr]     Checking approx v0.5.1
[INFO] [stderr]     Checking indexmap v2.2.2
[INFO] [stderr]     Checking gpu-descriptor v0.2.4
[INFO] [stderr]    Compiling x11-dl v2.21.0
[INFO] [stderr]     Checking matchers v0.1.0
[INFO] [stderr]    Compiling cpal v0.13.5
[INFO] [stderr]     Checking svg_fmt v0.4.1
[INFO] [stderr]    Compiling inflections v1.1.1
[INFO] [stderr]     Checking const-random v0.1.17
[INFO] [stderr]    Compiling typenum v1.17.0
[INFO] [stderr]     Checking ahash v0.3.8
[INFO] [stderr]     Checking deskc-ast v0.0.0
[INFO] [stderr]     Checking nix v0.24.3
[INFO] [stderr]     Checking ogg v0.8.0
[INFO] [stderr]     Checking deskc-textual-diagnostics v0.0.0
[INFO] [stderr]    Compiling winit v0.26.1
[INFO] [stderr]     Checking base64 v0.13.1
[INFO] [stderr]    Compiling unicode-segmentation v1.10.1
[INFO] [stderr]     Checking rectangle-pack v0.4.2
[INFO] [stderr]    Compiling serde_derive v1.0.196
[INFO] [stderr]    Compiling thiserror-impl v1.0.56
[INFO] [stderr]    Compiling bytemuck_derive v1.5.0
[INFO] [stderr]    Compiling toml v0.5.11
[INFO] [stderr]    Compiling encase_derive_impl v0.3.0
[INFO] [stderr]     Checking petgraph v0.6.4
[INFO] [stderr]     Checking guillotiere v0.6.2
[INFO] [stderr]    Compiling gltf-derive v1.4.0
[INFO] [stderr]     Checking deskc-types v0.0.0
[INFO] [stderr]     Checking vec_map v0.8.2
[INFO] [stderr]     Checking percent-encoding v2.3.1
[INFO] [stderr]    Compiling heck v0.3.3
[INFO] [stderr]     Checking lewton v0.10.2
[INFO] [stderr]     Checking chumsky v0.8.0
[INFO] [stderr]     Checking deskc-ids v0.0.0
[INFO] [stderr]     Checking deskc-tokens v0.0.0
[INFO] [stderr]     Checking hash32 v0.2.1
[INFO] [stderr]     Checking owned_ttf_parser v0.20.0
[INFO] [stderr]     Checking yansi v0.5.1
[INFO] [stderr]     Checking diff v0.1.13
[INFO] [stderr]     Checking ab_glyph v0.2.23
[INFO] [stderr]     Checking oorandom v11.1.3
[INFO] [stderr]     Checking emath v0.19.0
[INFO] [stderr]     Checking pretty_assertions v1.4.0
[INFO] [stderr]     Checking nohash-hasher v0.2.0
[INFO] [stderr]     Checking regex v1.10.3
[INFO] [stderr]    Compiling bevy_macro_utils v0.8.1
[INFO] [stderr]     Checking glyph_brush_layout v0.2.3
[INFO] [stderr]     Checking bytemuck v1.14.1
[INFO] [stderr]     Checking image v0.24.8
[INFO] [stderr]     Checking deskc-hirgen v0.0.0
[INFO] [stderr]     Checking deskc-typeinfer v0.0.0
[INFO] [stderr]    Compiling bevy_reflect_derive v0.8.1
[INFO] [stderr]    Compiling bevy_ecs_macros v0.8.1
[INFO] [stderr]    Compiling bevy_derive v0.8.1
[INFO] [stderr]    Compiling encase_derive v0.3.0
[INFO] [stderr]    Compiling bevy_render_macros v0.8.1
[INFO] [stderr]    Compiling bevy_encase_derive v0.8.1
[INFO] [stderr]    Compiling hash32-derive v0.1.1
[INFO] [stderr]    Compiling salsa-macros v0.16.0
[INFO] [stderr]     Checking deskc-parser v0.0.0
[INFO] [stderr]     Checking deskc-lexer v0.0.0
[INFO] [stderr]     Checking alsa v0.6.0
[INFO] [stderr]     Checking taffy v0.1.0
[INFO] [stderr]     Checking smallvec v1.13.1
[INFO] [stderr]     Checking hashbrown v0.12.3
[INFO] [stderr]     Checking glam v0.21.3
[INFO] [stderr]     Checking erased-serde v0.3.31
[INFO] [stderr]     Checking ron v0.7.1
[INFO] [stderr]     Checking tracing-subscriber v0.3.18
[INFO] [stderr]     Checking gilrs-core v0.4.1
[INFO] [stderr]     Checking dworkspace-components v0.0.0
[INFO] [stderr]     Checking dworkspace-codebase v0.0.0
[INFO] [stdout] error[E0432]: unresolved import `deskc_ids::NodeId`
[INFO] [stdout]  --> /opt/rustwide/cargo-home/registry/src/index.crates.io-6f17d22bba15001f/dworkspace-components-0.0.0/src/event.rs:7:5
[INFO] [stdout]   |
[INFO] [stdout] 7 | use deskc_ids::NodeId;
[INFO] [stdout]   |     ^^^^^^^^^^^^^^^^^ no `NodeId` in the root
[INFO] [stdout] 
[INFO] [stdout] 
[INFO] [stdout] error[E0432]: unresolved import `deskc_ids::NodeId`
[INFO] [stdout]  --> /opt/rustwide/cargo-home/registry/src/index.crates.io-6f17d22bba15001f/dworkspace-components-0.0.0/src/flat_node.rs:3:5
[INFO] [stdout]   |
[INFO] [stdout] 3 | use deskc_ids::NodeId;
[INFO] [stdout]   |     ^^^^^^^^^^^^^^^^^ no `NodeId` in the root
[INFO] [stdout] 
[INFO] [stdout] 
[INFO] [stdout] error[E0432]: unresolved import `deskc_ids::NodeId`
[INFO] [stdout]  --> /opt/rustwide/cargo-home/registry/src/index.crates.io-6f17d22bba15001f/dworkspace-components-0.0.0/src/node.rs:1:5
[INFO] [stdout]   |
[INFO] [stdout] 1 | use deskc_ids::NodeId;
[INFO] [stdout]   |     ^^^^^^^^^^^^^^^^^ no `NodeId` in the root
[INFO] [stdout] 
[INFO] [stdout] 
[INFO] [stdout] error[E0432]: unresolved import `deskc_ids::NodeId`
[INFO] [stdout]  --> /opt/rustwide/cargo-home/registry/src/index.crates.io-6f17d22bba15001f/dworkspace-components-0.0.0/src/patch/mod.rs:2:27
[INFO] [stdout]   |
[INFO] [stdout] 2 | use deskc_ids::{LinkName, NodeId};
[INFO] [stdout]   |                           ^^^^^^ no `NodeId` in the root
[INFO] [stdout] 
[INFO] [stdout] 
[INFO] [stdout] error[E0432]: unresolved import `deskc_ids::NodeId`
[INFO] [stdout]  --> /opt/rustwide/cargo-home/registry/src/index.crates.io-6f17d22bba15001f/dworkspace-components-0.0.0/src/snapshot.rs:7:5
[INFO] [stdout]   |
[INFO] [stdout] 7 | use deskc_ids::NodeId;
[INFO] [stdout]   |     ^^^^^^^^^^^^^^^^^ no `NodeId` in the root
[INFO] [stdout] 
[INFO] [stdout] 
[INFO] [stdout] error[E0432]: unresolved import `ast::span::WithSpan`
[INFO] [stdout]  --> /opt/rustwide/cargo-home/registry/src/index.crates.io-6f17d22bba15001f/dworkspace-codebase-0.0.0/src/code.rs:3:23
[INFO] [stdout]   |
[INFO] [stdout] 3 | use ast::{expr::Expr, span::WithSpan};
[INFO] [stdout]   |                       ^^^^^^^^^^^^^^ no `WithSpan` in `span`
[INFO] [stdout] 
[INFO] [stdout] 
[INFO] [stdout] error[E0432]: unresolved import `deskc_ids::NodeId`
[INFO] [stdout]  --> /opt/rustwide/cargo-home/registry/src/index.crates.io-6f17d22bba15001f/dworkspace-codebase-0.0.0/src/event.rs:7:5
[INFO] [stdout]   |
[INFO] [stdout] 7 | use deskc_ids::NodeId;
[INFO] [stdout]   |     ^^^^^^^^^^^^^^^^^ no `NodeId` in the root
[INFO] [stdout] 
[INFO] [stdout] 
[INFO] [stdout] error[E0432]: unresolved import `deskc_ids::NodeId`
[INFO] [stdout]  --> /opt/rustwide/cargo-home/registry/src/index.crates.io-6f17d22bba15001f/dworkspace-codebase-0.0.0/src/flat_node.rs:3:5
[INFO] [stdout]   |
[INFO] [stdout] 3 | use deskc_ids::NodeId;
[INFO] [stdout]   |     ^^^^^^^^^^^^^^^^^ no `NodeId` in the root
[INFO] [stdout] 
[INFO] [stdout] 
[INFO] [stdout] error[E0432]: unresolved import `deskc_ids::NodeId`
[INFO] [stdout]  --> /opt/rustwide/cargo-home/registry/src/index.crates.io-6f17d22bba15001f/dworkspace-codebase-0.0.0/src/node.rs:1:5
[INFO] [stdout]   |
[INFO] [stdout] 1 | use deskc_ids::NodeId;
[INFO] [stdout]   |     ^^^^^^^^^^^^^^^^^ no `NodeId` in the root
[INFO] [stdout] 
[INFO] [stdout] 
[INFO] [stdout] error[E0432]: unresolved import `deskc_ids::NodeId`
[INFO] [stdout]  --> /opt/rustwide/cargo-home/registry/src/index.crates.io-6f17d22bba15001f/dworkspace-codebase-0.0.0/src/patch/mod.rs:2:27
[INFO] [stdout]   |
[INFO] [stdout] 2 | use deskc_ids::{LinkName, NodeId};
[INFO] [stdout]   |                           ^^^^^^ no `NodeId` in the root
[INFO] [stdout] 
[INFO] [stdout] 
[INFO] [stdout] error[E0432]: unresolved import `deskc_ids::NodeId`
[INFO] [stdout]  --> /opt/rustwide/cargo-home/registry/src/index.crates.io-6f17d22bba15001f/dworkspace-codebase-0.0.0/src/snapshot.rs:7:5
[INFO] [stdout]   |
[INFO] [stdout] 7 | use deskc_ids::NodeId;
[INFO] [stdout]   |     ^^^^^^^^^^^^^^^^^ no `NodeId` in the root
[INFO] [stdout] 
[INFO] [stdout] 
[INFO] [stderr]     Checking parking_lot v0.11.2
[INFO] [stdout] error[E0277]: the trait bound `Expr: Eq` is not satisfied
[INFO] [stdout]   --> /opt/rustwide/cargo-home/registry/src/index.crates.io-6f17d22bba15001f/dworkspace-components-0.0.0/src/flat_node.rs:20:5
[INFO] [stdout]    |
[INFO] [stdout] 16 | #[derive(Clone, Debug, PartialEq, Eq)]
[INFO] [stdout]    |                                   -- in this derive macro expansion
[INFO] [stdout] ...
[INFO] [stdout] 20 |     pub attributes: Attributes,
[INFO] [stdout]    |     ^^^^^^^^^^^^^^^^^^^^^^^^^^ the trait `Eq` is not implemented for `Expr`, which is required by `HashMap<deskc_types::Type, Expr>: Eq`
[INFO] [stdout]    |
[INFO] [stdout]    = help: the trait `Eq` is implemented for `HashMap<K, V, S>`
[INFO] [stdout]    = note: required for `HashMap<deskc_types::Type, Expr>` to implement `Eq`
[INFO] [stdout] note: required by a bound in `AssertParamIsEq`
[INFO] [stdout]   --> /rustc/268dbbbc4b3fd71c5f360a4d0728295252430b5b/library/core/src/cmp.rs:339:1
[INFO] [stdout]    = note: this error originates in the derive macro `Eq` (in Nightly builds, run with -Z macro-backtrace for more info)
[INFO] [stdout] 
[INFO] [stdout] 
[INFO] [stdout] error[E0277]: the trait bound `deskc_hir::expr::Expr: Eq` is not satisfied
[INFO] [stdout]   --> /opt/rustwide/cargo-home/registry/src/index.crates.io-6f17d22bba15001f/dworkspace-codebase-0.0.0/src/flat_node.rs:20:5
[INFO] [stdout]    |
[INFO] [stdout] 16 | #[derive(Clone, Debug, PartialEq, Eq)]
[INFO] [stdout]    |                                   -- in this derive macro expansion
[INFO] [stdout] ...
[INFO] [stdout] 20 |     pub attributes: Attributes,
[INFO] [stdout]    |     ^^^^^^^^^^^^^^^^^^^^^^^^^^ the trait `Eq` is not implemented for `deskc_hir::expr::Expr`, which is required by `HashMap<deskc_types::Type, deskc_hir::expr::Expr>: Eq`
[INFO] [stdout]    |
[INFO] [stdout]    = help: the trait `Eq` is implemented for `HashMap<K, V, S>`
[INFO] [stdout]    = note: required for `HashMap<deskc_types::Type, deskc_hir::expr::Expr>` to implement `Eq`
[INFO] [stdout] note: required by a bound in `AssertParamIsEq`
[INFO] [stdout]   --> /rustc/268dbbbc4b3fd71c5f360a4d0728295252430b5b/library/core/src/cmp.rs:339:1
[INFO] [stdout]    = note: this error originates in the derive macro `Eq` (in Nightly builds, run with -Z macro-backtrace for more info)
[INFO] [stdout] 
[INFO] [stdout] 
[INFO] [stderr]     Checking parking_lot v0.12.1
[INFO] [stdout] error[E0277]: the trait bound `Expr: Eq` is not satisfied
[INFO] [stdout]   --> /opt/rustwide/cargo-home/registry/src/index.crates.io-6f17d22bba15001f/dworkspace-components-0.0.0/src/node.rs:10:5
[INFO] [stdout]    |
[INFO] [stdout] 5  | #[derive(Clone, Debug, PartialEq, Eq)]
[INFO] [stdout]    |                                   -- in this derive macro expansion
[INFO] [stdout] ...
[INFO] [stdout] 10 |     pub attributes: Attributes,
[INFO] [stdout]    |     ^^^^^^^^^^^^^^^^^^^^^^^^^^ the trait `Eq` is not implemented for `Expr`, which is required by `HashMap<deskc_types::Type, Expr>: Eq`
[INFO] [stdout]    |
[INFO] [stdout]    = help: the trait `Eq` is implemented for `HashMap<K, V, S>`
[INFO] [stdout]    = note: required for `HashMap<deskc_types::Type, Expr>` to implement `Eq`
[INFO] [stdout] note: required by a bound in `AssertParamIsEq`
[INFO] [stdout]   --> /rustc/268dbbbc4b3fd71c5f360a4d0728295252430b5b/library/core/src/cmp.rs:339:1
[INFO] [stdout]    = note: this error originates in the derive macro `Eq` (in Nightly builds, run with -Z macro-backtrace for more info)
[INFO] [stdout] 
[INFO] [stdout] 
[INFO] [stdout] error[E0277]: the trait bound `deskc_hir::expr::Expr: Eq` is not satisfied
[INFO] [stdout]   --> /opt/rustwide/cargo-home/registry/src/index.crates.io-6f17d22bba15001f/dworkspace-codebase-0.0.0/src/node.rs:10:5
[INFO] [stdout]    |
[INFO] [stdout] 5  | #[derive(Clone, Debug, PartialEq, Eq)]
[INFO] [stdout]    |                                   -- in this derive macro expansion
[INFO] [stdout] ...
[INFO] [stdout] 10 |     pub attributes: Attributes,
[INFO] [stdout]    |     ^^^^^^^^^^^^^^^^^^^^^^^^^^ the trait `Eq` is not implemented for `deskc_hir::expr::Expr`, which is required by `HashMap<deskc_types::Type, deskc_hir::expr::Expr>: Eq`
[INFO] [stdout]    |
[INFO] [stdout]    = help: the trait `Eq` is implemented for `HashMap<K, V, S>`
[INFO] [stdout]    = note: required for `HashMap<deskc_types::Type, deskc_hir::expr::Expr>` to implement `Eq`
[INFO] [stdout] note: required by a bound in `AssertParamIsEq`
[INFO] [stdout]   --> /rustc/268dbbbc4b3fd71c5f360a4d0728295252430b5b/library/core/src/cmp.rs:339:1
[INFO] [stdout]    = note: this error originates in the derive macro `Eq` (in Nightly builds, run with -Z macro-backtrace for more info)
[INFO] [stdout] 
[INFO] [stdout] 
[INFO] [stdout] error[E0277]: the trait bound `deskc_hir::expr::Expr: Eq` is not satisfied
[INFO] [stdout]   --> /opt/rustwide/cargo-home/registry/src/index.crates.io-6f17d22bba15001f/dworkspace-codebase-0.0.0/src/patch/mod.rs:40:25
[INFO] [stdout]    |
[INFO] [stdout] 38 | #[derive(Debug, Clone, PartialEq, Eq)]
[INFO] [stdout]    |                                   -- in this derive macro expansion
[INFO] [stdout] 39 | pub enum AttributePatch {
[INFO] [stdout] 40 |     Update { key: Type, value: Box<Expr> },
[INFO] [stdout]    |                         ^^^^^^^^^^^^^^^^ the trait `Eq` is not implemented for `deskc_hir::expr::Expr`, which is required by `Box<deskc_hir::expr::Expr>: Eq`
[INFO] [stdout]    |
[INFO] [stdout]    = help: the trait `Eq` is implemented for `Box<T, A>`
[INFO] [stdout]    = note: required for `Box<deskc_hir::expr::Expr>` to implement `Eq`
[INFO] [stdout] note: required by a bound in `AssertParamIsEq`
[INFO] [stdout]   --> /rustc/268dbbbc4b3fd71c5f360a4d0728295252430b5b/library/core/src/cmp.rs:339:1
[INFO] [stdout]    = note: this error originates in the derive macro `Eq` (in Nightly builds, run with -Z macro-backtrace for more info)
[INFO] [stdout] 
[INFO] [stdout] 
[INFO] [stdout] error[E0277]: the trait bound `Expr: Eq` is not satisfied
[INFO] [stdout]   --> /opt/rustwide/cargo-home/registry/src/index.crates.io-6f17d22bba15001f/dworkspace-components-0.0.0/src/patch/mod.rs:40:25
[INFO] [stdout]    |
[INFO] [stdout] 38 | #[derive(Debug, Clone, PartialEq, Eq)]
[INFO] [stdout]    |                                   -- in this derive macro expansion
[INFO] [stdout] 39 | pub enum AttributePatch {
[INFO] [stdout] 40 |     Update { key: Type, value: Box<Expr> },
[INFO] [stdout]    |                         ^^^^^^^^^^^^^^^^ the trait `Eq` is not implemented for `Expr`, which is required by `Box<Expr>: Eq`
[INFO] [stdout]    |
[INFO] [stdout]    = help: the trait `Eq` is implemented for `Box<T, A>`
[INFO] [stdout]    = note: required for `Box<Expr>` to implement `Eq`
[INFO] [stdout] note: required by a bound in `AssertParamIsEq`
[INFO] [stdout]   --> /rustc/268dbbbc4b3fd71c5f360a4d0728295252430b5b/library/core/src/cmp.rs:339:1
[INFO] [stdout]    = note: this error originates in the derive macro `Eq` (in Nightly builds, run with -Z macro-backtrace for more info)
[INFO] [stdout] 
[INFO] [stdout] 
[INFO] [stdout] error: aborting due to 9 previous errors
[INFO] [stdout] 
[INFO] [stdout] 
[INFO] [stdout] Some errors have detailed explanations: E0277, E0432.
[INFO] [stdout] 
[INFO] [stdout] For more information about an error, try `rustc --explain E0277`.
[INFO] [stdout] 
[INFO] [stdout] error: aborting due to 8 previous errors
[INFO] [stdout] 
[INFO] [stdout] 
[INFO] [stdout] Some errors have detailed explanations: E0277, E0432.
[INFO] [stdout] 
[INFO] [stdout] For more information about an error, try `rustc --explain E0277`.
[INFO] [stdout] 
[INFO] [stderr] error: could not compile `dworkspace-codebase` (lib) due to 10 previous errors
[INFO] [stderr] warning: build failed, waiting for other jobs to finish...
[INFO] [stderr] error: could not compile `dworkspace-components` (lib) due to 9 previous errors
[INFO] running `Command { std: "docker" "inspect" "fca3299cc1d942d4d46a0270c605a0ac31e93f22d5ab8ce3f099a982c6fbfa57", kill_on_drop: false }`
[INFO] running `Command { std: "docker" "rm" "-f" "fca3299cc1d942d4d46a0270c605a0ac31e93f22d5ab8ce3f099a982c6fbfa57", kill_on_drop: false }`
[INFO] [stdout] fca3299cc1d942d4d46a0270c605a0ac31e93f22d5ab8ce3f099a982c6fbfa57
[INFO] checking desk-terminal-0.0.0 against nightly-2024-02-05+rustflags=-Dunexpected_cfgs+cargoflags=-Zcheck-cfg for check-cfg
[INFO] extracting crate desk-terminal 0.0.0 into /workspace/builds/worker-7-tc2/source
[INFO] validating manifest of crates.io crate desk-terminal 0.0.0 on toolchain nightly-2024-02-05
[INFO] running `Command { std: CARGO_HOME="/workspace/cargo-home" RUSTUP_HOME="/workspace/rustup-home" "/workspace/cargo-home/bin/cargo" "+nightly-2024-02-05" "metadata" "--manifest-path" "Cargo.toml" "--no-deps", kill_on_drop: false }`
[INFO] started tweaking crates.io crate desk-terminal 0.0.0
[INFO] finished tweaking crates.io crate desk-terminal 0.0.0
[INFO] tweaked toml for crates.io crate desk-terminal 0.0.0 written to /workspace/builds/worker-7-tc2/source/Cargo.toml
[INFO] running `Command { std: CARGO_HOME="/workspace/cargo-home" RUSTUP_HOME="/workspace/rustup-home" "/workspace/cargo-home/bin/cargo" "+nightly-2024-02-05" "generate-lockfile" "--manifest-path" "Cargo.toml", kill_on_drop: false }`
[INFO] [stderr]     Updating crates.io index
[INFO] running `Command { std: CARGO_HOME="/workspace/cargo-home" RUSTUP_HOME="/workspace/rustup-home" "/workspace/cargo-home/bin/cargo" "+nightly-2024-02-05" "fetch" "--manifest-path" "Cargo.toml", kill_on_drop: false }`
[INFO] running `Command { std: "docker" "create" "-v" "/var/lib/crater-agent-workspace/builds/worker-7-tc2/target:/opt/rustwide/target:rw,Z" "-v" "/var/lib/crater-agent-workspace/builds/worker-7-tc2/source:/opt/rustwide/workdir:ro,Z" "-v" "/var/lib/crater-agent-workspace/cargo-home:/opt/rustwide/cargo-home:ro,Z" "-v" "/var/lib/crater-agent-workspace/rustup-home:/opt/rustwide/rustup-home:ro,Z" "-e" "SOURCE_DIR=/opt/rustwide/workdir" "-e" "CARGO_TARGET_DIR=/opt/rustwide/target" "-e" "CARGO_HOME=/opt/rustwide/cargo-home" "-e" "RUSTUP_HOME=/opt/rustwide/rustup-home" "-w" "/opt/rustwide/workdir" "-m" "1610612736" "--user" "0:0" "--network" "none" "ghcr.io/rust-lang/crates-build-env/linux@sha256:2788e3201cd34a07e3172128adcd8b3090168a8e3bcc40d7c032b9dda1df7d1c" "/opt/rustwide/cargo-home/bin/cargo" "+nightly-2024-02-05" "metadata" "--no-deps" "--format-version=1", kill_on_drop: false }`
[INFO] [stdout] 157ea163859c2f93881129e21423149a0b5a24d829e96dabd52e26af094e8c1a
[INFO] running `Command { std: "docker" "start" "-a" "157ea163859c2f93881129e21423149a0b5a24d829e96dabd52e26af094e8c1a", kill_on_drop: false }`
[INFO] running `Command { std: "docker" "inspect" "157ea163859c2f93881129e21423149a0b5a24d829e96dabd52e26af094e8c1a", kill_on_drop: false }`
[INFO] running `Command { std: "docker" "rm" "-f" "157ea163859c2f93881129e21423149a0b5a24d829e96dabd52e26af094e8c1a", kill_on_drop: false }`
[INFO] [stdout] 157ea163859c2f93881129e21423149a0b5a24d829e96dabd52e26af094e8c1a
[INFO] running `Command { std: "docker" "create" "-v" "/var/lib/crater-agent-workspace/builds/worker-7-tc2/target:/opt/rustwide/target:rw,Z" "-v" "/var/lib/crater-agent-workspace/builds/worker-7-tc2/source:/opt/rustwide/workdir:ro,Z" "-v" "/var/lib/crater-agent-workspace/cargo-home:/opt/rustwide/cargo-home:ro,Z" "-v" "/var/lib/crater-agent-workspace/rustup-home:/opt/rustwide/rustup-home:ro,Z" "-e" "SOURCE_DIR=/opt/rustwide/workdir" "-e" "CARGO_TARGET_DIR=/opt/rustwide/target" "-e" "CARGO_INCREMENTAL=0" "-e" "RUST_BACKTRACE=full" "-e" "RUSTFLAGS=--cap-lints=forbid -Dunexpected_cfgs" "-e" "RUSTDOCFLAGS=--cap-lints=forbid" "-e" "CARGO_HOME=/opt/rustwide/cargo-home" "-e" "RUSTUP_HOME=/opt/rustwide/rustup-home" "-w" "/opt/rustwide/workdir" "-m" "1610612736" "--user" "0:0" "--network" "none" "ghcr.io/rust-lang/crates-build-env/linux@sha256:2788e3201cd34a07e3172128adcd8b3090168a8e3bcc40d7c032b9dda1df7d1c" "/opt/rustwide/cargo-home/bin/cargo" "+nightly-2024-02-05" "check" "--frozen" "--all" "--all-targets" "--message-format=json" "-Zcheck-cfg", kill_on_drop: false }`
[INFO] [stdout] c328593bbbe4cf50b40c6c854bdb12952aa74ea8e5dfea0cce90ae86df3976ed
[INFO] running `Command { std: "docker" "start" "-a" "c328593bbbe4cf50b40c6c854bdb12952aa74ea8e5dfea0cce90ae86df3976ed", kill_on_drop: false }`
[INFO] [stderr]    Compiling libc v0.2.153
[INFO] [stderr]     Checking once_cell v1.19.0
[INFO] [stderr]     Checking scopeguard v1.2.0
[INFO] [stderr]    Compiling thiserror v1.0.56
[INFO] [stderr]     Checking byteorder v1.5.0
[INFO] [stderr]    Compiling serde v1.0.196
[INFO] [stderr]    Compiling lock_api v0.4.11
[INFO] [stderr]    Compiling ahash v0.7.7
[INFO] [stderr]    Compiling parking_lot_core v0.9.9
[INFO] [stderr]     Checking instant v0.1.12
[INFO] [stderr]     Checking memchr v2.7.1
[INFO] [stderr]    Compiling syn v2.0.48
[INFO] [stderr]    Compiling syn v1.0.109
[INFO] [stderr]    Compiling getrandom v0.2.12
[INFO] [stderr]     Checking concurrent-queue v2.4.0
[INFO] [stderr]     Checking parking v2.2.0
[INFO] [stderr]     Checking futures-core v0.3.30
[INFO] [stderr]     Checking fixedbitset v0.4.2
[INFO] [stderr]     Checking log v0.4.20
[INFO] [stderr]     Checking futures-lite v2.2.0
[INFO] [stderr]     Checking tracing-core v0.1.32
[INFO] [stderr]     Checking event-listener v4.0.3
[INFO] [stderr]    Compiling uuid v1.7.0
[INFO] [stderr]     Checking fxhash v0.2.1
[INFO] [stderr]     Checking event-listener v2.5.3
[INFO] [stderr]     Checking futures-io v0.3.30
[INFO] [stderr]     Checking fastrand v2.0.1
[INFO] [stderr]     Checking waker-fn v1.1.1
[INFO] [stderr]     Checking async-task v4.7.0
[INFO] [stderr]     Checking fastrand v1.9.0
[INFO] [stderr]     Checking async-channel v1.9.0
[INFO] [stderr]     Checking thread_local v1.1.7
[INFO] [stderr]     Checking downcast-rs v1.2.0
[INFO] [stderr]     Checking event-listener-strategy v0.4.0
[INFO] [stderr]     Checking bevy_ptr v0.8.1
[INFO] [stderr]    Compiling num-traits v0.2.17
[INFO] [stderr]    Compiling indexmap v1.9.3
[INFO] [stderr]     Checking regex-syntax v0.8.2
[INFO] [stderr]     Checking regex-syntax v0.6.29
[INFO] [stderr]     Checking allocator-api2 v0.2.16
[INFO] [stderr]     Checking async-lock v3.3.0
[INFO] [stderr]     Checking overload v0.1.1
[INFO] [stderr]     Checking tracing v0.1.40
[INFO] [stderr]     Checking rustc-hash v1.1.0
[INFO] [stderr]     Checking cty v0.2.2
[INFO] [stderr]     Checking nu-ansi-term v0.46.0
[INFO] [stderr]     Checking futures-lite v1.13.0
[INFO] [stderr]     Checking aho-corasick v1.1.2
[INFO] [stderr]     Checking raw-window-handle v0.4.3
[INFO] [stderr]     Checking tracing-log v0.2.0
[INFO] [stderr]     Checking sharded-slab v0.1.7
[INFO] [stderr]     Checking equivalent v1.0.1
[INFO] [stderr]     Checking tracing-log v0.1.4
[INFO] [stderr]     Checking libloading v0.7.4
[INFO] [stderr]    Compiling anyhow v1.0.79
[INFO] [stderr]     Checking bit-vec v0.6.3
[INFO] [stderr]     Checking simd-adler32 v0.3.7
[INFO] [stderr]     Checking unicode-xid v0.2.4
[INFO] [stderr]    Compiling ash v0.37.3+1.3.251
[INFO] [stderr]     Checking termcolor v1.4.1
[INFO] [stderr]    Compiling khronos-egl v4.1.0
[INFO] [stderr]     Checking bitflags v2.4.2
[INFO] [stderr]     Checking async-executor v1.8.0
[INFO] [stderr]     Checking same-file v1.0.6
[INFO] [stderr]     Checking gpu-descriptor-types v0.1.2
[INFO] [stderr]     Checking walkdir v2.4.0
[INFO] [stderr]     Checking codespan-reporting v0.11.1
[INFO] [stderr]     Checking bit-set v0.5.3
[INFO] [stderr]     Checking pp-rs v0.2.1
[INFO] [stderr]     Checking gpu-alloc-types v0.2.0
[INFO] [stderr]    Compiling cfg_aliases v0.1.1
[INFO] [stderr]     Checking hexf-parse v0.2.1
[INFO] [stderr]     Checking arrayvec v0.7.4
[INFO] [stderr]    Compiling wgpu-core v0.13.2
[INFO] [stderr]     Checking gpu-alloc v0.5.4
[INFO] [stderr]     Checking miniz_oxide v0.7.2
[INFO] [stderr]     Checking wgpu-types v0.13.2
[INFO] [stderr]     Checking uuid v0.8.2
[INFO] [stderr]    Compiling parking_lot_core v0.8.6
[INFO] [stderr]     Checking profiling v1.0.14
[INFO] [stderr]     Checking inplace_it v0.3.5
[INFO] [stderr]     Checking renderdoc-sys v0.7.1
[INFO] [stderr]     Checking glow v0.11.2
[INFO] [stderr]     Checking fdeflate v0.3.4
[INFO] [stderr]     Checking copyless v0.1.5
[INFO] [stderr]     Checking const_panic v0.2.8
[INFO] [stderr]    Compiling crunchy v0.2.2
[INFO] [stderr]     Checking color_quant v1.1.0
[INFO] [stderr]     Checking hex v0.4.3
[INFO] [stderr]     Checking flate2 v1.0.28
[INFO] [stderr]    Compiling tiny-keccak v2.0.2
[INFO] [stderr]     Checking deskc-link v0.0.0
[INFO] [stderr]    Compiling memoffset v0.6.5
[INFO] [stderr]     Checking spirv v0.2.0+1.5.4
[INFO] [stderr]     Checking num_cpus v1.16.0
[INFO] [stderr]     Checking mio v0.8.10
[INFO] [stderr]     Checking inotify-sys v0.1.5
[INFO] [stderr]     Checking filetime v0.2.23
[INFO] [stderr]     Checking ahash v0.8.7
[INFO] [stderr]     Checking bevy_tasks v0.8.1
[INFO] [stderr]     Checking inotify v0.9.6
[INFO] [stderr]     Checking png v0.17.11
[INFO] [stderr]     Checking ttf-parser v0.20.0
[INFO] [stderr]     Checking regex-automata v0.1.10
[INFO] [stderr]    Compiling alsa-sys v0.3.1
[INFO] [stderr]     Checking hashbrown v0.14.3
[INFO] [stderr]     Checking notify v5.0.0-pre.15
[INFO] [stderr]     Checking radsort v0.1.0
[INFO] [stderr]     Checking ab_glyph_rasterizer v0.1.8
[INFO] [stderr]     Checking regex-automata v0.4.5
[INFO] [stderr]    Compiling const-random-macro v0.1.16
[INFO] [stderr]    Compiling libudev-sys v0.1.4
[INFO] [stderr]     Checking deskc-file v0.0.0
[INFO] [stderr]    Compiling serde_json v1.0.113
[INFO] [stderr]     Checking nix v0.23.2
[INFO] [stderr]     Checking deskc-hir v0.0.0
[INFO] [stderr]     Checking euclid v0.22.9
[INFO] [stderr]     Checking approx v0.5.1
[INFO] [stderr]    Compiling x11-dl v2.21.0
[INFO] [stderr]     Checking indexmap v2.2.2
[INFO] [stderr]     Checking gpu-descriptor v0.2.4
[INFO] [stderr]     Checking matchers v0.1.0
[INFO] [stderr]     Checking svg_fmt v0.4.1
[INFO] [stderr]     Checking const-random v0.1.17
[INFO] [stderr]    Compiling cpal v0.13.5
[INFO] [stderr]    Compiling typenum v1.17.0
[INFO] [stderr]    Compiling inflections v1.1.1
[INFO] [stderr]     Checking ahash v0.3.8
[INFO] [stderr]     Checking nix v0.24.3
[INFO] [stderr]     Checking deskc-ast v0.0.0
[INFO] [stderr]     Checking ogg v0.8.0
[INFO] [stderr]    Compiling toml v0.5.11
[INFO] [stderr]    Compiling serde_derive v1.0.196
[INFO] [stderr]    Compiling thiserror-impl v1.0.56
[INFO] [stderr]    Compiling bytemuck_derive v1.5.0
[INFO] [stderr]    Compiling encase_derive_impl v0.3.0
[INFO] [stderr]    Compiling gltf-derive v1.4.0
[INFO] [stderr]    Compiling winit v0.26.1
[INFO] [stderr]     Checking guillotiere v0.6.2
[INFO] [stderr]    Compiling unicode-segmentation v1.10.1
[INFO] [stderr]     Checking petgraph v0.6.4
[INFO] [stderr]     Checking vec_map v0.8.2
[INFO] [stderr]     Checking percent-encoding v2.3.1
[INFO] [stderr]     Checking rectangle-pack v0.4.2
[INFO] [stderr]     Checking deskc-types v0.0.0
[INFO] [stderr]     Checking base64 v0.13.1
[INFO] [stderr]     Checking deskc-textual-diagnostics v0.0.0
[INFO] [stderr]    Compiling heck v0.3.3
[INFO] [stderr]     Checking lewton v0.10.2
[INFO] [stderr]     Checking chumsky v0.8.0
[INFO] [stderr]     Checking deskc-ids v0.0.0
[INFO] [stderr]     Checking owned_ttf_parser v0.20.0
[INFO] [stderr]     Checking deskc-tokens v0.0.0
[INFO] [stderr]     Checking hash32 v0.2.1
[INFO] [stderr]    Compiling bevy_macro_utils v0.8.1
[INFO] [stderr]     Checking ab_glyph v0.2.23
[INFO] [stderr]     Checking yansi v0.5.1
[INFO] [stderr]     Checking diff v0.1.13
[INFO] [stderr]     Checking glyph_brush_layout v0.2.3
[INFO] [stderr]     Checking oorandom v11.1.3
[INFO] [stderr]     Checking emath v0.19.0
[INFO] [stderr]     Checking pretty_assertions v1.4.0
[INFO] [stderr]     Checking regex v1.10.3
[INFO] [stderr]     Checking nohash-hasher v0.2.0
[INFO] [stderr]     Checking bytemuck v1.14.1
[INFO] [stderr]     Checking image v0.24.8
[INFO] [stderr]     Checking deskc-typeinfer v0.0.0
[INFO] [stderr]     Checking deskc-hirgen v0.0.0
[INFO] [stderr]    Compiling bevy_reflect_derive v0.8.1
[INFO] [stderr]    Compiling bevy_ecs_macros v0.8.1
[INFO] [stderr]    Compiling bevy_derive v0.8.1
[INFO] [stderr]    Compiling encase_derive v0.3.0
[INFO] [stderr]    Compiling bevy_encase_derive v0.8.1
[INFO] [stderr]    Compiling bevy_render_macros v0.8.1
[INFO] [stderr]    Compiling hash32-derive v0.1.1
[INFO] [stderr]    Compiling salsa-macros v0.16.0
[INFO] [stderr]     Checking deskc-parser v0.0.0
[INFO] [stderr]     Checking alsa v0.6.0
[INFO] [stderr]     Checking deskc-lexer v0.0.0
[INFO] [stderr]     Checking taffy v0.1.0
[INFO] [stderr]     Checking smallvec v1.13.1
[INFO] [stderr]     Checking hashbrown v0.12.3
[INFO] [stderr]     Checking glam v0.21.3
[INFO] [stderr]     Checking erased-serde v0.3.31
[INFO] [stderr]     Checking ron v0.7.1
[INFO] [stderr]     Checking tracing-subscriber v0.3.18
[INFO] [stderr]     Checking gilrs-core v0.4.1
[INFO] [stderr]     Checking dworkspace-components v0.0.0
[INFO] [stderr]     Checking dworkspace-codebase v0.0.0
[INFO] [stdout] error[E0432]: unresolved import `deskc_ids::NodeId`
[INFO] [stdout]  --> /opt/rustwide/cargo-home/registry/src/index.crates.io-6f17d22bba15001f/dworkspace-components-0.0.0/src/event.rs:7:5
[INFO] [stdout]   |
[INFO] [stdout] 7 | use deskc_ids::NodeId;
[INFO] [stdout]   |     ^^^^^^^^^^^^^^^^^ no `NodeId` in the root
[INFO] [stdout] 
[INFO] [stdout] 
[INFO] [stdout] error[E0432]: unresolved import `ast::span::WithSpan`
[INFO] [stdout]  --> /opt/rustwide/cargo-home/registry/src/index.crates.io-6f17d22bba15001f/dworkspace-codebase-0.0.0/src/code.rs:3:23
[INFO] [stdout]   |
[INFO] [stdout] 3 | use ast::{expr::Expr, span::WithSpan};
[INFO] [stdout]   |                       ^^^^^^^^^^^^^^ no `WithSpan` in `span`
[INFO] [stdout] 
[INFO] [stdout] 
[INFO] [stdout] error[E0432]: unresolved import `deskc_ids::NodeId`
[INFO] [stdout]  --> /opt/rustwide/cargo-home/registry/src/index.crates.io-6f17d22bba15001f/dworkspace-components-0.0.0/src/flat_node.rs:3:5
[INFO] [stdout]   |
[INFO] [stdout] 3 | use deskc_ids::NodeId;
[INFO] [stdout]   |     ^^^^^^^^^^^^^^^^^ no `NodeId` in the root
[INFO] [stdout] 
[INFO] [stdout] 
[INFO] [stdout] error[E0432]: unresolved import `deskc_ids::NodeId`
[INFO] [stdout]  --> /opt/rustwide/cargo-home/registry/src/index.crates.io-6f17d22bba15001f/dworkspace-components-0.0.0/src/node.rs:1:5
[INFO] [stdout]   |
[INFO] [stdout] 1 | use deskc_ids::NodeId;
[INFO] [stdout]   |     ^^^^^^^^^^^^^^^^^ no `NodeId` in the root
[INFO] [stdout] 
[INFO] [stdout] 
[INFO] [stdout] error[E0432]: unresolved import `deskc_ids::NodeId`
[INFO] [stdout]  --> /opt/rustwide/cargo-home/registry/src/index.crates.io-6f17d22bba15001f/dworkspace-codebase-0.0.0/src/event.rs:7:5
[INFO] [stdout]   |
[INFO] [stdout] 7 | use deskc_ids::NodeId;
[INFO] [stdout]   |     ^^^^^^^^^^^^^^^^^ no `NodeId` in the root
[INFO] [stdout] 
[INFO] [stdout] 
[INFO] [stdout] error[E0432]: unresolved import `deskc_ids::NodeId`
[INFO] [stdout]  --> /opt/rustwide/cargo-home/registry/src/index.crates.io-6f17d22bba15001f/dworkspace-codebase-0.0.0/src/flat_node.rs:3:5
[INFO] [stdout]   |
[INFO] [stdout] 3 | use deskc_ids::NodeId;
[INFO] [stdout]   |     ^^^^^^^^^^^^^^^^^ no `NodeId` in the root
[INFO] [stdout] 
[INFO] [stdout] 
[INFO] [stdout] error[E0432]: unresolved import `deskc_ids::NodeId`
[INFO] [stdout]  --> /opt/rustwide/cargo-home/registry/src/index.crates.io-6f17d22bba15001f/dworkspace-components-0.0.0/src/patch/mod.rs:2:27
[INFO] [stdout]   |
[INFO] [stdout] 2 | use deskc_ids::{LinkName, NodeId};
[INFO] [stdout]   |                           ^^^^^^ no `NodeId` in the root
[INFO] [stdout] 
[INFO] [stdout] 
[INFO] [stdout] error[E0432]: unresolved import `deskc_ids::NodeId`
[INFO] [stdout]  --> /opt/rustwide/cargo-home/registry/src/index.crates.io-6f17d22bba15001f/dworkspace-codebase-0.0.0/src/node.rs:1:5
[INFO] [stdout]   |
[INFO] [stdout] 1 | use deskc_ids::NodeId;
[INFO] [stdout]   |     ^^^^^^^^^^^^^^^^^ no `NodeId` in the root
[INFO] [stdout] 
[INFO] [stdout] 
[INFO] [stdout] error[E0432]: unresolved import `deskc_ids::NodeId`
[INFO] [stdout]  --> /opt/rustwide/cargo-home/registry/src/index.crates.io-6f17d22bba15001f/dworkspace-components-0.0.0/src/snapshot.rs:7:5
[INFO] [stdout]   |
[INFO] [stdout] 7 | use deskc_ids::NodeId;
[INFO] [stdout]   |     ^^^^^^^^^^^^^^^^^ no `NodeId` in the root
[INFO] [stdout] 
[INFO] [stdout] 
[INFO] [stdout] error[E0432]: unresolved import `deskc_ids::NodeId`
[INFO] [stdout]  --> /opt/rustwide/cargo-home/registry/src/index.crates.io-6f17d22bba15001f/dworkspace-codebase-0.0.0/src/patch/mod.rs:2:27
[INFO] [stdout]   |
[INFO] [stdout] 2 | use deskc_ids::{LinkName, NodeId};
[INFO] [stdout]   |                           ^^^^^^ no `NodeId` in the root
[INFO] [stdout] 
[INFO] [stdout] 
[INFO] [stdout] error[E0432]: unresolved import `deskc_ids::NodeId`
[INFO] [stdout]  --> /opt/rustwide/cargo-home/registry/src/index.crates.io-6f17d22bba15001f/dworkspace-codebase-0.0.0/src/snapshot.rs:7:5
[INFO] [stdout]   |
[INFO] [stdout] 7 | use deskc_ids::NodeId;
[INFO] [stdout]   |     ^^^^^^^^^^^^^^^^^ no `NodeId` in the root
[INFO] [stdout] 
[INFO] [stdout] 
[INFO] [stdout] error[E0277]: the trait bound `Expr: Eq` is not satisfied
[INFO] [stdout]   --> /opt/rustwide/cargo-home/registry/src/index.crates.io-6f17d22bba15001f/dworkspace-components-0.0.0/src/flat_node.rs:20:5
[INFO] [stdout]    |
[INFO] [stdout] 16 | #[derive(Clone, Debug, PartialEq, Eq)]
[INFO] [stdout]    |                                   -- in this derive macro expansion
[INFO] [stdout] ...
[INFO] [stdout] 20 |     pub attributes: Attributes,
[INFO] [stdout]    |     ^^^^^^^^^^^^^^^^^^^^^^^^^^ the trait `Eq` is not implemented for `Expr`, which is required by `HashMap<deskc_types::Type, Expr>: Eq`
[INFO] [stdout]    |
[INFO] [stdout]    = help: the trait `Eq` is implemented for `HashMap<K, V, S>`
[INFO] [stdout]    = note: required for `HashMap<deskc_types::Type, Expr>` to implement `Eq`
[INFO] [stdout] note: required by a bound in `AssertParamIsEq`
[INFO] [stdout]   --> /rustc/268dbbbc4b3fd71c5f360a4d0728295252430b5b/library/core/src/cmp.rs:339:1
[INFO] [stdout]    = note: this error originates in the derive macro `Eq` (in Nightly builds, run with -Z macro-backtrace for more info)
[INFO] [stdout] 
[INFO] [stdout] 
[INFO] [stdout] error[E0277]: the trait bound `deskc_hir::expr::Expr: Eq` is not satisfied
[INFO] [stdout]   --> /opt/rustwide/cargo-home/registry/src/index.crates.io-6f17d22bba15001f/dworkspace-codebase-0.0.0/src/flat_node.rs:20:5
[INFO] [stdout]    |
[INFO] [stdout] 16 | #[derive(Clone, Debug, PartialEq, Eq)]
[INFO] [stdout]    |                                   -- in this derive macro expansion
[INFO] [stdout] ...
[INFO] [stdout] 20 |     pub attributes: Attributes,
[INFO] [stdout]    |     ^^^^^^^^^^^^^^^^^^^^^^^^^^ the trait `Eq` is not implemented for `deskc_hir::expr::Expr`, which is required by `HashMap<deskc_types::Type, deskc_hir::expr::Expr>: Eq`
[INFO] [stdout]    |
[INFO] [stdout]    = help: the trait `Eq` is implemented for `HashMap<K, V, S>`
[INFO] [stdout]    = note: required for `HashMap<deskc_types::Type, deskc_hir::expr::Expr>` to implement `Eq`
[INFO] [stdout] note: required by a bound in `AssertParamIsEq`
[INFO] [stdout]   --> /rustc/268dbbbc4b3fd71c5f360a4d0728295252430b5b/library/core/src/cmp.rs:339:1
[INFO] [stdout]    = note: this error originates in the derive macro `Eq` (in Nightly builds, run with -Z macro-backtrace for more info)
[INFO] [stdout] 
[INFO] [stdout] 
[INFO] [stdout] error[E0277]: the trait bound `Expr: Eq` is not satisfied
[INFO] [stdout]   --> /opt/rustwide/cargo-home/registry/src/index.crates.io-6f17d22bba15001f/dworkspace-components-0.0.0/src/node.rs:10:5
[INFO] [stdout]    |
[INFO] [stdout] 5  | #[derive(Clone, Debug, PartialEq, Eq)]
[INFO] [stdout]    |                                   -- in this derive macro expansion
[INFO] [stdout] ...
[INFO] [stdout] 10 |     pub attributes: Attributes,
[INFO] [stdout]    |     ^^^^^^^^^^^^^^^^^^^^^^^^^^ the trait `Eq` is not implemented for `Expr`, which is required by `HashMap<deskc_types::Type, Expr>: Eq`
[INFO] [stdout]    |
[INFO] [stdout]    = help: the trait `Eq` is implemented for `HashMap<K, V, S>`
[INFO] [stdout]    = note: required for `HashMap<deskc_types::Type, Expr>` to implement `Eq`
[INFO] [stdout] note: required by a bound in `AssertParamIsEq`
[INFO] [stdout]   --> /rustc/268dbbbc4b3fd71c5f360a4d0728295252430b5b/library/core/src/cmp.rs:339:1
[INFO] [stdout]    = note: this error originates in the derive macro `Eq` (in Nightly builds, run with -Z macro-backtrace for more info)
[INFO] [stdout] 
[INFO] [stdout] 
[INFO] [stderr]     Checking parking_lot v0.11.2
[INFO] [stdout] error[E0277]: the trait bound `deskc_hir::expr::Expr: Eq` is not satisfied
[INFO] [stdout]   --> /opt/rustwide/cargo-home/registry/src/index.crates.io-6f17d22bba15001f/dworkspace-codebase-0.0.0/src/node.rs:10:5
[INFO] [stdout]    |
[INFO] [stdout] 5  | #[derive(Clone, Debug, PartialEq, Eq)]
[INFO] [stdout]    |                                   -- in this derive macro expansion
[INFO] [stdout] ...
[INFO] [stdout] 10 |     pub attributes: Attributes,
[INFO] [stdout]    |     ^^^^^^^^^^^^^^^^^^^^^^^^^^ the trait `Eq` is not implemented for `deskc_hir::expr::Expr`, which is required by `HashMap<deskc_types::Type, deskc_hir::expr::Expr>: Eq`
[INFO] [stdout]    |
[INFO] [stdout]    = help: the trait `Eq` is implemented for `HashMap<K, V, S>`
[INFO] [stdout]    = note: required for `HashMap<deskc_types::Type, deskc_hir::expr::Expr>` to implement `Eq`
[INFO] [stdout] note: required by a bound in `AssertParamIsEq`
[INFO] [stdout]   --> /rustc/268dbbbc4b3fd71c5f360a4d0728295252430b5b/library/core/src/cmp.rs:339:1
[INFO] [stdout]    = note: this error originates in the derive macro `Eq` (in Nightly builds, run with -Z macro-backtrace for more info)
[INFO] [stdout] 
[INFO] [stdout] 
[INFO] [stderr]     Checking parking_lot v0.12.1
[INFO] [stdout] error[E0277]: the trait bound `Expr: Eq` is not satisfied
[INFO] [stdout]   --> /opt/rustwide/cargo-home/registry/src/index.crates.io-6f17d22bba15001f/dworkspace-components-0.0.0/src/patch/mod.rs:40:25
[INFO] [stdout]    |
[INFO] [stdout] 38 | #[derive(Debug, Clone, PartialEq, Eq)]
[INFO] [stdout]    |                                   -- in this derive macro expansion
[INFO] [stdout] 39 | pub enum AttributePatch {
[INFO] [stdout] 40 |     Update { key: Type, value: Box<Expr> },
[INFO] [stdout]    |                         ^^^^^^^^^^^^^^^^ the trait `Eq` is not implemented for `Expr`, which is required by `Box<Expr>: Eq`
[INFO] [stdout]    |
[INFO] [stdout]    = help: the trait `Eq` is implemented for `Box<T, A>`
[INFO] [stdout]    = note: required for `Box<Expr>` to implement `Eq`
[INFO] [stdout] note: required by a bound in `AssertParamIsEq`
[INFO] [stdout]   --> /rustc/268dbbbc4b3fd71c5f360a4d0728295252430b5b/library/core/src/cmp.rs:339:1
[INFO] [stdout]    = note: this error originates in the derive macro `Eq` (in Nightly builds, run with -Z macro-backtrace for more info)
[INFO] [stdout] 
[INFO] [stdout] 
[INFO] [stdout] error[E0277]: the trait bound `deskc_hir::expr::Expr: Eq` is not satisfied
[INFO] [stdout]   --> /opt/rustwide/cargo-home/registry/src/index.crates.io-6f17d22bba15001f/dworkspace-codebase-0.0.0/src/patch/mod.rs:40:25
[INFO] [stdout]    |
[INFO] [stdout] 38 | #[derive(Debug, Clone, PartialEq, Eq)]
[INFO] [stdout]    |                                   -- in this derive macro expansion
[INFO] [stdout] 39 | pub enum AttributePatch {
[INFO] [stdout] 40 |     Update { key: Type, value: Box<Expr> },
[INFO] [stdout]    |                         ^^^^^^^^^^^^^^^^ the trait `Eq` is not implemented for `deskc_hir::expr::Expr`, which is required by `Box<deskc_hir::expr::Expr>: Eq`
[INFO] [stdout]    |
[INFO] [stdout]    = help: the trait `Eq` is implemented for `Box<T, A>`
[INFO] [stdout]    = note: required for `Box<deskc_hir::expr::Expr>` to implement `Eq`
[INFO] [stdout] note: required by a bound in `AssertParamIsEq`
[INFO] [stdout]   --> /rustc/268dbbbc4b3fd71c5f360a4d0728295252430b5b/library/core/src/cmp.rs:339:1
[INFO] [stdout]    = note: this error originates in the derive macro `Eq` (in Nightly builds, run with -Z macro-backtrace for more info)
[INFO] [stdout] 
[INFO] [stdout] 
[INFO] [stdout] error: aborting due to 8 previous errors
[INFO] [stdout] 
[INFO] [stdout] 
[INFO] [stdout] Some errors have detailed explanations: E0277, E0432.
[INFO] [stdout] 
[INFO] [stdout] For more information about an error, try `rustc --explain E0277`.
[INFO] [stdout] 
[INFO] [stdout] error: aborting due to 9 previous errors
[INFO] [stdout] 
[INFO] [stdout] 
[INFO] [stdout] Some errors have detailed explanations: E0277, E0432.
[INFO] [stdout] 
[INFO] [stdout] For more information about an error, try `rustc --explain E0277`.
[INFO] [stdout] 
[INFO] [stderr] error: could not compile `dworkspace-components` (lib) due to 9 previous errors
[INFO] [stderr] warning: build failed, waiting for other jobs to finish...
[INFO] [stderr] error: could not compile `dworkspace-codebase` (lib) due to 10 previous errors
[INFO] running `Command { std: "docker" "inspect" "c328593bbbe4cf50b40c6c854bdb12952aa74ea8e5dfea0cce90ae86df3976ed", kill_on_drop: false }`
[INFO] running `Command { std: "docker" "rm" "-f" "c328593bbbe4cf50b40c6c854bdb12952aa74ea8e5dfea0cce90ae86df3976ed", kill_on_drop: false }`
[INFO] [stdout] c328593bbbe4cf50b40c6c854bdb12952aa74ea8e5dfea0cce90ae86df3976ed
