[INFO] fetching crate derive-docs 0.1.4...
[INFO] checking derive-docs-0.1.4 against nightly-2024-02-05 for check-cfg
[INFO] extracting crate derive-docs 0.1.4 into /workspace/builds/worker-1-tc1/source
[INFO] validating manifest of crates.io crate derive-docs 0.1.4 on toolchain nightly-2024-02-05
[INFO] running `Command { std: CARGO_HOME="/workspace/cargo-home" RUSTUP_HOME="/workspace/rustup-home" "/workspace/cargo-home/bin/cargo" "+nightly-2024-02-05" "metadata" "--manifest-path" "Cargo.toml" "--no-deps", kill_on_drop: false }`
[INFO] started tweaking crates.io crate derive-docs 0.1.4
[INFO] finished tweaking crates.io crate derive-docs 0.1.4
[INFO] tweaked toml for crates.io crate derive-docs 0.1.4 written to /workspace/builds/worker-1-tc1/source/Cargo.toml
[INFO] running `Command { std: CARGO_HOME="/workspace/cargo-home" RUSTUP_HOME="/workspace/rustup-home" "/workspace/cargo-home/bin/cargo" "+nightly-2024-02-05" "generate-lockfile" "--manifest-path" "Cargo.toml", kill_on_drop: false }`
[INFO] [stderr]     Updating crates.io index
[INFO] running `Command { std: CARGO_HOME="/workspace/cargo-home" RUSTUP_HOME="/workspace/rustup-home" "/workspace/cargo-home/bin/cargo" "+nightly-2024-02-05" "fetch" "--manifest-path" "Cargo.toml", kill_on_drop: false }`
[INFO] [stderr]  Downloading crates ...
[INFO] [stderr]   Downloaded convert_case v0.6.0
[INFO] [stderr]   Downloaded newline-converter v0.3.0
[INFO] [stderr]   Downloaded expectorate v1.1.0
[INFO] [stderr]   Downloaded serde_tokenstream v0.2.0
[INFO] running `Command { std: "docker" "create" "-v" "/var/lib/crater-agent-workspace/builds/worker-1-tc1/target:/opt/rustwide/target:rw,Z" "-v" "/var/lib/crater-agent-workspace/builds/worker-1-tc1/source:/opt/rustwide/workdir:ro,Z" "-v" "/var/lib/crater-agent-workspace/cargo-home:/opt/rustwide/cargo-home:ro,Z" "-v" "/var/lib/crater-agent-workspace/rustup-home:/opt/rustwide/rustup-home:ro,Z" "-e" "SOURCE_DIR=/opt/rustwide/workdir" "-e" "CARGO_TARGET_DIR=/opt/rustwide/target" "-e" "CARGO_HOME=/opt/rustwide/cargo-home" "-e" "RUSTUP_HOME=/opt/rustwide/rustup-home" "-w" "/opt/rustwide/workdir" "-m" "1610612736" "--user" "0:0" "--network" "none" "ghcr.io/rust-lang/crates-build-env/linux@sha256:2788e3201cd34a07e3172128adcd8b3090168a8e3bcc40d7c032b9dda1df7d1c" "/opt/rustwide/cargo-home/bin/cargo" "+nightly-2024-02-05" "metadata" "--no-deps" "--format-version=1", kill_on_drop: false }`
[INFO] [stdout] cd743b4cf69d6dc99ea4028a86633b02c8a10a80bc0cb0d7b29490d8b972b074
[INFO] running `Command { std: "docker" "start" "-a" "cd743b4cf69d6dc99ea4028a86633b02c8a10a80bc0cb0d7b29490d8b972b074", kill_on_drop: false }`
[INFO] running `Command { std: "docker" "inspect" "cd743b4cf69d6dc99ea4028a86633b02c8a10a80bc0cb0d7b29490d8b972b074", kill_on_drop: false }`
[INFO] running `Command { std: "docker" "rm" "-f" "cd743b4cf69d6dc99ea4028a86633b02c8a10a80bc0cb0d7b29490d8b972b074", kill_on_drop: false }`
[INFO] [stdout] cd743b4cf69d6dc99ea4028a86633b02c8a10a80bc0cb0d7b29490d8b972b074
[INFO] running `Command { std: "docker" "create" "-v" "/var/lib/crater-agent-workspace/builds/worker-1-tc1/target:/opt/rustwide/target:rw,Z" "-v" "/var/lib/crater-agent-workspace/builds/worker-1-tc1/source:/opt/rustwide/workdir:ro,Z" "-v" "/var/lib/crater-agent-workspace/cargo-home:/opt/rustwide/cargo-home:ro,Z" "-v" "/var/lib/crater-agent-workspace/rustup-home:/opt/rustwide/rustup-home:ro,Z" "-e" "SOURCE_DIR=/opt/rustwide/workdir" "-e" "CARGO_TARGET_DIR=/opt/rustwide/target" "-e" "CARGO_INCREMENTAL=0" "-e" "RUST_BACKTRACE=full" "-e" "RUSTFLAGS=--cap-lints=forbid" "-e" "RUSTDOCFLAGS=--cap-lints=forbid" "-e" "CARGO_HOME=/opt/rustwide/cargo-home" "-e" "RUSTUP_HOME=/opt/rustwide/rustup-home" "-w" "/opt/rustwide/workdir" "-m" "1610612736" "--user" "0:0" "--network" "none" "ghcr.io/rust-lang/crates-build-env/linux@sha256:2788e3201cd34a07e3172128adcd8b3090168a8e3bcc40d7c032b9dda1df7d1c" "/opt/rustwide/cargo-home/bin/cargo" "+nightly-2024-02-05" "check" "--frozen" "--all" "--all-targets" "--message-format=json", kill_on_drop: false }`
[INFO] [stdout] 0e21cfa97e58035d60b7066f6842f4858e41350a2f0958a5048201e502cbd82c
[INFO] running `Command { std: "docker" "start" "-a" "0e21cfa97e58035d60b7066f6842f4858e41350a2f0958a5048201e502cbd82c", kill_on_drop: false }`
[INFO] [stderr]     Checking unicode-ident v1.0.12
[INFO] [stderr]     Checking lazy_static v1.4.0
[INFO] [stderr]     Checking unicode-width v0.1.11
[INFO] [stderr]     Checking newline-converter v0.3.0
[INFO] [stderr]     Checking convert_case v0.6.0
[INFO] [stderr]     Checking diff v0.1.13
[INFO] [stderr]     Checking yansi v0.5.1
[INFO] [stderr]     Checking similar v2.4.0
[INFO] [stderr]     Checking libc v0.2.153
[INFO] [stderr]    Compiling syn v2.0.48
[INFO] [stderr]     Checking proc-macro2 v1.0.78
[INFO] [stderr]     Checking pretty_assertions v1.4.0
[INFO] [stderr]     Checking quote v1.0.35
[INFO] [stderr]     Checking console v0.15.8
[INFO] [stderr]     Checking expectorate v1.1.0
[INFO] [stderr]    Compiling serde_derive v1.0.196
[INFO] [stderr]     Checking serde v1.0.196
[INFO] [stderr]     Checking serde_tokenstream v0.2.0
[INFO] [stderr]     Checking derive-docs v0.1.4 (/opt/rustwide/workdir)
[INFO] [stdout] error[E0433]: failed to resolve: use of undeclared crate or module `openapitor`
[INFO] [stdout]    --> src/lib.rs:537:59
[INFO] [stdout]     |
[INFO] [stdout] 537 |         expectorate::assert_contents("tests/lineTo.gen", &openapitor::types::get_text_fmt(&item).unwrap());
[INFO] [stdout]     |                                                           ^^^^^^^^^^ use of undeclared crate or module `openapitor`
[INFO] [stdout] 
[INFO] [stdout] 
[INFO] [stdout] error[E0433]: failed to resolve: use of undeclared crate or module `openapitor`
[INFO] [stdout]    --> src/lib.rs:566:56
[INFO] [stdout]     |
[INFO] [stdout] 566 |         expectorate::assert_contents("tests/min.gen", &openapitor::types::get_text_fmt(&item).unwrap());
[INFO] [stdout]     |                                                        ^^^^^^^^^^ use of undeclared crate or module `openapitor`
[INFO] [stdout] 
[INFO] [stdout] 
[INFO] [stdout] error[E0433]: failed to resolve: use of undeclared crate or module `openapitor`
[INFO] [stdout]    --> src/lib.rs:587:57
[INFO] [stdout]     |
[INFO] [stdout] 587 |         expectorate::assert_contents("tests/show.gen", &openapitor::types::get_text_fmt(&item).unwrap());
[INFO] [stdout]     |                                                         ^^^^^^^^^^ use of undeclared crate or module `openapitor`
[INFO] [stdout] 
[INFO] [stdout] 
[INFO] [stdout] error[E0433]: failed to resolve: use of undeclared crate or module `openapitor`
[INFO] [stdout]    --> src/lib.rs:609:56
[INFO] [stdout]     |
[INFO] [stdout] 609 |         expectorate::assert_contents("tests/box.gen", &openapitor::types::get_text_fmt(&item).unwrap());
[INFO] [stdout]     |                                                        ^^^^^^^^^^ use of undeclared crate or module `openapitor`
[INFO] [stdout] 
[INFO] [stdout] 
[INFO] [stdout] error: aborting due to 4 previous errors
[INFO] [stdout] 
[INFO] [stdout] 
[INFO] [stdout] For more information about this error, try `rustc --explain E0433`.
[INFO] [stdout] 
[INFO] [stderr] error: could not compile `derive-docs` (lib test) due to 5 previous errors
[INFO] [stderr] warning: build failed, waiting for other jobs to finish...
[INFO] running `Command { std: "docker" "inspect" "0e21cfa97e58035d60b7066f6842f4858e41350a2f0958a5048201e502cbd82c", kill_on_drop: false }`
[INFO] running `Command { std: "docker" "rm" "-f" "0e21cfa97e58035d60b7066f6842f4858e41350a2f0958a5048201e502cbd82c", kill_on_drop: false }`
[INFO] [stdout] 0e21cfa97e58035d60b7066f6842f4858e41350a2f0958a5048201e502cbd82c
