[INFO] fetching crate delorean 0.3.0...
[INFO] checking delorean-0.3.0 against nightly-2024-02-05 for check-cfg
[INFO] extracting crate delorean 0.3.0 into /workspace/builds/worker-1-tc1/source
[INFO] validating manifest of crates.io crate delorean 0.3.0 on toolchain nightly-2024-02-05
[INFO] running `Command { std: CARGO_HOME="/workspace/cargo-home" RUSTUP_HOME="/workspace/rustup-home" "/workspace/cargo-home/bin/cargo" "+nightly-2024-02-05" "metadata" "--manifest-path" "Cargo.toml" "--no-deps", kill_on_drop: false }`
[INFO] started tweaking crates.io crate delorean 0.3.0
[INFO] finished tweaking crates.io crate delorean 0.3.0
[INFO] tweaked toml for crates.io crate delorean 0.3.0 written to /workspace/builds/worker-1-tc1/source/Cargo.toml
[INFO] running `Command { std: CARGO_HOME="/workspace/cargo-home" RUSTUP_HOME="/workspace/rustup-home" "/workspace/cargo-home/bin/cargo" "+nightly-2024-02-05" "generate-lockfile" "--manifest-path" "Cargo.toml", kill_on_drop: false }`
[INFO] [stderr]     Blocking waiting for file lock on package cache
[INFO] [stderr]     Updating crates.io index
[INFO] running `Command { std: CARGO_HOME="/workspace/cargo-home" RUSTUP_HOME="/workspace/rustup-home" "/workspace/cargo-home/bin/cargo" "+nightly-2024-02-05" "fetch" "--manifest-path" "Cargo.toml", kill_on_drop: false }`
[INFO] [stderr]     Blocking waiting for file lock on package cache
[INFO] [stderr]  Downloading crates ...
[INFO] [stderr]   Downloaded async-timer v0.7.4
[INFO] [stderr]   Downloaded yarte_helpers v0.15.8
[INFO] running `Command { std: "docker" "create" "-v" "/var/lib/crater-agent-workspace/builds/worker-1-tc1/target:/opt/rustwide/target:rw,Z" "-v" "/var/lib/crater-agent-workspace/builds/worker-1-tc1/source:/opt/rustwide/workdir:ro,Z" "-v" "/var/lib/crater-agent-workspace/cargo-home:/opt/rustwide/cargo-home:ro,Z" "-v" "/var/lib/crater-agent-workspace/rustup-home:/opt/rustwide/rustup-home:ro,Z" "-e" "SOURCE_DIR=/opt/rustwide/workdir" "-e" "CARGO_TARGET_DIR=/opt/rustwide/target" "-e" "CARGO_HOME=/opt/rustwide/cargo-home" "-e" "RUSTUP_HOME=/opt/rustwide/rustup-home" "-w" "/opt/rustwide/workdir" "-m" "1610612736" "--user" "0:0" "--network" "none" "ghcr.io/rust-lang/crates-build-env/linux@sha256:2788e3201cd34a07e3172128adcd8b3090168a8e3bcc40d7c032b9dda1df7d1c" "/opt/rustwide/cargo-home/bin/cargo" "+nightly-2024-02-05" "metadata" "--no-deps" "--format-version=1", kill_on_drop: false }`
[INFO] [stdout] 02f3559998ed92b441aee928bffe6d348a99373e0b0d798e1f41bab0fdddcf25
[INFO] running `Command { std: "docker" "start" "-a" "02f3559998ed92b441aee928bffe6d348a99373e0b0d798e1f41bab0fdddcf25", kill_on_drop: false }`
[INFO] running `Command { std: "docker" "inspect" "02f3559998ed92b441aee928bffe6d348a99373e0b0d798e1f41bab0fdddcf25", kill_on_drop: false }`
[INFO] running `Command { std: "docker" "rm" "-f" "02f3559998ed92b441aee928bffe6d348a99373e0b0d798e1f41bab0fdddcf25", kill_on_drop: false }`
[INFO] [stdout] 02f3559998ed92b441aee928bffe6d348a99373e0b0d798e1f41bab0fdddcf25
[INFO] running `Command { std: "docker" "create" "-v" "/var/lib/crater-agent-workspace/builds/worker-1-tc1/target:/opt/rustwide/target:rw,Z" "-v" "/var/lib/crater-agent-workspace/builds/worker-1-tc1/source:/opt/rustwide/workdir:ro,Z" "-v" "/var/lib/crater-agent-workspace/cargo-home:/opt/rustwide/cargo-home:ro,Z" "-v" "/var/lib/crater-agent-workspace/rustup-home:/opt/rustwide/rustup-home:ro,Z" "-e" "SOURCE_DIR=/opt/rustwide/workdir" "-e" "CARGO_TARGET_DIR=/opt/rustwide/target" "-e" "CARGO_INCREMENTAL=0" "-e" "RUST_BACKTRACE=full" "-e" "RUSTFLAGS=--cap-lints=forbid" "-e" "RUSTDOCFLAGS=--cap-lints=forbid" "-e" "CARGO_HOME=/opt/rustwide/cargo-home" "-e" "RUSTUP_HOME=/opt/rustwide/rustup-home" "-w" "/opt/rustwide/workdir" "-m" "1610612736" "--user" "0:0" "--network" "none" "ghcr.io/rust-lang/crates-build-env/linux@sha256:2788e3201cd34a07e3172128adcd8b3090168a8e3bcc40d7c032b9dda1df7d1c" "/opt/rustwide/cargo-home/bin/cargo" "+nightly-2024-02-05" "check" "--frozen" "--all" "--all-targets" "--message-format=json", kill_on_drop: false }`
[INFO] [stdout] e296a1adf3676df5027f0a59bf12d6050cd198299fa37e72eddb497f4ea6e004
[INFO] running `Command { std: "docker" "start" "-a" "e296a1adf3676df5027f0a59bf12d6050cd198299fa37e72eddb497f4ea6e004", kill_on_drop: false }`
[INFO] [stderr]    Compiling wasm-bindgen-test-macro v0.3.40
[INFO] [stderr]     Checking scoped-tls v1.0.1
[INFO] [stderr]     Checking delorean v0.3.0 (/opt/rustwide/workdir)
[INFO] [stderr]     Checking async-timer v0.7.4
[INFO] [stderr]     Checking console_error_panic_hook v0.1.7
[INFO] [stdout] error: only compile in wasm32
[INFO] [stdout]   --> src/lib.rs:43:1
[INFO] [stdout]    |
[INFO] [stdout] 43 | compile_error!("only compile in wasm32");
[INFO] [stdout]    | ^^^^^^^^^^^^^^^^^^^^^^^^^^^^^^^^^^^^^^^^
[INFO] [stdout] 
[INFO] [stdout] 
[INFO] [stdout] error[E0432]: unresolved import `inner`
[INFO] [stdout]   --> src/lib.rs:45:9
[INFO] [stdout]    |
[INFO] [stdout] 45 | pub use inner::*;
[INFO] [stdout]    |         ^^^^^ use of undeclared crate or module `inner`
[INFO] [stdout] 
[INFO] [stdout] 
[INFO] [stdout] error[E0405]: cannot find trait `App` in this scope
[INFO] [stdout]   --> src/lib.rs:48:23
[INFO] [stdout]    |
[INFO] [stdout] 48 | pub struct Context<A: App> {
[INFO] [stdout]    |                       ^^^ not found in this scope
[INFO] [stdout] 
[INFO] [stdout] 
[INFO] [stdout] error[E0405]: cannot find trait `App` in this scope
[INFO] [stdout]   --> src/lib.rs:54:9
[INFO] [stdout]    |
[INFO] [stdout] 54 | impl<A: App> Context<A> {
[INFO] [stdout]    |         ^^^ not found in this scope
[INFO] [stdout] 
[INFO] [stdout] 
[INFO] [stdout] error: aborting due to 4 previous errors
[INFO] [stdout] 
[INFO] [stdout] 
[INFO] [stdout] Some errors have detailed explanations: E0405, E0432.
[INFO] [stdout] 
[INFO] [stdout] For more information about an error, try `rustc --explain E0405`.
[INFO] [stdout] 
[INFO] [stderr] error: could not compile `delorean` (lib) due to 5 previous errors
[INFO] [stderr] warning: build failed, waiting for other jobs to finish...
[INFO] running `Command { std: "docker" "inspect" "e296a1adf3676df5027f0a59bf12d6050cd198299fa37e72eddb497f4ea6e004", kill_on_drop: false }`
[INFO] running `Command { std: "docker" "rm" "-f" "e296a1adf3676df5027f0a59bf12d6050cd198299fa37e72eddb497f4ea6e004", kill_on_drop: false }`
[INFO] [stdout] e296a1adf3676df5027f0a59bf12d6050cd198299fa37e72eddb497f4ea6e004
