[INFO] fetching crate default_allocator 0.3.0...
[INFO] checking default_allocator-0.3.0 against nightly-2024-02-05 for check-cfg
[INFO] extracting crate default_allocator 0.3.0 into /workspace/builds/worker-6-tc1/source
[INFO] validating manifest of crates.io crate default_allocator 0.3.0 on toolchain nightly-2024-02-05
[INFO] running `Command { std: CARGO_HOME="/workspace/cargo-home" RUSTUP_HOME="/workspace/rustup-home" "/workspace/cargo-home/bin/cargo" "+nightly-2024-02-05" "metadata" "--manifest-path" "Cargo.toml" "--no-deps", kill_on_drop: false }`
[INFO] started tweaking crates.io crate default_allocator 0.3.0
[INFO] finished tweaking crates.io crate default_allocator 0.3.0
[INFO] tweaked toml for crates.io crate default_allocator 0.3.0 written to /workspace/builds/worker-6-tc1/source/Cargo.toml
[INFO] running `Command { std: CARGO_HOME="/workspace/cargo-home" RUSTUP_HOME="/workspace/rustup-home" "/workspace/cargo-home/bin/cargo" "+nightly-2024-02-05" "generate-lockfile" "--manifest-path" "Cargo.toml", kill_on_drop: false }`
[INFO] [stderr]     Updating crates.io index
[INFO] running `Command { std: CARGO_HOME="/workspace/cargo-home" RUSTUP_HOME="/workspace/rustup-home" "/workspace/cargo-home/bin/cargo" "+nightly-2024-02-05" "fetch" "--manifest-path" "Cargo.toml", kill_on_drop: false }`
[INFO] [stderr]  Downloading crates ...
[INFO] [stderr]   Downloaded loca v0.7.4
[INFO] [stderr]   Downloaded ptr v0.2.3
[INFO] running `Command { std: "docker" "create" "-v" "/var/lib/crater-agent-workspace/builds/worker-6-tc1/target:/opt/rustwide/target:rw,Z" "-v" "/var/lib/crater-agent-workspace/builds/worker-6-tc1/source:/opt/rustwide/workdir:ro,Z" "-v" "/var/lib/crater-agent-workspace/cargo-home:/opt/rustwide/cargo-home:ro,Z" "-v" "/var/lib/crater-agent-workspace/rustup-home:/opt/rustwide/rustup-home:ro,Z" "-e" "SOURCE_DIR=/opt/rustwide/workdir" "-e" "CARGO_TARGET_DIR=/opt/rustwide/target" "-e" "CARGO_HOME=/opt/rustwide/cargo-home" "-e" "RUSTUP_HOME=/opt/rustwide/rustup-home" "-w" "/opt/rustwide/workdir" "-m" "1610612736" "--user" "0:0" "--network" "none" "ghcr.io/rust-lang/crates-build-env/linux@sha256:2788e3201cd34a07e3172128adcd8b3090168a8e3bcc40d7c032b9dda1df7d1c" "/opt/rustwide/cargo-home/bin/cargo" "+nightly-2024-02-05" "metadata" "--no-deps" "--format-version=1", kill_on_drop: false }`
[INFO] [stdout] 89c14320b9cfdf75762c1d3a964b4e97bcc781222b70ff2ed612cd6ae81e9150
[INFO] running `Command { std: "docker" "start" "-a" "89c14320b9cfdf75762c1d3a964b4e97bcc781222b70ff2ed612cd6ae81e9150", kill_on_drop: false }`
[INFO] running `Command { std: "docker" "inspect" "89c14320b9cfdf75762c1d3a964b4e97bcc781222b70ff2ed612cd6ae81e9150", kill_on_drop: false }`
[INFO] running `Command { std: "docker" "rm" "-f" "89c14320b9cfdf75762c1d3a964b4e97bcc781222b70ff2ed612cd6ae81e9150", kill_on_drop: false }`
[INFO] [stdout] 89c14320b9cfdf75762c1d3a964b4e97bcc781222b70ff2ed612cd6ae81e9150
[INFO] running `Command { std: "docker" "create" "-v" "/var/lib/crater-agent-workspace/builds/worker-6-tc1/target:/opt/rustwide/target:rw,Z" "-v" "/var/lib/crater-agent-workspace/builds/worker-6-tc1/source:/opt/rustwide/workdir:ro,Z" "-v" "/var/lib/crater-agent-workspace/cargo-home:/opt/rustwide/cargo-home:ro,Z" "-v" "/var/lib/crater-agent-workspace/rustup-home:/opt/rustwide/rustup-home:ro,Z" "-e" "SOURCE_DIR=/opt/rustwide/workdir" "-e" "CARGO_TARGET_DIR=/opt/rustwide/target" "-e" "CARGO_INCREMENTAL=0" "-e" "RUST_BACKTRACE=full" "-e" "RUSTFLAGS=--cap-lints=forbid" "-e" "RUSTDOCFLAGS=--cap-lints=forbid" "-e" "CARGO_HOME=/opt/rustwide/cargo-home" "-e" "RUSTUP_HOME=/opt/rustwide/rustup-home" "-w" "/opt/rustwide/workdir" "-m" "1610612736" "--user" "0:0" "--network" "none" "ghcr.io/rust-lang/crates-build-env/linux@sha256:2788e3201cd34a07e3172128adcd8b3090168a8e3bcc40d7c032b9dda1df7d1c" "/opt/rustwide/cargo-home/bin/cargo" "+nightly-2024-02-05" "check" "--frozen" "--all" "--all-targets" "--message-format=json", kill_on_drop: false }`
[INFO] [stdout] f2346dc3cd19aed8e52aba6f5c2b3861dbbbe861ee0695bd52424a04669bee46
[INFO] running `Command { std: "docker" "start" "-a" "f2346dc3cd19aed8e52aba6f5c2b3861dbbbe861ee0695bd52424a04669bee46", kill_on_drop: false }`
[INFO] [stderr]    Compiling ptr v0.2.3
[INFO] [stderr]     Checking loca v0.7.4
[INFO] [stderr]     Checking default_allocator v0.3.0 (/opt/rustwide/workdir)
[INFO] [stdout] error: attributes starting with `rustc` are reserved for use by the `rustc` compiler
[INFO] [stdout]   --> src/lib.rs:22:46
[INFO] [stdout]    |
[INFO] [stdout] 22 |     #[cfg_attr(not(feature = "stable-rust"), rustc_allocator_nounwind)]
[INFO] [stdout]    |                                              ^^^^^^^^^^^^^^^^^^^^^^^^
[INFO] [stdout] 
[INFO] [stdout] 
[INFO] [stdout] error: attributes starting with `rustc` are reserved for use by the `rustc` compiler
[INFO] [stdout]   --> src/lib.rs:24:46
[INFO] [stdout]    |
[INFO] [stdout] 24 |     #[cfg_attr(not(feature = "stable-rust"), rustc_allocator_nounwind)]
[INFO] [stdout]    |                                              ^^^^^^^^^^^^^^^^^^^^^^^^
[INFO] [stdout] 
[INFO] [stdout] 
[INFO] [stdout] error: attributes starting with `rustc` are reserved for use by the `rustc` compiler
[INFO] [stdout]   --> src/lib.rs:26:46
[INFO] [stdout]    |
[INFO] [stdout] 26 |     #[cfg_attr(not(feature = "stable-rust"), rustc_allocator_nounwind)]
[INFO] [stdout]    |                                              ^^^^^^^^^^^^^^^^^^^^^^^^
[INFO] [stdout] 
[INFO] [stdout] 
[INFO] [stdout] error: attributes starting with `rustc` are reserved for use by the `rustc` compiler
[INFO] [stdout]   --> src/lib.rs:31:46
[INFO] [stdout]    |
[INFO] [stdout] 31 |     #[cfg_attr(not(feature = "stable-rust"), rustc_allocator_nounwind)]
[INFO] [stdout]    |                                              ^^^^^^^^^^^^^^^^^^^^^^^^
[INFO] [stdout] 
[INFO] [stdout] 
[INFO] [stdout] error: attributes starting with `rustc` are reserved for use by the `rustc` compiler
[INFO] [stdout]   --> src/lib.rs:33:46
[INFO] [stdout]    |
[INFO] [stdout] 33 |     #[cfg_attr(not(feature = "stable-rust"), rustc_allocator_nounwind)]
[INFO] [stdout]    |                                              ^^^^^^^^^^^^^^^^^^^^^^^^
[INFO] [stdout] 
[INFO] [stdout] 
[INFO] [stdout] error: attributes starting with `rustc` are reserved for use by the `rustc` compiler
[INFO] [stdout]   --> src/lib.rs:38:46
[INFO] [stdout]    |
[INFO] [stdout] 38 |     #[cfg_attr(not(feature = "stable-rust"), rustc_allocator_nounwind)]
[INFO] [stdout]    |                                              ^^^^^^^^^^^^^^^^^^^^^^^^
[INFO] [stdout] 
[INFO] [stdout] 
[INFO] [stdout] error: attributes starting with `rustc` are reserved for use by the `rustc` compiler
[INFO] [stdout]   --> src/lib.rs:22:46
[INFO] [stdout]    |
[INFO] [stdout] 22 |     #[cfg_attr(not(feature = "stable-rust"), rustc_allocator_nounwind)]
[INFO] [stdout]    |                                              ^^^^^^^^^^^^^^^^^^^^^^^^
[INFO] [stdout] 
[INFO] [stdout] 
[INFO] [stdout] error: attributes starting with `rustc` are reserved for use by the `rustc` compiler
[INFO] [stdout]   --> src/lib.rs:24:46
[INFO] [stdout]    |
[INFO] [stdout] 24 |     #[cfg_attr(not(feature = "stable-rust"), rustc_allocator_nounwind)]
[INFO] [stdout]    |                                              ^^^^^^^^^^^^^^^^^^^^^^^^
[INFO] [stdout] 
[INFO] [stdout] 
[INFO] [stdout] error: attributes starting with `rustc` are reserved for use by the `rustc` compiler
[INFO] [stdout]   --> src/lib.rs:26:46
[INFO] [stdout]    |
[INFO] [stdout] 26 |     #[cfg_attr(not(feature = "stable-rust"), rustc_allocator_nounwind)]
[INFO] [stdout]    |                                              ^^^^^^^^^^^^^^^^^^^^^^^^
[INFO] [stdout] 
[INFO] [stdout] 
[INFO] [stdout] error: attributes starting with `rustc` are reserved for use by the `rustc` compiler
[INFO] [stdout]   --> src/lib.rs:31:46
[INFO] [stdout]    |
[INFO] [stdout] 31 |     #[cfg_attr(not(feature = "stable-rust"), rustc_allocator_nounwind)]
[INFO] [stdout]    |                                              ^^^^^^^^^^^^^^^^^^^^^^^^
[INFO] [stdout] 
[INFO] [stdout] 
[INFO] [stdout] error: attributes starting with `rustc` are reserved for use by the `rustc` compiler
[INFO] [stdout]   --> src/lib.rs:33:46
[INFO] [stdout]    |
[INFO] [stdout] 33 |     #[cfg_attr(not(feature = "stable-rust"), rustc_allocator_nounwind)]
[INFO] [stdout]    |                                              ^^^^^^^^^^^^^^^^^^^^^^^^
[INFO] [stdout] 
[INFO] [stdout] 
[INFO] [stdout] error: attributes starting with `rustc` are reserved for use by the `rustc` compiler
[INFO] [stdout]   --> src/lib.rs:38:46
[INFO] [stdout]    |
[INFO] [stdout] 38 |     #[cfg_attr(not(feature = "stable-rust"), rustc_allocator_nounwind)]
[INFO] [stdout]    |                                              ^^^^^^^^^^^^^^^^^^^^^^^^
[INFO] [stdout] 
[INFO] [stdout] 
[INFO] [stdout] error: cannot find attribute `rustc_allocator_nounwind` in this scope
[INFO] [stdout]   --> src/lib.rs:22:46
[INFO] [stdout]    |
[INFO] [stdout] 22 |     #[cfg_attr(not(feature = "stable-rust"), rustc_allocator_nounwind)]
[INFO] [stdout]    |                                              ^^^^^^^^^^^^^^^^^^^^^^^^ help: a built-in attribute with a similar name exists: `rustc_allocator_zeroed`
[INFO] [stdout] 
[INFO] [stdout] 
[INFO] [stdout] error: cannot find attribute `rustc_allocator_nounwind` in this scope
[INFO] [stdout]   --> src/lib.rs:24:46
[INFO] [stdout]    |
[INFO] [stdout] 24 |     #[cfg_attr(not(feature = "stable-rust"), rustc_allocator_nounwind)]
[INFO] [stdout]    |                                              ^^^^^^^^^^^^^^^^^^^^^^^^ help: a built-in attribute with a similar name exists: `rustc_allocator_zeroed`
[INFO] [stdout] 
[INFO] [stdout] 
[INFO] [stdout] error: cannot find attribute `rustc_allocator_nounwind` in this scope
[INFO] [stdout]   --> src/lib.rs:22:46
[INFO] [stdout]    |
[INFO] [stdout] 22 |     #[cfg_attr(not(feature = "stable-rust"), rustc_allocator_nounwind)]
[INFO] [stdout]    |                                              ^^^^^^^^^^^^^^^^^^^^^^^^ help: a built-in attribute with a similar name exists: `rustc_allocator_zeroed`
[INFO] [stdout] 
[INFO] [stdout] 
[INFO] [stdout] error: cannot find attribute `rustc_allocator_nounwind` in this scope
[INFO] [stdout]   --> src/lib.rs:24:46
[INFO] [stdout]    |
[INFO] [stdout] 24 |     #[cfg_attr(not(feature = "stable-rust"), rustc_allocator_nounwind)]
[INFO] [stdout]    |                                              ^^^^^^^^^^^^^^^^^^^^^^^^ help: a built-in attribute with a similar name exists: `rustc_allocator_zeroed`
[INFO] [stdout] 
[INFO] [stdout] 
[INFO] [stdout] error: cannot find attribute `rustc_allocator_nounwind` in this scope
[INFO] [stdout]   --> src/lib.rs:26:46
[INFO] [stdout]    |
[INFO] [stdout] 26 |     #[cfg_attr(not(feature = "stable-rust"), rustc_allocator_nounwind)]
[INFO] [stdout]    |                                              ^^^^^^^^^^^^^^^^^^^^^^^^ help: a built-in attribute with a similar name exists: `rustc_allocator_zeroed`
[INFO] [stdout] 
[INFO] [stdout] 
[INFO] [stdout] error: cannot find attribute `rustc_allocator_nounwind` in this scope
[INFO] [stdout]   --> src/lib.rs:26:46
[INFO] [stdout]    |
[INFO] [stdout] 26 |     #[cfg_attr(not(feature = "stable-rust"), rustc_allocator_nounwind)]
[INFO] [stdout]    |                                              ^^^^^^^^^^^^^^^^^^^^^^^^ help: a built-in attribute with a similar name exists: `rustc_allocator_zeroed`
[INFO] [stdout] 
[INFO] [stdout] 
[INFO] [stdout] error: cannot find attribute `rustc_allocator_nounwind` in this scope
[INFO] [stdout]   --> src/lib.rs:31:46
[INFO] [stdout]    |
[INFO] [stdout] 31 |     #[cfg_attr(not(feature = "stable-rust"), rustc_allocator_nounwind)]
[INFO] [stdout]    |                                              ^^^^^^^^^^^^^^^^^^^^^^^^ help: a built-in attribute with a similar name exists: `rustc_allocator_zeroed`
[INFO] [stdout] 
[INFO] [stdout] 
[INFO] [stdout] error: cannot find attribute `rustc_allocator_nounwind` in this scope
[INFO] [stdout]   --> src/lib.rs:31:46
[INFO] [stdout]    |
[INFO] [stdout] 31 |     #[cfg_attr(not(feature = "stable-rust"), rustc_allocator_nounwind)]
[INFO] [stdout]    |                                              ^^^^^^^^^^^^^^^^^^^^^^^^ help: a built-in attribute with a similar name exists: `rustc_allocator_zeroed`
[INFO] [stdout] 
[INFO] [stdout] 
[INFO] [stdout] error: cannot find attribute `rustc_allocator_nounwind` in this scope
[INFO] [stdout]   --> src/lib.rs:33:46
[INFO] [stdout]    |
[INFO] [stdout] 33 |     #[cfg_attr(not(feature = "stable-rust"), rustc_allocator_nounwind)]
[INFO] [stdout]    |                                              ^^^^^^^^^^^^^^^^^^^^^^^^ help: a built-in attribute with a similar name exists: `rustc_allocator_zeroed`
[INFO] [stdout] 
[INFO] [stdout] 
[INFO] [stdout] error: cannot find attribute `rustc_allocator_nounwind` in this scope
[INFO] [stdout]   --> src/lib.rs:33:46
[INFO] [stdout]    |
[INFO] [stdout] 33 |     #[cfg_attr(not(feature = "stable-rust"), rustc_allocator_nounwind)]
[INFO] [stdout]    |                                              ^^^^^^^^^^^^^^^^^^^^^^^^ help: a built-in attribute with a similar name exists: `rustc_allocator_zeroed`
[INFO] [stdout] 
[INFO] [stdout] 
[INFO] [stdout] error: cannot find attribute `rustc_allocator_nounwind` in this scope
[INFO] [stdout]   --> src/lib.rs:38:46
[INFO] [stdout]    |
[INFO] [stdout] 38 |     #[cfg_attr(not(feature = "stable-rust"), rustc_allocator_nounwind)]
[INFO] [stdout]    |                                              ^^^^^^^^^^^^^^^^^^^^^^^^ help: a built-in attribute with a similar name exists: `rustc_allocator_zeroed`
[INFO] [stdout] 
[INFO] [stdout] 
[INFO] [stdout] error: cannot find attribute `rustc_allocator_nounwind` in this scope
[INFO] [stdout]   --> src/lib.rs:38:46
[INFO] [stdout]    |
[INFO] [stdout] 38 |     #[cfg_attr(not(feature = "stable-rust"), rustc_allocator_nounwind)]
[INFO] [stdout]    |                                              ^^^^^^^^^^^^^^^^^^^^^^^^ help: a built-in attribute with a similar name exists: `rustc_allocator_zeroed`
[INFO] [stdout] 
[INFO] [stdout] 
[INFO] [stdout] warning: the feature `rustc_attrs` is internal to the compiler or standard library
[INFO] [stdout]   --> src/lib.rs:13:51
[INFO] [stdout]    |
[INFO] [stdout] 13 | #![cfg_attr(not(feature = "stable-rust"), feature(rustc_attrs))]
[INFO] [stdout]    |                                                   ^^^^^^^^^^^
[INFO] [stdout]    |
[INFO] [stdout]    = note: using it is strongly discouraged
[INFO] [stdout]    = note: `#[warn(internal_features)]` on by default
[INFO] [stdout] 
[INFO] [stdout] 
[INFO] [stdout] warning: the item `Ord` is imported redundantly
[INFO] [stdout]   --> src/lib.rs:76:13
[INFO] [stdout]    |
[INFO] [stdout] 76 |         use ::core::cmp::Ord;
[INFO] [stdout]    |             ^^^^^^^^^^^^^^^^
[INFO] [stdout]   --> /rustc/268dbbbc4b3fd71c5f360a4d0728295252430b5b/library/core/src/prelude/mod.rs:18:13
[INFO] [stdout]    |
[INFO] [stdout]    = note: the item `Ord` is already defined here
[INFO] [stdout]    |
[INFO] [stdout]    = note: `#[warn(unused_imports)]` on by default
[INFO] [stdout] 
[INFO] [stdout] 
[INFO] [stdout] warning: the feature `rustc_attrs` is internal to the compiler or standard library
[INFO] [stdout]   --> src/lib.rs:13:51
[INFO] [stdout]    |
[INFO] [stdout] 13 | #![cfg_attr(not(feature = "stable-rust"), feature(rustc_attrs))]
[INFO] [stdout]    |                                                   ^^^^^^^^^^^
[INFO] [stdout]    |
[INFO] [stdout]    = note: using it is strongly discouraged
[INFO] [stdout]    = note: `#[warn(internal_features)]` on by default
[INFO] [stdout] 
[INFO] [stdout] 
[INFO] [stdout] warning: the item `Ord` is imported redundantly
[INFO] [stdout]   --> src/lib.rs:76:13
[INFO] [stdout]    |
[INFO] [stdout] 76 |         use ::core::cmp::Ord;
[INFO] [stdout]    |             ^^^^^^^^^^^^^^^^
[INFO] [stdout]   --> /rustc/268dbbbc4b3fd71c5f360a4d0728295252430b5b/library/core/src/prelude/mod.rs:18:13
[INFO] [stdout]    |
[INFO] [stdout]    = note: the item `Ord` is already defined here
[INFO] [stdout]    |
[INFO] [stdout]    = note: `#[warn(unused_imports)]` on by default
[INFO] [stdout] 
[INFO] [stdout] 
[INFO] [stdout] error: aborting due to 12 previous errors; 2 warnings emitted
[INFO] [stdout] 
[INFO] [stdout] 
[INFO] [stdout] error[E0658]: use of unstable library feature 'non_null_convenience'
[INFO] [stdout]   --> src/lib.rs:96:27
[INFO] [stdout]    |
[INFO] [stdout] 96 |             let end = ptr.offset(layout.size() as isize);
[INFO] [stdout]    |                           ^^^^^^
[INFO] [stdout]    |
[INFO] [stdout]    = note: see issue #117691 <https://github.com/rust-lang/rust/issues/117691> for more information
[INFO] [stdout]    = help: add `#![feature(non_null_convenience)]` to the crate attributes to enable
[INFO] [stdout]    = note: this compiler was built on 2024-02-04; consider upgrading it if it is out of date
[INFO] [stdout] 
[INFO] [stdout] 
[INFO] [stderr] error: could not compile `default_allocator` (lib) due to 13 previous errors; 2 warnings emitted
[INFO] [stderr] warning: build failed, waiting for other jobs to finish...
[INFO] [stdout] error[E0614]: type `NonNull<u8>` cannot be dereferenced
[INFO] [stdout]   --> src/lib.rs:99:28
[INFO] [stdout]    |
[INFO] [stdout] 99 |                 assert_eq!(*i, 0);
[INFO] [stdout]    |                            ^^
[INFO] [stdout] 
[INFO] [stdout] 
[INFO] [stdout] error[E0658]: use of unstable library feature 'non_null_convenience'
[INFO] [stdout]    --> src/lib.rs:100:23
[INFO] [stdout]     |
[INFO] [stdout] 100 |                 i = i.offset(1);
[INFO] [stdout]     |                       ^^^^^^
[INFO] [stdout]     |
[INFO] [stdout]     = note: see issue #117691 <https://github.com/rust-lang/rust/issues/117691> for more information
[INFO] [stdout]     = help: add `#![feature(non_null_convenience)]` to the crate attributes to enable
[INFO] [stdout]     = note: this compiler was built on 2024-02-04; consider upgrading it if it is out of date
[INFO] [stdout] 
[INFO] [stdout] 
[INFO] [stdout] error: aborting due to 15 previous errors; 2 warnings emitted
[INFO] [stdout] 
[INFO] [stdout] 
[INFO] [stdout] Some errors have detailed explanations: E0614, E0658.
[INFO] [stdout] 
[INFO] [stdout] For more information about an error, try `rustc --explain E0614`.
[INFO] [stdout] 
[INFO] [stderr] error: could not compile `default_allocator` (lib test) due to 16 previous errors; 2 warnings emitted
[INFO] running `Command { std: "docker" "inspect" "f2346dc3cd19aed8e52aba6f5c2b3861dbbbe861ee0695bd52424a04669bee46", kill_on_drop: false }`
[INFO] running `Command { std: "docker" "rm" "-f" "f2346dc3cd19aed8e52aba6f5c2b3861dbbbe861ee0695bd52424a04669bee46", kill_on_drop: false }`
[INFO] [stdout] f2346dc3cd19aed8e52aba6f5c2b3861dbbbe861ee0695bd52424a04669bee46
[INFO] checking default_allocator-0.3.0 against nightly-2024-02-05+rustflags=-Dunexpected_cfgs+cargoflags=-Zcheck-cfg for check-cfg
[INFO] extracting crate default_allocator 0.3.0 into /workspace/builds/worker-6-tc2/source
[INFO] validating manifest of crates.io crate default_allocator 0.3.0 on toolchain nightly-2024-02-05
[INFO] running `Command { std: CARGO_HOME="/workspace/cargo-home" RUSTUP_HOME="/workspace/rustup-home" "/workspace/cargo-home/bin/cargo" "+nightly-2024-02-05" "metadata" "--manifest-path" "Cargo.toml" "--no-deps", kill_on_drop: false }`
[INFO] started tweaking crates.io crate default_allocator 0.3.0
[INFO] finished tweaking crates.io crate default_allocator 0.3.0
[INFO] tweaked toml for crates.io crate default_allocator 0.3.0 written to /workspace/builds/worker-6-tc2/source/Cargo.toml
[INFO] running `Command { std: CARGO_HOME="/workspace/cargo-home" RUSTUP_HOME="/workspace/rustup-home" "/workspace/cargo-home/bin/cargo" "+nightly-2024-02-05" "generate-lockfile" "--manifest-path" "Cargo.toml", kill_on_drop: false }`
[INFO] [stderr]     Updating crates.io index
[INFO] running `Command { std: CARGO_HOME="/workspace/cargo-home" RUSTUP_HOME="/workspace/rustup-home" "/workspace/cargo-home/bin/cargo" "+nightly-2024-02-05" "fetch" "--manifest-path" "Cargo.toml", kill_on_drop: false }`
[INFO] running `Command { std: "docker" "create" "-v" "/var/lib/crater-agent-workspace/builds/worker-6-tc2/target:/opt/rustwide/target:rw,Z" "-v" "/var/lib/crater-agent-workspace/builds/worker-6-tc2/source:/opt/rustwide/workdir:ro,Z" "-v" "/var/lib/crater-agent-workspace/cargo-home:/opt/rustwide/cargo-home:ro,Z" "-v" "/var/lib/crater-agent-workspace/rustup-home:/opt/rustwide/rustup-home:ro,Z" "-e" "SOURCE_DIR=/opt/rustwide/workdir" "-e" "CARGO_TARGET_DIR=/opt/rustwide/target" "-e" "CARGO_HOME=/opt/rustwide/cargo-home" "-e" "RUSTUP_HOME=/opt/rustwide/rustup-home" "-w" "/opt/rustwide/workdir" "-m" "1610612736" "--user" "0:0" "--network" "none" "ghcr.io/rust-lang/crates-build-env/linux@sha256:2788e3201cd34a07e3172128adcd8b3090168a8e3bcc40d7c032b9dda1df7d1c" "/opt/rustwide/cargo-home/bin/cargo" "+nightly-2024-02-05" "metadata" "--no-deps" "--format-version=1", kill_on_drop: false }`
[INFO] [stdout] c0ce3f52bd730301d841132d8c4c212d8e557c767d51948dfbac905def6d3086
[INFO] running `Command { std: "docker" "start" "-a" "c0ce3f52bd730301d841132d8c4c212d8e557c767d51948dfbac905def6d3086", kill_on_drop: false }`
[INFO] running `Command { std: "docker" "inspect" "c0ce3f52bd730301d841132d8c4c212d8e557c767d51948dfbac905def6d3086", kill_on_drop: false }`
[INFO] running `Command { std: "docker" "rm" "-f" "c0ce3f52bd730301d841132d8c4c212d8e557c767d51948dfbac905def6d3086", kill_on_drop: false }`
[INFO] [stdout] c0ce3f52bd730301d841132d8c4c212d8e557c767d51948dfbac905def6d3086
[INFO] running `Command { std: "docker" "create" "-v" "/var/lib/crater-agent-workspace/builds/worker-6-tc2/target:/opt/rustwide/target:rw,Z" "-v" "/var/lib/crater-agent-workspace/builds/worker-6-tc2/source:/opt/rustwide/workdir:ro,Z" "-v" "/var/lib/crater-agent-workspace/cargo-home:/opt/rustwide/cargo-home:ro,Z" "-v" "/var/lib/crater-agent-workspace/rustup-home:/opt/rustwide/rustup-home:ro,Z" "-e" "SOURCE_DIR=/opt/rustwide/workdir" "-e" "CARGO_TARGET_DIR=/opt/rustwide/target" "-e" "CARGO_INCREMENTAL=0" "-e" "RUST_BACKTRACE=full" "-e" "RUSTFLAGS=--cap-lints=forbid -Dunexpected_cfgs" "-e" "RUSTDOCFLAGS=--cap-lints=forbid" "-e" "CARGO_HOME=/opt/rustwide/cargo-home" "-e" "RUSTUP_HOME=/opt/rustwide/rustup-home" "-w" "/opt/rustwide/workdir" "-m" "1610612736" "--user" "0:0" "--network" "none" "ghcr.io/rust-lang/crates-build-env/linux@sha256:2788e3201cd34a07e3172128adcd8b3090168a8e3bcc40d7c032b9dda1df7d1c" "/opt/rustwide/cargo-home/bin/cargo" "+nightly-2024-02-05" "check" "--frozen" "--all" "--all-targets" "--message-format=json" "-Zcheck-cfg", kill_on_drop: false }`
[INFO] [stdout] 8612e827052c08b22195f65d3c9f6d83c25ffd32906de46ab22b7a6be47e13c6
[INFO] running `Command { std: "docker" "start" "-a" "8612e827052c08b22195f65d3c9f6d83c25ffd32906de46ab22b7a6be47e13c6", kill_on_drop: false }`
[INFO] [stderr]    Compiling ptr v0.2.3
[INFO] [stderr]     Checking loca v0.7.4
[INFO] [stderr]     Checking default_allocator v0.3.0 (/opt/rustwide/workdir)
[INFO] [stdout] error: attributes starting with `rustc` are reserved for use by the `rustc` compiler
[INFO] [stdout]   --> src/lib.rs:22:46
[INFO] [stdout]    |
[INFO] [stdout] 22 |     #[cfg_attr(not(feature = "stable-rust"), rustc_allocator_nounwind)]
[INFO] [stdout]    |                                              ^^^^^^^^^^^^^^^^^^^^^^^^
[INFO] [stdout] 
[INFO] [stdout] 
[INFO] [stdout] error: attributes starting with `rustc` are reserved for use by the `rustc` compiler
[INFO] [stdout]   --> src/lib.rs:24:46
[INFO] [stdout]    |
[INFO] [stdout] 24 |     #[cfg_attr(not(feature = "stable-rust"), rustc_allocator_nounwind)]
[INFO] [stdout]    |                                              ^^^^^^^^^^^^^^^^^^^^^^^^
[INFO] [stdout] 
[INFO] [stdout] 
[INFO] [stdout] error: attributes starting with `rustc` are reserved for use by the `rustc` compiler
[INFO] [stdout]   --> src/lib.rs:26:46
[INFO] [stdout]    |
[INFO] [stdout] 26 |     #[cfg_attr(not(feature = "stable-rust"), rustc_allocator_nounwind)]
[INFO] [stdout]    |                                              ^^^^^^^^^^^^^^^^^^^^^^^^
[INFO] [stdout] 
[INFO] [stdout] 
[INFO] [stdout] error: attributes starting with `rustc` are reserved for use by the `rustc` compiler
[INFO] [stdout]   --> src/lib.rs:31:46
[INFO] [stdout]    |
[INFO] [stdout] 31 |     #[cfg_attr(not(feature = "stable-rust"), rustc_allocator_nounwind)]
[INFO] [stdout]    |                                              ^^^^^^^^^^^^^^^^^^^^^^^^
[INFO] [stdout] 
[INFO] [stdout] 
[INFO] [stdout] error: attributes starting with `rustc` are reserved for use by the `rustc` compiler
[INFO] [stdout]   --> src/lib.rs:33:46
[INFO] [stdout]    |
[INFO] [stdout] 33 |     #[cfg_attr(not(feature = "stable-rust"), rustc_allocator_nounwind)]
[INFO] [stdout]    |                                              ^^^^^^^^^^^^^^^^^^^^^^^^
[INFO] [stdout] 
[INFO] [stdout] 
[INFO] [stdout] error: attributes starting with `rustc` are reserved for use by the `rustc` compiler
[INFO] [stdout]   --> src/lib.rs:38:46
[INFO] [stdout]    |
[INFO] [stdout] 38 |     #[cfg_attr(not(feature = "stable-rust"), rustc_allocator_nounwind)]
[INFO] [stdout]    |                                              ^^^^^^^^^^^^^^^^^^^^^^^^
[INFO] [stdout] 
[INFO] [stdout] 
[INFO] [stdout] error: attributes starting with `rustc` are reserved for use by the `rustc` compiler
[INFO] [stdout]   --> src/lib.rs:22:46
[INFO] [stdout]    |
[INFO] [stdout] 22 |     #[cfg_attr(not(feature = "stable-rust"), rustc_allocator_nounwind)]
[INFO] [stdout]    |                                              ^^^^^^^^^^^^^^^^^^^^^^^^
[INFO] [stdout] 
[INFO] [stdout] 
[INFO] [stdout] error: attributes starting with `rustc` are reserved for use by the `rustc` compiler
[INFO] [stdout]   --> src/lib.rs:24:46
[INFO] [stdout]    |
[INFO] [stdout] 24 |     #[cfg_attr(not(feature = "stable-rust"), rustc_allocator_nounwind)]
[INFO] [stdout]    |                                              ^^^^^^^^^^^^^^^^^^^^^^^^
[INFO] [stdout] 
[INFO] [stdout] 
[INFO] [stdout] error: attributes starting with `rustc` are reserved for use by the `rustc` compiler
[INFO] [stdout]   --> src/lib.rs:26:46
[INFO] [stdout]    |
[INFO] [stdout] 26 |     #[cfg_attr(not(feature = "stable-rust"), rustc_allocator_nounwind)]
[INFO] [stdout]    |                                              ^^^^^^^^^^^^^^^^^^^^^^^^
[INFO] [stdout] 
[INFO] [stdout] 
[INFO] [stdout] error: attributes starting with `rustc` are reserved for use by the `rustc` compiler
[INFO] [stdout]   --> src/lib.rs:31:46
[INFO] [stdout]    |
[INFO] [stdout] 31 |     #[cfg_attr(not(feature = "stable-rust"), rustc_allocator_nounwind)]
[INFO] [stdout]    |                                              ^^^^^^^^^^^^^^^^^^^^^^^^
[INFO] [stdout] 
[INFO] [stdout] 
[INFO] [stdout] error: attributes starting with `rustc` are reserved for use by the `rustc` compiler
[INFO] [stdout]   --> src/lib.rs:33:46
[INFO] [stdout]    |
[INFO] [stdout] 33 |     #[cfg_attr(not(feature = "stable-rust"), rustc_allocator_nounwind)]
[INFO] [stdout]    |                                              ^^^^^^^^^^^^^^^^^^^^^^^^
[INFO] [stdout] 
[INFO] [stdout] 
[INFO] [stdout] error: attributes starting with `rustc` are reserved for use by the `rustc` compiler
[INFO] [stdout]   --> src/lib.rs:38:46
[INFO] [stdout]    |
[INFO] [stdout] 38 |     #[cfg_attr(not(feature = "stable-rust"), rustc_allocator_nounwind)]
[INFO] [stdout]    |                                              ^^^^^^^^^^^^^^^^^^^^^^^^
[INFO] [stdout] 
[INFO] [stdout] 
[INFO] [stdout] error: cannot find attribute `rustc_allocator_nounwind` in this scope
[INFO] [stdout]   --> src/lib.rs:22:46
[INFO] [stdout]    |
[INFO] [stdout] 22 |     #[cfg_attr(not(feature = "stable-rust"), rustc_allocator_nounwind)]
[INFO] [stdout]    |                                              ^^^^^^^^^^^^^^^^^^^^^^^^ help: a built-in attribute with a similar name exists: `rustc_allocator_zeroed`
[INFO] [stdout] 
[INFO] [stdout] 
[INFO] [stdout] error: cannot find attribute `rustc_allocator_nounwind` in this scope
[INFO] [stdout]   --> src/lib.rs:24:46
[INFO] [stdout]    |
[INFO] [stdout] 24 |     #[cfg_attr(not(feature = "stable-rust"), rustc_allocator_nounwind)]
[INFO] [stdout]    |                                              ^^^^^^^^^^^^^^^^^^^^^^^^ help: a built-in attribute with a similar name exists: `rustc_allocator_zeroed`
[INFO] [stdout] 
[INFO] [stdout] 
[INFO] [stdout] error: cannot find attribute `rustc_allocator_nounwind` in this scope
[INFO] [stdout]   --> src/lib.rs:26:46
[INFO] [stdout]    |
[INFO] [stdout] 26 |     #[cfg_attr(not(feature = "stable-rust"), rustc_allocator_nounwind)]
[INFO] [stdout]    |                                              ^^^^^^^^^^^^^^^^^^^^^^^^ help: a built-in attribute with a similar name exists: `rustc_allocator_zeroed`
[INFO] [stdout] 
[INFO] [stdout] 
[INFO] [stdout] error: cannot find attribute `rustc_allocator_nounwind` in this scope
[INFO] [stdout]   --> src/lib.rs:31:46
[INFO] [stdout]    |
[INFO] [stdout] 31 |     #[cfg_attr(not(feature = "stable-rust"), rustc_allocator_nounwind)]
[INFO] [stdout]    |                                              ^^^^^^^^^^^^^^^^^^^^^^^^ help: a built-in attribute with a similar name exists: `rustc_allocator_zeroed`
[INFO] [stdout] 
[INFO] [stdout] 
[INFO] [stdout] error: cannot find attribute `rustc_allocator_nounwind` in this scope
[INFO] [stdout]   --> src/lib.rs:22:46
[INFO] [stdout]    |
[INFO] [stdout] 22 |     #[cfg_attr(not(feature = "stable-rust"), rustc_allocator_nounwind)]
[INFO] [stdout]    |                                              ^^^^^^^^^^^^^^^^^^^^^^^^ help: a built-in attribute with a similar name exists: `rustc_allocator_zeroed`
[INFO] [stdout] 
[INFO] [stdout] 
[INFO] [stdout] error: cannot find attribute `rustc_allocator_nounwind` in this scope
[INFO] [stdout]   --> src/lib.rs:33:46
[INFO] [stdout]    |
[INFO] [stdout] 33 |     #[cfg_attr(not(feature = "stable-rust"), rustc_allocator_nounwind)]
[INFO] [stdout]    |                                              ^^^^^^^^^^^^^^^^^^^^^^^^ help: a built-in attribute with a similar name exists: `rustc_allocator_zeroed`
[INFO] [stdout] 
[INFO] [stdout] 
[INFO] [stdout] error: cannot find attribute `rustc_allocator_nounwind` in this scope
[INFO] [stdout]   --> src/lib.rs:24:46
[INFO] [stdout]    |
[INFO] [stdout] 24 |     #[cfg_attr(not(feature = "stable-rust"), rustc_allocator_nounwind)]
[INFO] [stdout]    |                                              ^^^^^^^^^^^^^^^^^^^^^^^^ help: a built-in attribute with a similar name exists: `rustc_allocator_zeroed`
[INFO] [stdout] 
[INFO] [stdout] 
[INFO] [stdout] error: cannot find attribute `rustc_allocator_nounwind` in this scope
[INFO] [stdout]   --> src/lib.rs:38:46
[INFO] [stdout]    |
[INFO] [stdout] 38 |     #[cfg_attr(not(feature = "stable-rust"), rustc_allocator_nounwind)]
[INFO] [stdout]    |                                              ^^^^^^^^^^^^^^^^^^^^^^^^ help: a built-in attribute with a similar name exists: `rustc_allocator_zeroed`
[INFO] [stdout] 
[INFO] [stdout] 
[INFO] [stdout] error: cannot find attribute `rustc_allocator_nounwind` in this scope
[INFO] [stdout]   --> src/lib.rs:26:46
[INFO] [stdout]    |
[INFO] [stdout] 26 |     #[cfg_attr(not(feature = "stable-rust"), rustc_allocator_nounwind)]
[INFO] [stdout]    |                                              ^^^^^^^^^^^^^^^^^^^^^^^^ help: a built-in attribute with a similar name exists: `rustc_allocator_zeroed`
[INFO] [stdout] 
[INFO] [stdout] 
[INFO] [stdout] error: unexpected `cfg` condition value: `stable-rust`
[INFO] [stdout]   --> src/lib.rs:13:17
[INFO] [stdout]    |
[INFO] [stdout] 13 | #![cfg_attr(not(feature = "stable-rust"), feature(rustc_attrs))]
[INFO] [stdout]    |                 ^^^^^^^^^^^^^^^^^^^^^^^ help: remove the condition
[INFO] [stdout]    |
[INFO] [stdout]    = note: no expected values for `feature`
[INFO] [stdout]    = help: consider adding `stable-rust` as a feature in `Cargo.toml`
[INFO] [stdout]    = note: see <https://doc.rust-lang.org/nightly/cargo/reference/unstable.html#check-cfg> for more information about checking conditional configuration
[INFO] [stdout]    = note: requested on the command line with `-D unexpected-cfgs`
[INFO] [stdout] 
[INFO] [stdout] 
[INFO] [stdout] error: cannot find attribute `rustc_allocator_nounwind` in this scope
[INFO] [stdout]   --> src/lib.rs:31:46
[INFO] [stdout]    |
[INFO] [stdout] 31 |     #[cfg_attr(not(feature = "stable-rust"), rustc_allocator_nounwind)]
[INFO] [stdout]    |                                              ^^^^^^^^^^^^^^^^^^^^^^^^ help: a built-in attribute with a similar name exists: `rustc_allocator_zeroed`
[INFO] [stdout] 
[INFO] [stdout] 
[INFO] [stdout] warning: the feature `rustc_attrs` is internal to the compiler or standard library
[INFO] [stdout]   --> src/lib.rs:13:51
[INFO] [stdout]    |
[INFO] [stdout] 13 | #![cfg_attr(not(feature = "stable-rust"), feature(rustc_attrs))]
[INFO] [stdout]    |                                                   ^^^^^^^^^^^
[INFO] [stdout]    |
[INFO] [stdout]    = note: using it is strongly discouraged
[INFO] [stdout]    = note: `#[warn(internal_features)]` on by default
[INFO] [stdout] 
[INFO] [stdout] 
[INFO] [stdout] error: unexpected `cfg` condition value: `stable-rust`
[INFO] [stdout]   --> src/lib.rs:22:20
[INFO] [stdout]    |
[INFO] [stdout] 22 |     #[cfg_attr(not(feature = "stable-rust"), rustc_allocator_nounwind)]
[INFO] [stdout]    |                    ^^^^^^^^^^^^^^^^^^^^^^^ help: remove the condition
[INFO] [stdout]    |
[INFO] [stdout]    = note: no expected values for `feature`
[INFO] [stdout]    = help: consider adding `stable-rust` as a feature in `Cargo.toml`
[INFO] [stdout]    = note: see <https://doc.rust-lang.org/nightly/cargo/reference/unstable.html#check-cfg> for more information about checking conditional configuration
[INFO] [stdout] 
[INFO] [stdout] 
[INFO] [stdout] error: unexpected `cfg` condition value: `stable-rust`
[INFO] [stdout]   --> src/lib.rs:24:20
[INFO] [stdout]    |
[INFO] [stdout] 24 |     #[cfg_attr(not(feature = "stable-rust"), rustc_allocator_nounwind)]
[INFO] [stdout]    |                    ^^^^^^^^^^^^^^^^^^^^^^^ help: remove the condition
[INFO] [stdout]    |
[INFO] [stdout]    = note: no expected values for `feature`
[INFO] [stdout]    = help: consider adding `stable-rust` as a feature in `Cargo.toml`
[INFO] [stdout]    = note: see <https://doc.rust-lang.org/nightly/cargo/reference/unstable.html#check-cfg> for more information about checking conditional configuration
[INFO] [stdout] 
[INFO] [stdout] 
[INFO] [stdout] error: unexpected `cfg` condition value: `stable-rust`
[INFO] [stdout]   --> src/lib.rs:26:20
[INFO] [stdout]    |
[INFO] [stdout] 26 |     #[cfg_attr(not(feature = "stable-rust"), rustc_allocator_nounwind)]
[INFO] [stdout]    |                    ^^^^^^^^^^^^^^^^^^^^^^^ help: remove the condition
[INFO] [stdout]    |
[INFO] [stdout]    = note: no expected values for `feature`
[INFO] [stdout]    = help: consider adding `stable-rust` as a feature in `Cargo.toml`
[INFO] [stdout]    = note: see <https://doc.rust-lang.org/nightly/cargo/reference/unstable.html#check-cfg> for more information about checking conditional configuration
[INFO] [stdout] 
[INFO] [stdout] 
[INFO] [stdout] error: unexpected `cfg` condition value: `stable-rust`
[INFO] [stdout]   --> src/lib.rs:31:20
[INFO] [stdout]    |
[INFO] [stdout] 31 |     #[cfg_attr(not(feature = "stable-rust"), rustc_allocator_nounwind)]
[INFO] [stdout]    |                    ^^^^^^^^^^^^^^^^^^^^^^^ help: remove the condition
[INFO] [stdout]    |
[INFO] [stdout]    = note: no expected values for `feature`
[INFO] [stdout]    = help: consider adding `stable-rust` as a feature in `Cargo.toml`
[INFO] [stdout]    = note: see <https://doc.rust-lang.org/nightly/cargo/reference/unstable.html#check-cfg> for more information about checking conditional configuration
[INFO] [stdout] 
[INFO] [stdout] 
[INFO] [stdout] error: unexpected `cfg` condition value: `stable-rust`
[INFO] [stdout]   --> src/lib.rs:33:20
[INFO] [stdout]    |
[INFO] [stdout] 33 |     #[cfg_attr(not(feature = "stable-rust"), rustc_allocator_nounwind)]
[INFO] [stdout]    |                    ^^^^^^^^^^^^^^^^^^^^^^^ help: remove the condition
[INFO] [stdout]    |
[INFO] [stdout]    = note: no expected values for `feature`
[INFO] [stdout]    = help: consider adding `stable-rust` as a feature in `Cargo.toml`
[INFO] [stdout]    = note: see <https://doc.rust-lang.org/nightly/cargo/reference/unstable.html#check-cfg> for more information about checking conditional configuration
[INFO] [stdout] 
[INFO] [stdout] 
[INFO] [stdout] error: unexpected `cfg` condition value: `stable-rust`
[INFO] [stdout]   --> src/lib.rs:38:20
[INFO] [stdout]    |
[INFO] [stdout] 38 |     #[cfg_attr(not(feature = "stable-rust"), rustc_allocator_nounwind)]
[INFO] [stdout]    |                    ^^^^^^^^^^^^^^^^^^^^^^^ help: remove the condition
[INFO] [stdout]    |
[INFO] [stdout]    = note: no expected values for `feature`
[INFO] [stdout]    = help: consider adding `stable-rust` as a feature in `Cargo.toml`
[INFO] [stdout]    = note: see <https://doc.rust-lang.org/nightly/cargo/reference/unstable.html#check-cfg> for more information about checking conditional configuration
[INFO] [stdout] 
[INFO] [stdout] 
[INFO] [stdout] error: cannot find attribute `rustc_allocator_nounwind` in this scope
[INFO] [stdout]   --> src/lib.rs:33:46
[INFO] [stdout]    |
[INFO] [stdout] 33 |     #[cfg_attr(not(feature = "stable-rust"), rustc_allocator_nounwind)]
[INFO] [stdout]    |                                              ^^^^^^^^^^^^^^^^^^^^^^^^ help: a built-in attribute with a similar name exists: `rustc_allocator_zeroed`
[INFO] [stdout] 
[INFO] [stdout] 
[INFO] [stdout] warning: the item `Ord` is imported redundantly
[INFO] [stdout]   --> src/lib.rs:76:13
[INFO] [stdout]    |
[INFO] [stdout] 76 |         use ::core::cmp::Ord;
[INFO] [stdout]    |             ^^^^^^^^^^^^^^^^
[INFO] [stdout]   --> /rustc/268dbbbc4b3fd71c5f360a4d0728295252430b5b/library/core/src/prelude/mod.rs:18:13
[INFO] [stdout]    |
[INFO] [stdout]    = note: the item `Ord` is already defined here
[INFO] [stdout]    |
[INFO] [stdout]    = note: `#[warn(unused_imports)]` on by default
[INFO] [stdout] 
[INFO] [stdout] 
[INFO] [stdout] error: cannot find attribute `rustc_allocator_nounwind` in this scope
[INFO] [stdout]   --> src/lib.rs:38:46
[INFO] [stdout]    |
[INFO] [stdout] 38 |     #[cfg_attr(not(feature = "stable-rust"), rustc_allocator_nounwind)]
[INFO] [stdout]    |                                              ^^^^^^^^^^^^^^^^^^^^^^^^ help: a built-in attribute with a similar name exists: `rustc_allocator_zeroed`
[INFO] [stdout] 
[INFO] [stdout] 
[INFO] [stdout] error: unexpected `cfg` condition value: `stable-rust`
[INFO] [stdout]   --> src/lib.rs:13:17
[INFO] [stdout]    |
[INFO] [stdout] 13 | #![cfg_attr(not(feature = "stable-rust"), feature(rustc_attrs))]
[INFO] [stdout]    |                 ^^^^^^^^^^^^^^^^^^^^^^^ help: remove the condition
[INFO] [stdout]    |
[INFO] [stdout]    = note: no expected values for `feature`
[INFO] [stdout]    = help: consider adding `stable-rust` as a feature in `Cargo.toml`
[INFO] [stdout]    = note: see <https://doc.rust-lang.org/nightly/cargo/reference/unstable.html#check-cfg> for more information about checking conditional configuration
[INFO] [stdout]    = note: requested on the command line with `-D unexpected-cfgs`
[INFO] [stdout] 
[INFO] [stdout] 
[INFO] [stdout] warning: the feature `rustc_attrs` is internal to the compiler or standard library
[INFO] [stdout]   --> src/lib.rs:13:51
[INFO] [stdout]    |
[INFO] [stdout] 13 | #![cfg_attr(not(feature = "stable-rust"), feature(rustc_attrs))]
[INFO] [stdout]    |                                                   ^^^^^^^^^^^
[INFO] [stdout]    |
[INFO] [stdout]    = note: using it is strongly discouraged
[INFO] [stdout]    = note: `#[warn(internal_features)]` on by default
[INFO] [stdout] 
[INFO] [stdout] 
[INFO] [stdout] error: unexpected `cfg` condition value: `stable-rust`
[INFO] [stdout]   --> src/lib.rs:22:20
[INFO] [stdout]    |
[INFO] [stdout] 22 |     #[cfg_attr(not(feature = "stable-rust"), rustc_allocator_nounwind)]
[INFO] [stdout]    |                    ^^^^^^^^^^^^^^^^^^^^^^^ help: remove the condition
[INFO] [stdout]    |
[INFO] [stdout]    = note: no expected values for `feature`
[INFO] [stdout]    = help: consider adding `stable-rust` as a feature in `Cargo.toml`
[INFO] [stdout]    = note: see <https://doc.rust-lang.org/nightly/cargo/reference/unstable.html#check-cfg> for more information about checking conditional configuration
[INFO] [stdout] 
[INFO] [stdout] 
[INFO] [stdout] error: unexpected `cfg` condition value: `stable-rust`
[INFO] [stdout]   --> src/lib.rs:24:20
[INFO] [stdout]    |
[INFO] [stdout] 24 |     #[cfg_attr(not(feature = "stable-rust"), rustc_allocator_nounwind)]
[INFO] [stdout]    |                    ^^^^^^^^^^^^^^^^^^^^^^^ help: remove the condition
[INFO] [stdout]    |
[INFO] [stdout]    = note: no expected values for `feature`
[INFO] [stdout]    = help: consider adding `stable-rust` as a feature in `Cargo.toml`
[INFO] [stdout]    = note: see <https://doc.rust-lang.org/nightly/cargo/reference/unstable.html#check-cfg> for more information about checking conditional configuration
[INFO] [stdout] 
[INFO] [stdout] 
[INFO] [stdout] error: unexpected `cfg` condition value: `stable-rust`
[INFO] [stdout]   --> src/lib.rs:26:20
[INFO] [stdout]    |
[INFO] [stdout] 26 |     #[cfg_attr(not(feature = "stable-rust"), rustc_allocator_nounwind)]
[INFO] [stdout]    |                    ^^^^^^^^^^^^^^^^^^^^^^^ help: remove the condition
[INFO] [stdout]    |
[INFO] [stdout]    = note: no expected values for `feature`
[INFO] [stdout]    = help: consider adding `stable-rust` as a feature in `Cargo.toml`
[INFO] [stdout]    = note: see <https://doc.rust-lang.org/nightly/cargo/reference/unstable.html#check-cfg> for more information about checking conditional configuration
[INFO] [stdout] 
[INFO] [stdout] 
[INFO] [stdout] error: unexpected `cfg` condition value: `stable-rust`
[INFO] [stdout]   --> src/lib.rs:31:20
[INFO] [stdout]    |
[INFO] [stdout] 31 |     #[cfg_attr(not(feature = "stable-rust"), rustc_allocator_nounwind)]
[INFO] [stdout]    |                    ^^^^^^^^^^^^^^^^^^^^^^^ help: remove the condition
[INFO] [stdout]    |
[INFO] [stdout]    = note: no expected values for `feature`
[INFO] [stdout]    = help: consider adding `stable-rust` as a feature in `Cargo.toml`
[INFO] [stdout]    = note: see <https://doc.rust-lang.org/nightly/cargo/reference/unstable.html#check-cfg> for more information about checking conditional configuration
[INFO] [stdout] 
[INFO] [stdout] 
[INFO] [stdout] error: unexpected `cfg` condition value: `stable-rust`
[INFO] [stdout]   --> src/lib.rs:33:20
[INFO] [stdout]    |
[INFO] [stdout] 33 |     #[cfg_attr(not(feature = "stable-rust"), rustc_allocator_nounwind)]
[INFO] [stdout]    |                    ^^^^^^^^^^^^^^^^^^^^^^^ help: remove the condition
[INFO] [stdout]    |
[INFO] [stdout]    = note: no expected values for `feature`
[INFO] [stdout]    = help: consider adding `stable-rust` as a feature in `Cargo.toml`
[INFO] [stdout]    = note: see <https://doc.rust-lang.org/nightly/cargo/reference/unstable.html#check-cfg> for more information about checking conditional configuration
[INFO] [stdout] 
[INFO] [stdout] 
[INFO] [stdout] error: unexpected `cfg` condition value: `stable-rust`
[INFO] [stdout]   --> src/lib.rs:38:20
[INFO] [stdout]    |
[INFO] [stdout] 38 |     #[cfg_attr(not(feature = "stable-rust"), rustc_allocator_nounwind)]
[INFO] [stdout]    |                    ^^^^^^^^^^^^^^^^^^^^^^^ help: remove the condition
[INFO] [stdout]    |
[INFO] [stdout]    = note: no expected values for `feature`
[INFO] [stdout]    = help: consider adding `stable-rust` as a feature in `Cargo.toml`
[INFO] [stdout]    = note: see <https://doc.rust-lang.org/nightly/cargo/reference/unstable.html#check-cfg> for more information about checking conditional configuration
[INFO] [stdout] 
[INFO] [stdout] 
[INFO] [stdout] warning: the item `Ord` is imported redundantly
[INFO] [stdout]   --> src/lib.rs:76:13
[INFO] [stdout]    |
[INFO] [stdout] 76 |         use ::core::cmp::Ord;
[INFO] [stdout]    |             ^^^^^^^^^^^^^^^^
[INFO] [stdout]   --> /rustc/268dbbbc4b3fd71c5f360a4d0728295252430b5b/library/core/src/prelude/mod.rs:18:13
[INFO] [stdout]    |
[INFO] [stdout]    = note: the item `Ord` is already defined here
[INFO] [stdout]    |
[INFO] [stdout]    = note: `#[warn(unused_imports)]` on by default
[INFO] [stdout] 
[INFO] [stdout] 
[INFO] [stdout] error: aborting due to 19 previous errors; 2 warnings emitted
[INFO] [stdout] 
[INFO] [stdout] 
[INFO] [stdout] error[E0658]: use of unstable library feature 'non_null_convenience'
[INFO] [stdout]   --> src/lib.rs:96:27
[INFO] [stdout]    |
[INFO] [stdout] 96 |             let end = ptr.offset(layout.size() as isize);
[INFO] [stdout]    |                           ^^^^^^
[INFO] [stdout]    |
[INFO] [stdout]    = note: see issue #117691 <https://github.com/rust-lang/rust/issues/117691> for more information
[INFO] [stdout]    = help: add `#![feature(non_null_convenience)]` to the crate attributes to enable
[INFO] [stdout]    = note: this compiler was built on 2024-02-04; consider upgrading it if it is out of date
[INFO] [stdout] 
[INFO] [stdout] 
[INFO] [stdout] error[E0614]: type `NonNull<u8>` cannot be dereferenced
[INFO] [stdout]   --> src/lib.rs:99:28
[INFO] [stdout]    |
[INFO] [stdout] 99 |                 assert_eq!(*i, 0);
[INFO] [stdout]    |                            ^^
[INFO] [stdout] 
[INFO] [stdout] 
[INFO] [stderr] error: could not compile `default_allocator` (lib) due to 20 previous errors; 2 warnings emitted
[INFO] [stderr] warning: build failed, waiting for other jobs to finish...
[INFO] [stdout] error[E0658]: use of unstable library feature 'non_null_convenience'
[INFO] [stdout]    --> src/lib.rs:100:23
[INFO] [stdout]     |
[INFO] [stdout] 100 |                 i = i.offset(1);
[INFO] [stdout]     |                       ^^^^^^
[INFO] [stdout]     |
[INFO] [stdout]     = note: see issue #117691 <https://github.com/rust-lang/rust/issues/117691> for more information
[INFO] [stdout]     = help: add `#![feature(non_null_convenience)]` to the crate attributes to enable
[INFO] [stdout]     = note: this compiler was built on 2024-02-04; consider upgrading it if it is out of date
[INFO] [stdout] 
[INFO] [stdout] 
[INFO] [stdout] error: aborting due to 22 previous errors; 2 warnings emitted
[INFO] [stdout] 
[INFO] [stdout] 
[INFO] [stdout] Some errors have detailed explanations: E0614, E0658.
[INFO] [stdout] 
[INFO] [stdout] For more information about an error, try `rustc --explain E0614`.
[INFO] [stdout] 
[INFO] [stderr] error: could not compile `default_allocator` (lib test) due to 23 previous errors; 2 warnings emitted
[INFO] running `Command { std: "docker" "inspect" "8612e827052c08b22195f65d3c9f6d83c25ffd32906de46ab22b7a6be47e13c6", kill_on_drop: false }`
[INFO] running `Command { std: "docker" "rm" "-f" "8612e827052c08b22195f65d3c9f6d83c25ffd32906de46ab22b7a6be47e13c6", kill_on_drop: false }`
[INFO] [stdout] 8612e827052c08b22195f65d3c9f6d83c25ffd32906de46ab22b7a6be47e13c6
