[INFO] fetching crate deep-danbooru 0.0.0...
[INFO] checking deep-danbooru-0.0.0 against nightly-2024-02-05 for check-cfg
[INFO] extracting crate deep-danbooru 0.0.0 into /workspace/builds/worker-1-tc1/source
[INFO] validating manifest of crates.io crate deep-danbooru 0.0.0 on toolchain nightly-2024-02-05
[INFO] running `Command { std: CARGO_HOME="/workspace/cargo-home" RUSTUP_HOME="/workspace/rustup-home" "/workspace/cargo-home/bin/cargo" "+nightly-2024-02-05" "metadata" "--manifest-path" "Cargo.toml" "--no-deps", kill_on_drop: false }`
[INFO] started tweaking crates.io crate deep-danbooru 0.0.0
[INFO] finished tweaking crates.io crate deep-danbooru 0.0.0
[INFO] tweaked toml for crates.io crate deep-danbooru 0.0.0 written to /workspace/builds/worker-1-tc1/source/Cargo.toml
[INFO] running `Command { std: CARGO_HOME="/workspace/cargo-home" RUSTUP_HOME="/workspace/rustup-home" "/workspace/cargo-home/bin/cargo" "+nightly-2024-02-05" "generate-lockfile" "--manifest-path" "Cargo.toml", kill_on_drop: false }`
[INFO] [stderr]     Updating crates.io index
[INFO] running `Command { std: CARGO_HOME="/workspace/cargo-home" RUSTUP_HOME="/workspace/rustup-home" "/workspace/cargo-home/bin/cargo" "+nightly-2024-02-05" "fetch" "--manifest-path" "Cargo.toml", kill_on_drop: false }`
[INFO] running `Command { std: "docker" "create" "-v" "/var/lib/crater-agent-workspace/builds/worker-1-tc1/target:/opt/rustwide/target:rw,Z" "-v" "/var/lib/crater-agent-workspace/builds/worker-1-tc1/source:/opt/rustwide/workdir:ro,Z" "-v" "/var/lib/crater-agent-workspace/cargo-home:/opt/rustwide/cargo-home:ro,Z" "-v" "/var/lib/crater-agent-workspace/rustup-home:/opt/rustwide/rustup-home:ro,Z" "-e" "SOURCE_DIR=/opt/rustwide/workdir" "-e" "CARGO_TARGET_DIR=/opt/rustwide/target" "-e" "CARGO_HOME=/opt/rustwide/cargo-home" "-e" "RUSTUP_HOME=/opt/rustwide/rustup-home" "-w" "/opt/rustwide/workdir" "-m" "1610612736" "--user" "0:0" "--network" "none" "ghcr.io/rust-lang/crates-build-env/linux@sha256:2788e3201cd34a07e3172128adcd8b3090168a8e3bcc40d7c032b9dda1df7d1c" "/opt/rustwide/cargo-home/bin/cargo" "+nightly-2024-02-05" "metadata" "--no-deps" "--format-version=1", kill_on_drop: false }`
[INFO] [stdout] 424fa24c5315a45b8ae76a5cb67d18e0094d8f4a396d2c09d73262f29a8f493a
[INFO] running `Command { std: "docker" "start" "-a" "424fa24c5315a45b8ae76a5cb67d18e0094d8f4a396d2c09d73262f29a8f493a", kill_on_drop: false }`
[INFO] running `Command { std: "docker" "inspect" "424fa24c5315a45b8ae76a5cb67d18e0094d8f4a396d2c09d73262f29a8f493a", kill_on_drop: false }`
[INFO] running `Command { std: "docker" "rm" "-f" "424fa24c5315a45b8ae76a5cb67d18e0094d8f4a396d2c09d73262f29a8f493a", kill_on_drop: false }`
[INFO] [stdout] 424fa24c5315a45b8ae76a5cb67d18e0094d8f4a396d2c09d73262f29a8f493a
[INFO] running `Command { std: "docker" "create" "-v" "/var/lib/crater-agent-workspace/builds/worker-1-tc1/target:/opt/rustwide/target:rw,Z" "-v" "/var/lib/crater-agent-workspace/builds/worker-1-tc1/source:/opt/rustwide/workdir:ro,Z" "-v" "/var/lib/crater-agent-workspace/cargo-home:/opt/rustwide/cargo-home:ro,Z" "-v" "/var/lib/crater-agent-workspace/rustup-home:/opt/rustwide/rustup-home:ro,Z" "-e" "SOURCE_DIR=/opt/rustwide/workdir" "-e" "CARGO_TARGET_DIR=/opt/rustwide/target" "-e" "CARGO_INCREMENTAL=0" "-e" "RUST_BACKTRACE=full" "-e" "RUSTFLAGS=--cap-lints=forbid" "-e" "RUSTDOCFLAGS=--cap-lints=forbid" "-e" "CARGO_HOME=/opt/rustwide/cargo-home" "-e" "RUSTUP_HOME=/opt/rustwide/rustup-home" "-w" "/opt/rustwide/workdir" "-m" "1610612736" "--user" "0:0" "--network" "none" "ghcr.io/rust-lang/crates-build-env/linux@sha256:2788e3201cd34a07e3172128adcd8b3090168a8e3bcc40d7c032b9dda1df7d1c" "/opt/rustwide/cargo-home/bin/cargo" "+nightly-2024-02-05" "check" "--frozen" "--all" "--all-targets" "--message-format=json", kill_on_drop: false }`
[INFO] [stdout] 3d6d9e6bbe4a4f44c8d6672beeefbb9c3cfc50a0d85d9becc1a48980b295a50f
[INFO] running `Command { std: "docker" "start" "-a" "3d6d9e6bbe4a4f44c8d6672beeefbb9c3cfc50a0d85d9becc1a48980b295a50f", kill_on_drop: false }`
[INFO] [stderr]    Compiling libc v0.2.153
[INFO] [stderr]    Compiling simd-adler32 v0.3.7
[INFO] [stderr]     Checking rayon v1.8.1
[INFO] [stderr]     Checking tracing-core v0.1.32
[INFO] [stderr]    Compiling miniz_oxide v0.7.2
[INFO] [stderr]     Checking tracing v0.1.40
[INFO] [stderr]    Compiling flate2 v1.0.28
[INFO] [stderr]    Compiling filetime v0.2.23
[INFO] [stderr]    Compiling tar v0.4.40
[INFO] [stderr]     Checking jpeg-decoder v0.3.1
[INFO] [stderr]    Compiling ort v1.16.3
[INFO] [stderr]     Checking image v0.24.8
[INFO] [stderr]     Checking deep-danbooru v0.0.0 (/opt/rustwide/workdir)
[INFO] [stdout] error[E0432]: unresolved import `ort::tensor::InputTensor`
[INFO] [stdout]  --> src/models/mod.rs:6:11
[INFO] [stdout]   |
[INFO] [stdout] 6 | use ort::{tensor::InputTensor, Environment, ExecutionProvider, OrtResult, Session, SessionBuilder};
[INFO] [stdout]   |           ^^^^^^^^^^^^^^^^^^^ no `InputTensor` in `tensor`
[INFO] [stdout] 
[INFO] [stdout] 
[INFO] [stdout] error[E0432]: unresolved import `ort::tensor::InputTensor`
[INFO] [stdout]  --> src/models/mod.rs:6:11
[INFO] [stdout]   |
[INFO] [stdout] 6 | use ort::{tensor::InputTensor, Environment, ExecutionProvider, OrtResult, Session, SessionBuilder};
[INFO] [stdout]   |           ^^^^^^^^^^^^^^^^^^^ no `InputTensor` in `tensor`
[INFO] [stdout] 
[INFO] [stdout] 
[INFO] [stdout] error[E0599]: no variant or associated item named `cuda` found for enum `ort::ExecutionProvider` in the current scope
[INFO] [stdout]   --> src/models/mod.rs:27:60
[INFO] [stdout]    |
[INFO] [stdout] 27 |             .with_execution_providers(&[ExecutionProvider::cuda(), ExecutionProvider::cpu()])?
[INFO] [stdout]    |                                                            ^^^^
[INFO] [stdout]    |                                                            |
[INFO] [stdout]    |                                                            variant or associated item not found in `ExecutionProvider`
[INFO] [stdout]    |                                                            help: there is a variant with a similar name: `CUDA`
[INFO] [stdout] 
[INFO] [stdout] 
[INFO] [stdout] error[E0599]: no variant or associated item named `cuda` found for enum `ort::ExecutionProvider` in the current scope
[INFO] [stdout]   --> src/models/mod.rs:27:60
[INFO] [stdout]    |
[INFO] [stdout] 27 |             .with_execution_providers(&[ExecutionProvider::cuda(), ExecutionProvider::cpu()])?
[INFO] [stdout]    |                                                            ^^^^
[INFO] [stdout]    |                                                            |
[INFO] [stdout]    |                                                            variant or associated item not found in `ExecutionProvider`
[INFO] [stdout]    |                                                            help: there is a variant with a similar name: `CUDA`
[INFO] [stdout] 
[INFO] [stdout] 
[INFO] [stdout] error[E0599]: no variant or associated item named `cpu` found for enum `ort::ExecutionProvider` in the current scope
[INFO] [stdout]   --> src/models/mod.rs:27:87
[INFO] [stdout]    |
[INFO] [stdout] 27 |             .with_execution_providers(&[ExecutionProvider::cuda(), ExecutionProvider::cpu()])?
[INFO] [stdout]    |                                                                                       ^^^
[INFO] [stdout]    |                                                                                       |
[INFO] [stdout]    |                                                                                       variant or associated item not found in `ExecutionProvider`
[INFO] [stdout]    |                                                                                       help: there is a variant with a similar name: `CPU`
[INFO] [stdout] 
[INFO] [stdout] 
[INFO] [stdout] error[E0599]: no variant or associated item named `cpu` found for enum `ort::ExecutionProvider` in the current scope
[INFO] [stdout]   --> src/models/mod.rs:27:87
[INFO] [stdout]    |
[INFO] [stdout] 27 |             .with_execution_providers(&[ExecutionProvider::cuda(), ExecutionProvider::cpu()])?
[INFO] [stdout]    |                                                                                       ^^^
[INFO] [stdout]    |                                                                                       |
[INFO] [stdout]    |                                                                                       variant or associated item not found in `ExecutionProvider`
[INFO] [stdout]    |                                                                                       help: there is a variant with a similar name: `CPU`
[INFO] [stdout] 
[INFO] [stdout] 
[INFO] [stdout] error: aborting due to 3 previous errors
[INFO] [stdout] 
[INFO] [stdout] 
[INFO] [stdout] Some errors have detailed explanations: E0432, E0599.
[INFO] [stdout] 
[INFO] [stdout] For more information about an error, try `rustc --explain E0432`.
[INFO] [stdout] 
[INFO] [stdout] error: aborting due to 3 previous errors
[INFO] [stdout] 
[INFO] [stdout] 
[INFO] [stdout] Some errors have detailed explanations: E0432, E0599.
[INFO] [stdout] 
[INFO] [stdout] For more information about an error, try `rustc --explain E0432`.
[INFO] [stdout] 
[INFO] [stderr] error: could not compile `deep-danbooru` (lib) due to 4 previous errors
[INFO] [stderr] warning: build failed, waiting for other jobs to finish...
[INFO] [stderr] error: could not compile `deep-danbooru` (lib test) due to 4 previous errors
[INFO] running `Command { std: "docker" "inspect" "3d6d9e6bbe4a4f44c8d6672beeefbb9c3cfc50a0d85d9becc1a48980b295a50f", kill_on_drop: false }`
[INFO] running `Command { std: "docker" "rm" "-f" "3d6d9e6bbe4a4f44c8d6672beeefbb9c3cfc50a0d85d9becc1a48980b295a50f", kill_on_drop: false }`
[INFO] [stdout] 3d6d9e6bbe4a4f44c8d6672beeefbb9c3cfc50a0d85d9becc1a48980b295a50f
