[INFO] fetching crate debug_iterator 0.1.0...
[INFO] checking debug_iterator-0.1.0 against nightly-2024-02-05 for check-cfg
[INFO] extracting crate debug_iterator 0.1.0 into /workspace/builds/worker-6-tc1/source
[INFO] validating manifest of crates.io crate debug_iterator 0.1.0 on toolchain nightly-2024-02-05
[INFO] running `Command { std: CARGO_HOME="/workspace/cargo-home" RUSTUP_HOME="/workspace/rustup-home" "/workspace/cargo-home/bin/cargo" "+nightly-2024-02-05" "metadata" "--manifest-path" "Cargo.toml" "--no-deps", kill_on_drop: false }`
[INFO] started tweaking crates.io crate debug_iterator 0.1.0
[INFO] finished tweaking crates.io crate debug_iterator 0.1.0
[INFO] tweaked toml for crates.io crate debug_iterator 0.1.0 written to /workspace/builds/worker-6-tc1/source/Cargo.toml
[INFO] running `Command { std: CARGO_HOME="/workspace/cargo-home" RUSTUP_HOME="/workspace/rustup-home" "/workspace/cargo-home/bin/cargo" "+nightly-2024-02-05" "generate-lockfile" "--manifest-path" "Cargo.toml", kill_on_drop: false }`
[INFO] [stderr]     Updating crates.io index
[INFO] running `Command { std: CARGO_HOME="/workspace/cargo-home" RUSTUP_HOME="/workspace/rustup-home" "/workspace/cargo-home/bin/cargo" "+nightly-2024-02-05" "fetch" "--manifest-path" "Cargo.toml", kill_on_drop: false }`
[INFO] running `Command { std: "docker" "create" "-v" "/var/lib/crater-agent-workspace/builds/worker-6-tc1/target:/opt/rustwide/target:rw,Z" "-v" "/var/lib/crater-agent-workspace/builds/worker-6-tc1/source:/opt/rustwide/workdir:ro,Z" "-v" "/var/lib/crater-agent-workspace/cargo-home:/opt/rustwide/cargo-home:ro,Z" "-v" "/var/lib/crater-agent-workspace/rustup-home:/opt/rustwide/rustup-home:ro,Z" "-e" "SOURCE_DIR=/opt/rustwide/workdir" "-e" "CARGO_TARGET_DIR=/opt/rustwide/target" "-e" "CARGO_HOME=/opt/rustwide/cargo-home" "-e" "RUSTUP_HOME=/opt/rustwide/rustup-home" "-w" "/opt/rustwide/workdir" "-m" "1610612736" "--user" "0:0" "--network" "none" "ghcr.io/rust-lang/crates-build-env/linux@sha256:2788e3201cd34a07e3172128adcd8b3090168a8e3bcc40d7c032b9dda1df7d1c" "/opt/rustwide/cargo-home/bin/cargo" "+nightly-2024-02-05" "metadata" "--no-deps" "--format-version=1", kill_on_drop: false }`
[INFO] [stdout] d5a0ca19f582250f06cacc3637b16eef5cc3a0fe6f3c489acacf29b64790b516
[INFO] running `Command { std: "docker" "start" "-a" "d5a0ca19f582250f06cacc3637b16eef5cc3a0fe6f3c489acacf29b64790b516", kill_on_drop: false }`
[INFO] running `Command { std: "docker" "inspect" "d5a0ca19f582250f06cacc3637b16eef5cc3a0fe6f3c489acacf29b64790b516", kill_on_drop: false }`
[INFO] running `Command { std: "docker" "rm" "-f" "d5a0ca19f582250f06cacc3637b16eef5cc3a0fe6f3c489acacf29b64790b516", kill_on_drop: false }`
[INFO] [stdout] d5a0ca19f582250f06cacc3637b16eef5cc3a0fe6f3c489acacf29b64790b516
[INFO] running `Command { std: "docker" "create" "-v" "/var/lib/crater-agent-workspace/builds/worker-6-tc1/target:/opt/rustwide/target:rw,Z" "-v" "/var/lib/crater-agent-workspace/builds/worker-6-tc1/source:/opt/rustwide/workdir:ro,Z" "-v" "/var/lib/crater-agent-workspace/cargo-home:/opt/rustwide/cargo-home:ro,Z" "-v" "/var/lib/crater-agent-workspace/rustup-home:/opt/rustwide/rustup-home:ro,Z" "-e" "SOURCE_DIR=/opt/rustwide/workdir" "-e" "CARGO_TARGET_DIR=/opt/rustwide/target" "-e" "CARGO_INCREMENTAL=0" "-e" "RUST_BACKTRACE=full" "-e" "RUSTFLAGS=--cap-lints=forbid" "-e" "RUSTDOCFLAGS=--cap-lints=forbid" "-e" "CARGO_HOME=/opt/rustwide/cargo-home" "-e" "RUSTUP_HOME=/opt/rustwide/rustup-home" "-w" "/opt/rustwide/workdir" "-m" "1610612736" "--user" "0:0" "--network" "none" "ghcr.io/rust-lang/crates-build-env/linux@sha256:2788e3201cd34a07e3172128adcd8b3090168a8e3bcc40d7c032b9dda1df7d1c" "/opt/rustwide/cargo-home/bin/cargo" "+nightly-2024-02-05" "check" "--frozen" "--all" "--all-targets" "--message-format=json", kill_on_drop: false }`
[INFO] [stdout] 5455e68e7e2ef7496c6b2a480118d82b82bbc0202f2153d6e7378b102f053849
[INFO] running `Command { std: "docker" "start" "-a" "5455e68e7e2ef7496c6b2a480118d82b82bbc0202f2153d6e7378b102f053849", kill_on_drop: false }`
[INFO] [stderr]     Checking debug_iterator v0.1.0 (/opt/rustwide/workdir)
[INFO] [stdout] error[E0518]: attribute should be applied to function or closure
[INFO] [stdout]    --> src/lib.rs:135:9
[INFO] [stdout]     |
[INFO] [stdout] 135 |         #[inline]
[INFO] [stdout]     |         ^^^^^^^^^ not a function or closure
[INFO] [stdout] 
[INFO] [stdout] 
[INFO] [stdout] error[E0518]: attribute should be applied to function or closure
[INFO] [stdout]    --> src/lib.rs:135:9
[INFO] [stdout]     |
[INFO] [stdout] 135 |         #[inline]
[INFO] [stdout]     |         ^^^^^^^^^ not a function or closure
[INFO] [stdout] 
[INFO] [stdout] 
[INFO] [stdout] warning: `#[inline]` is ignored on struct fields, match arms and macro defs
[INFO] [stdout]    --> src/lib.rs:135:9
[INFO] [stdout]     |
[INFO] [stdout] 135 |         #[inline]
[INFO] [stdout]     |         ^^^^^^^^^
[INFO] [stdout]     |
[INFO] [stdout]     = note: `#[warn(unused_attributes)]` on by default
[INFO] [stdout] 
[INFO] [stdout] 
[INFO] [stdout] warning: `#[inline]` is ignored on struct fields, match arms and macro defs
[INFO] [stdout]    --> src/lib.rs:135:9
[INFO] [stdout]     |
[INFO] [stdout] 135 |         #[inline]
[INFO] [stdout]     |         ^^^^^^^^^
[INFO] [stdout]     |
[INFO] [stdout]     = note: `#[warn(unused_attributes)]` on by default
[INFO] [stdout] 
[INFO] [stdout] 
[INFO] [stdout] error: aborting due to 1 previous error; 1 warning emitted
[INFO] [stdout] 
[INFO] [stdout] 
[INFO] [stdout] For more information about this error, try `rustc --explain E0518`.
[INFO] [stdout] 
[INFO] [stdout] error: aborting due to 1 previous error; 1 warning emitted
[INFO] [stdout] 
[INFO] [stdout] 
[INFO] [stdout] For more information about this error, try `rustc --explain E0518`.
[INFO] [stdout] 
[INFO] [stderr] error: could not compile `debug_iterator` (lib) due to 2 previous errors; 1 warning emitted
[INFO] [stderr] warning: build failed, waiting for other jobs to finish...
[INFO] [stderr] error: could not compile `debug_iterator` (lib test) due to 2 previous errors; 1 warning emitted
[INFO] running `Command { std: "docker" "inspect" "5455e68e7e2ef7496c6b2a480118d82b82bbc0202f2153d6e7378b102f053849", kill_on_drop: false }`
[INFO] running `Command { std: "docker" "rm" "-f" "5455e68e7e2ef7496c6b2a480118d82b82bbc0202f2153d6e7378b102f053849", kill_on_drop: false }`
[INFO] [stdout] 5455e68e7e2ef7496c6b2a480118d82b82bbc0202f2153d6e7378b102f053849
[INFO] checking debug_iterator-0.1.0 against nightly-2024-02-05+rustflags=-Dunexpected_cfgs+cargoflags=-Zcheck-cfg for check-cfg
[INFO] extracting crate debug_iterator 0.1.0 into /workspace/builds/worker-6-tc2/source
[INFO] validating manifest of crates.io crate debug_iterator 0.1.0 on toolchain nightly-2024-02-05
[INFO] running `Command { std: CARGO_HOME="/workspace/cargo-home" RUSTUP_HOME="/workspace/rustup-home" "/workspace/cargo-home/bin/cargo" "+nightly-2024-02-05" "metadata" "--manifest-path" "Cargo.toml" "--no-deps", kill_on_drop: false }`
[INFO] started tweaking crates.io crate debug_iterator 0.1.0
[INFO] finished tweaking crates.io crate debug_iterator 0.1.0
[INFO] tweaked toml for crates.io crate debug_iterator 0.1.0 written to /workspace/builds/worker-6-tc2/source/Cargo.toml
[INFO] running `Command { std: CARGO_HOME="/workspace/cargo-home" RUSTUP_HOME="/workspace/rustup-home" "/workspace/cargo-home/bin/cargo" "+nightly-2024-02-05" "generate-lockfile" "--manifest-path" "Cargo.toml", kill_on_drop: false }`
[INFO] [stderr]     Updating crates.io index
[INFO] running `Command { std: CARGO_HOME="/workspace/cargo-home" RUSTUP_HOME="/workspace/rustup-home" "/workspace/cargo-home/bin/cargo" "+nightly-2024-02-05" "fetch" "--manifest-path" "Cargo.toml", kill_on_drop: false }`
[INFO] running `Command { std: "docker" "create" "-v" "/var/lib/crater-agent-workspace/builds/worker-6-tc2/target:/opt/rustwide/target:rw,Z" "-v" "/var/lib/crater-agent-workspace/builds/worker-6-tc2/source:/opt/rustwide/workdir:ro,Z" "-v" "/var/lib/crater-agent-workspace/cargo-home:/opt/rustwide/cargo-home:ro,Z" "-v" "/var/lib/crater-agent-workspace/rustup-home:/opt/rustwide/rustup-home:ro,Z" "-e" "SOURCE_DIR=/opt/rustwide/workdir" "-e" "CARGO_TARGET_DIR=/opt/rustwide/target" "-e" "CARGO_HOME=/opt/rustwide/cargo-home" "-e" "RUSTUP_HOME=/opt/rustwide/rustup-home" "-w" "/opt/rustwide/workdir" "-m" "1610612736" "--user" "0:0" "--network" "none" "ghcr.io/rust-lang/crates-build-env/linux@sha256:2788e3201cd34a07e3172128adcd8b3090168a8e3bcc40d7c032b9dda1df7d1c" "/opt/rustwide/cargo-home/bin/cargo" "+nightly-2024-02-05" "metadata" "--no-deps" "--format-version=1", kill_on_drop: false }`
[INFO] [stdout] 4824b2caef28c4419c90da8b1aa3f351a2490f7c9ceb661c5e48166635bf7026
[INFO] running `Command { std: "docker" "start" "-a" "4824b2caef28c4419c90da8b1aa3f351a2490f7c9ceb661c5e48166635bf7026", kill_on_drop: false }`
[INFO] running `Command { std: "docker" "inspect" "4824b2caef28c4419c90da8b1aa3f351a2490f7c9ceb661c5e48166635bf7026", kill_on_drop: false }`
[INFO] running `Command { std: "docker" "rm" "-f" "4824b2caef28c4419c90da8b1aa3f351a2490f7c9ceb661c5e48166635bf7026", kill_on_drop: false }`
[INFO] [stdout] 4824b2caef28c4419c90da8b1aa3f351a2490f7c9ceb661c5e48166635bf7026
[INFO] running `Command { std: "docker" "create" "-v" "/var/lib/crater-agent-workspace/builds/worker-6-tc2/target:/opt/rustwide/target:rw,Z" "-v" "/var/lib/crater-agent-workspace/builds/worker-6-tc2/source:/opt/rustwide/workdir:ro,Z" "-v" "/var/lib/crater-agent-workspace/cargo-home:/opt/rustwide/cargo-home:ro,Z" "-v" "/var/lib/crater-agent-workspace/rustup-home:/opt/rustwide/rustup-home:ro,Z" "-e" "SOURCE_DIR=/opt/rustwide/workdir" "-e" "CARGO_TARGET_DIR=/opt/rustwide/target" "-e" "CARGO_INCREMENTAL=0" "-e" "RUST_BACKTRACE=full" "-e" "RUSTFLAGS=--cap-lints=forbid -Dunexpected_cfgs" "-e" "RUSTDOCFLAGS=--cap-lints=forbid" "-e" "CARGO_HOME=/opt/rustwide/cargo-home" "-e" "RUSTUP_HOME=/opt/rustwide/rustup-home" "-w" "/opt/rustwide/workdir" "-m" "1610612736" "--user" "0:0" "--network" "none" "ghcr.io/rust-lang/crates-build-env/linux@sha256:2788e3201cd34a07e3172128adcd8b3090168a8e3bcc40d7c032b9dda1df7d1c" "/opt/rustwide/cargo-home/bin/cargo" "+nightly-2024-02-05" "check" "--frozen" "--all" "--all-targets" "--message-format=json" "-Zcheck-cfg", kill_on_drop: false }`
[INFO] [stdout] e285265f8ffa9682ad2043c44c2a1ab0f5cbe7fb8714a3cda997417694370f04
[INFO] running `Command { std: "docker" "start" "-a" "e285265f8ffa9682ad2043c44c2a1ab0f5cbe7fb8714a3cda997417694370f04", kill_on_drop: false }`
[INFO] [stderr]     Checking debug_iterator v0.1.0 (/opt/rustwide/workdir)
[INFO] [stdout] error[E0518]: attribute should be applied to function or closure
[INFO] [stdout]    --> src/lib.rs:135:9
[INFO] [stdout]     |
[INFO] [stdout] 135 |         #[inline]
[INFO] [stdout]     |         ^^^^^^^^^ not a function or closure
[INFO] [stdout] 
[INFO] [stdout] 
[INFO] [stdout] warning: `#[inline]` is ignored on struct fields, match arms and macro defs
[INFO] [stdout]    --> src/lib.rs:135:9
[INFO] [stdout]     |
[INFO] [stdout] 135 |         #[inline]
[INFO] [stdout]     |         ^^^^^^^^^
[INFO] [stdout]     |
[INFO] [stdout]     = note: `#[warn(unused_attributes)]` on by default
[INFO] [stdout] 
[INFO] [stdout] 
[INFO] [stdout] error[E0518]: attribute should be applied to function or closure
[INFO] [stdout]    --> src/lib.rs:135:9
[INFO] [stdout]     |
[INFO] [stdout] 135 |         #[inline]
[INFO] [stdout]     |         ^^^^^^^^^ not a function or closure
[INFO] [stdout] 
[INFO] [stdout] 
[INFO] [stdout] warning: `#[inline]` is ignored on struct fields, match arms and macro defs
[INFO] [stdout]    --> src/lib.rs:135:9
[INFO] [stdout]     |
[INFO] [stdout] 135 |         #[inline]
[INFO] [stdout]     |         ^^^^^^^^^
[INFO] [stdout]     |
[INFO] [stdout]     = note: `#[warn(unused_attributes)]` on by default
[INFO] [stdout] 
[INFO] [stdout] 
[INFO] [stdout] error: aborting due to 1 previous error; 1 warning emitted
[INFO] [stdout] 
[INFO] [stdout] 
[INFO] [stdout] For more information about this error, try `rustc --explain E0518`.
[INFO] [stdout] 
[INFO] [stdout] error: aborting due to 1 previous error; 1 warning emitted
[INFO] [stdout] 
[INFO] [stdout] 
[INFO] [stdout] For more information about this error, try `rustc --explain E0518`.
[INFO] [stdout] 
[INFO] [stderr] error: could not compile `debug_iterator` (lib test) due to 2 previous errors; 1 warning emitted
[INFO] [stderr] warning: build failed, waiting for other jobs to finish...
[INFO] [stderr] error: could not compile `debug_iterator` (lib) due to 2 previous errors; 1 warning emitted
[INFO] running `Command { std: "docker" "inspect" "e285265f8ffa9682ad2043c44c2a1ab0f5cbe7fb8714a3cda997417694370f04", kill_on_drop: false }`
[INFO] running `Command { std: "docker" "rm" "-f" "e285265f8ffa9682ad2043c44c2a1ab0f5cbe7fb8714a3cda997417694370f04", kill_on_drop: false }`
[INFO] [stdout] e285265f8ffa9682ad2043c44c2a1ab0f5cbe7fb8714a3cda997417694370f04
