[INFO] fetching crate debug-try 0.1.0...
[INFO] checking debug-try-0.1.0 against nightly-2024-02-05 for check-cfg
[INFO] extracting crate debug-try 0.1.0 into /workspace/builds/worker-3-tc1/source
[INFO] validating manifest of crates.io crate debug-try 0.1.0 on toolchain nightly-2024-02-05
[INFO] running `Command { std: CARGO_HOME="/workspace/cargo-home" RUSTUP_HOME="/workspace/rustup-home" "/workspace/cargo-home/bin/cargo" "+nightly-2024-02-05" "metadata" "--manifest-path" "Cargo.toml" "--no-deps", kill_on_drop: false }`
[INFO] removed /workspace/builds/worker-3-tc1/source/rust-toolchain
[INFO] started tweaking crates.io crate debug-try 0.1.0
[INFO] finished tweaking crates.io crate debug-try 0.1.0
[INFO] tweaked toml for crates.io crate debug-try 0.1.0 written to /workspace/builds/worker-3-tc1/source/Cargo.toml
[INFO] running `Command { std: CARGO_HOME="/workspace/cargo-home" RUSTUP_HOME="/workspace/rustup-home" "/workspace/cargo-home/bin/cargo" "+nightly-2024-02-05" "generate-lockfile" "--manifest-path" "Cargo.toml", kill_on_drop: false }`
[INFO] [stderr]     Updating crates.io index
[INFO] running `Command { std: CARGO_HOME="/workspace/cargo-home" RUSTUP_HOME="/workspace/rustup-home" "/workspace/cargo-home/bin/cargo" "+nightly-2024-02-05" "fetch" "--manifest-path" "Cargo.toml", kill_on_drop: false }`
[INFO] running `Command { std: "docker" "create" "-v" "/var/lib/crater-agent-workspace/builds/worker-3-tc1/target:/opt/rustwide/target:rw,Z" "-v" "/var/lib/crater-agent-workspace/builds/worker-3-tc1/source:/opt/rustwide/workdir:ro,Z" "-v" "/var/lib/crater-agent-workspace/cargo-home:/opt/rustwide/cargo-home:ro,Z" "-v" "/var/lib/crater-agent-workspace/rustup-home:/opt/rustwide/rustup-home:ro,Z" "-e" "SOURCE_DIR=/opt/rustwide/workdir" "-e" "CARGO_TARGET_DIR=/opt/rustwide/target" "-e" "CARGO_HOME=/opt/rustwide/cargo-home" "-e" "RUSTUP_HOME=/opt/rustwide/rustup-home" "-w" "/opt/rustwide/workdir" "-m" "1610612736" "--user" "0:0" "--network" "none" "ghcr.io/rust-lang/crates-build-env/linux@sha256:2788e3201cd34a07e3172128adcd8b3090168a8e3bcc40d7c032b9dda1df7d1c" "/opt/rustwide/cargo-home/bin/cargo" "+nightly-2024-02-05" "metadata" "--no-deps" "--format-version=1", kill_on_drop: false }`
[INFO] [stdout] bf1268e46d0912fc720d1213920c9d7120bf73bd4b20294f14908ce87b4bd74d
[INFO] running `Command { std: "docker" "start" "-a" "bf1268e46d0912fc720d1213920c9d7120bf73bd4b20294f14908ce87b4bd74d", kill_on_drop: false }`
[INFO] running `Command { std: "docker" "inspect" "bf1268e46d0912fc720d1213920c9d7120bf73bd4b20294f14908ce87b4bd74d", kill_on_drop: false }`
[INFO] running `Command { std: "docker" "rm" "-f" "bf1268e46d0912fc720d1213920c9d7120bf73bd4b20294f14908ce87b4bd74d", kill_on_drop: false }`
[INFO] [stdout] bf1268e46d0912fc720d1213920c9d7120bf73bd4b20294f14908ce87b4bd74d
[INFO] running `Command { std: "docker" "create" "-v" "/var/lib/crater-agent-workspace/builds/worker-3-tc1/target:/opt/rustwide/target:rw,Z" "-v" "/var/lib/crater-agent-workspace/builds/worker-3-tc1/source:/opt/rustwide/workdir:ro,Z" "-v" "/var/lib/crater-agent-workspace/cargo-home:/opt/rustwide/cargo-home:ro,Z" "-v" "/var/lib/crater-agent-workspace/rustup-home:/opt/rustwide/rustup-home:ro,Z" "-e" "SOURCE_DIR=/opt/rustwide/workdir" "-e" "CARGO_TARGET_DIR=/opt/rustwide/target" "-e" "CARGO_INCREMENTAL=0" "-e" "RUST_BACKTRACE=full" "-e" "RUSTFLAGS=--cap-lints=forbid" "-e" "RUSTDOCFLAGS=--cap-lints=forbid" "-e" "CARGO_HOME=/opt/rustwide/cargo-home" "-e" "RUSTUP_HOME=/opt/rustwide/rustup-home" "-w" "/opt/rustwide/workdir" "-m" "1610612736" "--user" "0:0" "--network" "none" "ghcr.io/rust-lang/crates-build-env/linux@sha256:2788e3201cd34a07e3172128adcd8b3090168a8e3bcc40d7c032b9dda1df7d1c" "/opt/rustwide/cargo-home/bin/cargo" "+nightly-2024-02-05" "check" "--frozen" "--all" "--all-targets" "--message-format=json", kill_on_drop: false }`
[INFO] [stdout] 508ac684336db1ce54a2f3988a9d0e73faf3540887be9e94b9c46faa169fd332
[INFO] running `Command { std: "docker" "start" "-a" "508ac684336db1ce54a2f3988a9d0e73faf3540887be9e94b9c46faa169fd332", kill_on_drop: false }`
[INFO] [stderr]    Compiling proc-macro2 v0.4.30
[INFO] [stderr]     Checking unicode-xid v0.1.0
[INFO] [stderr]    Compiling syn v0.15.44
[INFO] [stderr]     Checking quote v0.6.13
[INFO] [stderr]     Checking debug-try v0.1.0 (/opt/rustwide/workdir)
[INFO] [stdout] error[E0615]: attempted to take value of method `line` on type `proc_macro::Span`
[INFO] [stdout]    --> src/lib.rs:128:35
[INFO] [stdout]     |
[INFO] [stdout] 128 |                 file, line_column.line, line_column.column
[INFO] [stdout]     |                                   ^^^^ method, not a field
[INFO] [stdout]     |
[INFO] [stdout] help: use parentheses to call the method
[INFO] [stdout]     |
[INFO] [stdout] 128 |                 file, line_column.line(), line_column.column
[INFO] [stdout]     |                                       ++
[INFO] [stdout] 
[INFO] [stdout] 
[INFO] [stdout] error[E0615]: attempted to take value of method `line` on type `proc_macro::Span`
[INFO] [stdout]    --> src/lib.rs:128:35
[INFO] [stdout]     |
[INFO] [stdout] 128 |                 file, line_column.line, line_column.column
[INFO] [stdout]     |                                   ^^^^ method, not a field
[INFO] [stdout]     |
[INFO] [stdout] help: use parentheses to call the method
[INFO] [stdout]     |
[INFO] [stdout] 128 |                 file, line_column.line(), line_column.column
[INFO] [stdout]     |                                       ++
[INFO] [stdout] 
[INFO] [stdout] 
[INFO] [stdout] error[E0615]: attempted to take value of method `column` on type `proc_macro::Span`
[INFO] [stdout]    --> src/lib.rs:128:53
[INFO] [stdout]     |
[INFO] [stdout] 128 |                 file, line_column.line, line_column.column
[INFO] [stdout]     |                                                     ^^^^^^ method, not a field
[INFO] [stdout]     |
[INFO] [stdout] help: use parentheses to call the method
[INFO] [stdout]     |
[INFO] [stdout] 128 |                 file, line_column.line, line_column.column()
[INFO] [stdout]     |                                                           ++
[INFO] [stdout] 
[INFO] [stdout] 
[INFO] [stdout] error[E0615]: attempted to take value of method `column` on type `proc_macro::Span`
[INFO] [stdout]    --> src/lib.rs:128:53
[INFO] [stdout]     |
[INFO] [stdout] 128 |                 file, line_column.line, line_column.column
[INFO] [stdout]     |                                                     ^^^^^^ method, not a field
[INFO] [stdout]     |
[INFO] [stdout] help: use parentheses to call the method
[INFO] [stdout]     |
[INFO] [stdout] 128 |                 file, line_column.line, line_column.column()
[INFO] [stdout]     |                                                           ++
[INFO] [stdout] 
[INFO] [stdout] 
[INFO] [stdout] error: aborting due to 2 previous errors
[INFO] [stdout] 
[INFO] [stdout] 
[INFO] [stdout] For more information about this error, try `rustc --explain E0615`.
[INFO] [stdout] 
[INFO] [stdout] error: aborting due to 2 previous errors
[INFO] [stdout] 
[INFO] [stdout] 
[INFO] [stdout] For more information about this error, try `rustc --explain E0615`.
[INFO] [stdout] 
[INFO] [stderr] error: could not compile `debug-try` (lib) due to 3 previous errors
[INFO] [stderr] warning: build failed, waiting for other jobs to finish...
[INFO] [stderr] error: could not compile `debug-try` (lib test) due to 3 previous errors
[INFO] running `Command { std: "docker" "inspect" "508ac684336db1ce54a2f3988a9d0e73faf3540887be9e94b9c46faa169fd332", kill_on_drop: false }`
[INFO] running `Command { std: "docker" "rm" "-f" "508ac684336db1ce54a2f3988a9d0e73faf3540887be9e94b9c46faa169fd332", kill_on_drop: false }`
[INFO] [stdout] 508ac684336db1ce54a2f3988a9d0e73faf3540887be9e94b9c46faa169fd332
[INFO] checking debug-try-0.1.0 against nightly-2024-02-05+rustflags=-Dunexpected_cfgs+cargoflags=-Zcheck-cfg for check-cfg
[INFO] extracting crate debug-try 0.1.0 into /workspace/builds/worker-3-tc2/source
[INFO] validating manifest of crates.io crate debug-try 0.1.0 on toolchain nightly-2024-02-05
[INFO] running `Command { std: CARGO_HOME="/workspace/cargo-home" RUSTUP_HOME="/workspace/rustup-home" "/workspace/cargo-home/bin/cargo" "+nightly-2024-02-05" "metadata" "--manifest-path" "Cargo.toml" "--no-deps", kill_on_drop: false }`
[INFO] removed /workspace/builds/worker-3-tc2/source/rust-toolchain
[INFO] started tweaking crates.io crate debug-try 0.1.0
[INFO] finished tweaking crates.io crate debug-try 0.1.0
[INFO] tweaked toml for crates.io crate debug-try 0.1.0 written to /workspace/builds/worker-3-tc2/source/Cargo.toml
[INFO] running `Command { std: CARGO_HOME="/workspace/cargo-home" RUSTUP_HOME="/workspace/rustup-home" "/workspace/cargo-home/bin/cargo" "+nightly-2024-02-05" "generate-lockfile" "--manifest-path" "Cargo.toml", kill_on_drop: false }`
[INFO] [stderr]     Updating crates.io index
[INFO] running `Command { std: CARGO_HOME="/workspace/cargo-home" RUSTUP_HOME="/workspace/rustup-home" "/workspace/cargo-home/bin/cargo" "+nightly-2024-02-05" "fetch" "--manifest-path" "Cargo.toml", kill_on_drop: false }`
[INFO] running `Command { std: "docker" "create" "-v" "/var/lib/crater-agent-workspace/builds/worker-3-tc2/target:/opt/rustwide/target:rw,Z" "-v" "/var/lib/crater-agent-workspace/builds/worker-3-tc2/source:/opt/rustwide/workdir:ro,Z" "-v" "/var/lib/crater-agent-workspace/cargo-home:/opt/rustwide/cargo-home:ro,Z" "-v" "/var/lib/crater-agent-workspace/rustup-home:/opt/rustwide/rustup-home:ro,Z" "-e" "SOURCE_DIR=/opt/rustwide/workdir" "-e" "CARGO_TARGET_DIR=/opt/rustwide/target" "-e" "CARGO_HOME=/opt/rustwide/cargo-home" "-e" "RUSTUP_HOME=/opt/rustwide/rustup-home" "-w" "/opt/rustwide/workdir" "-m" "1610612736" "--user" "0:0" "--network" "none" "ghcr.io/rust-lang/crates-build-env/linux@sha256:2788e3201cd34a07e3172128adcd8b3090168a8e3bcc40d7c032b9dda1df7d1c" "/opt/rustwide/cargo-home/bin/cargo" "+nightly-2024-02-05" "metadata" "--no-deps" "--format-version=1", kill_on_drop: false }`
[INFO] [stdout] 4cc14d4640f0a1aa990e2686d2f998e6a4e08152751d2a40d9771a310fcda924
[INFO] running `Command { std: "docker" "start" "-a" "4cc14d4640f0a1aa990e2686d2f998e6a4e08152751d2a40d9771a310fcda924", kill_on_drop: false }`
[INFO] running `Command { std: "docker" "inspect" "4cc14d4640f0a1aa990e2686d2f998e6a4e08152751d2a40d9771a310fcda924", kill_on_drop: false }`
[INFO] running `Command { std: "docker" "rm" "-f" "4cc14d4640f0a1aa990e2686d2f998e6a4e08152751d2a40d9771a310fcda924", kill_on_drop: false }`
[INFO] [stdout] 4cc14d4640f0a1aa990e2686d2f998e6a4e08152751d2a40d9771a310fcda924
[INFO] running `Command { std: "docker" "create" "-v" "/var/lib/crater-agent-workspace/builds/worker-3-tc2/target:/opt/rustwide/target:rw,Z" "-v" "/var/lib/crater-agent-workspace/builds/worker-3-tc2/source:/opt/rustwide/workdir:ro,Z" "-v" "/var/lib/crater-agent-workspace/cargo-home:/opt/rustwide/cargo-home:ro,Z" "-v" "/var/lib/crater-agent-workspace/rustup-home:/opt/rustwide/rustup-home:ro,Z" "-e" "SOURCE_DIR=/opt/rustwide/workdir" "-e" "CARGO_TARGET_DIR=/opt/rustwide/target" "-e" "CARGO_INCREMENTAL=0" "-e" "RUST_BACKTRACE=full" "-e" "RUSTFLAGS=--cap-lints=forbid -Dunexpected_cfgs" "-e" "RUSTDOCFLAGS=--cap-lints=forbid" "-e" "CARGO_HOME=/opt/rustwide/cargo-home" "-e" "RUSTUP_HOME=/opt/rustwide/rustup-home" "-w" "/opt/rustwide/workdir" "-m" "1610612736" "--user" "0:0" "--network" "none" "ghcr.io/rust-lang/crates-build-env/linux@sha256:2788e3201cd34a07e3172128adcd8b3090168a8e3bcc40d7c032b9dda1df7d1c" "/opt/rustwide/cargo-home/bin/cargo" "+nightly-2024-02-05" "check" "--frozen" "--all" "--all-targets" "--message-format=json" "-Zcheck-cfg", kill_on_drop: false }`
[INFO] [stdout] e1ba158eac18f0be08168af5523fb8524703b65f26235972d6012381528e7a12
[INFO] running `Command { std: "docker" "start" "-a" "e1ba158eac18f0be08168af5523fb8524703b65f26235972d6012381528e7a12", kill_on_drop: false }`
[INFO] [stderr]    Compiling proc-macro2 v0.4.30
[INFO] [stderr]     Checking unicode-xid v0.1.0
[INFO] [stderr]    Compiling syn v0.15.44
[INFO] [stderr]     Checking quote v0.6.13
[INFO] [stderr]     Checking debug-try v0.1.0 (/opt/rustwide/workdir)
[INFO] [stdout] error[E0615]: attempted to take value of method `line` on type `proc_macro::Span`
[INFO] [stdout]    --> src/lib.rs:128:35
[INFO] [stdout]     |
[INFO] [stdout] 128 |                 file, line_column.line, line_column.column
[INFO] [stdout]     |                                   ^^^^ method, not a field
[INFO] [stdout]     |
[INFO] [stdout] help: use parentheses to call the method
[INFO] [stdout]     |
[INFO] [stdout] 128 |                 file, line_column.line(), line_column.column
[INFO] [stdout]     |                                       ++
[INFO] [stdout] 
[INFO] [stdout] 
[INFO] [stdout] error[E0615]: attempted to take value of method `line` on type `proc_macro::Span`
[INFO] [stdout]    --> src/lib.rs:128:35
[INFO] [stdout]     |
[INFO] [stdout] 128 |                 file, line_column.line, line_column.column
[INFO] [stdout]     |                                   ^^^^ method, not a field
[INFO] [stdout]     |
[INFO] [stdout] help: use parentheses to call the method
[INFO] [stdout]     |
[INFO] [stdout] 128 |                 file, line_column.line(), line_column.column
[INFO] [stdout]     |                                       ++
[INFO] [stdout] 
[INFO] [stdout] 
[INFO] [stdout] error[E0615]: attempted to take value of method `column` on type `proc_macro::Span`
[INFO] [stdout]    --> src/lib.rs:128:53
[INFO] [stdout]     |
[INFO] [stdout] 128 |                 file, line_column.line, line_column.column
[INFO] [stdout]     |                                                     ^^^^^^ method, not a field
[INFO] [stdout]     |
[INFO] [stdout] help: use parentheses to call the method
[INFO] [stdout]     |
[INFO] [stdout] 128 |                 file, line_column.line, line_column.column()
[INFO] [stdout]     |                                                           ++
[INFO] [stdout] 
[INFO] [stdout] 
[INFO] [stdout] error[E0615]: attempted to take value of method `column` on type `proc_macro::Span`
[INFO] [stdout]    --> src/lib.rs:128:53
[INFO] [stdout]     |
[INFO] [stdout] 128 |                 file, line_column.line, line_column.column
[INFO] [stdout]     |                                                     ^^^^^^ method, not a field
[INFO] [stdout]     |
[INFO] [stdout] help: use parentheses to call the method
[INFO] [stdout]     |
[INFO] [stdout] 128 |                 file, line_column.line, line_column.column()
[INFO] [stdout]     |                                                           ++
[INFO] [stdout] 
[INFO] [stdout] 
[INFO] [stdout] error: aborting due to 2 previous errors
[INFO] [stdout] 
[INFO] [stdout] 
[INFO] [stdout] For more information about this error, try `rustc --explain E0615`.
[INFO] [stdout] 
[INFO] [stdout] error: aborting due to 2 previous errors
[INFO] [stdout] 
[INFO] [stdout] 
[INFO] [stdout] For more information about this error, try `rustc --explain E0615`.
[INFO] [stdout] 
[INFO] [stderr] error: could not compile `debug-try` (lib test) due to 3 previous errors
[INFO] [stderr] warning: build failed, waiting for other jobs to finish...
[INFO] [stderr] error: could not compile `debug-try` (lib) due to 3 previous errors
[INFO] running `Command { std: "docker" "inspect" "e1ba158eac18f0be08168af5523fb8524703b65f26235972d6012381528e7a12", kill_on_drop: false }`
[INFO] running `Command { std: "docker" "rm" "-f" "e1ba158eac18f0be08168af5523fb8524703b65f26235972d6012381528e7a12", kill_on_drop: false }`
[INFO] [stdout] e1ba158eac18f0be08168af5523fb8524703b65f26235972d6012381528e7a12
