[INFO] fetching crate deathframe 0.5.1...
[INFO] checking deathframe-0.5.1 against nightly-2024-02-05 for check-cfg
[INFO] extracting crate deathframe 0.5.1 into /workspace/builds/worker-4-tc1/source
[INFO] validating manifest of crates.io crate deathframe 0.5.1 on toolchain nightly-2024-02-05
[INFO] running `Command { std: CARGO_HOME="/workspace/cargo-home" RUSTUP_HOME="/workspace/rustup-home" "/workspace/cargo-home/bin/cargo" "+nightly-2024-02-05" "metadata" "--manifest-path" "Cargo.toml" "--no-deps", kill_on_drop: false }`
[INFO] started tweaking crates.io crate deathframe 0.5.1
[INFO] finished tweaking crates.io crate deathframe 0.5.1
[INFO] tweaked toml for crates.io crate deathframe 0.5.1 written to /workspace/builds/worker-4-tc1/source/Cargo.toml
[INFO] running `Command { std: CARGO_HOME="/workspace/cargo-home" RUSTUP_HOME="/workspace/rustup-home" "/workspace/cargo-home/bin/cargo" "+nightly-2024-02-05" "generate-lockfile" "--manifest-path" "Cargo.toml", kill_on_drop: false }`
[INFO] [stderr]     Updating crates.io index
[INFO] running `Command { std: CARGO_HOME="/workspace/cargo-home" RUSTUP_HOME="/workspace/rustup-home" "/workspace/cargo-home/bin/cargo" "+nightly-2024-02-05" "fetch" "--manifest-path" "Cargo.toml", kill_on_drop: false }`
[INFO] [stderr]     Blocking waiting for file lock on package cache
[INFO] [stderr]  Downloading crates ...
[INFO] [stderr]   Downloaded derive-new v0.5.9
[INFO] [stderr]   Downloaded crossbeam-queue v0.1.2
[INFO] [stderr]   Downloaded bitflags v1.0.4
[INFO] [stderr]   Downloaded mopa v0.2.2
[INFO] [stderr]   Downloaded tinystr v0.3.4
[INFO] [stderr]   Downloaded fluent v0.8.0
[INFO] [stderr]   Downloaded rental v0.5.6
[INFO] [stderr]   Downloaded wayland-sys v0.21.13
[INFO] [stderr]   Downloaded cocoa v0.18.5
[INFO] [stderr]   Downloaded minimp3-sys v0.3.2
[INFO] [stderr]   Downloaded unic-langid-macros-impl v0.6.0
[INFO] [stderr]   Downloaded alga_derive v0.9.2
[INFO] [stderr]   Downloaded amethyst_animation v0.8.1
[INFO] [stderr]   Downloaded vergen v3.2.0
[INFO] [stderr]   Downloaded fluent-syntax v0.9.3
[INFO] [stderr]   Downloaded ash v0.29.0
[INFO] [stderr]   Downloaded lexical-core v0.4.8
[INFO] [stderr]   Downloaded xcb v0.8.2
[INFO] [stderr]   Downloaded xi-unicode v0.2.1
[INFO] [stderr]   Downloaded shred v0.9.4
[INFO] [stderr]   Downloaded laminar v0.2.3
[INFO] [stderr]   Downloaded unic-langid-macros v0.6.0
[INFO] [stderr]   Downloaded wavefront_obj v6.0.0
[INFO] [stderr]   Downloaded amethyst_rendy v0.3.0
[INFO] [stderr]   Downloaded rendy-command v0.3.0
[INFO] [stderr]   Downloaded minterpolate v0.4.0
[INFO] [stderr]   Downloaded glsl-layout-derive v0.3.2
[INFO] [stderr]   Downloaded rendy-memory v0.3.0
[INFO] [stderr]   Downloaded lyon_path v0.14.0
[INFO] [stderr]   Downloaded rendy-chain v0.3.1
[INFO] [stderr]   Downloaded amethyst v0.13.2
[INFO] [stderr]   Downloaded rodio v0.9.0
[INFO] [stderr]   Downloaded specs v0.15.1
[INFO] [stderr]   Downloaded amethyst_ui v0.8.1
[INFO] [stderr]   Downloaded syn v0.14.9
[INFO] [stderr]   Downloaded euclid v0.20.14
[INFO] [stderr]   Downloaded tiff v0.2.2
[INFO] [stderr]   Downloaded image v0.21.3
[INFO] [stderr]   Downloaded wayland-protocols v0.21.13
[INFO] [stderr]   Downloaded claxon v0.4.3
[INFO] [stderr]   Downloaded lexical v2.2.4
[INFO] [stderr]   Downloaded amethyst_audio v0.8.0
[INFO] [stderr]   Downloaded atom v0.3.6
[INFO] [stderr]   Downloaded winit v0.19.5
[INFO] [stderr]   Downloaded palette v0.4.1
[INFO] [stderr]   Downloaded lewton v0.9.4
[INFO] [stderr]   Downloaded specs-hierarchy v0.5.1
[INFO] [stderr]   Downloaded lyon_geom v0.14.1
[INFO] [stderr]   Downloaded slice-deque v0.3.0
[INFO] [stderr]   Downloaded smithay-client-toolkit v0.4.6
[INFO] [stderr]   Downloaded coreaudio-rs v0.9.1
[INFO] [stderr]   Downloaded hound v3.5.1
[INFO] [stderr]   Downloaded rendy-mesh v0.3.1
[INFO] [stderr]   Downloaded amethyst_network v0.6.1
[INFO] [stderr]   Downloaded glyph_brush_layout v0.1.9
[INFO] [stderr]   Downloaded glyph_brush v0.6.3
[INFO] [stderr]   Downloaded amethyst_input v0.9.1
[INFO] [stderr]   Downloaded inventory v0.1.11
[INFO] [stderr]   Downloaded amethyst_derive v0.6.1
[INFO] [stderr]   Downloaded ahash v0.2.19
[INFO] [stderr]   Downloaded hibitset v0.5.4
[INFO] [stderr]   Downloaded core-text v13.3.2
[INFO] [stderr]   Downloaded cgmath v0.16.1
[INFO] [stderr]   Downloaded gfx-hal v0.2.1
[INFO] [stderr]   Downloaded font-kit v0.4.0
[INFO] [stderr]   Downloaded amethyst_utils v0.8.0
[INFO] [stderr]   Downloaded approx v0.1.1
[INFO] [stderr]   Downloaded fluent-locale v0.10.1
[INFO] [stderr]   Downloaded unic-langid v0.6.1
[INFO] [stderr]   Downloaded ogg v0.7.1
[INFO] [stderr]   Downloaded dwrote v0.9.0
[INFO] [stderr]   Downloaded rendy-texture v0.3.0
[INFO] [stderr]   Downloaded getset v0.0.8
[INFO] [stderr]   Downloaded rental-impl v0.5.5
[INFO] [stderr]   Downloaded clipboard-win v2.2.0
[INFO] [stderr]   Downloaded intl_pluralrules v4.0.1
[INFO] [stderr]   Downloaded relevant v0.4.2
[INFO] [stderr]   Downloaded amethyst_error v0.3.0
[INFO] [stderr]   Downloaded rendy-frame v0.3.0
[INFO] [stderr]   Downloaded rendy-factory v0.3.1
[INFO] [stderr]   Downloaded fluent-bundle v0.8.0
[INFO] [stderr]   Downloaded minimp3 v0.3.5
[INFO] [stderr]   Downloaded thread_profiler v0.3.0
[INFO] [stderr]   Downloaded rendy v0.3.2
[INFO] [stderr]   Downloaded static_assertions v0.3.4
[INFO] [stderr]   Downloaded amethyst_config v0.12.0
[INFO] [stderr]   Downloaded edit-distance v2.1.0
[INFO] [stderr]   Downloaded alsa-sys v0.1.2
[INFO] [stderr]   Downloaded inventory-impl v0.1.11
[INFO] [stderr]   Downloaded rendy-graph v0.3.2
[INFO] [stderr]   Downloaded shrev v1.1.3
[INFO] [stderr]   Downloaded wayland-scanner v0.21.13
[INFO] [stderr]   Downloaded amethyst_window v0.3.0
[INFO] [stderr]   Downloaded rustc_version_runtime v0.1.5
[INFO] [stderr]   Downloaded amethyst_core v0.8.1
[INFO] [stderr]   Downloaded rendy-shader v0.3.0
[INFO] [stderr]   Downloaded rendy-descriptor v0.3.0
[INFO] [stderr]   Downloaded cpal v0.8.2
[INFO] [stderr]   Downloaded clipboard v0.5.0
[INFO] [stderr]   Downloaded genmesh v0.6.2
[INFO] [stderr]   Downloaded proc_macro_roids v0.6.1
[INFO] [stderr]   Downloaded ron v0.5.1
[INFO] [stderr]   Downloaded palette_derive v0.4.1
[INFO] [stderr]   Downloaded core-foundation-sys v0.5.1
[INFO] [stderr]   Downloaded rendy-util v0.3.1
[INFO] [stderr]   Downloaded glsl-layout v0.3.2
[INFO] [stderr]   Downloaded rendy-wsi v0.3.0
[INFO] [stderr]   Downloaded amethyst_assets v0.9.1
[INFO] [stderr]   Downloaded specs-derive v0.4.1
[INFO] [stderr]   Downloaded amethyst_controls v0.7.0
[INFO] [stderr]   Downloaded objekt v0.1.2
[INFO] [stderr]   Downloaded shred-derive v0.6.3
[INFO] [stderr]   Downloaded png v0.14.1
[INFO] [stderr]   Downloaded unic-langid-impl v0.6.2
[INFO] [stderr]   Downloaded rendy-resource v0.3.0
[INFO] [stderr]   Downloaded ghost v0.1.17
[INFO] [stderr]   Downloaded tuple_utils v0.3.0
[INFO] [stderr]   Downloaded wayland-client v0.21.13
[INFO] [stderr]   Downloaded nalgebra v0.18.1
[INFO] [stderr]   Downloaded x11-clipboard v0.3.3
[INFO] [stderr]   Downloaded amethyst_locale v0.7.2
[INFO] [stderr]   Downloaded wayland-commons v0.21.13
[INFO] [stderr]   Downloaded gfx-backend-vulkan v0.2.3
[INFO] running `Command { std: "docker" "create" "-v" "/var/lib/crater-agent-workspace/builds/worker-4-tc1/target:/opt/rustwide/target:rw,Z" "-v" "/var/lib/crater-agent-workspace/builds/worker-4-tc1/source:/opt/rustwide/workdir:ro,Z" "-v" "/var/lib/crater-agent-workspace/cargo-home:/opt/rustwide/cargo-home:ro,Z" "-v" "/var/lib/crater-agent-workspace/rustup-home:/opt/rustwide/rustup-home:ro,Z" "-e" "SOURCE_DIR=/opt/rustwide/workdir" "-e" "CARGO_TARGET_DIR=/opt/rustwide/target" "-e" "CARGO_HOME=/opt/rustwide/cargo-home" "-e" "RUSTUP_HOME=/opt/rustwide/rustup-home" "-w" "/opt/rustwide/workdir" "-m" "1610612736" "--user" "0:0" "--network" "none" "ghcr.io/rust-lang/crates-build-env/linux@sha256:2788e3201cd34a07e3172128adcd8b3090168a8e3bcc40d7c032b9dda1df7d1c" "/opt/rustwide/cargo-home/bin/cargo" "+nightly-2024-02-05" "metadata" "--no-deps" "--format-version=1", kill_on_drop: false }`
[INFO] [stdout] 67dcf434849e855513ad460319f533e6fee3f960442eb4119c82e0edd0db6bdf
[INFO] running `Command { std: "docker" "start" "-a" "67dcf434849e855513ad460319f533e6fee3f960442eb4119c82e0edd0db6bdf", kill_on_drop: false }`
[INFO] running `Command { std: "docker" "inspect" "67dcf434849e855513ad460319f533e6fee3f960442eb4119c82e0edd0db6bdf", kill_on_drop: false }`
[INFO] running `Command { std: "docker" "rm" "-f" "67dcf434849e855513ad460319f533e6fee3f960442eb4119c82e0edd0db6bdf", kill_on_drop: false }`
[INFO] [stdout] 67dcf434849e855513ad460319f533e6fee3f960442eb4119c82e0edd0db6bdf
[INFO] running `Command { std: "docker" "create" "-v" "/var/lib/crater-agent-workspace/builds/worker-4-tc1/target:/opt/rustwide/target:rw,Z" "-v" "/var/lib/crater-agent-workspace/builds/worker-4-tc1/source:/opt/rustwide/workdir:ro,Z" "-v" "/var/lib/crater-agent-workspace/cargo-home:/opt/rustwide/cargo-home:ro,Z" "-v" "/var/lib/crater-agent-workspace/rustup-home:/opt/rustwide/rustup-home:ro,Z" "-e" "SOURCE_DIR=/opt/rustwide/workdir" "-e" "CARGO_TARGET_DIR=/opt/rustwide/target" "-e" "CARGO_INCREMENTAL=0" "-e" "RUST_BACKTRACE=full" "-e" "RUSTFLAGS=--cap-lints=forbid" "-e" "RUSTDOCFLAGS=--cap-lints=forbid" "-e" "CARGO_HOME=/opt/rustwide/cargo-home" "-e" "RUSTUP_HOME=/opt/rustwide/rustup-home" "-w" "/opt/rustwide/workdir" "-m" "1610612736" "--user" "0:0" "--network" "none" "ghcr.io/rust-lang/crates-build-env/linux@sha256:2788e3201cd34a07e3172128adcd8b3090168a8e3bcc40d7c032b9dda1df7d1c" "/opt/rustwide/cargo-home/bin/cargo" "+nightly-2024-02-05" "check" "--frozen" "--all" "--all-targets" "--message-format=json", kill_on_drop: false }`
[INFO] [stdout] 66b554a7fe16dc52eef9c46aba1e861fc955b557a5490cbb15caa1a5c22f34ec
[INFO] running `Command { std: "docker" "start" "-a" "66b554a7fe16dc52eef9c46aba1e861fc955b557a5490cbb15caa1a5c22f34ec", kill_on_drop: false }`
[INFO] [stderr]    Compiling libc v0.2.153
[INFO] [stderr]    Compiling syn v1.0.109
[INFO] [stderr]    Compiling num-traits v0.2.17
[INFO] [stderr]     Checking byteorder v1.5.0
[INFO] [stderr]    Compiling serde_derive v1.0.196
[INFO] [stderr]    Compiling num-integer v0.1.45
[INFO] [stderr]     Checking bitflags v1.0.4
[INFO] [stderr]    Compiling crossbeam-utils v0.8.19
[INFO] [stderr]     Checking rand_core v0.3.1
[INFO] [stderr]    Compiling syn v0.15.44
[INFO] [stderr]     Checking gimli v0.28.1
[INFO] [stderr]     Checking miniz_oxide v0.7.2
[INFO] [stderr]     Checking object v0.32.2
[INFO] [stderr]     Checking crossbeam-epoch v0.9.18
[INFO] [stderr]     Checking rustc-demangle v0.1.23
[INFO] [stderr]    Compiling rayon-core v1.12.1
[INFO] [stderr]     Checking crossbeam-deque v0.8.5
[INFO] [stderr]     Checking approx v0.3.2
[INFO] [stderr]     Checking either v1.9.0
[INFO] [stderr]    Compiling unicode-xid v0.2.4
[INFO] [stderr]    Compiling num-rational v0.2.4
[INFO] [stderr]     Checking rayon v1.8.1
[INFO] [stderr]     Checking rand_os v0.1.3
[INFO] [stderr]     Checking rand_isaac v0.1.1
[INFO] [stderr]    Compiling cc v1.0.83
[INFO] [stderr]     Checking rand_xorshift v0.1.1
[INFO] [stderr]     Checking rand_chacha v0.1.1
[INFO] [stderr]     Checking rand_hc v0.1.0
[INFO] [stderr]     Checking rand v0.6.5
[INFO] [stderr]     Checking addr2line v0.21.0
[INFO] [stderr]    Compiling xml-rs v0.8.19
[INFO] [stderr]     Checking crossbeam-epoch v0.8.2
[INFO] [stderr]     Checking crossbeam-deque v0.7.4
[INFO] [stderr]     Checking num_cpus v1.16.0
[INFO] [stderr]    Compiling backtrace v0.3.69
[INFO] [stderr]     Checking ordered-float v1.1.1
[INFO] [stderr]     Checking stb_truetype v0.3.1
[INFO] [stderr]    Compiling parking_lot_core v0.6.3
[INFO] [stderr]     Checking crossbeam-utils v0.6.6
[INFO] [stderr]    Compiling wayland-scanner v0.21.13
[INFO] [stderr]     Checking libloading v0.6.7
[INFO] [stderr]    Compiling derivative v1.0.4
[INFO] [stderr]    Compiling num-iter v0.1.43
[INFO] [stderr]     Checking linked-hash-map v0.5.6
[INFO] [stderr]    Compiling synstructure v0.12.6
[INFO] [stderr]     Checking rustc-hash v1.1.0
[INFO] [stderr]    Compiling nix v0.14.1
[INFO] [stderr]     Checking rusttype v0.8.3
[INFO] [stderr]     Checking dlib v0.4.2
[INFO] [stderr]     Checking void v1.0.2
[INFO] [stderr]    Compiling arrayvec v0.4.12
[INFO] [stderr]     Checking serde v1.0.196
[INFO] [stderr]     Checking wayland-sys v0.21.13
[INFO] [stderr]     Checking lock_api v0.3.4
[INFO] [stderr]     Checking nodrop v0.1.14
[INFO] [stderr]    Compiling num-derive v0.2.5
[INFO] [stderr]     Checking adler32 v1.2.0
[INFO] [stderr]     Checking walkdir v2.4.0
[INFO] [stderr]     Checking lzw v0.10.0
[INFO] [stderr]     Checking downcast-rs v1.2.0
[INFO] [stderr]    Compiling wayland-client v0.21.13
[INFO] [stderr]    Compiling wayland-protocols v0.21.13
[INFO] [stderr]     Checking deflate v0.7.20
[INFO] [stderr]     Checking inflate v0.4.5
[INFO] [stderr]     Checking rusttype v0.7.9
[INFO] [stderr]     Checking memmap v0.7.0
[INFO] [stderr]     Checking line_drawing v0.7.0
[INFO] [stderr]    Compiling x11-dl v2.21.0
[INFO] [stderr]     Checking cty v0.2.2
[INFO] [stderr]     Checking stable_deref_trait v1.2.0
[INFO] [stderr]     Checking xdg v2.5.2
[INFO] [stderr]     Checking color_quant v1.1.0
[INFO] [stderr]     Checking gif v0.10.3
[INFO] [stderr]    Compiling failure_derive v0.1.8
[INFO] [stderr]     Checking andrew v0.2.1
[INFO] [stderr]    Compiling crunchy v0.2.2
[INFO] [stderr]     Checking wayland-commons v0.21.13
[INFO] [stderr]     Checking raw-window-handle v0.4.3
[INFO] [stderr]     Checking png v0.14.1
[INFO] [stderr]     Checking jpeg-decoder v0.1.22
[INFO] [stderr]     Checking tiff v0.2.2
[INFO] [stderr]     Checking log v0.4.20
[INFO] [stderr]     Checking smallvec v0.6.14
[INFO] [stderr]    Compiling tiny-keccak v2.0.2
[INFO] [stderr]     Checking scoped_threadpool v0.1.9
[INFO] [stderr]     Checking raw-window-handle v0.3.4
[INFO] [stderr]     Checking image v0.21.3
[INFO] [stderr]    Compiling xcb v0.8.2
[INFO] [stderr]     Checking fxhash v0.2.1
[INFO] [stderr]    Compiling rand_core v0.4.2
[INFO] [stderr]     Checking parking_lot v0.9.0
[INFO] [stderr]     Checking failure v0.1.8
[INFO] [stderr]     Checking gfx-hal v0.2.1
[INFO] [stderr]    Compiling getrandom v0.2.12
[INFO] [stderr]    Compiling x11 v2.21.0
[INFO] [stderr] error: failed to run custom build command for `xcb v0.8.2`
[INFO] [stderr] note: To improve backtraces for build dependencies, set the CARGO_PROFILE_DEV_BUILD_OVERRIDE_DEBUG=true environment variable to enable debug information generation.
[INFO] [stderr] 
[INFO] [stderr] Caused by:
[INFO] [stderr]   process didn't exit successfully: `/opt/rustwide/target/debug/build/xcb-d428e1ad0f443a43/build-script-build` (exit status: 101)
[INFO] [stderr]   --- stderr
[INFO] [stderr]   error occured in handler:  ('request: ', ('xcb', 'SELinux', 'GetClientContext'))
[INFO] [stderr]   Traceback (most recent call last):
[INFO] [stderr]     File "/opt/rustwide/cargo-home/registry/src/index.crates.io-6f17d22bba15001f/xcb-0.8.2/rs_client.py", line 2448, in <module>
[INFO] [stderr]       module.generate()
[INFO] [stderr]     File "/opt/rustwide/cargo-home/registry/src/index.crates.io-6f17d22bba15001f/xcb-0.8.2/xcbgen/state.py", line 108, in generate
[INFO] [stderr]       self.close()
[INFO] [stderr]     File "/opt/rustwide/cargo-home/registry/src/index.crates.io-6f17d22bba15001f/xcb-0.8.2/rs_client.py", line 296, in rs_close
[INFO] [stderr]       _f.writeout(os.path.join(module.rs_srcdir, "ffi", "%s.rs" % _module_name(_ns.ext_name)))
[INFO] [stderr]     File "/opt/rustwide/cargo-home/registry/src/index.crates.io-6f17d22bba15001f/xcb-0.8.2/rs_client.py", line 114, in writeout
[INFO] [stderr]       with open(path, 'w') as f:
[INFO] [stderr]   OSError: [Errno 30] Read-only file system: '/opt/rustwide/cargo-home/registry/src/index.crates.io-6f17d22bba15001f/xcb-0.8.2/src/ffi/selinux.rs'
[INFO] [stderr]   thread 'main' panicked at /opt/rustwide/cargo-home/registry/src/index.crates.io-6f17d22bba15001f/xcb-0.8.2/build.rs:75:17:
[INFO] [stderr]   processing of /opt/rustwide/cargo-home/registry/src/index.crates.io-6f17d22bba15001f/xcb-0.8.2/xml/xselinux.xml returned non-zero (1)
[INFO] [stderr]   stack backtrace:
[INFO] [stderr]      0:     0x5619f6bcd566 - std::backtrace_rs::backtrace::libunwind::trace::heebc7766b165eb2a
[INFO] [stderr]                                  at /rustc/268dbbbc4b3fd71c5f360a4d0728295252430b5b/library/std/src/../../backtrace/src/backtrace/libunwind.rs:104:5
[INFO] [stderr]      1:     0x5619f6bcd566 - std::backtrace_rs::backtrace::trace_unsynchronized::ha677020d8fc0296d
[INFO] [stderr]                                  at /rustc/268dbbbc4b3fd71c5f360a4d0728295252430b5b/library/std/src/../../backtrace/src/backtrace/mod.rs:66:5
[INFO] [stderr]      2:     0x5619f6bcd566 - std::sys_common::backtrace::_print_fmt::hcaff2fd86a1aeaa3
[INFO] [stderr]                                  at /rustc/268dbbbc4b3fd71c5f360a4d0728295252430b5b/library/std/src/sys_common/backtrace.rs:68:5
[INFO] [stderr]      3:     0x5619f6bcd566 - <std::sys_common::backtrace::_print::DisplayBacktrace as core::fmt::Display>::fmt::hc2446d8aa0059188
[INFO] [stderr]                                  at /rustc/268dbbbc4b3fd71c5f360a4d0728295252430b5b/library/std/src/sys_common/backtrace.rs:44:22
[INFO] [stderr]      4:     0x5619f6bef9a0 - core::fmt::rt::Argument::fmt::h2fbb6454da37999b
[INFO] [stderr]                                  at /rustc/268dbbbc4b3fd71c5f360a4d0728295252430b5b/library/core/src/fmt/rt.rs:142:9
[INFO] [stderr]      5:     0x5619f6bef9a0 - core::fmt::write::had96bdeda7d49d3a
[INFO] [stderr]                                  at /rustc/268dbbbc4b3fd71c5f360a4d0728295252430b5b/library/core/src/fmt/mod.rs:1120:17
[INFO] [stderr]      6:     0x5619f6bcb1bf - std::io::Write::write_fmt::h30b1f36eea05b391
[INFO] [stderr]                                  at /rustc/268dbbbc4b3fd71c5f360a4d0728295252430b5b/library/std/src/io/mod.rs:1849:15
[INFO] [stderr]      7:     0x5619f6bcd344 - std::sys_common::backtrace::_print::hc333bb91ae972137
[INFO] [stderr]                                  at /rustc/268dbbbc4b3fd71c5f360a4d0728295252430b5b/library/std/src/sys_common/backtrace.rs:47:5
[INFO] [stderr]      8:     0x5619f6bcd344 - std::sys_common::backtrace::print::h18fd3c71a95a3169
[INFO] [stderr]                                  at /rustc/268dbbbc4b3fd71c5f360a4d0728295252430b5b/library/std/src/sys_common/backtrace.rs:34:9
[INFO] [stderr]      9:     0x5619f6bcea37 - std::panicking::default_hook::{{closure}}::ha3473f9bcb4e9a37
[INFO] [stderr]     10:     0x5619f6bce799 - std::panicking::default_hook::h23d9d43185db6584
[INFO] [stderr]                                  at /rustc/268dbbbc4b3fd71c5f360a4d0728295252430b5b/library/std/src/panicking.rs:292:9
[INFO] [stderr]     11:     0x5619f6bceec8 - std::panicking::rust_panic_with_hook::h94aceaa7df3a6edd
[INFO] [stderr]                                  at /rustc/268dbbbc4b3fd71c5f360a4d0728295252430b5b/library/std/src/panicking.rs:781:13
[INFO] [stderr]     12:     0x5619f6bceda2 - std::panicking::begin_panic_handler::{{closure}}::h9905d45d1d82fc42
[INFO] [stderr]                                  at /rustc/268dbbbc4b3fd71c5f360a4d0728295252430b5b/library/std/src/panicking.rs:659:13
[INFO] [stderr]     13:     0x5619f6bcda66 - std::sys_common::backtrace::__rust_end_short_backtrace::hb02085545dc143b9
[INFO] [stderr]                                  at /rustc/268dbbbc4b3fd71c5f360a4d0728295252430b5b/library/std/src/sys_common/backtrace.rs:171:18
[INFO] [stderr]     14:     0x5619f6bceaf4 - rust_begin_unwind
[INFO] [stderr]                                  at /rustc/268dbbbc4b3fd71c5f360a4d0728295252430b5b/library/std/src/panicking.rs:647:5
[INFO] [stderr]     15:     0x5619f6ba7285 - core::panicking::panic_fmt::h6dca3983f8a9f4d0
[INFO] [stderr]                                  at /rustc/268dbbbc4b3fd71c5f360a4d0728295252430b5b/library/core/src/panicking.rs:72:14
[INFO] [stderr]     16:     0x5619f6bad311 - build_script_build::main::{{closure}}::h40f9543013a662fe
[INFO] [stderr]     17:     0x5619f6babea3 - build_script_build::visit_xml::hfc8254a42f3e949b
[INFO] [stderr]     18:     0x5619f6bac7cc - build_script_build::main::h510bd798625265aa
[INFO] [stderr]     19:     0x5619f6ba8e13 - core::ops::function::FnOnce::call_once::h1fdabb5576da2451
[INFO] [stderr]     20:     0x5619f6ba7db6 - std::sys_common::backtrace::__rust_begin_short_backtrace::ha398810f3c984592
[INFO] [stderr]     21:     0x5619f6ba84e9 - std::rt::lang_start::{{closure}}::hba59bec7c76508e2
[INFO] [stderr]     22:     0x5619f6bc7d91 - core::ops::function::impls::<impl core::ops::function::FnOnce<A> for &F>::call_once::h298d8ff12ebcec8c
[INFO] [stderr]                                  at /rustc/268dbbbc4b3fd71c5f360a4d0728295252430b5b/library/core/src/ops/function.rs:284:13
[INFO] [stderr]     23:     0x5619f6bc7d91 - std::panicking::try::do_call::hbd0ffb05da5bd343
[INFO] [stderr]                                  at /rustc/268dbbbc4b3fd71c5f360a4d0728295252430b5b/library/std/src/panicking.rs:554:40
[INFO] [stderr]     24:     0x5619f6bc7d91 - std::panicking::try::h11c9a152defd5d2a
[INFO] [stderr]                                  at /rustc/268dbbbc4b3fd71c5f360a4d0728295252430b5b/library/std/src/panicking.rs:518:19
[INFO] [stderr]     25:     0x5619f6bc7d91 - std::panic::catch_unwind::h0d6db2fa902b4d64
[INFO] [stderr]                                  at /rustc/268dbbbc4b3fd71c5f360a4d0728295252430b5b/library/std/src/panic.rs:142:14
[INFO] [stderr]     26:     0x5619f6bc7d91 - std::rt::lang_start_internal::{{closure}}::hdcc09b4aad7ef821
[INFO] [stderr]                                  at /rustc/268dbbbc4b3fd71c5f360a4d0728295252430b5b/library/std/src/rt.rs:148:48
[INFO] [stderr]     27:     0x5619f6bc7d91 - std::panicking::try::do_call::h3ffd2f162d60900f
[INFO] [stderr]                                  at /rustc/268dbbbc4b3fd71c5f360a4d0728295252430b5b/library/std/src/panicking.rs:554:40
[INFO] [stderr]     28:     0x5619f6bc7d91 - std::panicking::try::heeba82b9c3e190fb
[INFO] [stderr]                                  at /rustc/268dbbbc4b3fd71c5f360a4d0728295252430b5b/library/std/src/panicking.rs:518:19
[INFO] [stderr]     29:     0x5619f6bc7d91 - std::panic::catch_unwind::hdaab8f1c188f387f
[INFO] [stderr]                                  at /rustc/268dbbbc4b3fd71c5f360a4d0728295252430b5b/library/std/src/panic.rs:142:14
[INFO] [stderr]     30:     0x5619f6bc7d91 - std::rt::lang_start_internal::h9989e088c48b7903
[INFO] [stderr]                                  at /rustc/268dbbbc4b3fd71c5f360a4d0728295252430b5b/library/std/src/rt.rs:148:20
[INFO] [stderr]     31:     0x5619f6ba84c7 - std::rt::lang_start::h04718fc7f73f0769
[INFO] [stderr]     32:     0x5619f6bad395 - main
[INFO] [stderr]     33:     0x7fdd654ecd90 - <unknown>
[INFO] [stderr]     34:     0x7fdd654ece40 - __libc_start_main
[INFO] [stderr]     35:     0x5619f6ba79b5 - _start
[INFO] [stderr]     36:                0x0 - <unknown>
[INFO] [stderr] warning: build failed, waiting for other jobs to finish...
[INFO] running `Command { std: "docker" "inspect" "66b554a7fe16dc52eef9c46aba1e861fc955b557a5490cbb15caa1a5c22f34ec", kill_on_drop: false }`
[INFO] running `Command { std: "docker" "rm" "-f" "66b554a7fe16dc52eef9c46aba1e861fc955b557a5490cbb15caa1a5c22f34ec", kill_on_drop: false }`
[INFO] [stdout] 66b554a7fe16dc52eef9c46aba1e861fc955b557a5490cbb15caa1a5c22f34ec
[INFO] checking deathframe-0.5.1 against nightly-2024-02-05+rustflags=-Dunexpected_cfgs+cargoflags=-Zcheck-cfg for check-cfg
[INFO] extracting crate deathframe 0.5.1 into /workspace/builds/worker-4-tc2/source
[INFO] validating manifest of crates.io crate deathframe 0.5.1 on toolchain nightly-2024-02-05
[INFO] running `Command { std: CARGO_HOME="/workspace/cargo-home" RUSTUP_HOME="/workspace/rustup-home" "/workspace/cargo-home/bin/cargo" "+nightly-2024-02-05" "metadata" "--manifest-path" "Cargo.toml" "--no-deps", kill_on_drop: false }`
[INFO] started tweaking crates.io crate deathframe 0.5.1
[INFO] finished tweaking crates.io crate deathframe 0.5.1
[INFO] tweaked toml for crates.io crate deathframe 0.5.1 written to /workspace/builds/worker-4-tc2/source/Cargo.toml
[INFO] running `Command { std: CARGO_HOME="/workspace/cargo-home" RUSTUP_HOME="/workspace/rustup-home" "/workspace/cargo-home/bin/cargo" "+nightly-2024-02-05" "generate-lockfile" "--manifest-path" "Cargo.toml", kill_on_drop: false }`
[INFO] [stderr]     Updating crates.io index
[INFO] running `Command { std: CARGO_HOME="/workspace/cargo-home" RUSTUP_HOME="/workspace/rustup-home" "/workspace/cargo-home/bin/cargo" "+nightly-2024-02-05" "fetch" "--manifest-path" "Cargo.toml", kill_on_drop: false }`
[INFO] running `Command { std: "docker" "create" "-v" "/var/lib/crater-agent-workspace/builds/worker-4-tc2/target:/opt/rustwide/target:rw,Z" "-v" "/var/lib/crater-agent-workspace/builds/worker-4-tc2/source:/opt/rustwide/workdir:ro,Z" "-v" "/var/lib/crater-agent-workspace/cargo-home:/opt/rustwide/cargo-home:ro,Z" "-v" "/var/lib/crater-agent-workspace/rustup-home:/opt/rustwide/rustup-home:ro,Z" "-e" "SOURCE_DIR=/opt/rustwide/workdir" "-e" "CARGO_TARGET_DIR=/opt/rustwide/target" "-e" "CARGO_HOME=/opt/rustwide/cargo-home" "-e" "RUSTUP_HOME=/opt/rustwide/rustup-home" "-w" "/opt/rustwide/workdir" "-m" "1610612736" "--user" "0:0" "--network" "none" "ghcr.io/rust-lang/crates-build-env/linux@sha256:2788e3201cd34a07e3172128adcd8b3090168a8e3bcc40d7c032b9dda1df7d1c" "/opt/rustwide/cargo-home/bin/cargo" "+nightly-2024-02-05" "metadata" "--no-deps" "--format-version=1", kill_on_drop: false }`
[INFO] [stdout] 321ea52ef7653e75baed003fc492db4f995dc8bc571692fc6966d95d737a7c3e
[INFO] running `Command { std: "docker" "start" "-a" "321ea52ef7653e75baed003fc492db4f995dc8bc571692fc6966d95d737a7c3e", kill_on_drop: false }`
[INFO] running `Command { std: "docker" "inspect" "321ea52ef7653e75baed003fc492db4f995dc8bc571692fc6966d95d737a7c3e", kill_on_drop: false }`
[INFO] running `Command { std: "docker" "rm" "-f" "321ea52ef7653e75baed003fc492db4f995dc8bc571692fc6966d95d737a7c3e", kill_on_drop: false }`
[INFO] [stdout] 321ea52ef7653e75baed003fc492db4f995dc8bc571692fc6966d95d737a7c3e
[INFO] running `Command { std: "docker" "create" "-v" "/var/lib/crater-agent-workspace/builds/worker-4-tc2/target:/opt/rustwide/target:rw,Z" "-v" "/var/lib/crater-agent-workspace/builds/worker-4-tc2/source:/opt/rustwide/workdir:ro,Z" "-v" "/var/lib/crater-agent-workspace/cargo-home:/opt/rustwide/cargo-home:ro,Z" "-v" "/var/lib/crater-agent-workspace/rustup-home:/opt/rustwide/rustup-home:ro,Z" "-e" "SOURCE_DIR=/opt/rustwide/workdir" "-e" "CARGO_TARGET_DIR=/opt/rustwide/target" "-e" "CARGO_INCREMENTAL=0" "-e" "RUST_BACKTRACE=full" "-e" "RUSTFLAGS=--cap-lints=forbid -Dunexpected_cfgs" "-e" "RUSTDOCFLAGS=--cap-lints=forbid" "-e" "CARGO_HOME=/opt/rustwide/cargo-home" "-e" "RUSTUP_HOME=/opt/rustwide/rustup-home" "-w" "/opt/rustwide/workdir" "-m" "1610612736" "--user" "0:0" "--network" "none" "ghcr.io/rust-lang/crates-build-env/linux@sha256:2788e3201cd34a07e3172128adcd8b3090168a8e3bcc40d7c032b9dda1df7d1c" "/opt/rustwide/cargo-home/bin/cargo" "+nightly-2024-02-05" "check" "--frozen" "--all" "--all-targets" "--message-format=json" "-Zcheck-cfg", kill_on_drop: false }`
[INFO] [stdout] 8d7ce2098dd22927227ade33c64fe77e21b9c531ebf24bfe3afee131500104f5
[INFO] running `Command { std: "docker" "start" "-a" "8d7ce2098dd22927227ade33c64fe77e21b9c531ebf24bfe3afee131500104f5", kill_on_drop: false }`
[INFO] [stderr]    Compiling libc v0.2.153
[INFO] [stderr]    Compiling syn v1.0.109
[INFO] [stderr]    Compiling num-traits v0.2.17
[INFO] [stderr]     Checking byteorder v1.5.0
[INFO] [stderr]    Compiling serde_derive v1.0.196
[INFO] [stderr]    Compiling num-integer v0.1.45
[INFO] [stderr]    Compiling crossbeam-utils v0.8.19
[INFO] [stderr]     Checking bitflags v1.0.4
[INFO] [stderr]     Checking rand_core v0.3.1
[INFO] [stderr]    Compiling syn v0.15.44
[INFO] [stderr]     Checking gimli v0.28.1
[INFO] [stderr]     Checking miniz_oxide v0.7.2
[INFO] [stderr]     Checking object v0.32.2
[INFO] [stderr]     Checking crossbeam-epoch v0.9.18
[INFO] [stderr]     Checking rustc-demangle v0.1.23
[INFO] [stderr]    Compiling rayon-core v1.12.1
[INFO] [stderr]     Checking approx v0.3.2
[INFO] [stderr]     Checking crossbeam-deque v0.8.5
[INFO] [stderr]     Checking either v1.9.0
[INFO] [stderr]    Compiling unicode-xid v0.2.4
[INFO] [stderr]    Compiling num-rational v0.2.4
[INFO] [stderr]     Checking rayon v1.8.1
[INFO] [stderr]    Compiling cc v1.0.83
[INFO] [stderr]     Checking addr2line v0.21.0
[INFO] [stderr]     Checking rand_os v0.1.3
[INFO] [stderr]     Checking rand_xorshift v0.1.1
[INFO] [stderr]     Checking rand_isaac v0.1.1
[INFO] [stderr]     Checking rand_chacha v0.1.1
[INFO] [stderr]     Checking rand_hc v0.1.0
[INFO] [stderr]     Checking rand v0.6.5
[INFO] [stderr]    Compiling xml-rs v0.8.19
[INFO] [stderr]    Compiling backtrace v0.3.69
[INFO] [stderr]     Checking crossbeam-epoch v0.8.2
[INFO] [stderr]     Checking num_cpus v1.16.0
[INFO] [stderr]    Compiling wayland-scanner v0.21.13
[INFO] [stderr]     Checking ordered-float v1.1.1
[INFO] [stderr]     Checking crossbeam-deque v0.7.4
[INFO] [stderr]    Compiling synstructure v0.12.6
[INFO] [stderr]     Checking stb_truetype v0.3.1
[INFO] [stderr]    Compiling parking_lot_core v0.6.3
[INFO] [stderr]     Checking libloading v0.6.7
[INFO] [stderr]     Checking crossbeam-utils v0.6.6
[INFO] [stderr]    Compiling num-iter v0.1.43
[INFO] [stderr]     Checking serde v1.0.196
[INFO] [stderr]     Checking rustc-hash v1.1.0
[INFO] [stderr]    Compiling nix v0.14.1
[INFO] [stderr]     Checking rusttype v0.8.3
[INFO] [stderr]     Checking dlib v0.4.2
[INFO] [stderr]    Compiling arrayvec v0.4.12
[INFO] [stderr]     Checking void v1.0.2
[INFO] [stderr]    Compiling derivative v1.0.4
[INFO] [stderr]     Checking wayland-sys v0.21.13
[INFO] [stderr]     Checking lock_api v0.3.4
[INFO] [stderr]     Checking adler32 v1.2.0
[INFO] [stderr]    Compiling num-derive v0.2.5
[INFO] [stderr]     Checking nodrop v0.1.14
[INFO] [stderr]     Checking walkdir v2.4.0
[INFO] [stderr]     Checking downcast-rs v1.2.0
[INFO] [stderr]     Checking lzw v0.10.0
[INFO] [stderr]     Checking deflate v0.7.20
[INFO] [stderr]    Compiling wayland-client v0.21.13
[INFO] [stderr]    Compiling wayland-protocols v0.21.13
[INFO] [stderr]     Checking inflate v0.4.5
[INFO] [stderr]     Checking rusttype v0.7.9
[INFO] [stderr]     Checking memmap v0.7.0
[INFO] [stderr]     Checking line_drawing v0.7.0
[INFO] [stderr]     Checking wayland-commons v0.21.13
[INFO] [stderr]    Compiling x11-dl v2.21.0
[INFO] [stderr]     Checking xdg v2.5.2
[INFO] [stderr]     Checking log v0.4.20
[INFO] [stderr]     Checking smallvec v0.6.14
[INFO] [stderr]     Checking stable_deref_trait v1.2.0
[INFO] [stderr]    Compiling failure_derive v0.1.8
[INFO] [stderr]     Checking color_quant v1.1.0
[INFO] [stderr]     Checking cty v0.2.2
[INFO] [stderr]     Checking raw-window-handle v0.4.3
[INFO] [stderr]     Checking parking_lot v0.9.0
[INFO] [stderr]    Compiling crunchy v0.2.2
[INFO] [stderr]     Checking gif v0.10.3
[INFO] [stderr]     Checking png v0.14.1
[INFO] [stderr]     Checking jpeg-decoder v0.1.22
[INFO] [stderr]     Checking tiff v0.2.2
[INFO] [stderr]     Checking andrew v0.2.1
[INFO] [stderr]     Checking scoped_threadpool v0.1.9
[INFO] [stderr]    Compiling tiny-keccak v2.0.2
[INFO] [stderr]     Checking raw-window-handle v0.3.4
[INFO] [stderr]    Compiling xcb v0.8.2
[INFO] [stderr]     Checking fxhash v0.2.1
[INFO] [stderr]     Checking failure v0.1.8
[INFO] [stderr]    Compiling rand_core v0.4.2
[INFO] [stderr]     Checking image v0.21.3
[INFO] [stderr]     Checking gfx-hal v0.2.1
[INFO] [stderr]    Compiling getrandom v0.2.12
[INFO] [stderr]    Compiling x11 v2.21.0
[INFO] [stderr]    Compiling const-random-macro v0.1.16
[INFO] [stderr]    Compiling parking_lot_core v0.4.0
[INFO] [stderr] error: failed to run custom build command for `xcb v0.8.2`
[INFO] [stderr] note: To improve backtraces for build dependencies, set the CARGO_PROFILE_DEV_BUILD_OVERRIDE_DEBUG=true environment variable to enable debug information generation.
[INFO] [stderr] 
[INFO] [stderr] Caused by:
[INFO] [stderr]   process didn't exit successfully: `/opt/rustwide/target/debug/build/xcb-d428e1ad0f443a43/build-script-build` (exit status: 101)
[INFO] [stderr]   --- stderr
[INFO] [stderr]   error occured in handler:  ('request: ', ('xcb', 'SELinux', 'GetClientContext'))
[INFO] [stderr]   Traceback (most recent call last):
[INFO] [stderr]     File "/opt/rustwide/cargo-home/registry/src/index.crates.io-6f17d22bba15001f/xcb-0.8.2/rs_client.py", line 2448, in <module>
[INFO] [stderr]       module.generate()
[INFO] [stderr]     File "/opt/rustwide/cargo-home/registry/src/index.crates.io-6f17d22bba15001f/xcb-0.8.2/xcbgen/state.py", line 108, in generate
[INFO] [stderr]       self.close()
[INFO] [stderr]     File "/opt/rustwide/cargo-home/registry/src/index.crates.io-6f17d22bba15001f/xcb-0.8.2/rs_client.py", line 296, in rs_close
[INFO] [stderr]       _f.writeout(os.path.join(module.rs_srcdir, "ffi", "%s.rs" % _module_name(_ns.ext_name)))
[INFO] [stderr]     File "/opt/rustwide/cargo-home/registry/src/index.crates.io-6f17d22bba15001f/xcb-0.8.2/rs_client.py", line 114, in writeout
[INFO] [stderr]       with open(path, 'w') as f:
[INFO] [stderr]   OSError: [Errno 30] Read-only file system: '/opt/rustwide/cargo-home/registry/src/index.crates.io-6f17d22bba15001f/xcb-0.8.2/src/ffi/selinux.rs'
[INFO] [stderr]   thread 'main' panicked at /opt/rustwide/cargo-home/registry/src/index.crates.io-6f17d22bba15001f/xcb-0.8.2/build.rs:75:17:
[INFO] [stderr]   processing of /opt/rustwide/cargo-home/registry/src/index.crates.io-6f17d22bba15001f/xcb-0.8.2/xml/xselinux.xml returned non-zero (1)
[INFO] [stderr]   stack backtrace:
[INFO] [stderr]      0:     0x564f9d6eb566 - std::backtrace_rs::backtrace::libunwind::trace::heebc7766b165eb2a
[INFO] [stderr]                                  at /rustc/268dbbbc4b3fd71c5f360a4d0728295252430b5b/library/std/src/../../backtrace/src/backtrace/libunwind.rs:104:5
[INFO] [stderr]      1:     0x564f9d6eb566 - std::backtrace_rs::backtrace::trace_unsynchronized::ha677020d8fc0296d
[INFO] [stderr]                                  at /rustc/268dbbbc4b3fd71c5f360a4d0728295252430b5b/library/std/src/../../backtrace/src/backtrace/mod.rs:66:5
[INFO] [stderr]      2:     0x564f9d6eb566 - std::sys_common::backtrace::_print_fmt::hcaff2fd86a1aeaa3
[INFO] [stderr]                                  at /rustc/268dbbbc4b3fd71c5f360a4d0728295252430b5b/library/std/src/sys_common/backtrace.rs:68:5
[INFO] [stderr]      3:     0x564f9d6eb566 - <std::sys_common::backtrace::_print::DisplayBacktrace as core::fmt::Display>::fmt::hc2446d8aa0059188
[INFO] [stderr]                                  at /rustc/268dbbbc4b3fd71c5f360a4d0728295252430b5b/library/std/src/sys_common/backtrace.rs:44:22
[INFO] [stderr]      4:     0x564f9d70d9a0 - core::fmt::rt::Argument::fmt::h2fbb6454da37999b
[INFO] [stderr]                                  at /rustc/268dbbbc4b3fd71c5f360a4d0728295252430b5b/library/core/src/fmt/rt.rs:142:9
[INFO] [stderr]      5:     0x564f9d70d9a0 - core::fmt::write::had96bdeda7d49d3a
[INFO] [stderr]                                  at /rustc/268dbbbc4b3fd71c5f360a4d0728295252430b5b/library/core/src/fmt/mod.rs:1120:17
[INFO] [stderr]      6:     0x564f9d6e91bf - std::io::Write::write_fmt::h30b1f36eea05b391
[INFO] [stderr]                                  at /rustc/268dbbbc4b3fd71c5f360a4d0728295252430b5b/library/std/src/io/mod.rs:1849:15
[INFO] [stderr]      7:     0x564f9d6eb344 - std::sys_common::backtrace::_print::hc333bb91ae972137
[INFO] [stderr]                                  at /rustc/268dbbbc4b3fd71c5f360a4d0728295252430b5b/library/std/src/sys_common/backtrace.rs:47:5
[INFO] [stderr]      8:     0x564f9d6eb344 - std::sys_common::backtrace::print::h18fd3c71a95a3169
[INFO] [stderr]                                  at /rustc/268dbbbc4b3fd71c5f360a4d0728295252430b5b/library/std/src/sys_common/backtrace.rs:34:9
[INFO] [stderr]      9:     0x564f9d6eca37 - std::panicking::default_hook::{{closure}}::ha3473f9bcb4e9a37
[INFO] [stderr]     10:     0x564f9d6ec799 - std::panicking::default_hook::h23d9d43185db6584
[INFO] [stderr]                                  at /rustc/268dbbbc4b3fd71c5f360a4d0728295252430b5b/library/std/src/panicking.rs:292:9
[INFO] [stderr]     11:     0x564f9d6ecec8 - std::panicking::rust_panic_with_hook::h94aceaa7df3a6edd
[INFO] [stderr]                                  at /rustc/268dbbbc4b3fd71c5f360a4d0728295252430b5b/library/std/src/panicking.rs:781:13
[INFO] [stderr]     12:     0x564f9d6ecda2 - std::panicking::begin_panic_handler::{{closure}}::h9905d45d1d82fc42
[INFO] [stderr]                                  at /rustc/268dbbbc4b3fd71c5f360a4d0728295252430b5b/library/std/src/panicking.rs:659:13
[INFO] [stderr]     13:     0x564f9d6eba66 - std::sys_common::backtrace::__rust_end_short_backtrace::hb02085545dc143b9
[INFO] [stderr]                                  at /rustc/268dbbbc4b3fd71c5f360a4d0728295252430b5b/library/std/src/sys_common/backtrace.rs:171:18
[INFO] [stderr]     14:     0x564f9d6ecaf4 - rust_begin_unwind
[INFO] [stderr]                                  at /rustc/268dbbbc4b3fd71c5f360a4d0728295252430b5b/library/std/src/panicking.rs:647:5
[INFO] [stderr]     15:     0x564f9d6c5285 - core::panicking::panic_fmt::h6dca3983f8a9f4d0
[INFO] [stderr]                                  at /rustc/268dbbbc4b3fd71c5f360a4d0728295252430b5b/library/core/src/panicking.rs:72:14
[INFO] [stderr]     16:     0x564f9d6cb311 - build_script_build::main::{{closure}}::h40f9543013a662fe
[INFO] [stderr]     17:     0x564f9d6c9ea3 - build_script_build::visit_xml::hfc8254a42f3e949b
[INFO] [stderr]     18:     0x564f9d6ca7cc - build_script_build::main::h510bd798625265aa
[INFO] [stderr]     19:     0x564f9d6c6e13 - core::ops::function::FnOnce::call_once::h1fdabb5576da2451
[INFO] [stderr]     20:     0x564f9d6c5db6 - std::sys_common::backtrace::__rust_begin_short_backtrace::ha398810f3c984592
[INFO] [stderr]     21:     0x564f9d6c64e9 - std::rt::lang_start::{{closure}}::hba59bec7c76508e2
[INFO] [stderr]     22:     0x564f9d6e5d91 - core::ops::function::impls::<impl core::ops::function::FnOnce<A> for &F>::call_once::h298d8ff12ebcec8c
[INFO] [stderr]                                  at /rustc/268dbbbc4b3fd71c5f360a4d0728295252430b5b/library/core/src/ops/function.rs:284:13
[INFO] [stderr]     23:     0x564f9d6e5d91 - std::panicking::try::do_call::hbd0ffb05da5bd343
[INFO] [stderr]                                  at /rustc/268dbbbc4b3fd71c5f360a4d0728295252430b5b/library/std/src/panicking.rs:554:40
[INFO] [stderr]     24:     0x564f9d6e5d91 - std::panicking::try::h11c9a152defd5d2a
[INFO] [stderr]                                  at /rustc/268dbbbc4b3fd71c5f360a4d0728295252430b5b/library/std/src/panicking.rs:518:19
[INFO] [stderr]     25:     0x564f9d6e5d91 - std::panic::catch_unwind::h0d6db2fa902b4d64
[INFO] [stderr]                                  at /rustc/268dbbbc4b3fd71c5f360a4d0728295252430b5b/library/std/src/panic.rs:142:14
[INFO] [stderr]     26:     0x564f9d6e5d91 - std::rt::lang_start_internal::{{closure}}::hdcc09b4aad7ef821
[INFO] [stderr]                                  at /rustc/268dbbbc4b3fd71c5f360a4d0728295252430b5b/library/std/src/rt.rs:148:48
[INFO] [stderr]     27:     0x564f9d6e5d91 - std::panicking::try::do_call::h3ffd2f162d60900f
[INFO] [stderr]                                  at /rustc/268dbbbc4b3fd71c5f360a4d0728295252430b5b/library/std/src/panicking.rs:554:40
[INFO] [stderr]     28:     0x564f9d6e5d91 - std::panicking::try::heeba82b9c3e190fb
[INFO] [stderr]                                  at /rustc/268dbbbc4b3fd71c5f360a4d0728295252430b5b/library/std/src/panicking.rs:518:19
[INFO] [stderr]     29:     0x564f9d6e5d91 - std::panic::catch_unwind::hdaab8f1c188f387f
[INFO] [stderr]                                  at /rustc/268dbbbc4b3fd71c5f360a4d0728295252430b5b/library/std/src/panic.rs:142:14
[INFO] [stderr]     30:     0x564f9d6e5d91 - std::rt::lang_start_internal::h9989e088c48b7903
[INFO] [stderr]                                  at /rustc/268dbbbc4b3fd71c5f360a4d0728295252430b5b/library/std/src/rt.rs:148:20
[INFO] [stderr]     31:     0x564f9d6c64c7 - std::rt::lang_start::h04718fc7f73f0769
[INFO] [stderr]     32:     0x564f9d6cb395 - main
[INFO] [stderr]     33:     0x7f12f8781d90 - <unknown>
[INFO] [stderr]     34:     0x7f12f8781e40 - __libc_start_main
[INFO] [stderr]     35:     0x564f9d6c59b5 - _start
[INFO] [stderr]     36:                0x0 - <unknown>
[INFO] [stderr] warning: build failed, waiting for other jobs to finish...
[INFO] running `Command { std: "docker" "inspect" "8d7ce2098dd22927227ade33c64fe77e21b9c531ebf24bfe3afee131500104f5", kill_on_drop: false }`
[INFO] running `Command { std: "docker" "rm" "-f" "8d7ce2098dd22927227ade33c64fe77e21b9c531ebf24bfe3afee131500104f5", kill_on_drop: false }`
[INFO] [stdout] 8d7ce2098dd22927227ade33c64fe77e21b9c531ebf24bfe3afee131500104f5
