[INFO] fetching crate datafusion_iceberg 0.1.2...
[INFO] checking datafusion_iceberg-0.1.2 against nightly-2024-02-05 for check-cfg
[INFO] extracting crate datafusion_iceberg 0.1.2 into /workspace/builds/worker-5-tc1/source
[INFO] validating manifest of crates.io crate datafusion_iceberg 0.1.2 on toolchain nightly-2024-02-05
[INFO] running `Command { std: CARGO_HOME="/workspace/cargo-home" RUSTUP_HOME="/workspace/rustup-home" "/workspace/cargo-home/bin/cargo" "+nightly-2024-02-05" "metadata" "--manifest-path" "Cargo.toml" "--no-deps", kill_on_drop: false }`
[INFO] started tweaking crates.io crate datafusion_iceberg 0.1.2
[INFO] finished tweaking crates.io crate datafusion_iceberg 0.1.2
[INFO] tweaked toml for crates.io crate datafusion_iceberg 0.1.2 written to /workspace/builds/worker-5-tc1/source/Cargo.toml
[INFO] running `Command { std: CARGO_HOME="/workspace/cargo-home" RUSTUP_HOME="/workspace/rustup-home" "/workspace/cargo-home/bin/cargo" "+nightly-2024-02-05" "generate-lockfile" "--manifest-path" "Cargo.toml", kill_on_drop: false }`
[INFO] [stderr]     Updating crates.io index
[INFO] running `Command { std: CARGO_HOME="/workspace/cargo-home" RUSTUP_HOME="/workspace/rustup-home" "/workspace/cargo-home/bin/cargo" "+nightly-2024-02-05" "fetch" "--manifest-path" "Cargo.toml", kill_on_drop: false }`
[INFO] [stderr]  Downloading crates ...
[INFO] [stderr]   Downloaded seq-macro v0.3.5
[INFO] [stderr]   Downloaded sqlparser_derive v0.1.1
[INFO] [stderr]   Downloaded arrow-ipc v48.0.1
[INFO] [stderr]   Downloaded zstd-safe v7.0.0
[INFO] [stderr]   Downloaded arrow-cast v48.0.1
[INFO] [stderr]   Downloaded quad-rand v0.2.1
[INFO] [stderr]   Downloaded murmur3 v0.5.2
[INFO] [stderr]   Downloaded libflate_lz77 v2.0.0
[INFO] [stderr]   Downloaded typed-builder-macro v0.16.2
[INFO] [stderr]   Downloaded arrow-string v48.0.1
[INFO] [stderr]   Downloaded ordered-float v2.10.1
[INFO] [stderr]   Downloaded integer-encoding v3.0.4
[INFO] [stderr]   Downloaded arrow-select v48.0.1
[INFO] [stderr]   Downloaded thrift v0.17.0
[INFO] [stderr]   Downloaded arrow v48.0.1
[INFO] [stderr]   Downloaded chrono-tz v0.8.5
[INFO] [stderr]   Downloaded datafusion-expr v33.0.0
[INFO] [stderr]   Downloaded datafusion-optimizer v33.0.0
[INFO] [stderr]   Downloaded apache-avro v0.16.0
[INFO] [stderr]   Downloaded datafusion-physical-expr v33.0.0
[INFO] [stderr]   Downloaded datafusion-physical-plan v33.0.0
[INFO] [stderr]   Downloaded datafusion-common v33.0.0
[INFO] [stderr]   Downloaded datafusion v33.0.0
[INFO] [stderr]   Downloaded arrow-array v48.0.1
[INFO] [stderr]   Downloaded brotli-decompressor v2.5.1
[INFO] [stderr]   Downloaded parquet v48.0.1
[INFO] [stderr]   Downloaded sqlparser v0.39.0
[INFO] [stderr]   Downloaded object_store v0.7.1
[INFO] [stderr]   Downloaded async-compression v0.4.6
[INFO] [stderr]   Downloaded datafusion-sql v33.0.0
[INFO] [stderr]   Downloaded arrow-row v48.0.1
[INFO] [stderr]   Downloaded libflate v2.0.0
[INFO] [stderr]   Downloaded arrow-buffer v48.0.1
[INFO] [stderr]   Downloaded comfy-table v7.1.0
[INFO] [stderr]   Downloaded arrow-data v48.0.1
[INFO] [stderr]   Downloaded arrow-json v48.0.1
[INFO] [stderr]   Downloaded zstd v0.13.0
[INFO] [stderr]   Downloaded datafusion-execution v33.0.0
[INFO] [stderr]   Downloaded arrow-ord v48.0.1
[INFO] [stderr]   Downloaded arrow-schema v48.0.1
[INFO] [stderr]   Downloaded flatbuffers v23.5.26
[INFO] [stderr]   Downloaded arrow-arith v48.0.1
[INFO] [stderr]   Downloaded dary_heap v0.3.6
[INFO] [stderr]   Downloaded arrow-csv v48.0.1
[INFO] [stderr]   Downloaded typed-builder v0.16.2
[INFO] [stderr]   Downloaded chrono-tz-build v0.2.1
[INFO] [stderr]   Downloaded iceberg-rust-spec v0.1.0
[INFO] [stderr]   Downloaded iceberg-rust v0.1.3
[INFO] running `Command { std: "docker" "create" "-v" "/var/lib/crater-agent-workspace/builds/worker-5-tc1/target:/opt/rustwide/target:rw,Z" "-v" "/var/lib/crater-agent-workspace/builds/worker-5-tc1/source:/opt/rustwide/workdir:ro,Z" "-v" "/var/lib/crater-agent-workspace/cargo-home:/opt/rustwide/cargo-home:ro,Z" "-v" "/var/lib/crater-agent-workspace/rustup-home:/opt/rustwide/rustup-home:ro,Z" "-e" "SOURCE_DIR=/opt/rustwide/workdir" "-e" "CARGO_TARGET_DIR=/opt/rustwide/target" "-e" "CARGO_HOME=/opt/rustwide/cargo-home" "-e" "RUSTUP_HOME=/opt/rustwide/rustup-home" "-w" "/opt/rustwide/workdir" "-m" "1610612736" "--user" "0:0" "--network" "none" "ghcr.io/rust-lang/crates-build-env/linux@sha256:2788e3201cd34a07e3172128adcd8b3090168a8e3bcc40d7c032b9dda1df7d1c" "/opt/rustwide/cargo-home/bin/cargo" "+nightly-2024-02-05" "metadata" "--no-deps" "--format-version=1", kill_on_drop: false }`
[INFO] [stdout] 354b983719550d60bbd1bc256cc4b2def970bd9e654468ac95c4b111d598ba3a
[INFO] running `Command { std: "docker" "start" "-a" "354b983719550d60bbd1bc256cc4b2def970bd9e654468ac95c4b111d598ba3a", kill_on_drop: false }`
[INFO] running `Command { std: "docker" "inspect" "354b983719550d60bbd1bc256cc4b2def970bd9e654468ac95c4b111d598ba3a", kill_on_drop: false }`
[INFO] running `Command { std: "docker" "rm" "-f" "354b983719550d60bbd1bc256cc4b2def970bd9e654468ac95c4b111d598ba3a", kill_on_drop: false }`
[INFO] [stdout] 354b983719550d60bbd1bc256cc4b2def970bd9e654468ac95c4b111d598ba3a
[INFO] running `Command { std: "docker" "create" "-v" "/var/lib/crater-agent-workspace/builds/worker-5-tc1/target:/opt/rustwide/target:rw,Z" "-v" "/var/lib/crater-agent-workspace/builds/worker-5-tc1/source:/opt/rustwide/workdir:ro,Z" "-v" "/var/lib/crater-agent-workspace/cargo-home:/opt/rustwide/cargo-home:ro,Z" "-v" "/var/lib/crater-agent-workspace/rustup-home:/opt/rustwide/rustup-home:ro,Z" "-e" "SOURCE_DIR=/opt/rustwide/workdir" "-e" "CARGO_TARGET_DIR=/opt/rustwide/target" "-e" "CARGO_INCREMENTAL=0" "-e" "RUST_BACKTRACE=full" "-e" "RUSTFLAGS=--cap-lints=forbid" "-e" "RUSTDOCFLAGS=--cap-lints=forbid" "-e" "CARGO_HOME=/opt/rustwide/cargo-home" "-e" "RUSTUP_HOME=/opt/rustwide/rustup-home" "-w" "/opt/rustwide/workdir" "-m" "1610612736" "--user" "0:0" "--network" "none" "ghcr.io/rust-lang/crates-build-env/linux@sha256:2788e3201cd34a07e3172128adcd8b3090168a8e3bcc40d7c032b9dda1df7d1c" "/opt/rustwide/cargo-home/bin/cargo" "+nightly-2024-02-05" "check" "--frozen" "--all" "--all-targets" "--message-format=json", kill_on_drop: false }`
[INFO] [stdout] 5d28ac79bedb9f2fbb17d70b7cf2fd3154d900196c8ea6aa892e67a49b73596f
[INFO] running `Command { std: "docker" "start" "-a" "5d28ac79bedb9f2fbb17d70b7cf2fd3154d900196c8ea6aa892e67a49b73596f", kill_on_drop: false }`
[INFO] [stderr]    Compiling libc v0.2.153
[INFO] [stderr]     Checking cfg-if v1.0.0
[INFO] [stderr]    Compiling version_check v0.9.4
[INFO] [stderr]    Compiling libm v0.2.8
[INFO] [stderr]    Compiling crunchy v0.2.2
[INFO] [stderr]    Compiling tiny-keccak v2.0.2
[INFO] [stderr]     Checking once_cell v1.19.0
[INFO] [stderr]     Checking zerocopy v0.7.32
[INFO] [stderr]     Checking bytes v1.5.0
[INFO] [stderr]     Checking memchr v2.7.1
[INFO] [stderr]    Compiling num-traits v0.2.17
[INFO] [stderr]    Compiling serde v1.0.196
[INFO] [stderr]    Compiling num-integer v0.1.45
[INFO] [stderr]     Checking allocator-api2 v0.2.16
[INFO] [stderr]    Compiling syn v2.0.48
[INFO] [stderr]    Compiling num-bigint v0.4.4
[INFO] [stderr]    Compiling siphasher v0.3.11
[INFO] [stderr]    Compiling ppv-lite86 v0.2.17
[INFO] [stderr]    Compiling phf_shared v0.11.2
[INFO] [stderr]    Compiling regex-syntax v0.8.2
[INFO] [stderr]    Compiling num-iter v0.1.43
[INFO] [stderr]    Compiling num-rational v0.4.1
[INFO] [stderr]     Checking pin-project-lite v0.2.13
[INFO] [stderr]    Compiling ahash v0.8.7
[INFO] [stderr]     Checking iana-time-zone v0.1.60
[INFO] [stderr]    Compiling phf v0.11.2
[INFO] [stderr]    Compiling pkg-config v0.3.29
[INFO] [stderr]     Checking itoa v1.0.10
[INFO] [stderr]    Compiling aho-corasick v1.1.2
[INFO] [stderr]    Compiling parking_lot_core v0.9.9
[INFO] [stderr]    Compiling lock_api v0.4.11
[INFO] [stderr]     Checking scopeguard v1.2.0
[INFO] [stderr]     Checking arrow-schema v48.0.1
[INFO] [stderr]     Checking static_assertions v1.1.0
[INFO] [stderr]    Compiling heck v0.4.1
[INFO] [stderr]     Checking smallvec v1.13.1
[INFO] [stderr]    Compiling rustversion v1.0.14
[INFO] [stderr]     Checking futures-core v0.3.30
[INFO] [stderr]    Compiling slab v0.4.9
[INFO] [stderr]     Checking futures-sink v0.3.30
[INFO] [stderr]     Checking lexical-util v0.8.5
[INFO] [stderr]     Checking futures-io v0.3.30
[INFO] [stderr]     Checking ryu v1.0.16
[INFO] [stderr]     Checking equivalent v1.0.1
[INFO] [stderr]     Checking futures-channel v0.3.30
[INFO] [stderr]     Checking untrusted v0.9.0
[INFO] [stderr]     Checking spin v0.9.8
[INFO] [stderr]     Checking pin-utils v0.1.0
[INFO] [stderr]     Checking futures-task v0.3.30
[INFO] [stderr]     Checking tracing-core v0.1.32
[INFO] [stderr]    Compiling semver v1.0.21
[INFO] [stderr]     Checking fnv v1.0.7
[INFO] [stderr]     Checking log v0.4.20
[INFO] [stderr]    Compiling serde_json v1.0.113
[INFO] [stderr]     Checking tinyvec_macros v0.1.1
[INFO] [stderr]    Compiling rustls v0.21.10
[INFO] [stderr]     Checking http v0.2.11
[INFO] [stderr]    Compiling crc32fast v1.3.2
[INFO] [stderr]     Checking tinyvec v1.6.0
[INFO] [stderr]    Compiling httparse v1.8.0
[INFO] [stderr]     Checking unicode-width v0.1.11
[INFO] [stderr]    Compiling typenum v1.17.0
[INFO] [stderr]     Checking try-lock v0.2.5
[INFO] [stderr]     Checking percent-encoding v2.3.1
[INFO] [stderr]     Checking lexical-write-integer v0.8.5
[INFO] [stderr]     Checking lexical-parse-integer v0.8.6
[INFO] [stderr]     Checking want v0.3.1
[INFO] [stderr]     Checking form_urlencoded v1.2.1
[INFO] [stderr]     Checking lexical-parse-float v0.8.5
[INFO] [stderr]     Checking lexical-write-float v0.8.5
[INFO] [stderr]    Compiling rustc_version v0.4.0
[INFO] [stderr]    Compiling generic-array v0.14.7
[INFO] [stderr]     Checking unicode-bidi v0.3.15
[INFO] [stderr]     Checking num-complex v0.4.4
[INFO] [stderr]     Checking getrandom v0.2.12
[INFO] [stderr]     Checking half v2.3.1
[INFO] [stderr]     Checking mio v0.8.10
[INFO] [stderr]     Checking num_cpus v1.16.0
[INFO] [stderr]     Checking socket2 v0.5.5
[INFO] [stderr]     Checking http-body v0.4.6
[INFO] [stderr]     Checking rand_core v0.6.4
[INFO] [stderr]    Compiling jobserver v0.1.27
[INFO] [stderr]     Checking parking_lot v0.12.1
[INFO] [stderr]     Checking lexical-core v0.8.5
[INFO] [stderr]     Checking unicode-normalization v0.1.22
[INFO] [stderr]     Checking httpdate v1.0.3
[INFO] [stderr]    Compiling const-random-macro v0.1.16
[INFO] [stderr]     Checking tower-service v0.3.2
[INFO] [stderr]    Compiling regex-automata v0.4.5
[INFO] [stderr]    Compiling doc-comment v0.3.3
[INFO] [stderr]    Compiling flatbuffers v23.5.26
[INFO] [stderr]    Compiling cc v1.0.83
[INFO] [stderr]    Compiling rand_chacha v0.3.1
[INFO] [stderr]    Compiling rand v0.8.5
[INFO] [stderr]     Checking base64 v0.21.7
[INFO] [stderr]     Checking either v1.9.0
[INFO] [stderr]     Checking idna v0.5.0
[INFO] [stderr]     Checking const-random v0.1.17
[INFO] [stderr]    Compiling zstd-safe v7.0.0
[INFO] [stderr]    Compiling async-trait v0.1.77
[INFO] [stderr]     Checking rustls-pemfile v1.0.4
[INFO] [stderr]    Compiling snafu-derive v0.7.5
[INFO] [stderr]     Checking encoding_rs v0.8.33
[INFO] [stderr]     Checking hashbrown v0.14.3
[INFO] [stderr]     Checking url v2.5.0
[INFO] [stderr]     Checking same-file v1.0.6
[INFO] [stderr]     Checking sync_wrapper v0.1.2
[INFO] [stderr]    Compiling phf_generator v0.11.2
[INFO] [stderr]     Checking untrusted v0.7.1
[INFO] [stderr]     Checking lazy_static v1.4.0
[INFO] [stderr]    Compiling phf_codegen v0.11.2
[INFO] [stderr]     Checking spin v0.5.2
[INFO] [stderr]     Checking mime v0.3.17
[INFO] [stderr]     Checking num v0.4.1
[INFO] [stderr]     Checking adler v1.0.2
[INFO] [stderr]     Checking bitflags v1.3.2
[INFO] [stderr]     Checking arrow-buffer v48.0.1
[INFO] [stderr]     Checking webpki-roots v0.25.4
[INFO] [stderr]     Checking ipnet v2.9.0
[INFO] [stderr]     Checking alloc-no-stdlib v2.0.4
[INFO] [stderr]     Checking miniz_oxide v0.7.2
[INFO] [stderr]     Checking walkdir v2.4.0
[INFO] [stderr]     Checking itertools v0.11.0
[INFO] [stderr]     Checking csv-core v0.1.11
[INFO] [stderr]     Checking alloc-stdlib v0.2.2
[INFO] [stderr]    Compiling paste v1.0.14
[INFO] [stderr]     Checking indexmap v2.2.2
[INFO] [stderr]    Compiling snap v1.1.1
[INFO] [stderr]     Checking humantime v2.1.0
[INFO] [stderr]     Checking brotli-decompressor v2.5.1
[INFO] [stderr]     Checking block-buffer v0.10.4
[INFO] [stderr]     Checking arrow-data v48.0.1
[INFO] [stderr]     Checking crypto-common v0.1.6
[INFO] [stderr]    Compiling ring v0.17.7
[INFO] [stderr]    Compiling zstd-sys v2.0.9+zstd.1.5.5
[INFO] [stderr]    Compiling ring v0.16.20
[INFO] [stderr]     Checking ordered-float v2.10.1
[INFO] [stderr]     Checking twox-hash v1.6.3
[INFO] [stderr]     Checking flate2 v1.0.28
[INFO] [stderr]     Checking byteorder v1.5.0
[INFO] [stderr]     Checking integer-encoding v3.0.4
[INFO] [stderr]     Checking subtle v2.5.0
[INFO] [stderr]     Checking lz4_flex v0.11.2
[INFO] [stderr]    Compiling sqlparser_derive v0.1.1
[INFO] [stderr]     Checking thrift v0.17.0
[INFO] [stderr]     Checking digest v0.10.7
[INFO] [stderr]    Compiling seq-macro v0.3.5
[INFO] [stderr]    Compiling ident_case v1.0.1
[INFO] [stderr]    Compiling strsim v0.10.0
[INFO] [stderr]     Checking atomic v0.5.3
[INFO] [stderr]     Checking arrayvec v0.7.4
[INFO] [stderr]    Compiling regex v1.10.3
[INFO] [stderr]     Checking brotli v3.4.0
[INFO] [stderr]    Compiling darling_core v0.14.4
[INFO] [stderr]    Compiling blake3 v1.5.0
[INFO] [stderr]    Compiling rustix v0.38.31
[INFO] [stderr]    Compiling lzma-sys v0.1.20
[INFO] [stderr]    Compiling bzip2-sys v0.1.11+1.0.8
[INFO] [stderr]     Checking hashbrown v0.13.2
[INFO] [stderr]    Compiling parse-zoneinfo v0.3.0
[INFO] [stderr]     Checking core2 v0.4.0
[INFO] [stderr]     Checking cpufeatures v0.2.12
[INFO] [stderr]     Checking sqlparser v0.39.0
[INFO] [stderr]     Checking constant_time_eq v0.3.0
[INFO] [stderr]     Checking fixedbitset v0.4.2
[INFO] [stderr]     Checking rle-decode-fast v1.0.3
[INFO] [stderr]     Checking linux-raw-sys v0.4.13
[INFO] [stderr]     Checking arrayref v0.3.7
[INFO] [stderr]     Checking bitflags v2.4.2
[INFO] [stderr]     Checking petgraph v0.6.4
[INFO] [stderr]     Checking sha2 v0.10.8
[INFO] [stderr]    Compiling chrono-tz-build v0.2.1
[INFO] [stderr]     Checking libflate_lz77 v2.0.0
[INFO] [stderr]     Checking blake2 v0.10.6
[INFO] [stderr]     Checking md-5 v0.10.6
[INFO] [stderr]     Checking fastrand v2.0.1
[INFO] [stderr]     Checking unicode-segmentation v1.10.1
[INFO] [stderr]     Checking snafu v0.7.5
[INFO] [stderr]    Compiling serde_derive v1.0.196
[INFO] [stderr]    Compiling tokio-macros v2.2.0
[INFO] [stderr]    Compiling strum_macros v0.25.3
[INFO] [stderr]    Compiling futures-macro v0.3.30
[INFO] [stderr]    Compiling tracing-attributes v0.1.27
[INFO] [stderr]    Compiling typed-builder-macro v0.16.2
[INFO] [stderr]    Compiling thiserror-impl v1.0.56
[INFO] [stderr]    Compiling chrono-tz v0.8.5
[INFO] [stderr]    Compiling rust_decimal v1.34.2
[INFO] [stderr]     Checking tokio v1.36.0
[INFO] [stderr]     Checking dary_heap v0.3.6
[INFO] [stderr]     Checking adler32 v1.2.0
[INFO] [stderr]     Checking hex v0.4.3
[INFO] [stderr]     Checking libflate v2.0.0
[INFO] [stderr]     Checking futures-util v0.3.30
[INFO] [stderr]     Checking tempfile v3.10.0
[INFO] [stderr]    Compiling darling_macro v0.14.4
[INFO] [stderr]     Checking dashmap v5.5.3
[INFO] [stderr]     Checking regex-lite v0.1.5
[INFO] [stderr]     Checking xz2 v0.1.7
[INFO] [stderr]    Compiling serde_repr v0.1.18
[INFO] [stderr]     Checking typed-builder v0.16.2
[INFO] [stderr]     Checking itertools v0.10.5
[INFO] [stderr]     Checking murmur3 v0.5.2
[INFO] [stderr]     Checking glob v0.3.1
[INFO] [stderr]     Checking tracing v0.1.40
[INFO] [stderr]     Checking thiserror v1.0.56
[INFO] [stderr]    Compiling darling v0.14.4
[INFO] [stderr]     Checking strum v0.25.0
[INFO] [stderr]    Compiling derive_builder_core v0.12.0
[INFO] [stderr]     Checking comfy-table v7.1.0
[INFO] [stderr]     Checking bzip2 v0.4.4
[INFO] [stderr]    Compiling derive_builder_macro v0.12.0
[INFO] [stderr]     Checking derive_builder v0.12.0
[INFO] [stderr]     Checking futures-executor v0.3.30
[INFO] [stderr]     Checking futures v0.3.30
[INFO] [stderr]     Checking tokio-util v0.7.10
[INFO] [stderr]     Checking rustls-webpki v0.101.7
[INFO] [stderr]     Checking sct v0.7.1
[INFO] [stderr]     Checking h2 v0.3.24
[INFO] [stderr]     Checking chrono v0.4.33
[INFO] [stderr]     Checking serde_urlencoded v0.7.1
[INFO] [stderr]     Checking quick-xml v0.30.0
[INFO] [stderr]     Checking csv v1.3.0
[INFO] [stderr]     Checking uuid v1.7.0
[INFO] [stderr]     Checking ordered-float v4.2.0
[INFO] [stderr]     Checking serde_bytes v0.11.14
[INFO] [stderr]     Checking apache-avro v0.16.0
[INFO] [stderr]     Checking zstd v0.13.0
[INFO] [stderr]     Checking async-compression v0.4.6
[INFO] [stderr]     Checking tokio-rustls v0.24.1
[INFO] [stderr]     Checking hyper v0.14.28
[INFO] [stderr]     Checking hyper-rustls v0.24.2
[INFO] [stderr]     Checking reqwest v0.11.24
[INFO] [stderr]     Checking arrow-array v48.0.1
[INFO] [stderr]     Checking object_store v0.7.1
[INFO] [stderr]     Checking arrow-select v48.0.1
[INFO] [stderr]     Checking arrow-arith v48.0.1
[INFO] [stderr]     Checking arrow-row v48.0.1
[INFO] [stderr]     Checking arrow-cast v48.0.1
[INFO] [stderr]     Checking arrow-ord v48.0.1
[INFO] [stderr]     Checking arrow-string v48.0.1
[INFO] [stderr]     Checking arrow-ipc v48.0.1
[INFO] [stderr]     Checking arrow-csv v48.0.1
[INFO] [stderr]     Checking arrow-json v48.0.1
[INFO] [stderr]     Checking arrow v48.0.1
[INFO] [stderr]     Checking parquet v48.0.1
[INFO] [stderr]     Checking iceberg-rust-spec v0.1.0
[INFO] [stderr]     Checking datafusion-common v33.0.0
[INFO] [stderr]     Checking iceberg-rust v0.1.3
[INFO] [stderr]     Checking datafusion-expr v33.0.0
[INFO] [stderr]     Checking datafusion-physical-expr v33.0.0
[INFO] [stderr]     Checking datafusion-execution v33.0.0
[INFO] [stderr]     Checking datafusion-sql v33.0.0
[INFO] [stderr]     Checking datafusion-physical-plan v33.0.0
[INFO] [stderr]     Checking datafusion-optimizer v33.0.0
[INFO] [stderr]     Checking datafusion v33.0.0
[INFO] [stderr]     Checking datafusion_iceberg v0.1.2 (/opt/rustwide/workdir)
[INFO] [stdout] error[E0432]: unresolved import `iceberg_catalog_sql`
[INFO] [stdout]    --> src/materialized_view.rs:115:9
[INFO] [stdout]     |
[INFO] [stdout] 115 |     use iceberg_catalog_sql::SqlCatalog;
[INFO] [stdout]     |         ^^^^^^^^^^^^^^^^^^^ use of undeclared crate or module `iceberg_catalog_sql`
[INFO] [stdout] 
[INFO] [stdout] 
[INFO] [stdout] error[E0432]: unresolved import `iceberg_catalog_sql`
[INFO] [stdout]    --> src/table.rs:594:9
[INFO] [stdout]     |
[INFO] [stdout] 594 |     use iceberg_catalog_sql::SqlCatalog;
[INFO] [stdout]     |         ^^^^^^^^^^^^^^^^^^^ use of undeclared crate or module `iceberg_catalog_sql`
[INFO] [stdout] 
[INFO] [stdout] 
[INFO] [stdout] error: aborting due to 2 previous errors
[INFO] [stdout] 
[INFO] [stdout] 
[INFO] [stdout] For more information about this error, try `rustc --explain E0432`.
[INFO] [stdout] 
[INFO] [stderr] error: could not compile `datafusion_iceberg` (lib test) due to 3 previous errors
[INFO] [stderr] warning: build failed, waiting for other jobs to finish...
[INFO] [stdout] warning: field `0` is never read
[INFO] [stdout]   --> src/catalog/mirror.rs:19:14
[INFO] [stdout]    |
[INFO] [stdout] 19 |     Relation(Identifier),
[INFO] [stdout]    |     -------- ^^^^^^^^^^
[INFO] [stdout]    |     |
[INFO] [stdout]    |     field in this variant
[INFO] [stdout]    |
[INFO] [stdout]    = note: `#[warn(dead_code)]` on by default
[INFO] [stdout] help: consider changing the field to be of unit type to suppress this warning while preserving the field numbering, or remove the field
[INFO] [stdout]    |
[INFO] [stdout] 19 |     Relation(()),
[INFO] [stdout]    |              ~~
[INFO] [stdout] 
[INFO] [stdout] 
[INFO] [stdout] warning: 1 warning emitted
[INFO] [stdout] 
[INFO] [stdout] 
[INFO] running `Command { std: "docker" "inspect" "5d28ac79bedb9f2fbb17d70b7cf2fd3154d900196c8ea6aa892e67a49b73596f", kill_on_drop: false }`
[INFO] running `Command { std: "docker" "rm" "-f" "5d28ac79bedb9f2fbb17d70b7cf2fd3154d900196c8ea6aa892e67a49b73596f", kill_on_drop: false }`
[INFO] [stdout] 5d28ac79bedb9f2fbb17d70b7cf2fd3154d900196c8ea6aa892e67a49b73596f
[INFO] checking datafusion_iceberg-0.1.2 against nightly-2024-02-05+rustflags=-Dunexpected_cfgs+cargoflags=-Zcheck-cfg for check-cfg
[INFO] extracting crate datafusion_iceberg 0.1.2 into /workspace/builds/worker-5-tc2/source
[INFO] validating manifest of crates.io crate datafusion_iceberg 0.1.2 on toolchain nightly-2024-02-05
[INFO] running `Command { std: CARGO_HOME="/workspace/cargo-home" RUSTUP_HOME="/workspace/rustup-home" "/workspace/cargo-home/bin/cargo" "+nightly-2024-02-05" "metadata" "--manifest-path" "Cargo.toml" "--no-deps", kill_on_drop: false }`
[INFO] started tweaking crates.io crate datafusion_iceberg 0.1.2
[INFO] finished tweaking crates.io crate datafusion_iceberg 0.1.2
[INFO] tweaked toml for crates.io crate datafusion_iceberg 0.1.2 written to /workspace/builds/worker-5-tc2/source/Cargo.toml
[INFO] running `Command { std: CARGO_HOME="/workspace/cargo-home" RUSTUP_HOME="/workspace/rustup-home" "/workspace/cargo-home/bin/cargo" "+nightly-2024-02-05" "generate-lockfile" "--manifest-path" "Cargo.toml", kill_on_drop: false }`
[INFO] [stderr]     Updating crates.io index
[INFO] running `Command { std: CARGO_HOME="/workspace/cargo-home" RUSTUP_HOME="/workspace/rustup-home" "/workspace/cargo-home/bin/cargo" "+nightly-2024-02-05" "fetch" "--manifest-path" "Cargo.toml", kill_on_drop: false }`
[INFO] running `Command { std: "docker" "create" "-v" "/var/lib/crater-agent-workspace/builds/worker-5-tc2/target:/opt/rustwide/target:rw,Z" "-v" "/var/lib/crater-agent-workspace/builds/worker-5-tc2/source:/opt/rustwide/workdir:ro,Z" "-v" "/var/lib/crater-agent-workspace/cargo-home:/opt/rustwide/cargo-home:ro,Z" "-v" "/var/lib/crater-agent-workspace/rustup-home:/opt/rustwide/rustup-home:ro,Z" "-e" "SOURCE_DIR=/opt/rustwide/workdir" "-e" "CARGO_TARGET_DIR=/opt/rustwide/target" "-e" "CARGO_HOME=/opt/rustwide/cargo-home" "-e" "RUSTUP_HOME=/opt/rustwide/rustup-home" "-w" "/opt/rustwide/workdir" "-m" "1610612736" "--user" "0:0" "--network" "none" "ghcr.io/rust-lang/crates-build-env/linux@sha256:2788e3201cd34a07e3172128adcd8b3090168a8e3bcc40d7c032b9dda1df7d1c" "/opt/rustwide/cargo-home/bin/cargo" "+nightly-2024-02-05" "metadata" "--no-deps" "--format-version=1", kill_on_drop: false }`
[INFO] [stdout] 7e0c51c15fbb970d35d449c6b952d5fe3d772607055c2ee3e4332885061dfb45
[INFO] running `Command { std: "docker" "start" "-a" "7e0c51c15fbb970d35d449c6b952d5fe3d772607055c2ee3e4332885061dfb45", kill_on_drop: false }`
[INFO] running `Command { std: "docker" "inspect" "7e0c51c15fbb970d35d449c6b952d5fe3d772607055c2ee3e4332885061dfb45", kill_on_drop: false }`
[INFO] running `Command { std: "docker" "rm" "-f" "7e0c51c15fbb970d35d449c6b952d5fe3d772607055c2ee3e4332885061dfb45", kill_on_drop: false }`
[INFO] [stdout] 7e0c51c15fbb970d35d449c6b952d5fe3d772607055c2ee3e4332885061dfb45
[INFO] running `Command { std: "docker" "create" "-v" "/var/lib/crater-agent-workspace/builds/worker-5-tc2/target:/opt/rustwide/target:rw,Z" "-v" "/var/lib/crater-agent-workspace/builds/worker-5-tc2/source:/opt/rustwide/workdir:ro,Z" "-v" "/var/lib/crater-agent-workspace/cargo-home:/opt/rustwide/cargo-home:ro,Z" "-v" "/var/lib/crater-agent-workspace/rustup-home:/opt/rustwide/rustup-home:ro,Z" "-e" "SOURCE_DIR=/opt/rustwide/workdir" "-e" "CARGO_TARGET_DIR=/opt/rustwide/target" "-e" "CARGO_INCREMENTAL=0" "-e" "RUST_BACKTRACE=full" "-e" "RUSTFLAGS=--cap-lints=forbid -Dunexpected_cfgs" "-e" "RUSTDOCFLAGS=--cap-lints=forbid" "-e" "CARGO_HOME=/opt/rustwide/cargo-home" "-e" "RUSTUP_HOME=/opt/rustwide/rustup-home" "-w" "/opt/rustwide/workdir" "-m" "1610612736" "--user" "0:0" "--network" "none" "ghcr.io/rust-lang/crates-build-env/linux@sha256:2788e3201cd34a07e3172128adcd8b3090168a8e3bcc40d7c032b9dda1df7d1c" "/opt/rustwide/cargo-home/bin/cargo" "+nightly-2024-02-05" "check" "--frozen" "--all" "--all-targets" "--message-format=json" "-Zcheck-cfg", kill_on_drop: false }`
[INFO] [stdout] 8767cb4635672d4c760200819368369be2dc5319ca7bb1d726180b8189a9a861
[INFO] running `Command { std: "docker" "start" "-a" "8767cb4635672d4c760200819368369be2dc5319ca7bb1d726180b8189a9a861", kill_on_drop: false }`
[INFO] [stderr]    Compiling libc v0.2.153
[INFO] [stderr]     Checking cfg-if v1.0.0
[INFO] [stderr]    Compiling version_check v0.9.4
[INFO] [stderr]    Compiling libm v0.2.8
[INFO] [stderr]    Compiling crunchy v0.2.2
[INFO] [stderr]    Compiling tiny-keccak v2.0.2
[INFO] [stderr]     Checking once_cell v1.19.0
[INFO] [stderr]     Checking zerocopy v0.7.32
[INFO] [stderr]     Checking bytes v1.5.0
[INFO] [stderr]     Checking memchr v2.7.1
[INFO] [stderr]    Compiling num-traits v0.2.17
[INFO] [stderr]    Compiling serde v1.0.196
[INFO] [stderr]    Compiling num-integer v0.1.45
[INFO] [stderr]     Checking allocator-api2 v0.2.16
[INFO] [stderr]    Compiling syn v2.0.48
[INFO] [stderr]    Compiling num-bigint v0.4.4
[INFO] [stderr]    Compiling ppv-lite86 v0.2.17
[INFO] [stderr]    Compiling siphasher v0.3.11
[INFO] [stderr]    Compiling regex-syntax v0.8.2
[INFO] [stderr]    Compiling num-iter v0.1.43
[INFO] [stderr]    Compiling phf_shared v0.11.2
[INFO] [stderr]    Compiling ahash v0.8.7
[INFO] [stderr]    Compiling num-rational v0.4.1
[INFO] [stderr]    Compiling pkg-config v0.3.29
[INFO] [stderr]     Checking iana-time-zone v0.1.60
[INFO] [stderr]     Checking itoa v1.0.10
[INFO] [stderr]    Compiling phf v0.11.2
[INFO] [stderr]    Compiling aho-corasick v1.1.2
[INFO] [stderr]     Checking pin-project-lite v0.2.13
[INFO] [stderr]    Compiling parking_lot_core v0.9.9
[INFO] [stderr]    Compiling lock_api v0.4.11
[INFO] [stderr]     Checking static_assertions v1.1.0
[INFO] [stderr]     Checking scopeguard v1.2.0
[INFO] [stderr]    Compiling heck v0.4.1
[INFO] [stderr]     Checking smallvec v1.13.1
[INFO] [stderr]     Checking arrow-schema v48.0.1
[INFO] [stderr]    Compiling rustversion v1.0.14
[INFO] [stderr]     Checking futures-core v0.3.30
[INFO] [stderr]    Compiling slab v0.4.9
[INFO] [stderr]     Checking futures-sink v0.3.30
[INFO] [stderr]     Checking lexical-util v0.8.5
[INFO] [stderr]     Checking ryu v1.0.16
[INFO] [stderr]     Checking equivalent v1.0.1
[INFO] [stderr]     Checking futures-io v0.3.30
[INFO] [stderr]     Checking futures-channel v0.3.30
[INFO] [stderr]     Checking spin v0.9.8
[INFO] [stderr]     Checking futures-task v0.3.30
[INFO] [stderr]     Checking pin-utils v0.1.0
[INFO] [stderr]     Checking untrusted v0.9.0
[INFO] [stderr]     Checking tracing-core v0.1.32
[INFO] [stderr]     Checking fnv v1.0.7
[INFO] [stderr]     Checking log v0.4.20
[INFO] [stderr]    Compiling semver v1.0.21
[INFO] [stderr]    Compiling serde_json v1.0.113
[INFO] [stderr]     Checking tinyvec_macros v0.1.1
[INFO] [stderr]    Compiling crc32fast v1.3.2
[INFO] [stderr]     Checking http v0.2.11
[INFO] [stderr]    Compiling rustls v0.21.10
[INFO] [stderr]     Checking tinyvec v1.6.0
[INFO] [stderr]    Compiling httparse v1.8.0
[INFO] [stderr]    Compiling typenum v1.17.0
[INFO] [stderr]     Checking unicode-width v0.1.11
[INFO] [stderr]     Checking percent-encoding v2.3.1
[INFO] [stderr]     Checking try-lock v0.2.5
[INFO] [stderr]     Checking lexical-parse-integer v0.8.6
[INFO] [stderr]     Checking lexical-write-integer v0.8.5
[INFO] [stderr]     Checking form_urlencoded v1.2.1
[INFO] [stderr]     Checking want v0.3.1
[INFO] [stderr]     Checking lexical-parse-float v0.8.5
[INFO] [stderr]     Checking num-complex v0.4.4
[INFO] [stderr]     Checking half v2.3.1
[INFO] [stderr]     Checking lexical-write-float v0.8.5
[INFO] [stderr]    Compiling rustc_version v0.4.0
[INFO] [stderr]    Compiling generic-array v0.14.7
[INFO] [stderr]     Checking getrandom v0.2.12
[INFO] [stderr]     Checking mio v0.8.10
[INFO] [stderr]    Compiling jobserver v0.1.27
[INFO] [stderr]     Checking parking_lot v0.12.1
[INFO] [stderr]     Checking num_cpus v1.16.0
[INFO] [stderr]     Checking socket2 v0.5.5
[INFO] [stderr]     Checking rand_core v0.6.4
[INFO] [stderr]     Checking unicode-normalization v0.1.22
[INFO] [stderr]     Checking http-body v0.4.6
[INFO] [stderr]     Checking lexical-core v0.8.5
[INFO] [stderr]    Compiling doc-comment v0.3.3
[INFO] [stderr]    Compiling const-random-macro v0.1.16
[INFO] [stderr]    Compiling cc v1.0.83
[INFO] [stderr]    Compiling regex-automata v0.4.5
[INFO] [stderr]     Checking httpdate v1.0.3
[INFO] [stderr]     Checking unicode-bidi v0.3.15
[INFO] [stderr]    Compiling rand_chacha v0.3.1
[INFO] [stderr]     Checking tower-service v0.3.2
[INFO] [stderr]    Compiling flatbuffers v23.5.26
[INFO] [stderr]    Compiling zstd-safe v7.0.0
[INFO] [stderr]     Checking either v1.9.0
[INFO] [stderr]    Compiling rand v0.8.5
[INFO] [stderr]     Checking idna v0.5.0
[INFO] [stderr]    Compiling async-trait v0.1.77
[INFO] [stderr]     Checking const-random v0.1.17
[INFO] [stderr]     Checking base64 v0.21.7
[INFO] [stderr]     Checking hashbrown v0.14.3
[INFO] [stderr]    Compiling snafu-derive v0.7.5
[INFO] [stderr]     Checking encoding_rs v0.8.33
[INFO] [stderr]     Checking url v2.5.0
[INFO] [stderr]     Checking rustls-pemfile v1.0.4
[INFO] [stderr]     Checking mime v0.3.17
[INFO] [stderr]     Checking sync_wrapper v0.1.2
[INFO] [stderr]    Compiling phf_generator v0.11.2
[INFO] [stderr]     Checking ipnet v2.9.0
[INFO] [stderr]     Checking adler v1.0.2
[INFO] [stderr]     Checking num v0.4.1
[INFO] [stderr]     Checking same-file v1.0.6
[INFO] [stderr]    Compiling phf_codegen v0.11.2
[INFO] [stderr]     Checking bitflags v1.3.2
[INFO] [stderr]     Checking arrow-buffer v48.0.1
[INFO] [stderr]     Checking untrusted v0.7.1
[INFO] [stderr]     Checking webpki-roots v0.25.4
[INFO] [stderr]     Checking spin v0.5.2
[INFO] [stderr]     Checking indexmap v2.2.2
[INFO] [stderr]     Checking lazy_static v1.4.0
[INFO] [stderr]     Checking alloc-no-stdlib v2.0.4
[INFO] [stderr]     Checking walkdir v2.4.0
[INFO] [stderr]     Checking miniz_oxide v0.7.2
[INFO] [stderr]     Checking itertools v0.11.0
[INFO] [stderr]     Checking csv-core v0.1.11
[INFO] [stderr]    Compiling snap v1.1.1
[INFO] [stderr]    Compiling paste v1.0.14
[INFO] [stderr]     Checking alloc-stdlib v0.2.2
[INFO] [stderr]     Checking humantime v2.1.0
[INFO] [stderr]     Checking brotli-decompressor v2.5.1
[INFO] [stderr]    Compiling ring v0.17.7
[INFO] [stderr]    Compiling zstd-sys v2.0.9+zstd.1.5.5
[INFO] [stderr]    Compiling ring v0.16.20
[INFO] [stderr]     Checking crypto-common v0.1.6
[INFO] [stderr]     Checking block-buffer v0.10.4
[INFO] [stderr]     Checking arrow-data v48.0.1
[INFO] [stderr]     Checking ordered-float v2.10.1
[INFO] [stderr]     Checking twox-hash v1.6.3
[INFO] [stderr]     Checking flate2 v1.0.28
[INFO] [stderr]     Checking byteorder v1.5.0
[INFO] [stderr]     Checking subtle v2.5.0
[INFO] [stderr]     Checking integer-encoding v3.0.4
[INFO] [stderr]     Checking digest v0.10.7
[INFO] [stderr]     Checking lz4_flex v0.11.2
[INFO] [stderr]    Compiling sqlparser_derive v0.1.1
[INFO] [stderr]     Checking thrift v0.17.0
[INFO] [stderr]    Compiling seq-macro v0.3.5
[INFO] [stderr]    Compiling strsim v0.10.0
[INFO] [stderr]     Checking atomic v0.5.3
[INFO] [stderr]    Compiling regex v1.10.3
[INFO] [stderr]    Compiling ident_case v1.0.1
[INFO] [stderr]     Checking arrayvec v0.7.4
[INFO] [stderr]     Checking brotli v3.4.0
[INFO] [stderr]    Compiling darling_core v0.14.4
[INFO] [stderr]    Compiling blake3 v1.5.0
[INFO] [stderr]    Compiling rustix v0.38.31
[INFO] [stderr]    Compiling parse-zoneinfo v0.3.0
[INFO] [stderr]    Compiling bzip2-sys v0.1.11+1.0.8
[INFO] [stderr]    Compiling lzma-sys v0.1.20
[INFO] [stderr]     Checking hashbrown v0.13.2
[INFO] [stderr]     Checking core2 v0.4.0
[INFO] [stderr]     Checking linux-raw-sys v0.4.13
[INFO] [stderr]     Checking constant_time_eq v0.3.0
[INFO] [stderr]     Checking cpufeatures v0.2.12
[INFO] [stderr]     Checking rle-decode-fast v1.0.3
[INFO] [stderr]     Checking sqlparser v0.39.0
[INFO] [stderr]    Compiling chrono-tz-build v0.2.1
[INFO] [stderr]     Checking arrayref v0.3.7
[INFO] [stderr]     Checking fixedbitset v0.4.2
[INFO] [stderr]     Checking bitflags v2.4.2
[INFO] [stderr]     Checking petgraph v0.6.4
[INFO] [stderr]     Checking sha2 v0.10.8
[INFO] [stderr]     Checking libflate_lz77 v2.0.0
[INFO] [stderr]     Checking blake2 v0.10.6
[INFO] [stderr]     Checking md-5 v0.10.6
[INFO] [stderr]     Checking snafu v0.7.5
[INFO] [stderr]    Compiling rust_decimal v1.34.2
[INFO] [stderr]     Checking dary_heap v0.3.6
[INFO] [stderr]     Checking fastrand v2.0.1
[INFO] [stderr]     Checking adler32 v1.2.0
[INFO] [stderr]     Checking hex v0.4.3
[INFO] [stderr]     Checking unicode-segmentation v1.10.1
[INFO] [stderr]     Checking libflate v2.0.0
[INFO] [stderr]     Checking dashmap v5.5.3
[INFO] [stderr]     Checking regex-lite v0.1.5
[INFO] [stderr]     Checking xz2 v0.1.7
[INFO] [stderr]     Checking itertools v0.10.5
[INFO] [stderr]    Compiling serde_derive v1.0.196
[INFO] [stderr]    Compiling tokio-macros v2.2.0
[INFO] [stderr]    Compiling futures-macro v0.3.30
[INFO] [stderr]    Compiling strum_macros v0.25.3
[INFO] [stderr]    Compiling tracing-attributes v0.1.27
[INFO] [stderr]    Compiling chrono-tz v0.8.5
[INFO] [stderr]    Compiling thiserror-impl v1.0.56
[INFO] [stderr]    Compiling typed-builder-macro v0.16.2
[INFO] [stderr]    Compiling serde_repr v0.1.18
[INFO] [stderr]     Checking tempfile v3.10.0
[INFO] [stderr]     Checking murmur3 v0.5.2
[INFO] [stderr]     Checking glob v0.3.1
[INFO] [stderr]     Checking tokio v1.36.0
[INFO] [stderr]    Compiling darling_macro v0.14.4
[INFO] [stderr]     Checking futures-util v0.3.30
[INFO] [stderr]     Checking typed-builder v0.16.2
[INFO] [stderr]    Compiling darling v0.14.4
[INFO] [stderr]    Compiling derive_builder_core v0.12.0
[INFO] [stderr]     Checking thiserror v1.0.56
[INFO] [stderr]     Checking tracing v0.1.40
[INFO] [stderr]     Checking bzip2 v0.4.4
[INFO] [stderr]     Checking strum v0.25.0
[INFO] [stderr]     Checking comfy-table v7.1.0
[INFO] [stderr]    Compiling derive_builder_macro v0.12.0
[INFO] [stderr]     Checking derive_builder v0.12.0
[INFO] [stderr]     Checking futures-executor v0.3.30
[INFO] [stderr]     Checking futures v0.3.30
[INFO] [stderr]     Checking rustls-webpki v0.101.7
[INFO] [stderr]     Checking sct v0.7.1
[INFO] [stderr]     Checking tokio-util v0.7.10
[INFO] [stderr]     Checking h2 v0.3.24
[INFO] [stderr]     Checking chrono v0.4.33
[INFO] [stderr]     Checking serde_urlencoded v0.7.1
[INFO] [stderr]     Checking quick-xml v0.30.0
[INFO] [stderr]     Checking csv v1.3.0
[INFO] [stderr]     Checking uuid v1.7.0
[INFO] [stderr]     Checking ordered-float v4.2.0
[INFO] [stderr]     Checking serde_bytes v0.11.14
[INFO] [stderr]     Checking apache-avro v0.16.0
[INFO] [stderr]     Checking zstd v0.13.0
[INFO] [stderr]     Checking async-compression v0.4.6
[INFO] [stderr]     Checking tokio-rustls v0.24.1
[INFO] [stderr]     Checking hyper v0.14.28
[INFO] [stderr]     Checking arrow-array v48.0.1
[INFO] [stderr]     Checking hyper-rustls v0.24.2
[INFO] [stderr]     Checking reqwest v0.11.24
[INFO] [stderr]     Checking object_store v0.7.1
[INFO] [stderr]     Checking arrow-select v48.0.1
[INFO] [stderr]     Checking arrow-arith v48.0.1
[INFO] [stderr]     Checking arrow-row v48.0.1
[INFO] [stderr]     Checking arrow-cast v48.0.1
[INFO] [stderr]     Checking arrow-string v48.0.1
[INFO] [stderr]     Checking arrow-ord v48.0.1
[INFO] [stderr]     Checking arrow-ipc v48.0.1
[INFO] [stderr]     Checking arrow-json v48.0.1
[INFO] [stderr]     Checking arrow-csv v48.0.1
[INFO] [stderr]     Checking arrow v48.0.1
[INFO] [stderr]     Checking parquet v48.0.1
[INFO] [stderr]     Checking iceberg-rust-spec v0.1.0
[INFO] [stderr]     Checking datafusion-common v33.0.0
[INFO] [stderr]     Checking iceberg-rust v0.1.3
[INFO] [stderr]     Checking datafusion-expr v33.0.0
[INFO] [stderr]     Checking datafusion-physical-expr v33.0.0
[INFO] [stderr]     Checking datafusion-execution v33.0.0
[INFO] [stderr]     Checking datafusion-sql v33.0.0
[INFO] [stderr]     Checking datafusion-physical-plan v33.0.0
[INFO] [stderr]     Checking datafusion-optimizer v33.0.0
[INFO] [stderr]     Checking datafusion v33.0.0
[INFO] [stderr]     Checking datafusion_iceberg v0.1.2 (/opt/rustwide/workdir)
[INFO] [stdout] error[E0432]: unresolved import `iceberg_catalog_sql`
[INFO] [stdout]    --> src/materialized_view.rs:115:9
[INFO] [stdout]     |
[INFO] [stdout] 115 |     use iceberg_catalog_sql::SqlCatalog;
[INFO] [stdout]     |         ^^^^^^^^^^^^^^^^^^^ use of undeclared crate or module `iceberg_catalog_sql`
[INFO] [stdout] 
[INFO] [stdout] 
[INFO] [stdout] error[E0432]: unresolved import `iceberg_catalog_sql`
[INFO] [stdout]    --> src/table.rs:594:9
[INFO] [stdout]     |
[INFO] [stdout] 594 |     use iceberg_catalog_sql::SqlCatalog;
[INFO] [stdout]     |         ^^^^^^^^^^^^^^^^^^^ use of undeclared crate or module `iceberg_catalog_sql`
[INFO] [stdout] 
[INFO] [stdout] 
[INFO] [stdout] error: aborting due to 2 previous errors
[INFO] [stdout] 
[INFO] [stdout] 
[INFO] [stdout] For more information about this error, try `rustc --explain E0432`.
[INFO] [stdout] 
[INFO] [stderr] error: could not compile `datafusion_iceberg` (lib test) due to 3 previous errors
[INFO] [stderr] warning: build failed, waiting for other jobs to finish...
[INFO] [stdout] warning: field `0` is never read
[INFO] [stdout]   --> src/catalog/mirror.rs:19:14
[INFO] [stdout]    |
[INFO] [stdout] 19 |     Relation(Identifier),
[INFO] [stdout]    |     -------- ^^^^^^^^^^
[INFO] [stdout]    |     |
[INFO] [stdout]    |     field in this variant
[INFO] [stdout]    |
[INFO] [stdout]    = note: `#[warn(dead_code)]` on by default
[INFO] [stdout] help: consider changing the field to be of unit type to suppress this warning while preserving the field numbering, or remove the field
[INFO] [stdout]    |
[INFO] [stdout] 19 |     Relation(()),
[INFO] [stdout]    |              ~~
[INFO] [stdout] 
[INFO] [stdout] 
[INFO] [stdout] warning: 1 warning emitted
[INFO] [stdout] 
[INFO] [stdout] 
[INFO] running `Command { std: "docker" "inspect" "8767cb4635672d4c760200819368369be2dc5319ca7bb1d726180b8189a9a861", kill_on_drop: false }`
[INFO] running `Command { std: "docker" "rm" "-f" "8767cb4635672d4c760200819368369be2dc5319ca7bb1d726180b8189a9a861", kill_on_drop: false }`
[INFO] [stdout] 8767cb4635672d4c760200819368369be2dc5319ca7bb1d726180b8189a9a861
