[INFO] fetching crate datacake-node 0.4.1...
[INFO] checking datacake-node-0.4.1 against nightly-2024-02-05 for check-cfg
[INFO] extracting crate datacake-node 0.4.1 into /workspace/builds/worker-1-tc1/source
[INFO] validating manifest of crates.io crate datacake-node 0.4.1 on toolchain nightly-2024-02-05
[INFO] running `Command { std: CARGO_HOME="/workspace/cargo-home" RUSTUP_HOME="/workspace/rustup-home" "/workspace/cargo-home/bin/cargo" "+nightly-2024-02-05" "metadata" "--manifest-path" "Cargo.toml" "--no-deps", kill_on_drop: false }`
[INFO] started tweaking crates.io crate datacake-node 0.4.1
[INFO] finished tweaking crates.io crate datacake-node 0.4.1
[INFO] tweaked toml for crates.io crate datacake-node 0.4.1 written to /workspace/builds/worker-1-tc1/source/Cargo.toml
[INFO] running `Command { std: CARGO_HOME="/workspace/cargo-home" RUSTUP_HOME="/workspace/rustup-home" "/workspace/cargo-home/bin/cargo" "+nightly-2024-02-05" "generate-lockfile" "--manifest-path" "Cargo.toml", kill_on_drop: false }`
[INFO] [stderr]     Updating crates.io index
[INFO] running `Command { std: CARGO_HOME="/workspace/cargo-home" RUSTUP_HOME="/workspace/rustup-home" "/workspace/cargo-home/bin/cargo" "+nightly-2024-02-05" "fetch" "--manifest-path" "Cargo.toml", kill_on_drop: false }`
[INFO] [stderr]  Downloading crates ...
[INFO] [stderr]   Downloaded datacake-crdt v0.4.1
[INFO] [stderr]   Downloaded datacake-rpc v0.5.1
[INFO] [stderr]   Downloaded datacake-chitchat-fork v0.5.1
[INFO] running `Command { std: "docker" "create" "-v" "/var/lib/crater-agent-workspace/builds/worker-1-tc1/target:/opt/rustwide/target:rw,Z" "-v" "/var/lib/crater-agent-workspace/builds/worker-1-tc1/source:/opt/rustwide/workdir:ro,Z" "-v" "/var/lib/crater-agent-workspace/cargo-home:/opt/rustwide/cargo-home:ro,Z" "-v" "/var/lib/crater-agent-workspace/rustup-home:/opt/rustwide/rustup-home:ro,Z" "-e" "SOURCE_DIR=/opt/rustwide/workdir" "-e" "CARGO_TARGET_DIR=/opt/rustwide/target" "-e" "CARGO_HOME=/opt/rustwide/cargo-home" "-e" "RUSTUP_HOME=/opt/rustwide/rustup-home" "-w" "/opt/rustwide/workdir" "-m" "1610612736" "--user" "0:0" "--network" "none" "ghcr.io/rust-lang/crates-build-env/linux@sha256:2788e3201cd34a07e3172128adcd8b3090168a8e3bcc40d7c032b9dda1df7d1c" "/opt/rustwide/cargo-home/bin/cargo" "+nightly-2024-02-05" "metadata" "--no-deps" "--format-version=1", kill_on_drop: false }`
[INFO] [stdout] da4620332422598ddee99cbb525634acd0f911e6b850443d7bb2ec15513fcbc2
[INFO] running `Command { std: "docker" "start" "-a" "da4620332422598ddee99cbb525634acd0f911e6b850443d7bb2ec15513fcbc2", kill_on_drop: false }`
[INFO] running `Command { std: "docker" "inspect" "da4620332422598ddee99cbb525634acd0f911e6b850443d7bb2ec15513fcbc2", kill_on_drop: false }`
[INFO] running `Command { std: "docker" "rm" "-f" "da4620332422598ddee99cbb525634acd0f911e6b850443d7bb2ec15513fcbc2", kill_on_drop: false }`
[INFO] [stdout] da4620332422598ddee99cbb525634acd0f911e6b850443d7bb2ec15513fcbc2
[INFO] running `Command { std: "docker" "create" "-v" "/var/lib/crater-agent-workspace/builds/worker-1-tc1/target:/opt/rustwide/target:rw,Z" "-v" "/var/lib/crater-agent-workspace/builds/worker-1-tc1/source:/opt/rustwide/workdir:ro,Z" "-v" "/var/lib/crater-agent-workspace/cargo-home:/opt/rustwide/cargo-home:ro,Z" "-v" "/var/lib/crater-agent-workspace/rustup-home:/opt/rustwide/rustup-home:ro,Z" "-e" "SOURCE_DIR=/opt/rustwide/workdir" "-e" "CARGO_TARGET_DIR=/opt/rustwide/target" "-e" "CARGO_INCREMENTAL=0" "-e" "RUST_BACKTRACE=full" "-e" "RUSTFLAGS=--cap-lints=forbid" "-e" "RUSTDOCFLAGS=--cap-lints=forbid" "-e" "CARGO_HOME=/opt/rustwide/cargo-home" "-e" "RUSTUP_HOME=/opt/rustwide/rustup-home" "-w" "/opt/rustwide/workdir" "-m" "1610612736" "--user" "0:0" "--network" "none" "ghcr.io/rust-lang/crates-build-env/linux@sha256:2788e3201cd34a07e3172128adcd8b3090168a8e3bcc40d7c032b9dda1df7d1c" "/opt/rustwide/cargo-home/bin/cargo" "+nightly-2024-02-05" "check" "--frozen" "--all" "--all-targets" "--message-format=json", kill_on_drop: false }`
[INFO] [stdout] 5c846fbbde686e8b076a1d6074b1b1ee9aafff69dc376e3c3b43da5d8e2e0d4e
[INFO] running `Command { std: "docker" "start" "-a" "5c846fbbde686e8b076a1d6074b1b1ee9aafff69dc376e3c3b43da5d8e2e0d4e", kill_on_drop: false }`
[INFO] [stderr]    Compiling syn v1.0.109
[INFO] [stderr]    Compiling parking_lot_core v0.9.9
[INFO] [stderr]    Compiling bytecheck v0.6.12
[INFO] [stderr]     Checking tracing-core v0.1.32
[INFO] [stderr]    Compiling ahash v0.7.7
[INFO] [stderr]     Checking futures-channel v0.3.30
[INFO] [stderr]     Checking futures-io v0.3.30
[INFO] [stderr]     Checking futures-task v0.3.30
[INFO] [stderr]     Checking simdutf8 v0.1.4
[INFO] [stderr]    Compiling rend v0.4.2
[INFO] [stderr]     Checking getrandom v0.2.12
[INFO] [stderr]     Checking num_cpus v1.16.0
[INFO] [stderr]     Checking signal-hook-registry v1.4.1
[INFO] [stderr]    Compiling futures-macro v0.3.30
[INFO] [stderr]    Compiling rkyv v0.7.44
[INFO] [stderr]    Compiling thiserror-impl v1.0.56
[INFO] [stderr]     Checking seahash v4.1.0
[INFO] [stderr]    Compiling serde_derive v1.0.196
[INFO] [stderr]     Checking spin v0.9.8
[INFO] [stderr]     Checking log v0.4.20
[INFO] [stderr]     Checking overload v0.1.1
[INFO] [stderr]     Checking sharded-slab v0.1.7
[INFO] [stderr]     Checking rand_core v0.6.4
[INFO] [stderr]     Checking nanorand v0.7.0
[INFO] [stderr]     Checking thread_local v1.1.7
[INFO] [stderr]     Checking nu-ansi-term v0.46.0
[INFO] [stderr]     Checking rand_chacha v0.3.1
[INFO] [stderr]     Checking tracing v0.1.40
[INFO] [stderr]     Checking tracing-log v0.2.0
[INFO] [stderr]     Checking flume v0.10.14
[INFO] [stderr]     Checking parking_lot v0.12.1
[INFO] [stderr]     Checking hashbrown v0.12.3
[INFO] [stderr]     Checking rand v0.8.5
[INFO] [stderr]     Checking tokio v1.36.0
[INFO] [stderr]     Checking tracing-subscriber v0.3.18
[INFO] [stderr]     Checking futures-util v0.3.30
[INFO] [stderr]     Checking thiserror v1.0.56
[INFO] [stderr]     Checking serde v1.0.196
[INFO] [stderr]    Compiling ptr_meta_derive v0.1.4
[INFO] [stderr]    Compiling bytecheck_derive v0.6.12
[INFO] [stderr]    Compiling rkyv_derive v0.7.44
[INFO] [stderr]     Checking futures-executor v0.3.30
[INFO] [stderr]     Checking futures v0.3.30
[INFO] [stderr]     Checking ptr_meta v0.1.4
[INFO] [stderr]     Checking tokio-util v0.7.10
[INFO] [stderr]     Checking h2 v0.3.24
[INFO] [stderr]     Checking tokio-stream v0.1.14
[INFO] [stderr]     Checking datacake-chitchat-fork v0.5.1
[INFO] [stderr]     Checking hyper v0.14.28
[INFO] [stderr]     Checking datacake-crdt v0.4.1
[INFO] [stderr]     Checking datacake-rpc v0.5.1
[INFO] [stderr]     Checking datacake-node v0.4.1 (/opt/rustwide/workdir)
[INFO] [stdout] error[E0433]: failed to resolve: use of undeclared crate or module `test_helper`
[INFO] [stdout]   --> tests/membership.rs:10:23
[INFO] [stdout]    |
[INFO] [stdout] 10 |     let node_1_addr = test_helper::get_unused_addr();
[INFO] [stdout]    |                       ^^^^^^^^^^^ use of undeclared crate or module `test_helper`
[INFO] [stdout] 
[INFO] [stdout] 
[INFO] [stdout] error[E0433]: failed to resolve: use of undeclared crate or module `test_helper`
[INFO] [stdout]   --> tests/membership.rs:11:23
[INFO] [stdout]    |
[INFO] [stdout] 11 |     let node_2_addr = test_helper::get_unused_addr();
[INFO] [stdout]    |                       ^^^^^^^^^^^ use of undeclared crate or module `test_helper`
[INFO] [stdout] 
[INFO] [stdout] 
[INFO] [stdout] error[E0433]: failed to resolve: use of undeclared crate or module `test_helper`
[INFO] [stdout]   --> tests/membership.rs:12:23
[INFO] [stdout]    |
[INFO] [stdout] 12 |     let node_3_addr = test_helper::get_unused_addr();
[INFO] [stdout]    |                       ^^^^^^^^^^^ use of undeclared crate or module `test_helper`
[INFO] [stdout] 
[INFO] [stdout] 
[INFO] [stdout] error[E0433]: failed to resolve: use of undeclared crate or module `test_helper`
[INFO] [stdout]   --> tests/membership.rs:80:23
[INFO] [stdout]    |
[INFO] [stdout] 80 |     let node_1_addr = test_helper::get_unused_addr();
[INFO] [stdout]    |                       ^^^^^^^^^^^ use of undeclared crate or module `test_helper`
[INFO] [stdout] 
[INFO] [stdout] 
[INFO] [stdout] error[E0433]: failed to resolve: use of undeclared crate or module `test_helper`
[INFO] [stdout]   --> tests/membership.rs:81:23
[INFO] [stdout]    |
[INFO] [stdout] 81 |     let node_2_addr = test_helper::get_unused_addr();
[INFO] [stdout]    |                       ^^^^^^^^^^^ use of undeclared crate or module `test_helper`
[INFO] [stdout] 
[INFO] [stdout] 
[INFO] [stdout] error[E0433]: failed to resolve: use of undeclared crate or module `test_helper`
[INFO] [stdout]   --> tests/membership.rs:82:23
[INFO] [stdout]    |
[INFO] [stdout] 82 |     let node_3_addr = test_helper::get_unused_addr();
[INFO] [stdout]    |                       ^^^^^^^^^^^ use of undeclared crate or module `test_helper`
[INFO] [stdout] 
[INFO] [stdout] 
[INFO] [stdout] error: aborting due to 6 previous errors
[INFO] [stdout] 
[INFO] [stdout] 
[INFO] [stdout] For more information about this error, try `rustc --explain E0433`.
[INFO] [stdout] 
[INFO] [stderr] error: could not compile `datacake-node` (test "membership") due to 7 previous errors
[INFO] running `Command { std: "docker" "inspect" "5c846fbbde686e8b076a1d6074b1b1ee9aafff69dc376e3c3b43da5d8e2e0d4e", kill_on_drop: false }`
[INFO] running `Command { std: "docker" "rm" "-f" "5c846fbbde686e8b076a1d6074b1b1ee9aafff69dc376e3c3b43da5d8e2e0d4e", kill_on_drop: false }`
[INFO] [stdout] 5c846fbbde686e8b076a1d6074b1b1ee9aafff69dc376e3c3b43da5d8e2e0d4e
[INFO] checking datacake-node-0.4.1 against nightly-2024-02-05+rustflags=-Dunexpected_cfgs+cargoflags=-Zcheck-cfg for check-cfg
[INFO] extracting crate datacake-node 0.4.1 into /workspace/builds/worker-1-tc2/source
[INFO] validating manifest of crates.io crate datacake-node 0.4.1 on toolchain nightly-2024-02-05
[INFO] running `Command { std: CARGO_HOME="/workspace/cargo-home" RUSTUP_HOME="/workspace/rustup-home" "/workspace/cargo-home/bin/cargo" "+nightly-2024-02-05" "metadata" "--manifest-path" "Cargo.toml" "--no-deps", kill_on_drop: false }`
[INFO] started tweaking crates.io crate datacake-node 0.4.1
[INFO] finished tweaking crates.io crate datacake-node 0.4.1
[INFO] tweaked toml for crates.io crate datacake-node 0.4.1 written to /workspace/builds/worker-1-tc2/source/Cargo.toml
[INFO] running `Command { std: CARGO_HOME="/workspace/cargo-home" RUSTUP_HOME="/workspace/rustup-home" "/workspace/cargo-home/bin/cargo" "+nightly-2024-02-05" "generate-lockfile" "--manifest-path" "Cargo.toml", kill_on_drop: false }`
[INFO] [stderr]     Updating crates.io index
[INFO] running `Command { std: CARGO_HOME="/workspace/cargo-home" RUSTUP_HOME="/workspace/rustup-home" "/workspace/cargo-home/bin/cargo" "+nightly-2024-02-05" "fetch" "--manifest-path" "Cargo.toml", kill_on_drop: false }`
[INFO] running `Command { std: "docker" "create" "-v" "/var/lib/crater-agent-workspace/builds/worker-1-tc2/target:/opt/rustwide/target:rw,Z" "-v" "/var/lib/crater-agent-workspace/builds/worker-1-tc2/source:/opt/rustwide/workdir:ro,Z" "-v" "/var/lib/crater-agent-workspace/cargo-home:/opt/rustwide/cargo-home:ro,Z" "-v" "/var/lib/crater-agent-workspace/rustup-home:/opt/rustwide/rustup-home:ro,Z" "-e" "SOURCE_DIR=/opt/rustwide/workdir" "-e" "CARGO_TARGET_DIR=/opt/rustwide/target" "-e" "CARGO_HOME=/opt/rustwide/cargo-home" "-e" "RUSTUP_HOME=/opt/rustwide/rustup-home" "-w" "/opt/rustwide/workdir" "-m" "1610612736" "--user" "0:0" "--network" "none" "ghcr.io/rust-lang/crates-build-env/linux@sha256:2788e3201cd34a07e3172128adcd8b3090168a8e3bcc40d7c032b9dda1df7d1c" "/opt/rustwide/cargo-home/bin/cargo" "+nightly-2024-02-05" "metadata" "--no-deps" "--format-version=1", kill_on_drop: false }`
[INFO] [stdout] f0c758973acbf2ba77ee637da8b86c1c04eb8450bf5fb27b89a1d1ef459bd3a6
[INFO] running `Command { std: "docker" "start" "-a" "f0c758973acbf2ba77ee637da8b86c1c04eb8450bf5fb27b89a1d1ef459bd3a6", kill_on_drop: false }`
[INFO] running `Command { std: "docker" "inspect" "f0c758973acbf2ba77ee637da8b86c1c04eb8450bf5fb27b89a1d1ef459bd3a6", kill_on_drop: false }`
[INFO] running `Command { std: "docker" "rm" "-f" "f0c758973acbf2ba77ee637da8b86c1c04eb8450bf5fb27b89a1d1ef459bd3a6", kill_on_drop: false }`
[INFO] [stdout] f0c758973acbf2ba77ee637da8b86c1c04eb8450bf5fb27b89a1d1ef459bd3a6
[INFO] running `Command { std: "docker" "create" "-v" "/var/lib/crater-agent-workspace/builds/worker-1-tc2/target:/opt/rustwide/target:rw,Z" "-v" "/var/lib/crater-agent-workspace/builds/worker-1-tc2/source:/opt/rustwide/workdir:ro,Z" "-v" "/var/lib/crater-agent-workspace/cargo-home:/opt/rustwide/cargo-home:ro,Z" "-v" "/var/lib/crater-agent-workspace/rustup-home:/opt/rustwide/rustup-home:ro,Z" "-e" "SOURCE_DIR=/opt/rustwide/workdir" "-e" "CARGO_TARGET_DIR=/opt/rustwide/target" "-e" "CARGO_INCREMENTAL=0" "-e" "RUST_BACKTRACE=full" "-e" "RUSTFLAGS=--cap-lints=forbid -Dunexpected_cfgs" "-e" "RUSTDOCFLAGS=--cap-lints=forbid" "-e" "CARGO_HOME=/opt/rustwide/cargo-home" "-e" "RUSTUP_HOME=/opt/rustwide/rustup-home" "-w" "/opt/rustwide/workdir" "-m" "1610612736" "--user" "0:0" "--network" "none" "ghcr.io/rust-lang/crates-build-env/linux@sha256:2788e3201cd34a07e3172128adcd8b3090168a8e3bcc40d7c032b9dda1df7d1c" "/opt/rustwide/cargo-home/bin/cargo" "+nightly-2024-02-05" "check" "--frozen" "--all" "--all-targets" "--message-format=json" "-Zcheck-cfg", kill_on_drop: false }`
[INFO] [stdout] 75b415c7bc9e16a0814fe30afdace5193aa9d1cd8bc679614e285cf3f40c7eb7
[INFO] running `Command { std: "docker" "start" "-a" "75b415c7bc9e16a0814fe30afdace5193aa9d1cd8bc679614e285cf3f40c7eb7", kill_on_drop: false }`
[INFO] [stderr]    Compiling syn v1.0.109
[INFO] [stderr]    Compiling parking_lot_core v0.9.9
[INFO] [stderr]     Checking tracing-core v0.1.32
[INFO] [stderr]     Checking futures-channel v0.3.30
[INFO] [stderr]    Compiling ahash v0.7.7
[INFO] [stderr]    Compiling futures-macro v0.3.30
[INFO] [stderr]     Checking futures-io v0.3.30
[INFO] [stderr]    Compiling bytecheck v0.6.12
[INFO] [stderr]     Checking futures-task v0.3.30
[INFO] [stderr]    Compiling rend v0.4.2
[INFO] [stderr]     Checking simdutf8 v0.1.4
[INFO] [stderr]     Checking getrandom v0.2.12
[INFO] [stderr]     Checking num_cpus v1.16.0
[INFO] [stderr]     Checking signal-hook-registry v1.4.1
[INFO] [stderr]    Compiling rkyv v0.7.44
[INFO] [stderr]    Compiling thiserror-impl v1.0.56
[INFO] [stderr]     Checking seahash v4.1.0
[INFO] [stderr]    Compiling serde_derive v1.0.196
[INFO] [stderr]     Checking spin v0.9.8
[INFO] [stderr]     Checking log v0.4.20
[INFO] [stderr]     Checking rand_core v0.6.4
[INFO] [stderr]     Checking nanorand v0.7.0
[INFO] [stderr]     Checking overload v0.1.1
[INFO] [stderr]     Checking sharded-slab v0.1.7
[INFO] [stderr]     Checking nu-ansi-term v0.46.0
[INFO] [stderr]     Checking thread_local v1.1.7
[INFO] [stderr]     Checking rand_chacha v0.3.1
[INFO] [stderr]     Checking tracing v0.1.40
[INFO] [stderr]     Checking tracing-log v0.2.0
[INFO] [stderr]     Checking flume v0.10.14
[INFO] [stderr]     Checking parking_lot v0.12.1
[INFO] [stderr]     Checking hashbrown v0.12.3
[INFO] [stderr]     Checking rand v0.8.5
[INFO] [stderr]     Checking tokio v1.36.0
[INFO] [stderr]     Checking tracing-subscriber v0.3.18
[INFO] [stderr]     Checking futures-util v0.3.30
[INFO] [stderr]     Checking thiserror v1.0.56
[INFO] [stderr]     Checking serde v1.0.196
[INFO] [stderr]    Compiling ptr_meta_derive v0.1.4
[INFO] [stderr]    Compiling bytecheck_derive v0.6.12
[INFO] [stderr]    Compiling rkyv_derive v0.7.44
[INFO] [stderr]     Checking ptr_meta v0.1.4
[INFO] [stderr]     Checking futures-executor v0.3.30
[INFO] [stderr]     Checking futures v0.3.30
[INFO] [stderr]     Checking tokio-util v0.7.10
[INFO] [stderr]     Checking h2 v0.3.24
[INFO] [stderr]     Checking tokio-stream v0.1.14
[INFO] [stderr]     Checking datacake-chitchat-fork v0.5.1
[INFO] [stderr]     Checking hyper v0.14.28
[INFO] [stderr]     Checking datacake-crdt v0.4.1
[INFO] [stderr]     Checking datacake-rpc v0.5.1
[INFO] [stderr]     Checking datacake-node v0.4.1 (/opt/rustwide/workdir)
[INFO] [stdout] error[E0433]: failed to resolve: use of undeclared crate or module `test_helper`
[INFO] [stdout]   --> tests/membership.rs:10:23
[INFO] [stdout]    |
[INFO] [stdout] 10 |     let node_1_addr = test_helper::get_unused_addr();
[INFO] [stdout]    |                       ^^^^^^^^^^^ use of undeclared crate or module `test_helper`
[INFO] [stdout] 
[INFO] [stdout] 
[INFO] [stdout] error[E0433]: failed to resolve: use of undeclared crate or module `test_helper`
[INFO] [stdout]   --> tests/membership.rs:11:23
[INFO] [stdout]    |
[INFO] [stdout] 11 |     let node_2_addr = test_helper::get_unused_addr();
[INFO] [stdout]    |                       ^^^^^^^^^^^ use of undeclared crate or module `test_helper`
[INFO] [stdout] 
[INFO] [stdout] 
[INFO] [stdout] error[E0433]: failed to resolve: use of undeclared crate or module `test_helper`
[INFO] [stdout]   --> tests/membership.rs:12:23
[INFO] [stdout]    |
[INFO] [stdout] 12 |     let node_3_addr = test_helper::get_unused_addr();
[INFO] [stdout]    |                       ^^^^^^^^^^^ use of undeclared crate or module `test_helper`
[INFO] [stdout] 
[INFO] [stdout] 
[INFO] [stdout] error[E0433]: failed to resolve: use of undeclared crate or module `test_helper`
[INFO] [stdout]   --> tests/membership.rs:80:23
[INFO] [stdout]    |
[INFO] [stdout] 80 |     let node_1_addr = test_helper::get_unused_addr();
[INFO] [stdout]    |                       ^^^^^^^^^^^ use of undeclared crate or module `test_helper`
[INFO] [stdout] 
[INFO] [stdout] 
[INFO] [stdout] error[E0433]: failed to resolve: use of undeclared crate or module `test_helper`
[INFO] [stdout]   --> tests/membership.rs:81:23
[INFO] [stdout]    |
[INFO] [stdout] 81 |     let node_2_addr = test_helper::get_unused_addr();
[INFO] [stdout]    |                       ^^^^^^^^^^^ use of undeclared crate or module `test_helper`
[INFO] [stdout] 
[INFO] [stdout] 
[INFO] [stdout] error[E0433]: failed to resolve: use of undeclared crate or module `test_helper`
[INFO] [stdout]   --> tests/membership.rs:82:23
[INFO] [stdout]    |
[INFO] [stdout] 82 |     let node_3_addr = test_helper::get_unused_addr();
[INFO] [stdout]    |                       ^^^^^^^^^^^ use of undeclared crate or module `test_helper`
[INFO] [stdout] 
[INFO] [stdout] 
[INFO] [stdout] error: aborting due to 6 previous errors
[INFO] [stdout] 
[INFO] [stdout] 
[INFO] [stdout] For more information about this error, try `rustc --explain E0433`.
[INFO] [stdout] 
[INFO] [stderr] error: could not compile `datacake-node` (test "membership") due to 7 previous errors
[INFO] running `Command { std: "docker" "inspect" "75b415c7bc9e16a0814fe30afdace5193aa9d1cd8bc679614e285cf3f40c7eb7", kill_on_drop: false }`
[INFO] running `Command { std: "docker" "rm" "-f" "75b415c7bc9e16a0814fe30afdace5193aa9d1cd8bc679614e285cf3f40c7eb7", kill_on_drop: false }`
[INFO] [stdout] 75b415c7bc9e16a0814fe30afdace5193aa9d1cd8bc679614e285cf3f40c7eb7
