[INFO] fetching crate database-schema 0.1.2...
[INFO] checking database-schema-0.1.2 against nightly-2024-02-05 for check-cfg
[INFO] extracting crate database-schema 0.1.2 into /workspace/builds/worker-6-tc1/source
[INFO] validating manifest of crates.io crate database-schema 0.1.2 on toolchain nightly-2024-02-05
[INFO] running `Command { std: CARGO_HOME="/workspace/cargo-home" RUSTUP_HOME="/workspace/rustup-home" "/workspace/cargo-home/bin/cargo" "+nightly-2024-02-05" "metadata" "--manifest-path" "Cargo.toml" "--no-deps", kill_on_drop: false }`
[INFO] started tweaking crates.io crate database-schema 0.1.2
[INFO] finished tweaking crates.io crate database-schema 0.1.2
[INFO] tweaked toml for crates.io crate database-schema 0.1.2 written to /workspace/builds/worker-6-tc1/source/Cargo.toml
[INFO] running `Command { std: CARGO_HOME="/workspace/cargo-home" RUSTUP_HOME="/workspace/rustup-home" "/workspace/cargo-home/bin/cargo" "+nightly-2024-02-05" "generate-lockfile" "--manifest-path" "Cargo.toml", kill_on_drop: false }`
[INFO] [stderr]     Blocking waiting for file lock on package cache
[INFO] [stderr]     Updating crates.io index
[INFO] running `Command { std: CARGO_HOME="/workspace/cargo-home" RUSTUP_HOME="/workspace/rustup-home" "/workspace/cargo-home/bin/cargo" "+nightly-2024-02-05" "fetch" "--manifest-path" "Cargo.toml", kill_on_drop: false }`
[INFO] [stderr]     Blocking waiting for file lock on package cache
[INFO] [stderr]     Blocking waiting for file lock on package cache
[INFO] [stderr]  Downloading crates ...
[INFO] [stderr]   Downloaded atomic-write-file v0.1.2
[INFO] [stderr]   Downloaded diesel_migrations v2.1.0
[INFO] [stderr]   Downloaded migrations_macros v2.1.0
[INFO] [stderr]   Downloaded sqlx-macros v0.7.3
[INFO] [stderr]   Downloaded migrations_internals v2.1.0
[INFO] [stderr]   Downloaded mysqlclient-sys v0.2.5
[INFO] [stderr]   Downloaded sqlx-macros-core v0.7.3
[INFO] [stderr]   Downloaded sqlx-mysql v0.7.3
[INFO] [stderr]   Downloaded sqlx-sqlite v0.7.3
[INFO] [stderr]   Downloaded sqlx-postgres v0.7.3
[INFO] [stderr]   Downloaded sqlx v0.7.3
[INFO] [stderr]   Downloaded sqlx-core v0.7.3
[INFO] [stderr]   Downloaded libsqlite3-sys v0.27.0
[INFO] running `Command { std: "docker" "create" "-v" "/var/lib/crater-agent-workspace/builds/worker-6-tc1/target:/opt/rustwide/target:rw,Z" "-v" "/var/lib/crater-agent-workspace/builds/worker-6-tc1/source:/opt/rustwide/workdir:ro,Z" "-v" "/var/lib/crater-agent-workspace/cargo-home:/opt/rustwide/cargo-home:ro,Z" "-v" "/var/lib/crater-agent-workspace/rustup-home:/opt/rustwide/rustup-home:ro,Z" "-e" "SOURCE_DIR=/opt/rustwide/workdir" "-e" "CARGO_TARGET_DIR=/opt/rustwide/target" "-e" "CARGO_HOME=/opt/rustwide/cargo-home" "-e" "RUSTUP_HOME=/opt/rustwide/rustup-home" "-w" "/opt/rustwide/workdir" "-m" "1610612736" "--user" "0:0" "--network" "none" "ghcr.io/rust-lang/crates-build-env/linux@sha256:2788e3201cd34a07e3172128adcd8b3090168a8e3bcc40d7c032b9dda1df7d1c" "/opt/rustwide/cargo-home/bin/cargo" "+nightly-2024-02-05" "metadata" "--no-deps" "--format-version=1", kill_on_drop: false }`
[INFO] [stdout] 274e66a4b5bf034722656c8d48a56a3a0a950bf403870ac0f0c97324a76192a2
[INFO] running `Command { std: "docker" "start" "-a" "274e66a4b5bf034722656c8d48a56a3a0a950bf403870ac0f0c97324a76192a2", kill_on_drop: false }`
[INFO] running `Command { std: "docker" "inspect" "274e66a4b5bf034722656c8d48a56a3a0a950bf403870ac0f0c97324a76192a2", kill_on_drop: false }`
[INFO] running `Command { std: "docker" "rm" "-f" "274e66a4b5bf034722656c8d48a56a3a0a950bf403870ac0f0c97324a76192a2", kill_on_drop: false }`
[INFO] [stdout] 274e66a4b5bf034722656c8d48a56a3a0a950bf403870ac0f0c97324a76192a2
[INFO] running `Command { std: "docker" "create" "-v" "/var/lib/crater-agent-workspace/builds/worker-6-tc1/target:/opt/rustwide/target:rw,Z" "-v" "/var/lib/crater-agent-workspace/builds/worker-6-tc1/source:/opt/rustwide/workdir:ro,Z" "-v" "/var/lib/crater-agent-workspace/cargo-home:/opt/rustwide/cargo-home:ro,Z" "-v" "/var/lib/crater-agent-workspace/rustup-home:/opt/rustwide/rustup-home:ro,Z" "-e" "SOURCE_DIR=/opt/rustwide/workdir" "-e" "CARGO_TARGET_DIR=/opt/rustwide/target" "-e" "CARGO_INCREMENTAL=0" "-e" "RUST_BACKTRACE=full" "-e" "RUSTFLAGS=--cap-lints=forbid" "-e" "RUSTDOCFLAGS=--cap-lints=forbid" "-e" "CARGO_HOME=/opt/rustwide/cargo-home" "-e" "RUSTUP_HOME=/opt/rustwide/rustup-home" "-w" "/opt/rustwide/workdir" "-m" "1610612736" "--user" "0:0" "--network" "none" "ghcr.io/rust-lang/crates-build-env/linux@sha256:2788e3201cd34a07e3172128adcd8b3090168a8e3bcc40d7c032b9dda1df7d1c" "/opt/rustwide/cargo-home/bin/cargo" "+nightly-2024-02-05" "check" "--frozen" "--all" "--all-targets" "--message-format=json", kill_on_drop: false }`
[INFO] [stdout] d95475a7331e03643699c79858e598597b53de6a36332912c8eb82feb8348349
[INFO] running `Command { std: "docker" "start" "-a" "d95475a7331e03643699c79858e598597b53de6a36332912c8eb82feb8348349", kill_on_drop: false }`
[INFO] [stderr]    Compiling num-traits v0.2.17
[INFO] [stderr]     Checking tracing-core v0.1.32
[INFO] [stderr]    Compiling syn v2.0.48
[INFO] [stderr]     Checking tracing v0.1.40
[INFO] [stderr]     Checking chrono v0.4.33
[INFO] [stderr]    Compiling thiserror-impl v1.0.56
[INFO] [stderr]    Compiling tokio-macros v2.2.0
[INFO] [stderr]     Checking tokio v1.36.0
[INFO] [stderr]     Checking thiserror v1.0.56
[INFO] [stderr]     Checking database-schema v0.1.2 (/opt/rustwide/workdir)
[INFO] [stdout] error: At least one of the following features must be enabled: sqlite, postgres or mysql.
[INFO] [stdout]   --> src/lib.rs:18:1
[INFO] [stdout]    |
[INFO] [stdout] 18 | / compile_error!(
[INFO] [stdout] 19 | |     "At least one of the following features must be enabled: sqlite, postgres or mysql."
[INFO] [stdout] 20 | | );
[INFO] [stdout]    | |_^
[INFO] [stdout] 
[INFO] [stdout] 
[INFO] [stdout] error: At least one of the following features must be enabled: sqlx or diesel.
[INFO] [stdout]   --> src/lib.rs:22:1
[INFO] [stdout]    |
[INFO] [stdout] 22 | compile_error!("At least one of the following features must be enabled: sqlx or diesel.");
[INFO] [stdout]    | ^^^^^^^^^^^^^^^^^^^^^^^^^^^^^^^^^^^^^^^^^^^^^^^^^^^^^^^^^^^^^^^^^^^^^^^^^^^^^^^^^^^^^^^^^
[INFO] [stdout] 
[INFO] [stdout] 
[INFO] [stdout] error[E0425]: cannot find value `conn` in this scope
[INFO] [stdout]   --> src/lib.rs:79:9
[INFO] [stdout]    |
[INFO] [stdout] 79 |         conn
[INFO] [stdout]    |         ^^^^ not found in this scope
[INFO] [stdout] 
[INFO] [stdout] 
[INFO] [stdout] error[E0412]: cannot find type `DatabaseSchema` in this scope
[INFO] [stdout]    --> src/lib.rs:157:6
[INFO] [stdout]     |
[INFO] [stdout] 157 | impl DatabaseSchema {
[INFO] [stdout]     |      ^^^^^^^^^^^^^^ not found in this scope
[INFO] [stdout] 
[INFO] [stdout] 
[INFO] [stdout] error[E0425]: cannot find function `write_structure_sql` in this scope
[INFO] [stdout]    --> src/lib.rs:167:9
[INFO] [stdout]     |
[INFO] [stdout] 167 |         write_structure_sql(
[INFO] [stdout]     |         ^^^^^^^^^^^^^^^^^^^ not found in this scope
[INFO] [stdout] 
[INFO] [stdout] 
[INFO] [stdout] error: aborting due to 5 previous errors
[INFO] [stdout] 
[INFO] [stdout] 
[INFO] [stdout] Some errors have detailed explanations: E0412, E0425.
[INFO] [stdout] 
[INFO] [stdout] For more information about an error, try `rustc --explain E0412`.
[INFO] [stdout] 
[INFO] [stderr] error: could not compile `database-schema` (lib) due to 6 previous errors
[INFO] [stderr] warning: build failed, waiting for other jobs to finish...
[INFO] running `Command { std: "docker" "inspect" "d95475a7331e03643699c79858e598597b53de6a36332912c8eb82feb8348349", kill_on_drop: false }`
[INFO] running `Command { std: "docker" "rm" "-f" "d95475a7331e03643699c79858e598597b53de6a36332912c8eb82feb8348349", kill_on_drop: false }`
[INFO] [stdout] d95475a7331e03643699c79858e598597b53de6a36332912c8eb82feb8348349
