[INFO] fetching crate dalek-test-curve-docs 4.0.0-pre.5...
[INFO] checking dalek-test-curve-docs-4.0.0-pre.5 against nightly-2024-02-05 for check-cfg
[INFO] extracting crate dalek-test-curve-docs 4.0.0-pre.5 into /workspace/builds/worker-6-tc1/source
[INFO] validating manifest of crates.io crate dalek-test-curve-docs 4.0.0-pre.5 on toolchain nightly-2024-02-05
[INFO] running `Command { std: CARGO_HOME="/workspace/cargo-home" RUSTUP_HOME="/workspace/rustup-home" "/workspace/cargo-home/bin/cargo" "+nightly-2024-02-05" "metadata" "--manifest-path" "Cargo.toml" "--no-deps", kill_on_drop: false }`
[INFO] started tweaking crates.io crate dalek-test-curve-docs 4.0.0-pre.5
[INFO] finished tweaking crates.io crate dalek-test-curve-docs 4.0.0-pre.5
[INFO] tweaked toml for crates.io crate dalek-test-curve-docs 4.0.0-pre.5 written to /workspace/builds/worker-6-tc1/source/Cargo.toml
[INFO] running `Command { std: CARGO_HOME="/workspace/cargo-home" RUSTUP_HOME="/workspace/rustup-home" "/workspace/cargo-home/bin/cargo" "+nightly-2024-02-05" "generate-lockfile" "--manifest-path" "Cargo.toml", kill_on_drop: false }`
[INFO] [stderr]     Updating crates.io index
[INFO] running `Command { std: CARGO_HOME="/workspace/cargo-home" RUSTUP_HOME="/workspace/rustup-home" "/workspace/cargo-home/bin/cargo" "+nightly-2024-02-05" "fetch" "--manifest-path" "Cargo.toml", kill_on_drop: false }`
[INFO] [stderr]  Downloading crates ...
[INFO] [stderr]   Downloaded libm v0.1.4
[INFO] [stderr]   Downloaded ciborium-io v0.2.2
[INFO] [stderr]   Downloaded packed_simd_2 v0.3.8
[INFO] [stderr]   Downloaded criterion v0.4.0
[INFO] [stderr]   Downloaded fiat-crypto v0.1.20
[INFO] [stderr]   Downloaded ciborium v0.2.2
[INFO] [stderr]   Downloaded ciborium-ll v0.2.2
[INFO] running `Command { std: "docker" "create" "-v" "/var/lib/crater-agent-workspace/builds/worker-6-tc1/target:/opt/rustwide/target:rw,Z" "-v" "/var/lib/crater-agent-workspace/builds/worker-6-tc1/source:/opt/rustwide/workdir:ro,Z" "-v" "/var/lib/crater-agent-workspace/cargo-home:/opt/rustwide/cargo-home:ro,Z" "-v" "/var/lib/crater-agent-workspace/rustup-home:/opt/rustwide/rustup-home:ro,Z" "-e" "SOURCE_DIR=/opt/rustwide/workdir" "-e" "CARGO_TARGET_DIR=/opt/rustwide/target" "-e" "CARGO_HOME=/opt/rustwide/cargo-home" "-e" "RUSTUP_HOME=/opt/rustwide/rustup-home" "-w" "/opt/rustwide/workdir" "-m" "1610612736" "--user" "0:0" "--network" "none" "ghcr.io/rust-lang/crates-build-env/linux@sha256:2788e3201cd34a07e3172128adcd8b3090168a8e3bcc40d7c032b9dda1df7d1c" "/opt/rustwide/cargo-home/bin/cargo" "+nightly-2024-02-05" "metadata" "--no-deps" "--format-version=1", kill_on_drop: false }`
[INFO] [stdout] 75a237f37fc88a9657a4d3ca6a2fa6cf612f70a147e08de1d2a586ee1c66c7d7
[INFO] running `Command { std: "docker" "start" "-a" "75a237f37fc88a9657a4d3ca6a2fa6cf612f70a147e08de1d2a586ee1c66c7d7", kill_on_drop: false }`
[INFO] running `Command { std: "docker" "inspect" "75a237f37fc88a9657a4d3ca6a2fa6cf612f70a147e08de1d2a586ee1c66c7d7", kill_on_drop: false }`
[INFO] running `Command { std: "docker" "rm" "-f" "75a237f37fc88a9657a4d3ca6a2fa6cf612f70a147e08de1d2a586ee1c66c7d7", kill_on_drop: false }`
[INFO] [stdout] 75a237f37fc88a9657a4d3ca6a2fa6cf612f70a147e08de1d2a586ee1c66c7d7
[INFO] running `Command { std: "docker" "create" "-v" "/var/lib/crater-agent-workspace/builds/worker-6-tc1/target:/opt/rustwide/target:rw,Z" "-v" "/var/lib/crater-agent-workspace/builds/worker-6-tc1/source:/opt/rustwide/workdir:ro,Z" "-v" "/var/lib/crater-agent-workspace/cargo-home:/opt/rustwide/cargo-home:ro,Z" "-v" "/var/lib/crater-agent-workspace/rustup-home:/opt/rustwide/rustup-home:ro,Z" "-e" "SOURCE_DIR=/opt/rustwide/workdir" "-e" "CARGO_TARGET_DIR=/opt/rustwide/target" "-e" "CARGO_INCREMENTAL=0" "-e" "RUST_BACKTRACE=full" "-e" "RUSTFLAGS=--cap-lints=forbid" "-e" "RUSTDOCFLAGS=--cap-lints=forbid" "-e" "CARGO_HOME=/opt/rustwide/cargo-home" "-e" "RUSTUP_HOME=/opt/rustwide/rustup-home" "-w" "/opt/rustwide/workdir" "-m" "1610612736" "--user" "0:0" "--network" "none" "ghcr.io/rust-lang/crates-build-env/linux@sha256:2788e3201cd34a07e3172128adcd8b3090168a8e3bcc40d7c032b9dda1df7d1c" "/opt/rustwide/cargo-home/bin/cargo" "+nightly-2024-02-05" "check" "--frozen" "--all" "--all-targets" "--message-format=json", kill_on_drop: false }`
[INFO] [stdout] 1fd4fd960241e15f988bec1a2866c4c41ad4642968f0e40e3eebe8c13ecabbb6
[INFO] running `Command { std: "docker" "start" "-a" "1fd4fd960241e15f988bec1a2866c4c41ad4642968f0e40e3eebe8c13ecabbb6", kill_on_drop: false }`
[INFO] [stderr]    Compiling proc-macro2 v1.0.78
[INFO] [stderr]    Compiling typenum v1.17.0
[INFO] [stderr]    Compiling crossbeam-utils v0.8.19
[INFO] [stderr]    Compiling serde v1.0.196
[INFO] [stderr]     Checking either v1.9.0
[INFO] [stderr]    Compiling rayon-core v1.12.1
[INFO] [stderr]    Compiling serde_json v1.0.113
[INFO] [stderr]     Checking plotters-backend v0.3.5
[INFO] [stderr]    Compiling libc v0.2.153
[INFO] [stderr]    Compiling num-traits v0.2.17
[INFO] [stderr]     Checking half v2.3.1
[INFO] [stderr]     Checking os_str_bytes v6.6.1
[INFO] [stderr]     Checking regex-syntax v0.8.2
[INFO] [stderr]     Checking ciborium-io v0.2.2
[INFO] [stderr]     Checking textwrap v0.16.0
[INFO] [stderr]     Checking cast v0.3.0
[INFO] [stderr]     Checking walkdir v2.4.0
[INFO] [stderr]     Checking itertools v0.10.5
[INFO] [stderr]     Checking anes v0.1.6
[INFO] [stderr]     Checking clap_lex v0.2.4
[INFO] [stderr]     Checking plotters-svg v0.3.5
[INFO] [stderr]     Checking zeroize v1.7.0
[INFO] [stderr]     Checking oorandom v11.1.3
[INFO] [stderr]     Checking subtle v2.5.0
[INFO] [stderr]     Checking ciborium-ll v0.2.2
[INFO] [stderr]     Checking cpufeatures v0.2.12
[INFO] [stderr]     Checking clap v3.2.25
[INFO] [stderr]     Checking getrandom v0.2.12
[INFO] [stderr]     Checking atty v0.2.14
[INFO] [stderr]     Checking crossbeam-epoch v0.9.18
[INFO] [stderr]     Checking rand_core v0.6.4
[INFO] [stderr]    Compiling quote v1.0.35
[INFO] [stderr]     Checking rand_chacha v0.3.1
[INFO] [stderr]     Checking crossbeam-deque v0.8.5
[INFO] [stderr]    Compiling syn v2.0.48
[INFO] [stderr]     Checking regex-automata v0.4.5
[INFO] [stderr]     Checking rand v0.8.5
[INFO] [stderr]     Checking plotters v0.3.5
[INFO] [stderr]     Checking generic-array v0.14.7
[INFO] [stderr]     Checking rayon v1.8.1
[INFO] [stderr]     Checking criterion-plot v0.5.0
[INFO] [stderr]     Checking crypto-common v0.1.6
[INFO] [stderr]     Checking block-buffer v0.10.4
[INFO] [stderr]     Checking digest v0.10.7
[INFO] [stderr]     Checking sha2 v0.10.8
[INFO] [stderr]     Checking dalek-test-curve-docs v4.0.0-pre.5 (/opt/rustwide/workdir)
[INFO] [stdout] warning: unused import: `crate::backend::serial::u64::field::*`
[INFO] [stdout]   --> src/field.rs:65:17
[INFO] [stdout]    |
[INFO] [stdout] 65 |         pub use crate::backend::serial::u64::field::*;
[INFO] [stdout]    |                 ^^^^^^^^^^^^^^^^^^^^^^^^^^^^^^^^^^^^^
[INFO] [stdout]    |
[INFO] [stdout]    = note: `#[warn(unused_imports)]` on by default
[INFO] [stdout] 
[INFO] [stdout] 
[INFO] [stderr]     Checking regex v1.10.3
[INFO] [stdout] warning: call to `.borrow()` on a reference in this situation does nothing
[INFO] [stdout]    --> src/ristretto.rs:950:77
[INFO] [stdout]     |
[INFO] [stdout] 950 |         let extended_points = points.into_iter().map(|opt_P| opt_P.map(|P| P.borrow().0));
[INFO] [stdout]     |                                                                             ^^^^^^^^^ help: remove this redundant call
[INFO] [stdout]     |
[INFO] [stdout]     = note: the type `RistrettoPoint` does not implement `Borrow`, so calling `borrow` on `&RistrettoPoint` copies the reference, which does not do anything and can be removed
[INFO] [stdout]     = note: `#[warn(noop_method_call)]` on by default
[INFO] [stdout] 
[INFO] [stdout] 
[INFO] [stdout] warning: 2 warnings emitted
[INFO] [stdout] 
[INFO] [stdout] 
[INFO] [stderr]    Compiling serde_derive v1.0.196
[INFO] [stderr]     Checking ciborium v0.2.2
[INFO] [stderr]     Checking bincode v1.3.3
[INFO] [stderr]     Checking tinytemplate v1.2.1
[INFO] [stderr]     Checking criterion v0.4.0
[INFO] [stdout] error[E0433]: failed to resolve: use of undeclared crate or module `curve25519_dalek`
[INFO] [stdout]   --> benches/dalek_benchmarks.rs:12:5
[INFO] [stdout]    |
[INFO] [stdout] 12 | use curve25519_dalek::scalar::Scalar;
[INFO] [stdout]    |     ^^^^^^^^^^^^^^^^ use of undeclared crate or module `curve25519_dalek`
[INFO] [stdout] 
[INFO] [stdout] 
[INFO] [stdout] error[E0433]: failed to resolve: use of undeclared crate or module `curve25519_dalek`
[INFO] [stdout]   --> benches/dalek_benchmarks.rs:20:9
[INFO] [stdout]    |
[INFO] [stdout] 20 |     use curve25519_dalek::edwards::EdwardsPoint;
[INFO] [stdout]    |         ^^^^^^^^^^^^^^^^ use of undeclared crate or module `curve25519_dalek`
[INFO] [stdout] 
[INFO] [stdout] 
[INFO] [stdout] error[E0433]: failed to resolve: use of undeclared crate or module `curve25519_dalek`
[INFO] [stdout]   --> benches/dalek_benchmarks.rs:77:9
[INFO] [stdout]    |
[INFO] [stdout] 77 |     use curve25519_dalek::edwards::EdwardsPoint;
[INFO] [stdout]    |         ^^^^^^^^^^^^^^^^ use of undeclared crate or module `curve25519_dalek`
[INFO] [stdout] 
[INFO] [stdout] 
[INFO] [stdout] error[E0433]: failed to resolve: use of undeclared crate or module `curve25519_dalek`
[INFO] [stdout]   --> benches/dalek_benchmarks.rs:78:9
[INFO] [stdout]    |
[INFO] [stdout] 78 |     use curve25519_dalek::edwards::VartimeEdwardsPrecomputation;
[INFO] [stdout]    |         ^^^^^^^^^^^^^^^^ use of undeclared crate or module `curve25519_dalek`
[INFO] [stdout] 
[INFO] [stdout] 
[INFO] [stdout] error[E0433]: failed to resolve: use of undeclared crate or module `curve25519_dalek`
[INFO] [stdout]   --> benches/dalek_benchmarks.rs:79:9
[INFO] [stdout]    |
[INFO] [stdout] 79 |     use curve25519_dalek::traits::MultiscalarMul;
[INFO] [stdout]    |         ^^^^^^^^^^^^^^^^ use of undeclared crate or module `curve25519_dalek`
[INFO] [stdout] 
[INFO] [stdout] 
[INFO] [stdout] error[E0433]: failed to resolve: use of undeclared crate or module `curve25519_dalek`
[INFO] [stdout]   --> benches/dalek_benchmarks.rs:80:9
[INFO] [stdout]    |
[INFO] [stdout] 80 |     use curve25519_dalek::traits::VartimeMultiscalarMul;
[INFO] [stdout]    |         ^^^^^^^^^^^^^^^^ use of undeclared crate or module `curve25519_dalek`
[INFO] [stdout] 
[INFO] [stdout] 
[INFO] [stdout] error[E0433]: failed to resolve: use of undeclared crate or module `curve25519_dalek`
[INFO] [stdout]   --> benches/dalek_benchmarks.rs:81:9
[INFO] [stdout]    |
[INFO] [stdout] 81 |     use curve25519_dalek::traits::VartimePrecomputedMultiscalarMul;
[INFO] [stdout]    |         ^^^^^^^^^^^^^^^^ use of undeclared crate or module `curve25519_dalek`
[INFO] [stdout] 
[INFO] [stdout] 
[INFO] [stdout] error[E0433]: failed to resolve: use of undeclared crate or module `curve25519_dalek`
[INFO] [stdout]    --> benches/dalek_benchmarks.rs:246:9
[INFO] [stdout]     |
[INFO] [stdout] 246 |     use curve25519_dalek::ristretto::RistrettoPoint;
[INFO] [stdout]     |         ^^^^^^^^^^^^^^^^ use of undeclared crate or module `curve25519_dalek`
[INFO] [stdout] 
[INFO] [stdout] 
[INFO] [stdout] error[E0432]: unresolved import `curve25519_dalek`
[INFO] [stdout]   --> benches/dalek_benchmarks.rs:11:5
[INFO] [stdout]    |
[INFO] [stdout] 11 | use curve25519_dalek::constants;
[INFO] [stdout]    |     ^^^^^^^^^^^^^^^^ use of undeclared crate or module `curve25519_dalek`
[INFO] [stdout] 
[INFO] [stdout] 
[INFO] [stdout] error: aborting due to 9 previous errors
[INFO] [stdout] 
[INFO] [stdout] 
[INFO] [stdout] Some errors have detailed explanations: E0432, E0433.
[INFO] [stdout] 
[INFO] [stdout] For more information about an error, try `rustc --explain E0432`.
[INFO] [stdout] 
[INFO] [stderr] error: could not compile `dalek-test-curve-docs` (bench "dalek_benchmarks") due to 10 previous errors
[INFO] [stderr] warning: build failed, waiting for other jobs to finish...
[INFO] [stdout] warning: unused import: `crate::backend::serial::u64::field::*`
[INFO] [stdout]   --> src/field.rs:65:17
[INFO] [stdout]    |
[INFO] [stdout] 65 |         pub use crate::backend::serial::u64::field::*;
[INFO] [stdout]    |                 ^^^^^^^^^^^^^^^^^^^^^^^^^^^^^^^^^^^^^
[INFO] [stdout]    |
[INFO] [stdout]    = note: `#[warn(unused_imports)]` on by default
[INFO] [stdout] 
[INFO] [stdout] 
[INFO] [stdout] warning: call to `.borrow()` on a reference in this situation does nothing
[INFO] [stdout]    --> src/ristretto.rs:950:77
[INFO] [stdout]     |
[INFO] [stdout] 950 |         let extended_points = points.into_iter().map(|opt_P| opt_P.map(|P| P.borrow().0));
[INFO] [stdout]     |                                                                             ^^^^^^^^^ help: remove this redundant call
[INFO] [stdout]     |
[INFO] [stdout]     = note: the type `ristretto::RistrettoPoint` does not implement `Borrow`, so calling `borrow` on `&ristretto::RistrettoPoint` copies the reference, which does not do anything and can be removed
[INFO] [stdout]     = note: `#[warn(noop_method_call)]` on by default
[INFO] [stdout] 
[INFO] [stdout] 
[INFO] [stdout] warning: 2 warnings emitted
[INFO] [stdout] 
[INFO] [stdout] 
[INFO] running `Command { std: "docker" "inspect" "1fd4fd960241e15f988bec1a2866c4c41ad4642968f0e40e3eebe8c13ecabbb6", kill_on_drop: false }`
[INFO] running `Command { std: "docker" "rm" "-f" "1fd4fd960241e15f988bec1a2866c4c41ad4642968f0e40e3eebe8c13ecabbb6", kill_on_drop: false }`
[INFO] [stdout] 1fd4fd960241e15f988bec1a2866c4c41ad4642968f0e40e3eebe8c13ecabbb6
[INFO] checking dalek-test-curve-docs-4.0.0-pre.5 against nightly-2024-02-05+rustflags=-Dunexpected_cfgs+cargoflags=-Zcheck-cfg for check-cfg
[INFO] extracting crate dalek-test-curve-docs 4.0.0-pre.5 into /workspace/builds/worker-6-tc2/source
[INFO] validating manifest of crates.io crate dalek-test-curve-docs 4.0.0-pre.5 on toolchain nightly-2024-02-05
[INFO] running `Command { std: CARGO_HOME="/workspace/cargo-home" RUSTUP_HOME="/workspace/rustup-home" "/workspace/cargo-home/bin/cargo" "+nightly-2024-02-05" "metadata" "--manifest-path" "Cargo.toml" "--no-deps", kill_on_drop: false }`
[INFO] started tweaking crates.io crate dalek-test-curve-docs 4.0.0-pre.5
[INFO] finished tweaking crates.io crate dalek-test-curve-docs 4.0.0-pre.5
[INFO] tweaked toml for crates.io crate dalek-test-curve-docs 4.0.0-pre.5 written to /workspace/builds/worker-6-tc2/source/Cargo.toml
[INFO] running `Command { std: CARGO_HOME="/workspace/cargo-home" RUSTUP_HOME="/workspace/rustup-home" "/workspace/cargo-home/bin/cargo" "+nightly-2024-02-05" "generate-lockfile" "--manifest-path" "Cargo.toml", kill_on_drop: false }`
[INFO] [stderr]     Updating crates.io index
[INFO] running `Command { std: CARGO_HOME="/workspace/cargo-home" RUSTUP_HOME="/workspace/rustup-home" "/workspace/cargo-home/bin/cargo" "+nightly-2024-02-05" "fetch" "--manifest-path" "Cargo.toml", kill_on_drop: false }`
[INFO] [stderr]     Blocking waiting for file lock on package cache
[INFO] running `Command { std: "docker" "create" "-v" "/var/lib/crater-agent-workspace/builds/worker-6-tc2/target:/opt/rustwide/target:rw,Z" "-v" "/var/lib/crater-agent-workspace/builds/worker-6-tc2/source:/opt/rustwide/workdir:ro,Z" "-v" "/var/lib/crater-agent-workspace/cargo-home:/opt/rustwide/cargo-home:ro,Z" "-v" "/var/lib/crater-agent-workspace/rustup-home:/opt/rustwide/rustup-home:ro,Z" "-e" "SOURCE_DIR=/opt/rustwide/workdir" "-e" "CARGO_TARGET_DIR=/opt/rustwide/target" "-e" "CARGO_HOME=/opt/rustwide/cargo-home" "-e" "RUSTUP_HOME=/opt/rustwide/rustup-home" "-w" "/opt/rustwide/workdir" "-m" "1610612736" "--user" "0:0" "--network" "none" "ghcr.io/rust-lang/crates-build-env/linux@sha256:2788e3201cd34a07e3172128adcd8b3090168a8e3bcc40d7c032b9dda1df7d1c" "/opt/rustwide/cargo-home/bin/cargo" "+nightly-2024-02-05" "metadata" "--no-deps" "--format-version=1", kill_on_drop: false }`
[INFO] [stdout] 3d605b9f30110f6f1ddd7250dfd1ca3ba95cbb956d235f667d3013271ef08043
[INFO] running `Command { std: "docker" "start" "-a" "3d605b9f30110f6f1ddd7250dfd1ca3ba95cbb956d235f667d3013271ef08043", kill_on_drop: false }`
[INFO] running `Command { std: "docker" "inspect" "3d605b9f30110f6f1ddd7250dfd1ca3ba95cbb956d235f667d3013271ef08043", kill_on_drop: false }`
[INFO] running `Command { std: "docker" "rm" "-f" "3d605b9f30110f6f1ddd7250dfd1ca3ba95cbb956d235f667d3013271ef08043", kill_on_drop: false }`
[INFO] [stdout] 3d605b9f30110f6f1ddd7250dfd1ca3ba95cbb956d235f667d3013271ef08043
[INFO] running `Command { std: "docker" "create" "-v" "/var/lib/crater-agent-workspace/builds/worker-6-tc2/target:/opt/rustwide/target:rw,Z" "-v" "/var/lib/crater-agent-workspace/builds/worker-6-tc2/source:/opt/rustwide/workdir:ro,Z" "-v" "/var/lib/crater-agent-workspace/cargo-home:/opt/rustwide/cargo-home:ro,Z" "-v" "/var/lib/crater-agent-workspace/rustup-home:/opt/rustwide/rustup-home:ro,Z" "-e" "SOURCE_DIR=/opt/rustwide/workdir" "-e" "CARGO_TARGET_DIR=/opt/rustwide/target" "-e" "CARGO_INCREMENTAL=0" "-e" "RUST_BACKTRACE=full" "-e" "RUSTFLAGS=--cap-lints=forbid -Dunexpected_cfgs" "-e" "RUSTDOCFLAGS=--cap-lints=forbid" "-e" "CARGO_HOME=/opt/rustwide/cargo-home" "-e" "RUSTUP_HOME=/opt/rustwide/rustup-home" "-w" "/opt/rustwide/workdir" "-m" "1610612736" "--user" "0:0" "--network" "none" "ghcr.io/rust-lang/crates-build-env/linux@sha256:2788e3201cd34a07e3172128adcd8b3090168a8e3bcc40d7c032b9dda1df7d1c" "/opt/rustwide/cargo-home/bin/cargo" "+nightly-2024-02-05" "check" "--frozen" "--all" "--all-targets" "--message-format=json" "-Zcheck-cfg", kill_on_drop: false }`
[INFO] [stdout] 97b1967a559abb3bda335d3c35b33559e0a16e69c40856d09f1c72dd43d3ead1
[INFO] running `Command { std: "docker" "start" "-a" "97b1967a559abb3bda335d3c35b33559e0a16e69c40856d09f1c72dd43d3ead1", kill_on_drop: false }`
[INFO] [stderr]    Compiling proc-macro2 v1.0.78
[INFO] [stderr]    Compiling typenum v1.17.0
[INFO] [stderr]    Compiling serde v1.0.196
[INFO] [stderr]    Compiling crossbeam-utils v0.8.19
[INFO] [stderr]    Compiling rayon-core v1.12.1
[INFO] [stderr]     Checking either v1.9.0
[INFO] [stderr]    Compiling libc v0.2.153
[INFO] [stderr]    Compiling num-traits v0.2.17
[INFO] [stderr]    Compiling serde_json v1.0.113
[INFO] [stderr]     Checking half v2.3.1
[INFO] [stderr]     Checking plotters-backend v0.3.5
[INFO] [stderr]     Checking regex-syntax v0.8.2
[INFO] [stderr]     Checking ciborium-io v0.2.2
[INFO] [stderr]     Checking os_str_bytes v6.6.1
[INFO] [stderr]     Checking textwrap v0.16.0
[INFO] [stderr]     Checking cast v0.3.0
[INFO] [stderr]     Checking walkdir v2.4.0
[INFO] [stderr]     Checking plotters-svg v0.3.5
[INFO] [stderr]     Checking itertools v0.10.5
[INFO] [stderr]     Checking subtle v2.5.0
[INFO] [stderr]     Checking anes v0.1.6
[INFO] [stderr]     Checking cpufeatures v0.2.12
[INFO] [stderr]     Checking zeroize v1.7.0
[INFO] [stderr]     Checking oorandom v11.1.3
[INFO] [stderr]     Checking clap_lex v0.2.4
[INFO] [stderr]     Checking ciborium-ll v0.2.2
[INFO] [stderr]     Checking clap v3.2.25
[INFO] [stderr]    Compiling quote v1.0.35
[INFO] [stderr]    Compiling syn v2.0.48
[INFO] [stderr]     Checking crossbeam-epoch v0.9.18
[INFO] [stderr]     Checking getrandom v0.2.12
[INFO] [stderr]     Checking atty v0.2.14
[INFO] [stderr]     Checking rand_core v0.6.4
[INFO] [stderr]     Checking crossbeam-deque v0.8.5
[INFO] [stderr]     Checking regex-automata v0.4.5
[INFO] [stderr]     Checking criterion-plot v0.5.0
[INFO] [stderr]     Checking rand_chacha v0.3.1
[INFO] [stderr]     Checking rand v0.8.5
[INFO] [stderr]     Checking generic-array v0.14.7
[INFO] [stderr]     Checking plotters v0.3.5
[INFO] [stderr]     Checking rayon v1.8.1
[INFO] [stderr]     Checking block-buffer v0.10.4
[INFO] [stderr]     Checking crypto-common v0.1.6
[INFO] [stderr]     Checking digest v0.10.7
[INFO] [stderr]     Checking sha2 v0.10.8
[INFO] [stderr]     Checking dalek-test-curve-docs v4.0.0-pre.5 (/opt/rustwide/workdir)
[INFO] [stdout] error: unexpected `cfg` condition name: `docsrs`
[INFO] [stdout]   --> src/lib.rs:75:7
[INFO] [stdout]    |
[INFO] [stdout] 75 | #[cfg(docsrs)]
[INFO] [stdout]    |       ^^^^^^
[INFO] [stdout]    |
[INFO] [stdout]    = help: expected names are: `debug_assertions`, `doc`, `doctest`, `feature`, `miri`, `overflow_checks`, `panic`, `proc_macro`, `relocation_model`, `sanitize`, `sanitizer_cfi_generalize_pointers`, `sanitizer_cfi_normalize_integers`, `target_abi`, `target_arch`, `target_endian`, `target_env`, `target_family`, `target_feature`, `target_has_atomic`, `target_has_atomic_equal_alignment`, `target_has_atomic_load_store`, `target_os`, `target_pointer_width`, `target_thread_local`, `target_vendor`, `test`, `unix`, `windows`
[INFO] [stdout]    = help: consider using a Cargo feature instead or adding `println!("cargo:rustc-check-cfg=cfg(docsrs)");` to the top of a `build.rs`
[INFO] [stdout]    = note: see <https://doc.rust-lang.org/nightly/cargo/reference/unstable.html#check-cfg> for more information about checking conditional configuration
[INFO] [stdout]    = note: requested on the command line with `-D unexpected-cfgs`
[INFO] [stdout] 
[INFO] [stdout] 
[INFO] [stdout] error: unexpected `cfg` condition name: `docsrs`
[INFO] [stdout]   --> src/lib.rs:77:11
[INFO] [stdout]    |
[INFO] [stdout] 77 | #[cfg(not(docsrs))]
[INFO] [stdout]    |           ^^^^^^
[INFO] [stdout]    |
[INFO] [stdout]    = help: consider using a Cargo feature instead or adding `println!("cargo:rustc-check-cfg=cfg(docsrs)");` to the top of a `build.rs`
[INFO] [stdout]    = note: see <https://doc.rust-lang.org/nightly/cargo/reference/unstable.html#check-cfg> for more information about checking conditional configuration
[INFO] [stdout] 
[INFO] [stdout] 
[INFO] [stdout] warning: unused import: `crate::backend::serial::u64::field::*`
[INFO] [stdout]   --> src/field.rs:65:17
[INFO] [stdout]    |
[INFO] [stdout] 65 |         pub use crate::backend::serial::u64::field::*;
[INFO] [stdout]    |                 ^^^^^^^^^^^^^^^^^^^^^^^^^^^^^^^^^^^^^
[INFO] [stdout]    |
[INFO] [stdout]    = note: `#[warn(unused_imports)]` on by default
[INFO] [stdout] 
[INFO] [stdout] 
[INFO] [stdout] error: unexpected `cfg` condition name: `docsrs`
[INFO] [stdout]   --> src/backend/vector/mod.rs:16:5
[INFO] [stdout]    |
[INFO] [stdout] 16 |     docsrs
[INFO] [stdout]    |     ^^^^^^
[INFO] [stdout]    |
[INFO] [stdout]    = help: consider using a Cargo feature instead or adding `println!("cargo:rustc-check-cfg=cfg(docsrs)");` to the top of a `build.rs`
[INFO] [stdout]    = note: see <https://doc.rust-lang.org/nightly/cargo/reference/unstable.html#check-cfg> for more information about checking conditional configuration
[INFO] [stdout] 
[INFO] [stdout] 
[INFO] [stdout] error: unexpected `cfg` condition name: `docsrs`
[INFO] [stdout]   --> src/backend/vector/mod.rs:21:5
[INFO] [stdout]    |
[INFO] [stdout] 21 |     docsrs
[INFO] [stdout]    |     ^^^^^^
[INFO] [stdout]    |
[INFO] [stdout]    = help: consider using a Cargo feature instead or adding `println!("cargo:rustc-check-cfg=cfg(docsrs)");` to the top of a `build.rs`
[INFO] [stdout]    = note: see <https://doc.rust-lang.org/nightly/cargo/reference/unstable.html#check-cfg> for more information about checking conditional configuration
[INFO] [stdout] 
[INFO] [stdout] 
[INFO] [stdout] error: unexpected `cfg` condition name: `docsrs`
[INFO] [stdout]   --> src/backend/vector/mod.rs:27:42
[INFO] [stdout]    |
[INFO] [stdout] 27 | #[cfg(any(target_feature = "avx512ifma", docsrs))]
[INFO] [stdout]    |                                          ^^^^^^
[INFO] [stdout]    |
[INFO] [stdout]    = help: consider using a Cargo feature instead or adding `println!("cargo:rustc-check-cfg=cfg(docsrs)");` to the top of a `build.rs`
[INFO] [stdout]    = note: see <https://doc.rust-lang.org/nightly/cargo/reference/unstable.html#check-cfg> for more information about checking conditional configuration
[INFO] [stdout] 
[INFO] [stdout] 
[INFO] [stdout] error: unexpected `cfg` condition name: `docsrs`
[INFO] [stdout]   --> src/backend/vector/mod.rs:37:5
[INFO] [stdout]    |
[INFO] [stdout] 37 |     docsrs
[INFO] [stdout]    |     ^^^^^^
[INFO] [stdout]    |
[INFO] [stdout]    = help: consider using a Cargo feature instead or adding `println!("cargo:rustc-check-cfg=cfg(docsrs)");` to the top of a `build.rs`
[INFO] [stdout]    = note: see <https://doc.rust-lang.org/nightly/cargo/reference/unstable.html#check-cfg> for more information about checking conditional configuration
[INFO] [stdout] 
[INFO] [stdout] 
[INFO] [stderr]     Checking regex v1.10.3
[INFO] [stderr]    Compiling serde_derive v1.0.196
[INFO] [stdout] warning: call to `.borrow()` on a reference in this situation does nothing
[INFO] [stdout]    --> src/ristretto.rs:950:77
[INFO] [stdout]     |
[INFO] [stdout] 950 |         let extended_points = points.into_iter().map(|opt_P| opt_P.map(|P| P.borrow().0));
[INFO] [stdout]     |                                                                             ^^^^^^^^^ help: remove this redundant call
[INFO] [stdout]     |
[INFO] [stdout]     = note: the type `RistrettoPoint` does not implement `Borrow`, so calling `borrow` on `&RistrettoPoint` copies the reference, which does not do anything and can be removed
[INFO] [stdout]     = note: `#[warn(noop_method_call)]` on by default
[INFO] [stdout] 
[INFO] [stdout] 
[INFO] [stdout] error: aborting due to 6 previous errors; 2 warnings emitted
[INFO] [stdout] 
[INFO] [stdout] 
[INFO] [stderr] error: could not compile `dalek-test-curve-docs` (lib) due to 7 previous errors; 2 warnings emitted
[INFO] [stderr] warning: build failed, waiting for other jobs to finish...
[INFO] running `Command { std: "docker" "inspect" "97b1967a559abb3bda335d3c35b33559e0a16e69c40856d09f1c72dd43d3ead1", kill_on_drop: false }`
[INFO] running `Command { std: "docker" "rm" "-f" "97b1967a559abb3bda335d3c35b33559e0a16e69c40856d09f1c72dd43d3ead1", kill_on_drop: false }`
[INFO] [stdout] 97b1967a559abb3bda335d3c35b33559e0a16e69c40856d09f1c72dd43d3ead1
