[INFO] fetching crate d-id 0.1.0...
[INFO] checking d-id-0.1.0 against nightly-2024-02-05 for check-cfg
[INFO] extracting crate d-id 0.1.0 into /workspace/builds/worker-2-tc1/source
[INFO] validating manifest of crates.io crate d-id 0.1.0 on toolchain nightly-2024-02-05
[INFO] running `Command { std: CARGO_HOME="/workspace/cargo-home" RUSTUP_HOME="/workspace/rustup-home" "/workspace/cargo-home/bin/cargo" "+nightly-2024-02-05" "metadata" "--manifest-path" "Cargo.toml" "--no-deps", kill_on_drop: false }`
[INFO] started tweaking crates.io crate d-id 0.1.0
[INFO] finished tweaking crates.io crate d-id 0.1.0
[INFO] tweaked toml for crates.io crate d-id 0.1.0 written to /workspace/builds/worker-2-tc1/source/Cargo.toml
[INFO] crate crates.io crate d-id 0.1.0 already has a lockfile, it will not be regenerated
[INFO] running `Command { std: CARGO_HOME="/workspace/cargo-home" RUSTUP_HOME="/workspace/rustup-home" "/workspace/cargo-home/bin/cargo" "+nightly-2024-02-05" "fetch" "--manifest-path" "Cargo.toml", kill_on_drop: false }`
[INFO] [stderr]     Updating crates.io index
[INFO] [stderr]  Downloading crates ...
[INFO] [stderr]   Downloaded waitgroup v0.1.2
[INFO] [stderr]   Downloaded http-body v1.0.0-rc.2
[INFO] [stderr]   Downloaded signature v2.1.0
[INFO] [stderr]   Downloaded thiserror-impl v1.0.49
[INFO] [stderr]   Downloaded spki v0.7.2
[INFO] [stderr]   Downloaded http-body-util v0.1.0-rc.3
[INFO] [stderr]   Downloaded primeorder v0.13.2
[INFO] [stderr]   Downloaded serde_bytes v0.11.12
[INFO] [stderr]   Downloaded async-native-tls v0.5.0
[INFO] [stderr]   Downloaded crc-catalog v2.3.0
[INFO] [stderr]   Downloaded const-oid v0.9.5
[INFO] [stderr]   Downloaded rcgen v0.11.3
[INFO] [stderr]   Downloaded webrtc-media v0.7.0
[INFO] [stderr]   Downloaded interceptor v0.10.0
[INFO] [stderr]   Downloaded fiat-crypto v0.2.2
[INFO] [stderr]   Downloaded linux-raw-sys v0.4.8
[INFO] [stderr]   Downloaded ring v0.17.3
[INFO] [stderr]   Downloaded rtcp v0.10.0
[INFO] [stderr]   Downloaded hyper v1.0.0-rc.4
[INFO] [stderr]   Downloaded webrtc v0.9.0
[INFO] [stderr]   Downloaded webrtc-sctp v0.9.0
[INFO] [stderr]   Downloaded webrtc-util v0.8.0
[INFO] [stderr]   Downloaded ccm v0.5.0
[INFO] [stderr]   Downloaded rtp v0.9.0
[INFO] [stderr]   Downloaded x509-parser v0.15.1
[INFO] [stderr]   Downloaded crypto-bigint v0.5.3
[INFO] [stderr]   Downloaded webrtc-dtls v0.8.0
[INFO] [stderr]   Downloaded turn v0.7.0
[INFO] [stderr]   Downloaded webrtc-ice v0.10.0
[INFO] [stderr]   Downloaded webrtc-srtp v0.11.0
[INFO] [stderr]   Downloaded webrtc-data v0.8.0
[INFO] [stderr]   Downloaded p256 v0.13.2
[INFO] [stderr]   Downloaded sdp v0.6.0
[INFO] [stderr]   Downloaded elliptic-curve v0.13.6
[INFO] [stderr]   Downloaded stun v0.5.0
[INFO] [stderr]   Downloaded webrtc-mdns v0.6.0
[INFO] [stderr]   Downloaded ecdsa v0.16.8
[INFO] [stderr]   Downloaded pem-rfc7468 v0.7.0
[INFO] [stderr]   Downloaded p384 v0.13.0
[INFO] [stderr]   Downloaded platforms v3.2.0
[INFO] [stderr]   Downloaded thiserror v1.0.49
[INFO] running `Command { std: "docker" "create" "-v" "/var/lib/crater-agent-workspace/builds/worker-2-tc1/target:/opt/rustwide/target:rw,Z" "-v" "/var/lib/crater-agent-workspace/builds/worker-2-tc1/source:/opt/rustwide/workdir:ro,Z" "-v" "/var/lib/crater-agent-workspace/cargo-home:/opt/rustwide/cargo-home:ro,Z" "-v" "/var/lib/crater-agent-workspace/rustup-home:/opt/rustwide/rustup-home:ro,Z" "-e" "SOURCE_DIR=/opt/rustwide/workdir" "-e" "CARGO_TARGET_DIR=/opt/rustwide/target" "-e" "CARGO_HOME=/opt/rustwide/cargo-home" "-e" "RUSTUP_HOME=/opt/rustwide/rustup-home" "-w" "/opt/rustwide/workdir" "-m" "1610612736" "--user" "0:0" "--network" "none" "ghcr.io/rust-lang/crates-build-env/linux@sha256:2788e3201cd34a07e3172128adcd8b3090168a8e3bcc40d7c032b9dda1df7d1c" "/opt/rustwide/cargo-home/bin/cargo" "+nightly-2024-02-05" "metadata" "--no-deps" "--format-version=1", kill_on_drop: false }`
[INFO] [stdout] 3cc2aad8af9743d69ea652636604e6c411234bb3018acac2376a0210a23eda41
[INFO] running `Command { std: "docker" "start" "-a" "3cc2aad8af9743d69ea652636604e6c411234bb3018acac2376a0210a23eda41", kill_on_drop: false }`
[INFO] running `Command { std: "docker" "inspect" "3cc2aad8af9743d69ea652636604e6c411234bb3018acac2376a0210a23eda41", kill_on_drop: false }`
[INFO] running `Command { std: "docker" "rm" "-f" "3cc2aad8af9743d69ea652636604e6c411234bb3018acac2376a0210a23eda41", kill_on_drop: false }`
[INFO] [stdout] 3cc2aad8af9743d69ea652636604e6c411234bb3018acac2376a0210a23eda41
[INFO] running `Command { std: "docker" "create" "-v" "/var/lib/crater-agent-workspace/builds/worker-2-tc1/target:/opt/rustwide/target:rw,Z" "-v" "/var/lib/crater-agent-workspace/builds/worker-2-tc1/source:/opt/rustwide/workdir:ro,Z" "-v" "/var/lib/crater-agent-workspace/cargo-home:/opt/rustwide/cargo-home:ro,Z" "-v" "/var/lib/crater-agent-workspace/rustup-home:/opt/rustwide/rustup-home:ro,Z" "-e" "SOURCE_DIR=/opt/rustwide/workdir" "-e" "CARGO_TARGET_DIR=/opt/rustwide/target" "-e" "CARGO_INCREMENTAL=0" "-e" "RUST_BACKTRACE=full" "-e" "RUSTFLAGS=--cap-lints=forbid" "-e" "RUSTDOCFLAGS=--cap-lints=forbid" "-e" "CARGO_HOME=/opt/rustwide/cargo-home" "-e" "RUSTUP_HOME=/opt/rustwide/rustup-home" "-w" "/opt/rustwide/workdir" "-m" "1610612736" "--user" "0:0" "--network" "none" "ghcr.io/rust-lang/crates-build-env/linux@sha256:2788e3201cd34a07e3172128adcd8b3090168a8e3bcc40d7c032b9dda1df7d1c" "/opt/rustwide/cargo-home/bin/cargo" "+nightly-2024-02-05" "check" "--frozen" "--all" "--all-targets" "--message-format=json", kill_on_drop: false }`
[INFO] [stdout] 7be7e95ee39e4fb359f83b65ac38daf8023eeb2e31f1078e1c32e8480fb88ef0
[INFO] running `Command { std: "docker" "start" "-a" "7be7e95ee39e4fb359f83b65ac38daf8023eeb2e31f1078e1c32e8480fb88ef0", kill_on_drop: false }`
[INFO] [stderr]    Compiling proc-macro2 v1.0.66
[INFO] [stderr]    Compiling unicode-ident v1.0.11
[INFO] [stderr]    Compiling libc v0.2.147
[INFO] [stderr]    Compiling version_check v0.9.4
[INFO] [stderr]    Compiling typenum v1.17.0
[INFO] [stderr]     Checking subtle v2.5.0
[INFO] [stderr]     Checking const-oid v0.9.5
[INFO] [stderr]    Compiling thiserror v1.0.49
[INFO] [stderr]    Compiling lock_api v0.4.10
[INFO] [stderr]    Compiling parking_lot_core v0.9.8
[INFO] [stderr]    Compiling generic-array v0.14.7
[INFO] [stderr]     Checking smallvec v1.11.0
[INFO] [stderr]     Checking pin-utils v0.1.0
[INFO] [stderr]     Checking memchr v2.6.4
[INFO] [stderr]    Compiling memoffset v0.7.1
[INFO] [stderr]     Checking log v0.4.20
[INFO] [stderr]     Checking ppv-lite86 v0.2.17
[INFO] [stderr]     Checking lazy_static v1.4.0
[INFO] [stderr]    Compiling async-trait v0.1.74
[INFO] [stderr]    Compiling quote v1.0.32
[INFO] [stderr]    Compiling syn v2.0.28
[INFO] [stderr]    Compiling cc v1.0.82
[INFO] [stderr]     Checking once_cell v1.18.0
[INFO] [stderr]     Checking itoa v1.0.9
[INFO] [stderr]     Checking bitflags v1.3.2
[INFO] [stderr]     Checking cpufeatures v0.2.9
[INFO] [stderr]     Checking ipnet v2.9.0
[INFO] [stderr]    Compiling futures-core v0.3.28
[INFO] [stderr]    Compiling serde v1.0.188
[INFO] [stderr]     Checking base64ct v1.6.0
[INFO] [stderr]    Compiling syn v1.0.109
[INFO] [stderr]     Checking pem-rfc7468 v0.7.0
[INFO] [stderr]    Compiling num-traits v0.2.17
[INFO] [stderr]    Compiling slab v0.4.8
[INFO] [stderr]    Compiling futures-task v0.3.28
[INFO] [stderr]     Checking futures-sink v0.3.28
[INFO] [stderr]    Compiling futures-channel v0.3.28
[INFO] [stderr]     Checking getrandom v0.2.10
[INFO] [stderr]     Checking mio v0.8.8
[INFO] [stderr]     Checking rand_core v0.6.4
[INFO] [stderr]     Checking signal-hook-registry v1.4.1
[INFO] [stderr]     Checking socket2 v0.5.3
[INFO] [stderr]     Checking num_cpus v1.16.0
[INFO] [stderr]     Checking parking_lot v0.12.1
[INFO] [stderr]     Checking nix v0.26.4
[INFO] [stderr]     Checking rand_chacha v0.3.1
[INFO] [stderr]     Checking rand v0.8.5
[INFO] [stderr]     Checking powerfmt v0.2.0
[INFO] [stderr]    Compiling futures-util v0.3.28
[INFO] [stderr]    Compiling time-core v0.1.2
[INFO] [stderr]    Compiling time-macros v0.2.15
[INFO] [stderr]     Checking deranged v0.3.9
[INFO] [stderr]    Compiling webrtc-util v0.8.0
[INFO] [stderr]    Compiling ring v0.16.20
[INFO] [stderr]    Compiling unicode-xid v0.2.4
[INFO] [stderr]     Checking futures-io v0.3.29
[INFO] [stderr]    Compiling semver v1.0.20
[INFO] [stderr]     Checking minimal-lexical v0.2.1
[INFO] [stderr]     Checking unicode-normalization v0.1.22
[INFO] [stderr]     Checking nom v7.1.3
[INFO] [stderr]    Compiling ring v0.17.3
[INFO] [stderr]     Checking ff v0.13.0
[INFO] [stderr]     Checking spin v0.5.2
[INFO] [stderr]    Compiling vcpkg v0.2.15
[INFO] [stderr]     Checking percent-encoding v2.3.0
[INFO] [stderr]     Checking untrusted v0.7.1
[INFO] [stderr]    Compiling pkg-config v0.3.27
[INFO] [stderr]     Checking time v0.3.30
[INFO] [stderr]     Checking base16ct v0.2.0
[INFO] [stderr]     Checking unicode-bidi v0.3.13
[INFO] [stderr]     Checking rusticata-macros v4.1.0
[INFO] [stderr]    Compiling openssl-sys v0.9.93
[INFO] [stderr]     Checking form_urlencoded v1.2.0
[INFO] [stderr]     Checking idna v0.4.0
[INFO] [stderr]     Checking group v0.13.0
[INFO] [stderr]    Compiling synstructure v0.12.6
[INFO] [stderr]    Compiling num-bigint v0.4.4
[INFO] [stderr]     Checking base64 v0.21.4
[INFO] [stderr]     Checking crc-catalog v2.3.0
[INFO] [stderr]     Checking crc v3.0.1
[INFO] [stderr]     Checking url v2.4.1
[INFO] [stderr]    Compiling rustc_version v0.4.0
[INFO] [stderr]     Checking num-integer v0.1.45
[INFO] [stderr]    Compiling platforms v3.2.0
[INFO] [stderr]    Compiling oid-registry v0.6.1
[INFO] [stderr]     Checking spin v0.9.8
[INFO] [stderr]     Checking untrusted v0.9.0
[INFO] [stderr]    Compiling curve25519-dalek v4.1.1
[INFO] [stderr]     Checking byteorder v1.5.0
[INFO] [stderr]     Checking fnv v1.0.7
[INFO] [stderr]     Checking http v0.2.9
[INFO] [stderr]     Checking tracing-core v0.1.31
[INFO] [stderr]    Compiling indexmap v1.9.3
[INFO] [stderr]    Compiling substring v1.4.5
[INFO] [stderr]     Checking data-encoding v2.4.0
[INFO] [stderr]    Compiling rustls v0.21.8
[INFO] [stderr]    Compiling openssl v0.10.57
[INFO] [stderr]     Checking atomic-waker v1.1.2
[INFO] [stderr]     Checking foreign-types-shared v0.1.1
[INFO] [stderr]     Checking arc-swap v1.6.0
[INFO] [stderr]    Compiling serde_json v1.0.107
[INFO] [stderr]     Checking waitgroup v0.1.2
[INFO] [stderr]     Checking foreign-types v0.3.2
[INFO] [stderr]     Checking tracing v0.1.37
[INFO] [stderr]     Checking pem v3.0.2
[INFO] [stderr]    Compiling zeroize_derive v1.4.2
[INFO] [stderr]    Compiling thiserror-impl v1.0.49
[INFO] [stderr]    Compiling tokio-macros v2.1.0
[INFO] [stderr]    Compiling serde_derive v1.0.188
[INFO] [stderr]    Compiling futures-macro v0.3.28
[INFO] [stderr]    Compiling asn1-rs-impl v0.1.0
[INFO] [stderr]    Compiling asn1-rs-derive v0.4.0
[INFO] [stderr]     Checking zeroize v1.6.0
[INFO] [stderr]     Checking tokio v1.32.0
[INFO] [stderr]     Checking der v0.7.8
[INFO] [stderr]    Compiling displaydoc v0.2.4
[INFO] [stderr]     Checking crypto-common v0.1.6
[INFO] [stderr]     Checking block-buffer v0.10.4
[INFO] [stderr]     Checking block-padding v0.3.3
[INFO] [stderr]     Checking digest v0.10.7
[INFO] [stderr]     Checking inout v0.1.3
[INFO] [stderr]     Checking cipher v0.4.4
[INFO] [stderr]     Checking hmac v0.12.1
[INFO] [stderr]     Checking universal-hash v0.5.1
[INFO] [stderr]     Checking hkdf v0.12.3
[INFO] [stderr]     Checking crypto-bigint v0.5.3
[INFO] [stderr]     Checking polyval v0.6.1
[INFO] [stderr]     Checking ctr v0.9.2
[INFO] [stderr]     Checking aead v0.5.2
[INFO] [stderr]     Checking ghash v0.5.0
[INFO] [stderr]     Checking aes v0.8.3
[INFO] [stderr]     Checking rfc6979 v0.4.0
[INFO] [stderr]     Checking signature v2.1.0
[INFO] [stderr]     Checking spki v0.7.2
[INFO] [stderr]     Checking asn1-rs v0.5.2
[INFO] [stderr]     Checking pkcs8 v0.10.2
[INFO] [stderr]     Checking aes-gcm v0.10.3
[INFO] [stderr]     Checking sec1 v0.7.3
[INFO] [stderr]     Checking sha1 v0.10.6
[INFO] [stderr]     Checking sha2 v0.10.8
[INFO] [stderr]     Checking md-5 v0.10.6
[INFO] [stderr]    Compiling curve25519-dalek-derive v0.1.1
[INFO] [stderr]    Compiling openssl-macros v0.1.1
[INFO] [stderr]     Checking rustls-webpki v0.101.7
[INFO] [stderr]     Checking elliptic-curve v0.13.6
[INFO] [stderr]     Checking der-parser v8.2.0
[INFO] [stderr]     Checking ecdsa v0.16.8
[INFO] [stderr]     Checking primeorder v0.13.2
[INFO] [stderr]     Checking sct v0.7.1
[INFO] [stderr]     Checking x509-parser v0.15.1
[INFO] [stderr]     Checking yasna v0.5.2
[INFO] [stderr]     Checking aho-corasick v1.1.2
[INFO] [stderr]     Checking futures-executor v0.3.28
[INFO] [stderr]     Checking futures v0.3.28
[INFO] [stderr]     Checking hashbrown v0.12.3
[INFO] [stderr]    Compiling native-tls v0.2.11
[INFO] [stderr]     Checking ryu v1.0.15
[INFO] [stderr]     Checking regex-syntax v0.8.2
[INFO] [stderr]     Checking bitflags v2.4.0
[INFO] [stderr]    Compiling httparse v1.8.0
[INFO] [stderr]     Checking rcgen v0.11.3
[INFO] [stderr]     Checking tokio-util v0.7.8
[INFO] [stderr]     Checking x25519-dalek v2.0.0
[INFO] [stderr]     Checking p384 v0.13.0
[INFO] [stderr]     Checking p256 v0.13.2
[INFO] [stderr]     Checking ccm v0.5.0
[INFO] [stderr]     Checking cbc v0.1.2
[INFO] [stderr]     Checking http-body v1.0.0-rc.2
[INFO] [stderr]     Checking uuid v1.5.0
[INFO] [stderr]     Checking try-lock v0.2.4
[INFO] [stderr]     Checking openssl-probe v0.1.5
[INFO] [stderr]     Checking want v0.3.1
[INFO] [stderr]     Checking sdp v0.6.0
[INFO] [stderr]     Checking h2 v0.3.20
[INFO] [stderr]     Checking stun v0.5.0
[INFO] [stderr]     Checking rtcp v0.10.0
[INFO] [stderr]     Checking webrtc-mdns v0.6.0
[INFO] [stderr]     Checking regex-automata v0.4.3
[INFO] [stderr]     Checking turn v0.7.0
[INFO] [stderr]     Checking webrtc-sctp v0.9.0
[INFO] [stderr]     Checking httpdate v1.0.2
[INFO] [stderr]     Checking http-body-util v0.1.0-rc.3
[INFO] [stderr]     Checking rtp v0.9.0
[INFO] [stderr]     Checking bincode v1.3.3
[INFO] [stderr]     Checking webrtc-dtls v0.8.0
[INFO] [stderr]     Checking webrtc-srtp v0.11.0
[INFO] [stderr]     Checking webrtc-data v0.8.0
[INFO] [stderr]     Checking webrtc-media v0.7.0
[INFO] [stderr]     Checking smol_str v0.2.0
[INFO] [stderr]     Checking webrtc-ice v0.10.0
[INFO] [stderr]     Checking interceptor v0.10.0
[INFO] [stderr]     Checking async-native-tls v0.5.0
[INFO] [stderr]     Checking serde_bytes v0.11.12
[INFO] [stderr]     Checking hyper v1.0.0-rc.4
[INFO] [stderr]     Checking regex v1.10.2
[INFO] [stderr]     Checking webrtc v0.9.0
[INFO] [stderr]     Checking d-id v0.1.0 (/opt/rustwide/workdir)
[INFO] [stdout] warning: unused imports: `TokioExecutor`, `TokioTimer`
[INFO] [stdout]  --> src/support/mod.rs:2:19
[INFO] [stdout]   |
[INFO] [stdout] 2 | pub use tokiort::{TokioExecutor, TokioIo, TokioTimer};
[INFO] [stdout]   |                   ^^^^^^^^^^^^^           ^^^^^^^^^^
[INFO] [stdout]   |
[INFO] [stdout]   = note: `#[warn(unused_imports)]` on by default
[INFO] [stdout] 
[INFO] [stdout] 
[INFO] [stdout] warning: unused imports: `TokioExecutor`, `TokioTimer`
[INFO] [stdout]  --> src/support/mod.rs:2:19
[INFO] [stdout]   |
[INFO] [stdout] 2 | pub use tokiort::{TokioExecutor, TokioIo, TokioTimer};
[INFO] [stdout]   |                   ^^^^^^^^^^^^^           ^^^^^^^^^^
[INFO] [stdout]   |
[INFO] [stdout]   = note: `#[warn(unused_imports)]` on by default
[INFO] [stdout] 
[INFO] [stdout] 
[INFO] [stdout] error[E0599]: no method named `unwrap` found for struct `talks::TalkRequestBodyBuilder` in the current scope
[INFO] [stdout]    --> src/endpoints/video/talks.rs:33:72
[INFO] [stdout]     |
[INFO] [stdout] 33  |         let talk_req_bod2 = TalkRequestBodyBuilder::with_text_script().unwrap()
[INFO] [stdout]     |                                                                        ^^^^^^ method not found in `TalkRequestBodyBuilder`
[INFO] [stdout] ...
[INFO] [stdout] 191 | pub struct TalkRequestBodyBuilder {
[INFO] [stdout]     | --------------------------------- method `unwrap` not found for this struct
[INFO] [stdout]     |
[INFO] [stdout] help: some of the expressions' fields have a method of the same name
[INFO] [stdout]     |
[INFO] [stdout] 33  |         let talk_req_bod2 = TalkRequestBodyBuilder::with_text_script().config.unwrap()
[INFO] [stdout]     |                                                                        +++++++
[INFO] [stdout] 33  |         let talk_req_bod2 = TalkRequestBodyBuilder::with_text_script().driver_url.unwrap()
[INFO] [stdout]     |                                                                        +++++++++++
[INFO] [stdout] 33  |         let talk_req_bod2 = TalkRequestBodyBuilder::with_text_script().face.unwrap()
[INFO] [stdout]     |                                                                        +++++
[INFO] [stdout] 33  |         let talk_req_bod2 = TalkRequestBodyBuilder::with_text_script().name.unwrap()
[INFO] [stdout]     |                                                                        +++++
[INFO] [stdout]       and 6 other candidates
[INFO] [stdout] 
[INFO] [stdout] 
[INFO] [stdout] error[E0599]: no method named `unwrap` found for struct `talks::TalkRequestBodyBuilder` in the current scope
[INFO] [stdout]    --> src/endpoints/video/talks.rs:66:73
[INFO] [stdout]     |
[INFO] [stdout] 66  |         let talk_req_bod2 = TalkRequestBodyBuilder::with_audio_script().unwrap()
[INFO] [stdout]     |                                                                         ^^^^^^ method not found in `TalkRequestBodyBuilder`
[INFO] [stdout] ...
[INFO] [stdout] 191 | pub struct TalkRequestBodyBuilder {
[INFO] [stdout]     | --------------------------------- method `unwrap` not found for this struct
[INFO] [stdout]     |
[INFO] [stdout] help: some of the expressions' fields have a method of the same name
[INFO] [stdout]     |
[INFO] [stdout] 66  |         let talk_req_bod2 = TalkRequestBodyBuilder::with_audio_script().config.unwrap()
[INFO] [stdout]     |                                                                         +++++++
[INFO] [stdout] 66  |         let talk_req_bod2 = TalkRequestBodyBuilder::with_audio_script().driver_url.unwrap()
[INFO] [stdout]     |                                                                         +++++++++++
[INFO] [stdout] 66  |         let talk_req_bod2 = TalkRequestBodyBuilder::with_audio_script().face.unwrap()
[INFO] [stdout]     |                                                                         +++++
[INFO] [stdout] 66  |         let talk_req_bod2 = TalkRequestBodyBuilder::with_audio_script().name.unwrap()
[INFO] [stdout]     |                                                                         +++++
[INFO] [stdout]       and 6 other candidates
[INFO] [stdout] 
[INFO] [stdout] 
[INFO] [stdout] error: aborting due to 2 previous errors; 1 warning emitted
[INFO] [stdout] 
[INFO] [stdout] 
[INFO] [stdout] For more information about this error, try `rustc --explain E0599`.
[INFO] [stdout] 
[INFO] [stderr] error: could not compile `d-id` (lib test) due to 3 previous errors; 1 warning emitted
[INFO] [stderr] warning: build failed, waiting for other jobs to finish...
[INFO] [stdout] warning: constant `ICE_PATH` is never used
[INFO] [stdout]   --> src/endpoints/video/streams.rs:10:7
[INFO] [stdout]    |
[INFO] [stdout] 10 | const ICE_PATH: &str = "/ice";
[INFO] [stdout]    |       ^^^^^^^^
[INFO] [stdout]    |
[INFO] [stdout]    = note: `#[warn(dead_code)]` on by default
[INFO] [stdout] 
[INFO] [stdout] 
[INFO] [stdout] warning: field `username` is never read
[INFO] [stdout]    --> src/endpoints/video/streams.rs:112:5
[INFO] [stdout]     |
[INFO] [stdout] 110 | pub struct IceServer {
[INFO] [stdout]     |            --------- field in this struct
[INFO] [stdout] 111 |     urls: Urls,
[INFO] [stdout] 112 |     username: Option<String>,
[INFO] [stdout]     |     ^^^^^^^^
[INFO] [stdout]     |
[INFO] [stdout]     = note: `IceServer` has a derived impl for the trait `Debug`, but this is intentionally ignored during dead code analysis
[INFO] [stdout] 
[INFO] [stdout] 
[INFO] [stdout] warning: field `type` is never read
[INFO] [stdout]    --> src/endpoints/video/streams.rs:125:5
[INFO] [stdout]     |
[INFO] [stdout] 124 | pub struct Offer {
[INFO] [stdout]     |            ----- field in this struct
[INFO] [stdout] 125 |     r#type: String,
[INFO] [stdout]     |     ^^^^^^
[INFO] [stdout]     |
[INFO] [stdout]     = note: `Offer` has a derived impl for the trait `Debug`, but this is intentionally ignored during dead code analysis
[INFO] [stdout] 
[INFO] [stdout] 
[INFO] [stdout] warning: 4 warnings emitted
[INFO] [stdout] 
[INFO] [stdout] 
[INFO] running `Command { std: "docker" "inspect" "7be7e95ee39e4fb359f83b65ac38daf8023eeb2e31f1078e1c32e8480fb88ef0", kill_on_drop: false }`
[INFO] running `Command { std: "docker" "rm" "-f" "7be7e95ee39e4fb359f83b65ac38daf8023eeb2e31f1078e1c32e8480fb88ef0", kill_on_drop: false }`
[INFO] [stdout] 7be7e95ee39e4fb359f83b65ac38daf8023eeb2e31f1078e1c32e8480fb88ef0
[INFO] checking d-id-0.1.0 against nightly-2024-02-05+rustflags=-Dunexpected_cfgs+cargoflags=-Zcheck-cfg for check-cfg
[INFO] extracting crate d-id 0.1.0 into /workspace/builds/worker-2-tc2/source
[INFO] validating manifest of crates.io crate d-id 0.1.0 on toolchain nightly-2024-02-05
[INFO] running `Command { std: CARGO_HOME="/workspace/cargo-home" RUSTUP_HOME="/workspace/rustup-home" "/workspace/cargo-home/bin/cargo" "+nightly-2024-02-05" "metadata" "--manifest-path" "Cargo.toml" "--no-deps", kill_on_drop: false }`
[INFO] started tweaking crates.io crate d-id 0.1.0
[INFO] finished tweaking crates.io crate d-id 0.1.0
[INFO] tweaked toml for crates.io crate d-id 0.1.0 written to /workspace/builds/worker-2-tc2/source/Cargo.toml
[INFO] crate crates.io crate d-id 0.1.0 already has a lockfile, it will not be regenerated
[INFO] running `Command { std: CARGO_HOME="/workspace/cargo-home" RUSTUP_HOME="/workspace/rustup-home" "/workspace/cargo-home/bin/cargo" "+nightly-2024-02-05" "fetch" "--manifest-path" "Cargo.toml", kill_on_drop: false }`
[INFO] running `Command { std: "docker" "create" "-v" "/var/lib/crater-agent-workspace/builds/worker-2-tc2/target:/opt/rustwide/target:rw,Z" "-v" "/var/lib/crater-agent-workspace/builds/worker-2-tc2/source:/opt/rustwide/workdir:ro,Z" "-v" "/var/lib/crater-agent-workspace/cargo-home:/opt/rustwide/cargo-home:ro,Z" "-v" "/var/lib/crater-agent-workspace/rustup-home:/opt/rustwide/rustup-home:ro,Z" "-e" "SOURCE_DIR=/opt/rustwide/workdir" "-e" "CARGO_TARGET_DIR=/opt/rustwide/target" "-e" "CARGO_HOME=/opt/rustwide/cargo-home" "-e" "RUSTUP_HOME=/opt/rustwide/rustup-home" "-w" "/opt/rustwide/workdir" "-m" "1610612736" "--user" "0:0" "--network" "none" "ghcr.io/rust-lang/crates-build-env/linux@sha256:2788e3201cd34a07e3172128adcd8b3090168a8e3bcc40d7c032b9dda1df7d1c" "/opt/rustwide/cargo-home/bin/cargo" "+nightly-2024-02-05" "metadata" "--no-deps" "--format-version=1", kill_on_drop: false }`
[INFO] [stdout] 0d894a935336deeeac46dc1395662457bdbd4fa116a68cd7000ee95cd95828fa
[INFO] running `Command { std: "docker" "start" "-a" "0d894a935336deeeac46dc1395662457bdbd4fa116a68cd7000ee95cd95828fa", kill_on_drop: false }`
[INFO] running `Command { std: "docker" "inspect" "0d894a935336deeeac46dc1395662457bdbd4fa116a68cd7000ee95cd95828fa", kill_on_drop: false }`
[INFO] running `Command { std: "docker" "rm" "-f" "0d894a935336deeeac46dc1395662457bdbd4fa116a68cd7000ee95cd95828fa", kill_on_drop: false }`
[INFO] [stdout] 0d894a935336deeeac46dc1395662457bdbd4fa116a68cd7000ee95cd95828fa
[INFO] running `Command { std: "docker" "create" "-v" "/var/lib/crater-agent-workspace/builds/worker-2-tc2/target:/opt/rustwide/target:rw,Z" "-v" "/var/lib/crater-agent-workspace/builds/worker-2-tc2/source:/opt/rustwide/workdir:ro,Z" "-v" "/var/lib/crater-agent-workspace/cargo-home:/opt/rustwide/cargo-home:ro,Z" "-v" "/var/lib/crater-agent-workspace/rustup-home:/opt/rustwide/rustup-home:ro,Z" "-e" "SOURCE_DIR=/opt/rustwide/workdir" "-e" "CARGO_TARGET_DIR=/opt/rustwide/target" "-e" "CARGO_INCREMENTAL=0" "-e" "RUST_BACKTRACE=full" "-e" "RUSTFLAGS=--cap-lints=forbid -Dunexpected_cfgs" "-e" "RUSTDOCFLAGS=--cap-lints=forbid" "-e" "CARGO_HOME=/opt/rustwide/cargo-home" "-e" "RUSTUP_HOME=/opt/rustwide/rustup-home" "-w" "/opt/rustwide/workdir" "-m" "1610612736" "--user" "0:0" "--network" "none" "ghcr.io/rust-lang/crates-build-env/linux@sha256:2788e3201cd34a07e3172128adcd8b3090168a8e3bcc40d7c032b9dda1df7d1c" "/opt/rustwide/cargo-home/bin/cargo" "+nightly-2024-02-05" "check" "--frozen" "--all" "--all-targets" "--message-format=json" "-Zcheck-cfg", kill_on_drop: false }`
[INFO] [stdout] f480e35dc320cca8923755c836d567686c31eb8b3874875ad9fa0eef816f75bc
[INFO] running `Command { std: "docker" "start" "-a" "f480e35dc320cca8923755c836d567686c31eb8b3874875ad9fa0eef816f75bc", kill_on_drop: false }`
[INFO] [stderr]    Compiling proc-macro2 v1.0.66
[INFO] [stderr]    Compiling unicode-ident v1.0.11
[INFO] [stderr]    Compiling libc v0.2.147
[INFO] [stderr]    Compiling typenum v1.17.0
[INFO] [stderr]    Compiling version_check v0.9.4
[INFO] [stderr]     Checking subtle v2.5.0
[INFO] [stderr]     Checking const-oid v0.9.5
[INFO] [stderr]    Compiling thiserror v1.0.49
[INFO] [stderr]    Compiling lock_api v0.4.10
[INFO] [stderr]    Compiling parking_lot_core v0.9.8
[INFO] [stderr]    Compiling generic-array v0.14.7
[INFO] [stderr]     Checking smallvec v1.11.0
[INFO] [stderr]     Checking pin-utils v0.1.0
[INFO] [stderr]     Checking memchr v2.6.4
[INFO] [stderr]    Compiling memoffset v0.7.1
[INFO] [stderr]     Checking ppv-lite86 v0.2.17
[INFO] [stderr]     Checking log v0.4.20
[INFO] [stderr]     Checking once_cell v1.18.0
[INFO] [stderr]    Compiling quote v1.0.32
[INFO] [stderr]     Checking lazy_static v1.4.0
[INFO] [stderr]    Compiling async-trait v0.1.74
[INFO] [stderr]     Checking itoa v1.0.9
[INFO] [stderr]    Compiling syn v2.0.28
[INFO] [stderr]    Compiling cc v1.0.82
[INFO] [stderr]     Checking bitflags v1.3.2
[INFO] [stderr]     Checking ipnet v2.9.0
[INFO] [stderr]     Checking cpufeatures v0.2.9
[INFO] [stderr]    Compiling serde v1.0.188
[INFO] [stderr]    Compiling futures-core v0.3.28
[INFO] [stderr]    Compiling syn v1.0.109
[INFO] [stderr]     Checking base64ct v1.6.0
[INFO] [stderr]    Compiling num-traits v0.2.17
[INFO] [stderr]    Compiling slab v0.4.8
[INFO] [stderr]    Compiling futures-task v0.3.28
[INFO] [stderr]     Checking pem-rfc7468 v0.7.0
[INFO] [stderr]    Compiling futures-channel v0.3.28
[INFO] [stderr]     Checking futures-sink v0.3.28
[INFO] [stderr]    Compiling futures-util v0.3.28
[INFO] [stderr]     Checking powerfmt v0.2.0
[INFO] [stderr]     Checking getrandom v0.2.10
[INFO] [stderr]     Checking mio v0.8.8
[INFO] [stderr]     Checking rand_core v0.6.4
[INFO] [stderr]     Checking signal-hook-registry v1.4.1
[INFO] [stderr]     Checking parking_lot v0.12.1
[INFO] [stderr]     Checking num_cpus v1.16.0
[INFO] [stderr]     Checking socket2 v0.5.3
[INFO] [stderr]     Checking rand_chacha v0.3.1
[INFO] [stderr]     Checking nix v0.26.4
[INFO] [stderr]    Compiling time-core v0.1.2
[INFO] [stderr]    Compiling time-macros v0.2.15
[INFO] [stderr]     Checking rand v0.8.5
[INFO] [stderr]     Checking deranged v0.3.9
[INFO] [stderr]    Compiling webrtc-util v0.8.0
[INFO] [stderr]    Compiling ring v0.16.20
[INFO] [stderr]     Checking futures-io v0.3.29
[INFO] [stderr]     Checking minimal-lexical v0.2.1
[INFO] [stderr]    Compiling unicode-xid v0.2.4
[INFO] [stderr]    Compiling semver v1.0.20
[INFO] [stderr]    Compiling ring v0.17.3
[INFO] [stderr]     Checking nom v7.1.3
[INFO] [stderr]     Checking unicode-normalization v0.1.22
[INFO] [stderr]     Checking ff v0.13.0
[INFO] [stderr]     Checking unicode-bidi v0.3.13
[INFO] [stderr]    Compiling vcpkg v0.2.15
[INFO] [stderr]     Checking time v0.3.30
[INFO] [stderr]     Checking spin v0.5.2
[INFO] [stderr]     Checking untrusted v0.7.1
[INFO] [stderr]    Compiling pkg-config v0.3.27
[INFO] [stderr]     Checking percent-encoding v2.3.0
[INFO] [stderr]     Checking base16ct v0.2.0
[INFO] [stderr]     Checking rusticata-macros v4.1.0
[INFO] [stderr]     Checking form_urlencoded v1.2.0
[INFO] [stderr]    Compiling openssl-sys v0.9.93
[INFO] [stderr]     Checking idna v0.4.0
[INFO] [stderr]     Checking group v0.13.0
[INFO] [stderr]    Compiling synstructure v0.12.6
[INFO] [stderr]    Compiling num-bigint v0.4.4
[INFO] [stderr]     Checking base64 v0.21.4
[INFO] [stderr]     Checking crc-catalog v2.3.0
[INFO] [stderr]     Checking crc v3.0.1
[INFO] [stderr]    Compiling rustc_version v0.4.0
[INFO] [stderr]     Checking url v2.4.1
[INFO] [stderr]     Checking num-integer v0.1.45
[INFO] [stderr]    Compiling oid-registry v0.6.1
[INFO] [stderr]     Checking spin v0.9.8
[INFO] [stderr]    Compiling platforms v3.2.0
[INFO] [stderr]     Checking untrusted v0.9.0
[INFO] [stderr]     Checking byteorder v1.5.0
[INFO] [stderr]     Checking fnv v1.0.7
[INFO] [stderr]     Checking http v0.2.9
[INFO] [stderr]    Compiling curve25519-dalek v4.1.1
[INFO] [stderr]     Checking tracing-core v0.1.31
[INFO] [stderr]    Compiling indexmap v1.9.3
[INFO] [stderr]    Compiling substring v1.4.5
[INFO] [stderr]     Checking foreign-types-shared v0.1.1
[INFO] [stderr]     Checking data-encoding v2.4.0
[INFO] [stderr]     Checking atomic-waker v1.1.2
[INFO] [stderr]    Compiling rustls v0.21.8
[INFO] [stderr]    Compiling openssl v0.10.57
[INFO] [stderr]     Checking arc-swap v1.6.0
[INFO] [stderr]    Compiling serde_json v1.0.107
[INFO] [stderr]     Checking waitgroup v0.1.2
[INFO] [stderr]     Checking foreign-types v0.3.2
[INFO] [stderr]     Checking tracing v0.1.37
[INFO] [stderr]     Checking pem v3.0.2
[INFO] [stderr]     Checking yasna v0.5.2
[INFO] [stderr]     Checking aho-corasick v1.1.2
[INFO] [stderr]     Checking bitflags v2.4.0
[INFO] [stderr]     Checking hashbrown v0.12.3
[INFO] [stderr]    Compiling zeroize_derive v1.4.2
[INFO] [stderr]    Compiling thiserror-impl v1.0.49
[INFO] [stderr]    Compiling tokio-macros v2.1.0
[INFO] [stderr]    Compiling serde_derive v1.0.188
[INFO] [stderr]    Compiling futures-macro v0.3.28
[INFO] [stderr]    Compiling displaydoc v0.2.4
[INFO] [stderr]    Compiling asn1-rs-impl v0.1.0
[INFO] [stderr]     Checking zeroize v1.6.0
[INFO] [stderr]     Checking tokio v1.32.0
[INFO] [stderr]     Checking der v0.7.8
[INFO] [stderr]     Checking crypto-common v0.1.6
[INFO] [stderr]     Checking block-buffer v0.10.4
[INFO] [stderr]     Checking digest v0.10.7
[INFO] [stderr]     Checking block-padding v0.3.3
[INFO] [stderr]     Checking universal-hash v0.5.1
[INFO] [stderr]     Checking hmac v0.12.1
[INFO] [stderr]     Checking inout v0.1.3
[INFO] [stderr]     Checking crypto-bigint v0.5.3
[INFO] [stderr]    Compiling asn1-rs-derive v0.4.0
[INFO] [stderr]     Checking hkdf v0.12.3
[INFO] [stderr]     Checking cipher v0.4.4
[INFO] [stderr]     Checking polyval v0.6.1
[INFO] [stderr]     Checking aead v0.5.2
[INFO] [stderr]     Checking ctr v0.9.2
[INFO] [stderr]     Checking aes v0.8.3
[INFO] [stderr]     Checking ghash v0.5.0
[INFO] [stderr]     Checking rfc6979 v0.4.0
[INFO] [stderr]     Checking spki v0.7.2
[INFO] [stderr]     Checking signature v2.1.0
[INFO] [stderr]     Checking pkcs8 v0.10.2
[INFO] [stderr]     Checking sec1 v0.7.3
[INFO] [stderr]     Checking aes-gcm v0.10.3
[INFO] [stderr]     Checking md-5 v0.10.6
[INFO] [stderr]     Checking sha1 v0.10.6
[INFO] [stderr]     Checking sha2 v0.10.8
[INFO] [stderr]    Compiling curve25519-dalek-derive v0.1.1
[INFO] [stderr]     Checking asn1-rs v0.5.2
[INFO] [stderr]    Compiling openssl-macros v0.1.1
[INFO] [stderr]     Checking sct v0.7.1
[INFO] [stderr]     Checking elliptic-curve v0.13.6
[INFO] [stderr]     Checking rustls-webpki v0.101.7
[INFO] [stderr]    Compiling native-tls v0.2.11
[INFO] [stderr]     Checking ecdsa v0.16.8
[INFO] [stderr]     Checking primeorder v0.13.2
[INFO] [stderr]     Checking regex-syntax v0.8.2
[INFO] [stderr]     Checking der-parser v8.2.0
[INFO] [stderr]     Checking ryu v1.0.15
[INFO] [stderr]     Checking p384 v0.13.0
[INFO] [stderr]     Checking p256 v0.13.2
[INFO] [stderr]     Checking x509-parser v0.15.1
[INFO] [stderr]     Checking futures-executor v0.3.28
[INFO] [stderr]     Checking futures v0.3.28
[INFO] [stderr]    Compiling httparse v1.8.0
[INFO] [stderr]     Checking ccm v0.5.0
[INFO] [stderr]     Checking x25519-dalek v2.0.0
[INFO] [stderr]     Checking tokio-util v0.7.8
[INFO] [stderr]     Checking cbc v0.1.2
[INFO] [stderr]     Checking rcgen v0.11.3
[INFO] [stderr]     Checking http-body v1.0.0-rc.2
[INFO] [stderr]     Checking uuid v1.5.0
[INFO] [stderr]     Checking openssl-probe v0.1.5
[INFO] [stderr]     Checking try-lock v0.2.4
[INFO] [stderr]     Checking want v0.3.1
[INFO] [stderr]     Checking regex-automata v0.4.3
[INFO] [stderr]     Checking h2 v0.3.20
[INFO] [stderr]     Checking sdp v0.6.0
[INFO] [stderr]     Checking httpdate v1.0.2
[INFO] [stderr]     Checking http-body-util v0.1.0-rc.3
[INFO] [stderr]     Checking rtcp v0.10.0
[INFO] [stderr]     Checking stun v0.5.0
[INFO] [stderr]     Checking webrtc-sctp v0.9.0
[INFO] [stderr]     Checking webrtc-mdns v0.6.0
[INFO] [stderr]     Checking turn v0.7.0
[INFO] [stderr]     Checking rtp v0.9.0
[INFO] [stderr]     Checking bincode v1.3.3
[INFO] [stderr]     Checking regex v1.10.2
[INFO] [stderr]     Checking smol_str v0.2.0
[INFO] [stderr]     Checking async-native-tls v0.5.0
[INFO] [stderr]     Checking hyper v1.0.0-rc.4
[INFO] [stderr]     Checking webrtc-data v0.8.0
[INFO] [stderr]     Checking serde_bytes v0.11.12
[INFO] [stderr]     Checking webrtc-dtls v0.8.0
[INFO] [stderr]     Checking webrtc-srtp v0.11.0
[INFO] [stderr]     Checking webrtc-media v0.7.0
[INFO] [stderr]     Checking interceptor v0.10.0
[INFO] [stderr]     Checking webrtc-ice v0.10.0
[INFO] [stderr]     Checking webrtc v0.9.0
[INFO] [stderr]     Checking d-id v0.1.0 (/opt/rustwide/workdir)
[INFO] [stdout] warning: unused imports: `TokioExecutor`, `TokioTimer`
[INFO] [stdout]  --> src/support/mod.rs:2:19
[INFO] [stdout]   |
[INFO] [stdout] 2 | pub use tokiort::{TokioExecutor, TokioIo, TokioTimer};
[INFO] [stdout]   |                   ^^^^^^^^^^^^^           ^^^^^^^^^^
[INFO] [stdout]   |
[INFO] [stdout]   = note: `#[warn(unused_imports)]` on by default
[INFO] [stdout] 
[INFO] [stdout] 
[INFO] [stdout] warning: unused imports: `TokioExecutor`, `TokioTimer`
[INFO] [stdout]  --> src/support/mod.rs:2:19
[INFO] [stdout]   |
[INFO] [stdout] 2 | pub use tokiort::{TokioExecutor, TokioIo, TokioTimer};
[INFO] [stdout]   |                   ^^^^^^^^^^^^^           ^^^^^^^^^^
[INFO] [stdout]   |
[INFO] [stdout]   = note: `#[warn(unused_imports)]` on by default
[INFO] [stdout] 
[INFO] [stdout] 
[INFO] [stdout] error[E0599]: no method named `unwrap` found for struct `talks::TalkRequestBodyBuilder` in the current scope
[INFO] [stdout]    --> src/endpoints/video/talks.rs:33:72
[INFO] [stdout]     |
[INFO] [stdout] 33  |         let talk_req_bod2 = TalkRequestBodyBuilder::with_text_script().unwrap()
[INFO] [stdout]     |                                                                        ^^^^^^ method not found in `TalkRequestBodyBuilder`
[INFO] [stdout] ...
[INFO] [stdout] 191 | pub struct TalkRequestBodyBuilder {
[INFO] [stdout]     | --------------------------------- method `unwrap` not found for this struct
[INFO] [stdout]     |
[INFO] [stdout] help: some of the expressions' fields have a method of the same name
[INFO] [stdout]     |
[INFO] [stdout] 33  |         let talk_req_bod2 = TalkRequestBodyBuilder::with_text_script().config.unwrap()
[INFO] [stdout]     |                                                                        +++++++
[INFO] [stdout] 33  |         let talk_req_bod2 = TalkRequestBodyBuilder::with_text_script().driver_url.unwrap()
[INFO] [stdout]     |                                                                        +++++++++++
[INFO] [stdout] 33  |         let talk_req_bod2 = TalkRequestBodyBuilder::with_text_script().face.unwrap()
[INFO] [stdout]     |                                                                        +++++
[INFO] [stdout] 33  |         let talk_req_bod2 = TalkRequestBodyBuilder::with_text_script().name.unwrap()
[INFO] [stdout]     |                                                                        +++++
[INFO] [stdout]       and 6 other candidates
[INFO] [stdout] 
[INFO] [stdout] 
[INFO] [stdout] error[E0599]: no method named `unwrap` found for struct `talks::TalkRequestBodyBuilder` in the current scope
[INFO] [stdout]    --> src/endpoints/video/talks.rs:66:73
[INFO] [stdout]     |
[INFO] [stdout] 66  |         let talk_req_bod2 = TalkRequestBodyBuilder::with_audio_script().unwrap()
[INFO] [stdout]     |                                                                         ^^^^^^ method not found in `TalkRequestBodyBuilder`
[INFO] [stdout] ...
[INFO] [stdout] 191 | pub struct TalkRequestBodyBuilder {
[INFO] [stdout]     | --------------------------------- method `unwrap` not found for this struct
[INFO] [stdout]     |
[INFO] [stdout] help: some of the expressions' fields have a method of the same name
[INFO] [stdout]     |
[INFO] [stdout] 66  |         let talk_req_bod2 = TalkRequestBodyBuilder::with_audio_script().config.unwrap()
[INFO] [stdout]     |                                                                         +++++++
[INFO] [stdout] 66  |         let talk_req_bod2 = TalkRequestBodyBuilder::with_audio_script().driver_url.unwrap()
[INFO] [stdout]     |                                                                         +++++++++++
[INFO] [stdout] 66  |         let talk_req_bod2 = TalkRequestBodyBuilder::with_audio_script().face.unwrap()
[INFO] [stdout]     |                                                                         +++++
[INFO] [stdout] 66  |         let talk_req_bod2 = TalkRequestBodyBuilder::with_audio_script().name.unwrap()
[INFO] [stdout]     |                                                                         +++++
[INFO] [stdout]       and 6 other candidates
[INFO] [stdout] 
[INFO] [stdout] 
[INFO] [stdout] error: aborting due to 2 previous errors; 1 warning emitted
[INFO] [stdout] 
[INFO] [stdout] 
[INFO] [stdout] For more information about this error, try `rustc --explain E0599`.
[INFO] [stdout] 
[INFO] [stderr] error: could not compile `d-id` (lib test) due to 3 previous errors; 1 warning emitted
[INFO] [stderr] warning: build failed, waiting for other jobs to finish...
[INFO] [stdout] warning: constant `ICE_PATH` is never used
[INFO] [stdout]   --> src/endpoints/video/streams.rs:10:7
[INFO] [stdout]    |
[INFO] [stdout] 10 | const ICE_PATH: &str = "/ice";
[INFO] [stdout]    |       ^^^^^^^^
[INFO] [stdout]    |
[INFO] [stdout]    = note: `#[warn(dead_code)]` on by default
[INFO] [stdout] 
[INFO] [stdout] 
[INFO] [stdout] warning: field `username` is never read
[INFO] [stdout]    --> src/endpoints/video/streams.rs:112:5
[INFO] [stdout]     |
[INFO] [stdout] 110 | pub struct IceServer {
[INFO] [stdout]     |            --------- field in this struct
[INFO] [stdout] 111 |     urls: Urls,
[INFO] [stdout] 112 |     username: Option<String>,
[INFO] [stdout]     |     ^^^^^^^^
[INFO] [stdout]     |
[INFO] [stdout]     = note: `IceServer` has a derived impl for the trait `Debug`, but this is intentionally ignored during dead code analysis
[INFO] [stdout] 
[INFO] [stdout] 
[INFO] [stdout] warning: field `type` is never read
[INFO] [stdout]    --> src/endpoints/video/streams.rs:125:5
[INFO] [stdout]     |
[INFO] [stdout] 124 | pub struct Offer {
[INFO] [stdout]     |            ----- field in this struct
[INFO] [stdout] 125 |     r#type: String,
[INFO] [stdout]     |     ^^^^^^
[INFO] [stdout]     |
[INFO] [stdout]     = note: `Offer` has a derived impl for the trait `Debug`, but this is intentionally ignored during dead code analysis
[INFO] [stdout] 
[INFO] [stdout] 
[INFO] [stdout] warning: 4 warnings emitted
[INFO] [stdout] 
[INFO] [stdout] 
[INFO] running `Command { std: "docker" "inspect" "f480e35dc320cca8923755c836d567686c31eb8b3874875ad9fa0eef816f75bc", kill_on_drop: false }`
[INFO] running `Command { std: "docker" "rm" "-f" "f480e35dc320cca8923755c836d567686c31eb8b3874875ad9fa0eef816f75bc", kill_on_drop: false }`
[INFO] [stdout] f480e35dc320cca8923755c836d567686c31eb8b3874875ad9fa0eef816f75bc
