[INFO] fetching crate cyber-std 0.2.2...
[INFO] checking cyber-std-0.2.2 against nightly-2024-02-05 for check-cfg
[INFO] extracting crate cyber-std 0.2.2 into /workspace/builds/worker-6-tc1/source
[INFO] validating manifest of crates.io crate cyber-std 0.2.2 on toolchain nightly-2024-02-05
[INFO] running `Command { std: CARGO_HOME="/workspace/cargo-home" RUSTUP_HOME="/workspace/rustup-home" "/workspace/cargo-home/bin/cargo" "+nightly-2024-02-05" "metadata" "--manifest-path" "Cargo.toml" "--no-deps", kill_on_drop: false }`
[INFO] removed /workspace/builds/worker-6-tc1/source/.cargo/config
[INFO] started tweaking crates.io crate cyber-std 0.2.2
[INFO] finished tweaking crates.io crate cyber-std 0.2.2
[INFO] tweaked toml for crates.io crate cyber-std 0.2.2 written to /workspace/builds/worker-6-tc1/source/Cargo.toml
[INFO] crate crates.io crate cyber-std 0.2.2 already has a lockfile, it will not be regenerated
[INFO] running `Command { std: CARGO_HOME="/workspace/cargo-home" RUSTUP_HOME="/workspace/rustup-home" "/workspace/cargo-home/bin/cargo" "+nightly-2024-02-05" "fetch" "--manifest-path" "Cargo.toml", kill_on_drop: false }`
[INFO] [stderr]     Updating crates.io index
[INFO] [stderr]  Downloading crates ...
[INFO] [stderr]   Downloaded cid v0.8.6
[INFO] [stderr]   Downloaded cosmwasm-schema v1.0.0
[INFO] [stderr]   Downloaded blake2b_simd v1.0.0
[INFO] [stderr]   Downloaded ff v0.11.1
[INFO] [stderr]   Downloaded ed25519-zebra v3.0.0
[INFO] [stderr]   Downloaded data-encoding-macro-internal v0.1.10
[INFO] [stderr]   Downloaded multibase v0.9.1
[INFO] [stderr]   Downloaded rfc6979 v0.1.0
[INFO] [stderr]   Downloaded data-encoding-macro v0.1.12
[INFO] [stderr]   Downloaded spki v0.5.4
[INFO] [stderr]   Downloaded cpufeatures v0.2.4
[INFO] [stderr]   Downloaded block-buffer v0.10.2
[INFO] [stderr]   Downloaded keccak v0.1.2
[INFO] [stderr]   Downloaded cosmwasm-derive v1.0.0
[INFO] [stderr]   Downloaded group v0.11.0
[INFO] [stderr]   Downloaded cw721 v0.13.4
[INFO] [stderr]   Downloaded base64ct v1.5.2
[INFO] [stderr]   Downloaded der v0.5.1
[INFO] [stderr]   Downloaded cosmwasm-std v1.0.0
[INFO] [stderr]   Downloaded sha3 v0.10.2
[INFO] [stderr]   Downloaded k256 v0.10.4
[INFO] [stderr]   Downloaded blake2s_simd v1.0.0
[INFO] [stderr]   Downloaded digest v0.10.3
[INFO] [stderr]   Downloaded once_cell v1.13.1
[INFO] [stderr]   Downloaded core2 v0.4.0
[INFO] [stderr]   Downloaded schemars v0.8.10
[INFO] [stderr]   Downloaded crypto-bigint v0.3.2
[INFO] [stderr]   Downloaded uint v0.9.3
[INFO] [stderr]   Downloaded pkcs8 v0.8.0
[INFO] [stderr]   Downloaded sha2 v0.10.2
[INFO] [stderr]   Downloaded serde-json-wasm v0.4.1
[INFO] [stderr]   Downloaded const-oid v0.7.1
[INFO] [stderr]   Downloaded cw-utils v0.13.4
[INFO] [stderr]   Downloaded schemars_derive v0.8.10
[INFO] [stderr]   Downloaded ecdsa v0.13.4
[INFO] [stderr]   Downloaded cosmwasm-crypto v1.0.0
[INFO] [stderr]   Downloaded sec1 v0.2.1
[INFO] [stderr]   Downloaded thiserror v1.0.32
[INFO] [stderr]   Downloaded unsigned-varint v0.7.1
[INFO] [stderr]   Downloaded multihash-derive v0.8.0
[INFO] [stderr]   Downloaded thiserror-impl v1.0.32
[INFO] [stderr]   Downloaded multihash v0.16.3
[INFO] [stderr]   Downloaded signature v1.4.0
[INFO] [stderr]   Downloaded dyn-clone v1.0.9
[INFO] [stderr]   Downloaded elliptic-curve v0.11.12
[INFO] running `Command { std: "docker" "create" "-v" "/var/lib/crater-agent-workspace/builds/worker-6-tc1/target:/opt/rustwide/target:rw,Z" "-v" "/var/lib/crater-agent-workspace/builds/worker-6-tc1/source:/opt/rustwide/workdir:ro,Z" "-v" "/var/lib/crater-agent-workspace/cargo-home:/opt/rustwide/cargo-home:ro,Z" "-v" "/var/lib/crater-agent-workspace/rustup-home:/opt/rustwide/rustup-home:ro,Z" "-e" "SOURCE_DIR=/opt/rustwide/workdir" "-e" "CARGO_TARGET_DIR=/opt/rustwide/target" "-e" "CARGO_HOME=/opt/rustwide/cargo-home" "-e" "RUSTUP_HOME=/opt/rustwide/rustup-home" "-w" "/opt/rustwide/workdir" "-m" "1610612736" "--user" "0:0" "--network" "none" "ghcr.io/rust-lang/crates-build-env/linux@sha256:2788e3201cd34a07e3172128adcd8b3090168a8e3bcc40d7c032b9dda1df7d1c" "/opt/rustwide/cargo-home/bin/cargo" "+nightly-2024-02-05" "metadata" "--no-deps" "--format-version=1", kill_on_drop: false }`
[INFO] [stdout] 9a38716aa231f37d543f1fea8baa0ebeed2451aa8c7824db024938b86a67badd
[INFO] running `Command { std: "docker" "start" "-a" "9a38716aa231f37d543f1fea8baa0ebeed2451aa8c7824db024938b86a67badd", kill_on_drop: false }`
[INFO] running `Command { std: "docker" "inspect" "9a38716aa231f37d543f1fea8baa0ebeed2451aa8c7824db024938b86a67badd", kill_on_drop: false }`
[INFO] running `Command { std: "docker" "rm" "-f" "9a38716aa231f37d543f1fea8baa0ebeed2451aa8c7824db024938b86a67badd", kill_on_drop: false }`
[INFO] [stdout] 9a38716aa231f37d543f1fea8baa0ebeed2451aa8c7824db024938b86a67badd
[INFO] running `Command { std: "docker" "create" "-v" "/var/lib/crater-agent-workspace/builds/worker-6-tc1/target:/opt/rustwide/target:rw,Z" "-v" "/var/lib/crater-agent-workspace/builds/worker-6-tc1/source:/opt/rustwide/workdir:ro,Z" "-v" "/var/lib/crater-agent-workspace/cargo-home:/opt/rustwide/cargo-home:ro,Z" "-v" "/var/lib/crater-agent-workspace/rustup-home:/opt/rustwide/rustup-home:ro,Z" "-e" "SOURCE_DIR=/opt/rustwide/workdir" "-e" "CARGO_TARGET_DIR=/opt/rustwide/target" "-e" "CARGO_INCREMENTAL=0" "-e" "RUST_BACKTRACE=full" "-e" "RUSTFLAGS=--cap-lints=forbid" "-e" "RUSTDOCFLAGS=--cap-lints=forbid" "-e" "CARGO_HOME=/opt/rustwide/cargo-home" "-e" "RUSTUP_HOME=/opt/rustwide/rustup-home" "-w" "/opt/rustwide/workdir" "-m" "1610612736" "--user" "0:0" "--network" "none" "ghcr.io/rust-lang/crates-build-env/linux@sha256:2788e3201cd34a07e3172128adcd8b3090168a8e3bcc40d7c032b9dda1df7d1c" "/opt/rustwide/cargo-home/bin/cargo" "+nightly-2024-02-05" "check" "--frozen" "--all" "--all-targets" "--message-format=json", kill_on_drop: false }`
[INFO] [stdout] a7c106d5a4907da8765f3ec3f7d28542762f7d8e791d1c435a8185343feadd8c
[INFO] running `Command { std: "docker" "start" "-a" "a7c106d5a4907da8765f3ec3f7d28542762f7d8e791d1c435a8185343feadd8c", kill_on_drop: false }`
[INFO] [stderr]    Compiling proc-macro2 v1.0.43
[INFO] [stderr]    Compiling unicode-ident v1.0.3
[INFO] [stderr]    Compiling syn v1.0.99
[INFO] [stderr]    Compiling typenum v1.15.0
[INFO] [stderr]    Compiling generic-array v0.14.6
[INFO] [stderr]    Compiling libc v0.2.132
[INFO] [stderr]    Compiling serde_derive v1.0.144
[INFO] [stderr]    Compiling serde v1.0.144
[INFO] [stderr]     Checking subtle v2.4.1
[INFO] [stderr]     Checking zeroize v1.3.0
[INFO] [stderr]     Checking const-oid v0.7.1
[INFO] [stderr]     Checking cpufeatures v0.2.4
[INFO] [stderr]     Checking base64ct v1.5.2
[INFO] [stderr]    Compiling serde_json v1.0.85
[INFO] [stderr]     Checking base16ct v0.1.1
[INFO] [stderr]     Checking byteorder v1.4.3
[INFO] [stderr]    Compiling proc-macro-error-attr v1.0.4
[INFO] [stderr]    Compiling schemars v0.8.10
[INFO] [stderr]     Checking itoa v1.0.3
[INFO] [stderr]     Checking hex v0.4.3
[INFO] [stderr]     Checking der v0.5.1
[INFO] [stderr]    Compiling crunchy v0.2.2
[INFO] [stderr]    Compiling proc-macro-error v1.0.4
[INFO] [stderr]     Checking arrayref v0.3.6
[INFO] [stderr]     Checking arrayvec v0.7.2
[INFO] [stderr]    Compiling cc v1.0.73
[INFO] [stderr]    Compiling memchr v2.5.0
[INFO] [stderr]     Checking constant_time_eq v0.1.5
[INFO] [stderr]     Checking dyn-clone v1.0.9
[INFO] [stderr]    Compiling data-encoding v2.3.2
[INFO] [stderr]    Compiling once_cell v1.13.1
[INFO] [stderr]    Compiling unicode-xid v0.2.3
[INFO] [stderr]     Checking base64 v0.13.0
[INFO] [stderr]     Checking keccak v0.1.2
[INFO] [stderr]     Checking forward_ref v1.0.0
[INFO] [stderr]     Checking blake2s_simd v1.0.0
[INFO] [stderr]     Checking blake2b_simd v1.0.0
[INFO] [stderr]     Checking base-x v0.2.11
[INFO] [stdout] error[E0422]: cannot find struct, variant or union type `LineColumn` in crate `proc_macro`
[INFO] [stdout]    --> /opt/rustwide/cargo-home/registry/src/index.crates.io-6f17d22bba15001f/proc-macro2-1.0.43/src/wrapper.rs:479:33
[INFO] [stdout]     |
[INFO] [stdout] 479 |                 let proc_macro::LineColumn { line, column } = s.start();
[INFO] [stdout]     |                                 ^^^^^^^^^^ not found in `proc_macro`
[INFO] [stdout]     |
[INFO] [stdout] help: consider importing one of these items
[INFO] [stdout]     |
[INFO] [stdout] 1   + use crate::LineColumn;
[INFO] [stdout]     |
[INFO] [stdout] 1   + use crate::fallback::LineColumn;
[INFO] [stdout]     |
[INFO] [stdout] help: if you import `LineColumn`, refer to it directly
[INFO] [stdout]     |
[INFO] [stdout] 479 -                 let proc_macro::LineColumn { line, column } = s.start();
[INFO] [stdout] 479 +                 let LineColumn { line, column } = s.start();
[INFO] [stdout]     |
[INFO] [stdout] 
[INFO] [stdout] 
[INFO] [stdout] error[E0422]: cannot find struct, variant or union type `LineColumn` in crate `proc_macro`
[INFO] [stdout]    --> /opt/rustwide/cargo-home/registry/src/index.crates.io-6f17d22bba15001f/proc-macro2-1.0.43/src/wrapper.rs:496:33
[INFO] [stdout]     |
[INFO] [stdout] 496 |                 let proc_macro::LineColumn { line, column } = s.end();
[INFO] [stdout]     |                                 ^^^^^^^^^^ not found in `proc_macro`
[INFO] [stdout]     |
[INFO] [stdout] help: consider importing one of these items
[INFO] [stdout]     |
[INFO] [stdout] 1   + use crate::LineColumn;
[INFO] [stdout]     |
[INFO] [stdout] 1   + use crate::fallback::LineColumn;
[INFO] [stdout]     |
[INFO] [stdout] help: if you import `LineColumn`, refer to it directly
[INFO] [stdout]     |
[INFO] [stdout] 496 -                 let proc_macro::LineColumn { line, column } = s.end();
[INFO] [stdout] 496 +                 let LineColumn { line, column } = s.end();
[INFO] [stdout]     |
[INFO] [stdout] 
[INFO] [stdout] 
[INFO] [stderr]     Checking uint v0.9.3
[INFO] [stderr]     Checking unsigned-varint v0.7.1
[INFO] [stdout] error: aborting due to 2 previous errors
[INFO] [stdout] 
[INFO] [stdout] 
[INFO] [stdout] For more information about this error, try `rustc --explain E0422`.
[INFO] [stdout] 
[INFO] [stderr] error: could not compile `proc-macro2` (lib) due to 3 previous errors
[INFO] [stderr] warning: build failed, waiting for other jobs to finish...
[INFO] running `Command { std: "docker" "inspect" "a7c106d5a4907da8765f3ec3f7d28542762f7d8e791d1c435a8185343feadd8c", kill_on_drop: false }`
[INFO] running `Command { std: "docker" "rm" "-f" "a7c106d5a4907da8765f3ec3f7d28542762f7d8e791d1c435a8185343feadd8c", kill_on_drop: false }`
[INFO] [stdout] a7c106d5a4907da8765f3ec3f7d28542762f7d8e791d1c435a8185343feadd8c
[INFO] checking cyber-std-0.2.2 against nightly-2024-02-05+rustflags=-Dunexpected_cfgs+cargoflags=-Zcheck-cfg for check-cfg
[INFO] extracting crate cyber-std 0.2.2 into /workspace/builds/worker-6-tc2/source
[INFO] validating manifest of crates.io crate cyber-std 0.2.2 on toolchain nightly-2024-02-05
[INFO] running `Command { std: CARGO_HOME="/workspace/cargo-home" RUSTUP_HOME="/workspace/rustup-home" "/workspace/cargo-home/bin/cargo" "+nightly-2024-02-05" "metadata" "--manifest-path" "Cargo.toml" "--no-deps", kill_on_drop: false }`
[INFO] removed /workspace/builds/worker-6-tc2/source/.cargo/config
[INFO] started tweaking crates.io crate cyber-std 0.2.2
[INFO] finished tweaking crates.io crate cyber-std 0.2.2
[INFO] tweaked toml for crates.io crate cyber-std 0.2.2 written to /workspace/builds/worker-6-tc2/source/Cargo.toml
[INFO] crate crates.io crate cyber-std 0.2.2 already has a lockfile, it will not be regenerated
[INFO] running `Command { std: CARGO_HOME="/workspace/cargo-home" RUSTUP_HOME="/workspace/rustup-home" "/workspace/cargo-home/bin/cargo" "+nightly-2024-02-05" "fetch" "--manifest-path" "Cargo.toml", kill_on_drop: false }`
[INFO] running `Command { std: "docker" "create" "-v" "/var/lib/crater-agent-workspace/builds/worker-6-tc2/target:/opt/rustwide/target:rw,Z" "-v" "/var/lib/crater-agent-workspace/builds/worker-6-tc2/source:/opt/rustwide/workdir:ro,Z" "-v" "/var/lib/crater-agent-workspace/cargo-home:/opt/rustwide/cargo-home:ro,Z" "-v" "/var/lib/crater-agent-workspace/rustup-home:/opt/rustwide/rustup-home:ro,Z" "-e" "SOURCE_DIR=/opt/rustwide/workdir" "-e" "CARGO_TARGET_DIR=/opt/rustwide/target" "-e" "CARGO_HOME=/opt/rustwide/cargo-home" "-e" "RUSTUP_HOME=/opt/rustwide/rustup-home" "-w" "/opt/rustwide/workdir" "-m" "1610612736" "--user" "0:0" "--network" "none" "ghcr.io/rust-lang/crates-build-env/linux@sha256:2788e3201cd34a07e3172128adcd8b3090168a8e3bcc40d7c032b9dda1df7d1c" "/opt/rustwide/cargo-home/bin/cargo" "+nightly-2024-02-05" "metadata" "--no-deps" "--format-version=1", kill_on_drop: false }`
[INFO] [stdout] 661ae4483b9703f3d4e2de707837c984068fddeab876a0088abba7be5ff8b6fc
[INFO] running `Command { std: "docker" "start" "-a" "661ae4483b9703f3d4e2de707837c984068fddeab876a0088abba7be5ff8b6fc", kill_on_drop: false }`
[INFO] running `Command { std: "docker" "inspect" "661ae4483b9703f3d4e2de707837c984068fddeab876a0088abba7be5ff8b6fc", kill_on_drop: false }`
[INFO] running `Command { std: "docker" "rm" "-f" "661ae4483b9703f3d4e2de707837c984068fddeab876a0088abba7be5ff8b6fc", kill_on_drop: false }`
[INFO] [stdout] 661ae4483b9703f3d4e2de707837c984068fddeab876a0088abba7be5ff8b6fc
[INFO] running `Command { std: "docker" "create" "-v" "/var/lib/crater-agent-workspace/builds/worker-6-tc2/target:/opt/rustwide/target:rw,Z" "-v" "/var/lib/crater-agent-workspace/builds/worker-6-tc2/source:/opt/rustwide/workdir:ro,Z" "-v" "/var/lib/crater-agent-workspace/cargo-home:/opt/rustwide/cargo-home:ro,Z" "-v" "/var/lib/crater-agent-workspace/rustup-home:/opt/rustwide/rustup-home:ro,Z" "-e" "SOURCE_DIR=/opt/rustwide/workdir" "-e" "CARGO_TARGET_DIR=/opt/rustwide/target" "-e" "CARGO_INCREMENTAL=0" "-e" "RUST_BACKTRACE=full" "-e" "RUSTFLAGS=--cap-lints=forbid -Dunexpected_cfgs" "-e" "RUSTDOCFLAGS=--cap-lints=forbid" "-e" "CARGO_HOME=/opt/rustwide/cargo-home" "-e" "RUSTUP_HOME=/opt/rustwide/rustup-home" "-w" "/opt/rustwide/workdir" "-m" "1610612736" "--user" "0:0" "--network" "none" "ghcr.io/rust-lang/crates-build-env/linux@sha256:2788e3201cd34a07e3172128adcd8b3090168a8e3bcc40d7c032b9dda1df7d1c" "/opt/rustwide/cargo-home/bin/cargo" "+nightly-2024-02-05" "check" "--frozen" "--all" "--all-targets" "--message-format=json" "-Zcheck-cfg", kill_on_drop: false }`
[INFO] [stdout] 90d620617cfccdf29e00ec2b334c397d269a7ef5c53136539088bdfc53fd8095
[INFO] running `Command { std: "docker" "start" "-a" "90d620617cfccdf29e00ec2b334c397d269a7ef5c53136539088bdfc53fd8095", kill_on_drop: false }`
[INFO] [stderr]    Compiling proc-macro2 v1.0.43
[INFO] [stderr]    Compiling unicode-ident v1.0.3
[INFO] [stderr]    Compiling syn v1.0.99
[INFO] [stderr]    Compiling typenum v1.15.0
[INFO] [stderr]    Compiling generic-array v0.14.6
[INFO] [stderr]    Compiling libc v0.2.132
[INFO] [stderr]    Compiling serde_derive v1.0.144
[INFO] [stderr]    Compiling serde v1.0.144
[INFO] [stderr]     Checking subtle v2.4.1
[INFO] [stderr]     Checking zeroize v1.3.0
[INFO] [stderr]     Checking const-oid v0.7.1
[INFO] [stderr]     Checking base64ct v1.5.2
[INFO] [stderr]     Checking cpufeatures v0.2.4
[INFO] [stderr]    Compiling serde_json v1.0.85
[INFO] [stderr]     Checking base16ct v0.1.1
[INFO] [stderr]     Checking byteorder v1.4.3
[INFO] [stderr]    Compiling proc-macro-error-attr v1.0.4
[INFO] [stderr]     Checking itoa v1.0.3
[INFO] [stderr]    Compiling crunchy v0.2.2
[INFO] [stderr]    Compiling schemars v0.8.10
[INFO] [stderr]     Checking der v0.5.1
[INFO] [stderr]     Checking hex v0.4.3
[INFO] [stderr]    Compiling proc-macro-error v1.0.4
[INFO] [stderr]     Checking constant_time_eq v0.1.5
[INFO] [stderr]     Checking arrayref v0.3.6
[INFO] [stderr]    Compiling memchr v2.5.0
[INFO] [stderr]     Checking arrayvec v0.7.2
[INFO] [stderr]     Checking dyn-clone v1.0.9
[INFO] [stderr]    Compiling cc v1.0.73
[INFO] [stderr]    Compiling once_cell v1.13.1
[INFO] [stderr]    Compiling data-encoding v2.3.2
[INFO] [stderr]    Compiling unicode-xid v0.2.3
[INFO] [stderr]     Checking forward_ref v1.0.0
[INFO] [stderr]     Checking keccak v0.1.2
[INFO] [stderr]     Checking base64 v0.13.0
[INFO] [stderr]     Checking base-x v0.2.11
[INFO] [stderr]     Checking unsigned-varint v0.7.1
[INFO] [stderr]     Checking blake2b_simd v1.0.0
[INFO] [stdout] error[E0422]: cannot find struct, variant or union type `LineColumn` in crate `proc_macro`
[INFO] [stdout]    --> /opt/rustwide/cargo-home/registry/src/index.crates.io-6f17d22bba15001f/proc-macro2-1.0.43/src/wrapper.rs:479:33
[INFO] [stdout]     |
[INFO] [stdout] 479 |                 let proc_macro::LineColumn { line, column } = s.start();
[INFO] [stdout]     |                                 ^^^^^^^^^^ not found in `proc_macro`
[INFO] [stdout]     |
[INFO] [stdout] help: consider importing one of these items
[INFO] [stdout]     |
[INFO] [stdout] 1   + use crate::LineColumn;
[INFO] [stdout]     |
[INFO] [stdout] 1   + use crate::fallback::LineColumn;
[INFO] [stdout]     |
[INFO] [stdout] help: if you import `LineColumn`, refer to it directly
[INFO] [stdout]     |
[INFO] [stdout] 479 -                 let proc_macro::LineColumn { line, column } = s.start();
[INFO] [stdout] 479 +                 let LineColumn { line, column } = s.start();
[INFO] [stdout]     |
[INFO] [stdout] 
[INFO] [stdout] 
[INFO] [stdout] error[E0422]: cannot find struct, variant or union type `LineColumn` in crate `proc_macro`
[INFO] [stdout]    --> /opt/rustwide/cargo-home/registry/src/index.crates.io-6f17d22bba15001f/proc-macro2-1.0.43/src/wrapper.rs:496:33
[INFO] [stdout]     |
[INFO] [stdout] 496 |                 let proc_macro::LineColumn { line, column } = s.end();
[INFO] [stdout]     |                                 ^^^^^^^^^^ not found in `proc_macro`
[INFO] [stdout]     |
[INFO] [stdout] help: consider importing one of these items
[INFO] [stdout]     |
[INFO] [stdout] 1   + use crate::LineColumn;
[INFO] [stdout]     |
[INFO] [stdout] 1   + use crate::fallback::LineColumn;
[INFO] [stdout]     |
[INFO] [stdout] help: if you import `LineColumn`, refer to it directly
[INFO] [stdout]     |
[INFO] [stdout] 496 -                 let proc_macro::LineColumn { line, column } = s.end();
[INFO] [stdout] 496 +                 let LineColumn { line, column } = s.end();
[INFO] [stdout]     |
[INFO] [stdout] 
[INFO] [stdout] 
[INFO] [stderr]     Checking uint v0.9.3
[INFO] [stderr]     Checking blake2s_simd v1.0.0
[INFO] [stdout] error: aborting due to 2 previous errors
[INFO] [stdout] 
[INFO] [stdout] 
[INFO] [stdout] For more information about this error, try `rustc --explain E0422`.
[INFO] [stdout] 
[INFO] [stderr] error: could not compile `proc-macro2` (lib) due to 3 previous errors
[INFO] [stderr] warning: build failed, waiting for other jobs to finish...
[INFO] running `Command { std: "docker" "inspect" "90d620617cfccdf29e00ec2b334c397d269a7ef5c53136539088bdfc53fd8095", kill_on_drop: false }`
[INFO] running `Command { std: "docker" "rm" "-f" "90d620617cfccdf29e00ec2b334c397d269a7ef5c53136539088bdfc53fd8095", kill_on_drop: false }`
[INFO] [stdout] 90d620617cfccdf29e00ec2b334c397d269a7ef5c53136539088bdfc53fd8095
