[INFO] fetching crate cucumber_rust_codegen 0.9.0...
[INFO] checking cucumber_rust_codegen-0.9.0 against nightly-2024-02-05 for check-cfg
[INFO] extracting crate cucumber_rust_codegen 0.9.0 into /workspace/builds/worker-2-tc1/source
[INFO] validating manifest of crates.io crate cucumber_rust_codegen 0.9.0 on toolchain nightly-2024-02-05
[INFO] running `Command { std: CARGO_HOME="/workspace/cargo-home" RUSTUP_HOME="/workspace/rustup-home" "/workspace/cargo-home/bin/cargo" "+nightly-2024-02-05" "metadata" "--manifest-path" "Cargo.toml" "--no-deps", kill_on_drop: false }`
[INFO] started tweaking crates.io crate cucumber_rust_codegen 0.9.0
[INFO] removed 0 missing tests
[INFO] finished tweaking crates.io crate cucumber_rust_codegen 0.9.0
[INFO] tweaked toml for crates.io crate cucumber_rust_codegen 0.9.0 written to /workspace/builds/worker-2-tc1/source/Cargo.toml
[INFO] running `Command { std: CARGO_HOME="/workspace/cargo-home" RUSTUP_HOME="/workspace/rustup-home" "/workspace/cargo-home/bin/cargo" "+nightly-2024-02-05" "generate-lockfile" "--manifest-path" "Cargo.toml", kill_on_drop: false }`
[INFO] [stderr]     Updating crates.io index
[INFO] running `Command { std: CARGO_HOME="/workspace/cargo-home" RUSTUP_HOME="/workspace/rustup-home" "/workspace/cargo-home/bin/cargo" "+nightly-2024-02-05" "fetch" "--manifest-path" "Cargo.toml", kill_on_drop: false }`
[INFO] [stderr]  Downloading crates ...
[INFO] [stderr]   Downloaded tokio-macros v0.3.2
[INFO] running `Command { std: "docker" "create" "-v" "/var/lib/crater-agent-workspace/builds/worker-2-tc1/target:/opt/rustwide/target:rw,Z" "-v" "/var/lib/crater-agent-workspace/builds/worker-2-tc1/source:/opt/rustwide/workdir:ro,Z" "-v" "/var/lib/crater-agent-workspace/cargo-home:/opt/rustwide/cargo-home:ro,Z" "-v" "/var/lib/crater-agent-workspace/rustup-home:/opt/rustwide/rustup-home:ro,Z" "-e" "SOURCE_DIR=/opt/rustwide/workdir" "-e" "CARGO_TARGET_DIR=/opt/rustwide/target" "-e" "CARGO_HOME=/opt/rustwide/cargo-home" "-e" "RUSTUP_HOME=/opt/rustwide/rustup-home" "-w" "/opt/rustwide/workdir" "-m" "1610612736" "--user" "0:0" "--network" "none" "ghcr.io/rust-lang/crates-build-env/linux@sha256:2788e3201cd34a07e3172128adcd8b3090168a8e3bcc40d7c032b9dda1df7d1c" "/opt/rustwide/cargo-home/bin/cargo" "+nightly-2024-02-05" "metadata" "--no-deps" "--format-version=1", kill_on_drop: false }`
[INFO] [stdout] 9e2eec60f6a2608e0e4de677f40e4be293df151591b35035445ea28d551d7906
[INFO] running `Command { std: "docker" "start" "-a" "9e2eec60f6a2608e0e4de677f40e4be293df151591b35035445ea28d551d7906", kill_on_drop: false }`
[INFO] running `Command { std: "docker" "inspect" "9e2eec60f6a2608e0e4de677f40e4be293df151591b35035445ea28d551d7906", kill_on_drop: false }`
[INFO] running `Command { std: "docker" "rm" "-f" "9e2eec60f6a2608e0e4de677f40e4be293df151591b35035445ea28d551d7906", kill_on_drop: false }`
[INFO] [stdout] 9e2eec60f6a2608e0e4de677f40e4be293df151591b35035445ea28d551d7906
[INFO] running `Command { std: "docker" "create" "-v" "/var/lib/crater-agent-workspace/builds/worker-2-tc1/target:/opt/rustwide/target:rw,Z" "-v" "/var/lib/crater-agent-workspace/builds/worker-2-tc1/source:/opt/rustwide/workdir:ro,Z" "-v" "/var/lib/crater-agent-workspace/cargo-home:/opt/rustwide/cargo-home:ro,Z" "-v" "/var/lib/crater-agent-workspace/rustup-home:/opt/rustwide/rustup-home:ro,Z" "-e" "SOURCE_DIR=/opt/rustwide/workdir" "-e" "CARGO_TARGET_DIR=/opt/rustwide/target" "-e" "CARGO_INCREMENTAL=0" "-e" "RUST_BACKTRACE=full" "-e" "RUSTFLAGS=--cap-lints=forbid" "-e" "RUSTDOCFLAGS=--cap-lints=forbid" "-e" "CARGO_HOME=/opt/rustwide/cargo-home" "-e" "RUSTUP_HOME=/opt/rustwide/rustup-home" "-w" "/opt/rustwide/workdir" "-m" "1610612736" "--user" "0:0" "--network" "none" "ghcr.io/rust-lang/crates-build-env/linux@sha256:2788e3201cd34a07e3172128adcd8b3090168a8e3bcc40d7c032b9dda1df7d1c" "/opt/rustwide/cargo-home/bin/cargo" "+nightly-2024-02-05" "check" "--frozen" "--all" "--all-targets" "--message-format=json", kill_on_drop: false }`
[INFO] [stdout] d2cb3cd8e44ff23d4d83f5b3cabbbdd334cccaca8c39c569d6610783422edbe4
[INFO] running `Command { std: "docker" "start" "-a" "d2cb3cd8e44ff23d4d83f5b3cabbbdd334cccaca8c39c569d6610783422edbe4", kill_on_drop: false }`
[INFO] [stderr]    Compiling proc-macro2 v1.0.78
[INFO] [stderr]    Compiling syn v1.0.109
[INFO] [stderr]     Checking futures-sink v0.3.30
[INFO] [stderr]     Checking futures-core v0.3.30
[INFO] [stderr]     Checking unicode-ident v1.0.12
[INFO] [stderr]     Checking aho-corasick v1.1.2
[INFO] [stderr]     Checking futures-io v0.3.30
[INFO] [stderr]    Compiling memchr v2.7.1
[INFO] [stderr]    Compiling tokio v0.3.7
[INFO] [stderr]     Checking itertools v0.9.0
[INFO] [stderr]     Checking futures-channel v0.3.30
[INFO] [stderr]     Checking num_cpus v1.16.0
[INFO] [stderr]     Checking inflections v1.1.1
[INFO] [stderr]     Checking quote v1.0.35
[INFO] [stderr]    Compiling either v1.9.0
[INFO] [stderr]    Compiling syn v2.0.48
[INFO] [stderr]     Checking regex-automata v0.4.5
[INFO] [stderr]     Checking regex v1.10.3
[INFO] [stderr]     Checking cucumber_rust_codegen v0.9.0 (/opt/rustwide/workdir)
[INFO] [stderr]    Compiling futures-macro v0.3.30
[INFO] [stderr]    Compiling async-trait v0.1.77
[INFO] [stderr]     Checking futures-util v0.3.30
[INFO] [stderr]    Compiling tokio-macros v0.3.2
[INFO] [stderr]     Checking futures-executor v0.3.30
[INFO] [stderr]     Checking futures v0.3.30
[INFO] [stdout] error[E0432]: unresolved import `cucumber_rust`
[INFO] [stdout]  --> tests/readme.rs:4:5
[INFO] [stdout]   |
[INFO] [stdout] 4 | use cucumber_rust::{given, then, when, World, WorldInit};
[INFO] [stdout]   |     ^^^^^^^^^^^^^ use of undeclared crate or module `cucumber_rust`
[INFO] [stdout] 
[INFO] [stdout] 
[INFO] [stdout] error[E0432]: unresolved import `cucumber_rust`
[INFO] [stdout]  --> tests/example.rs:4:5
[INFO] [stdout]   |
[INFO] [stdout] 4 | use cucumber_rust::{given, StepContext, World, WorldInit};
[INFO] [stdout]   |     ^^^^^^^^^^^^^ use of undeclared crate or module `cucumber_rust`
[INFO] [stdout] 
[INFO] [stdout] 
[INFO] [stdout] error: aborting due to 1 previous error
[INFO] [stdout] 
[INFO] [stdout] 
[INFO] [stdout] For more information about this error, try `rustc --explain E0432`.
[INFO] [stdout] 
[INFO] [stdout] error: aborting due to 1 previous error
[INFO] [stdout] 
[INFO] [stdout] 
[INFO] [stdout] For more information about this error, try `rustc --explain E0432`.
[INFO] [stdout] 
[INFO] [stderr] error: could not compile `cucumber_rust_codegen` (test "readme") due to 2 previous errors
[INFO] [stderr] warning: build failed, waiting for other jobs to finish...
[INFO] [stderr] error: could not compile `cucumber_rust_codegen` (test "example") due to 2 previous errors
[INFO] running `Command { std: "docker" "inspect" "d2cb3cd8e44ff23d4d83f5b3cabbbdd334cccaca8c39c569d6610783422edbe4", kill_on_drop: false }`
[INFO] running `Command { std: "docker" "rm" "-f" "d2cb3cd8e44ff23d4d83f5b3cabbbdd334cccaca8c39c569d6610783422edbe4", kill_on_drop: false }`
[INFO] [stdout] d2cb3cd8e44ff23d4d83f5b3cabbbdd334cccaca8c39c569d6610783422edbe4
[INFO] checking cucumber_rust_codegen-0.9.0 against nightly-2024-02-05+rustflags=-Dunexpected_cfgs+cargoflags=-Zcheck-cfg for check-cfg
[INFO] extracting crate cucumber_rust_codegen 0.9.0 into /workspace/builds/worker-2-tc2/source
[INFO] validating manifest of crates.io crate cucumber_rust_codegen 0.9.0 on toolchain nightly-2024-02-05
[INFO] running `Command { std: CARGO_HOME="/workspace/cargo-home" RUSTUP_HOME="/workspace/rustup-home" "/workspace/cargo-home/bin/cargo" "+nightly-2024-02-05" "metadata" "--manifest-path" "Cargo.toml" "--no-deps", kill_on_drop: false }`
[INFO] started tweaking crates.io crate cucumber_rust_codegen 0.9.0
[INFO] removed 0 missing tests
[INFO] finished tweaking crates.io crate cucumber_rust_codegen 0.9.0
[INFO] tweaked toml for crates.io crate cucumber_rust_codegen 0.9.0 written to /workspace/builds/worker-2-tc2/source/Cargo.toml
[INFO] running `Command { std: CARGO_HOME="/workspace/cargo-home" RUSTUP_HOME="/workspace/rustup-home" "/workspace/cargo-home/bin/cargo" "+nightly-2024-02-05" "generate-lockfile" "--manifest-path" "Cargo.toml", kill_on_drop: false }`
[INFO] [stderr]     Updating crates.io index
[INFO] running `Command { std: CARGO_HOME="/workspace/cargo-home" RUSTUP_HOME="/workspace/rustup-home" "/workspace/cargo-home/bin/cargo" "+nightly-2024-02-05" "fetch" "--manifest-path" "Cargo.toml", kill_on_drop: false }`
[INFO] running `Command { std: "docker" "create" "-v" "/var/lib/crater-agent-workspace/builds/worker-2-tc2/target:/opt/rustwide/target:rw,Z" "-v" "/var/lib/crater-agent-workspace/builds/worker-2-tc2/source:/opt/rustwide/workdir:ro,Z" "-v" "/var/lib/crater-agent-workspace/cargo-home:/opt/rustwide/cargo-home:ro,Z" "-v" "/var/lib/crater-agent-workspace/rustup-home:/opt/rustwide/rustup-home:ro,Z" "-e" "SOURCE_DIR=/opt/rustwide/workdir" "-e" "CARGO_TARGET_DIR=/opt/rustwide/target" "-e" "CARGO_HOME=/opt/rustwide/cargo-home" "-e" "RUSTUP_HOME=/opt/rustwide/rustup-home" "-w" "/opt/rustwide/workdir" "-m" "1610612736" "--user" "0:0" "--network" "none" "ghcr.io/rust-lang/crates-build-env/linux@sha256:2788e3201cd34a07e3172128adcd8b3090168a8e3bcc40d7c032b9dda1df7d1c" "/opt/rustwide/cargo-home/bin/cargo" "+nightly-2024-02-05" "metadata" "--no-deps" "--format-version=1", kill_on_drop: false }`
[INFO] [stdout] 9d61d9248937b40a599467a1cf46830f262a975fa581aaecbfc9fd078c5e7529
[INFO] running `Command { std: "docker" "start" "-a" "9d61d9248937b40a599467a1cf46830f262a975fa581aaecbfc9fd078c5e7529", kill_on_drop: false }`
[INFO] running `Command { std: "docker" "inspect" "9d61d9248937b40a599467a1cf46830f262a975fa581aaecbfc9fd078c5e7529", kill_on_drop: false }`
[INFO] running `Command { std: "docker" "rm" "-f" "9d61d9248937b40a599467a1cf46830f262a975fa581aaecbfc9fd078c5e7529", kill_on_drop: false }`
[INFO] [stdout] 9d61d9248937b40a599467a1cf46830f262a975fa581aaecbfc9fd078c5e7529
[INFO] running `Command { std: "docker" "create" "-v" "/var/lib/crater-agent-workspace/builds/worker-2-tc2/target:/opt/rustwide/target:rw,Z" "-v" "/var/lib/crater-agent-workspace/builds/worker-2-tc2/source:/opt/rustwide/workdir:ro,Z" "-v" "/var/lib/crater-agent-workspace/cargo-home:/opt/rustwide/cargo-home:ro,Z" "-v" "/var/lib/crater-agent-workspace/rustup-home:/opt/rustwide/rustup-home:ro,Z" "-e" "SOURCE_DIR=/opt/rustwide/workdir" "-e" "CARGO_TARGET_DIR=/opt/rustwide/target" "-e" "CARGO_INCREMENTAL=0" "-e" "RUST_BACKTRACE=full" "-e" "RUSTFLAGS=--cap-lints=forbid -Dunexpected_cfgs" "-e" "RUSTDOCFLAGS=--cap-lints=forbid" "-e" "CARGO_HOME=/opt/rustwide/cargo-home" "-e" "RUSTUP_HOME=/opt/rustwide/rustup-home" "-w" "/opt/rustwide/workdir" "-m" "1610612736" "--user" "0:0" "--network" "none" "ghcr.io/rust-lang/crates-build-env/linux@sha256:2788e3201cd34a07e3172128adcd8b3090168a8e3bcc40d7c032b9dda1df7d1c" "/opt/rustwide/cargo-home/bin/cargo" "+nightly-2024-02-05" "check" "--frozen" "--all" "--all-targets" "--message-format=json" "-Zcheck-cfg", kill_on_drop: false }`
[INFO] [stdout] fcbc7c6195e98be364e5e66126539d8ab385ececaeccae76d497c6b6f613bdd9
[INFO] running `Command { std: "docker" "start" "-a" "fcbc7c6195e98be364e5e66126539d8ab385ececaeccae76d497c6b6f613bdd9", kill_on_drop: false }`
[INFO] [stderr]    Compiling proc-macro2 v1.0.78
[INFO] [stderr]    Compiling syn v1.0.109
[INFO] [stderr]     Checking unicode-ident v1.0.12
[INFO] [stderr]     Checking futures-sink v0.3.30
[INFO] [stderr]     Checking futures-core v0.3.30
[INFO] [stderr]     Checking aho-corasick v1.1.2
[INFO] [stderr]     Checking futures-io v0.3.30
[INFO] [stderr]    Compiling memchr v2.7.1
[INFO] [stderr]    Compiling tokio v0.3.7
[INFO] [stderr]     Checking futures-channel v0.3.30
[INFO] [stderr]     Checking itertools v0.9.0
[INFO] [stderr]     Checking num_cpus v1.16.0
[INFO] [stderr]     Checking inflections v1.1.1
[INFO] [stderr]    Compiling either v1.9.0
[INFO] [stderr]     Checking quote v1.0.35
[INFO] [stderr]    Compiling syn v2.0.48
[INFO] [stderr]     Checking regex-automata v0.4.5
[INFO] [stderr]     Checking regex v1.10.3
[INFO] [stderr]     Checking cucumber_rust_codegen v0.9.0 (/opt/rustwide/workdir)
[INFO] [stderr]    Compiling futures-macro v0.3.30
[INFO] [stderr]    Compiling async-trait v0.1.77
[INFO] [stderr]    Compiling tokio-macros v0.3.2
[INFO] [stderr]     Checking futures-util v0.3.30
[INFO] [stderr]     Checking futures-executor v0.3.30
[INFO] [stderr]     Checking futures v0.3.30
[INFO] [stdout] error[E0432]: unresolved import `cucumber_rust`
[INFO] [stdout]  --> tests/readme.rs:4:5
[INFO] [stdout]   |
[INFO] [stdout] 4 | use cucumber_rust::{given, then, when, World, WorldInit};
[INFO] [stdout]   |     ^^^^^^^^^^^^^ use of undeclared crate or module `cucumber_rust`
[INFO] [stdout] 
[INFO] [stdout] 
[INFO] [stdout] error: aborting due to 1 previous error
[INFO] [stdout] 
[INFO] [stdout] 
[INFO] [stdout] For more information about this error, try `rustc --explain E0432`.
[INFO] [stdout] 
[INFO] [stdout] error[E0432]: unresolved import `cucumber_rust`
[INFO] [stdout]  --> tests/example.rs:4:5
[INFO] [stdout]   |
[INFO] [stdout] 4 | use cucumber_rust::{given, StepContext, World, WorldInit};
[INFO] [stdout]   |     ^^^^^^^^^^^^^ use of undeclared crate or module `cucumber_rust`
[INFO] [stdout] 
[INFO] [stdout] 
[INFO] [stderr] error: could not compile `cucumber_rust_codegen` (test "readme") due to 2 previous errors
[INFO] [stderr] warning: build failed, waiting for other jobs to finish...
[INFO] [stdout] error: aborting due to 1 previous error
[INFO] [stdout] 
[INFO] [stdout] 
[INFO] [stdout] For more information about this error, try `rustc --explain E0432`.
[INFO] [stdout] 
[INFO] [stderr] error: could not compile `cucumber_rust_codegen` (test "example") due to 2 previous errors
[INFO] running `Command { std: "docker" "inspect" "fcbc7c6195e98be364e5e66126539d8ab385ececaeccae76d497c6b6f613bdd9", kill_on_drop: false }`
[INFO] running `Command { std: "docker" "rm" "-f" "fcbc7c6195e98be364e5e66126539d8ab385ececaeccae76d497c6b6f613bdd9", kill_on_drop: false }`
[INFO] [stdout] fcbc7c6195e98be364e5e66126539d8ab385ececaeccae76d497c6b6f613bdd9
