[INFO] fetching crate csgo-gsi 0.3.0...
[INFO] checking csgo-gsi-0.3.0 against nightly-2024-02-05 for check-cfg
[INFO] extracting crate csgo-gsi 0.3.0 into /workspace/builds/worker-6-tc1/source
[INFO] validating manifest of crates.io crate csgo-gsi 0.3.0 on toolchain nightly-2024-02-05
[INFO] running `Command { std: CARGO_HOME="/workspace/cargo-home" RUSTUP_HOME="/workspace/rustup-home" "/workspace/cargo-home/bin/cargo" "+nightly-2024-02-05" "metadata" "--manifest-path" "Cargo.toml" "--no-deps", kill_on_drop: false }`
[INFO] started tweaking crates.io crate csgo-gsi 0.3.0
[INFO] removed 0 missing examples
[INFO] finished tweaking crates.io crate csgo-gsi 0.3.0
[INFO] tweaked toml for crates.io crate csgo-gsi 0.3.0 written to /workspace/builds/worker-6-tc1/source/Cargo.toml
[INFO] crate crates.io crate csgo-gsi 0.3.0 already has a lockfile, it will not be regenerated
[INFO] running `Command { std: CARGO_HOME="/workspace/cargo-home" RUSTUP_HOME="/workspace/rustup-home" "/workspace/cargo-home/bin/cargo" "+nightly-2024-02-05" "fetch" "--manifest-path" "Cargo.toml", kill_on_drop: false }`
[INFO] [stderr]     Updating crates.io index
[INFO] [stderr]     Blocking waiting for file lock on package cache
[INFO] [stderr]  Downloading crates ...
[INFO] [stderr]   Downloaded toml v0.5.6
[INFO] [stderr]   Downloaded either v1.6.0
[INFO] [stderr]   Downloaded num-integer v0.1.43
[INFO] [stderr]   Downloaded const_fn v0.4.2
[INFO] [stderr]   Downloaded fehler-macros v1.0.0
[INFO] [stderr]   Downloaded steamy-vdf v0.2.0
[INFO] [stderr]   Downloaded cargo_metadata v0.6.4
[INFO] [stderr]   Downloaded wasm-bindgen-shared v0.2.68
[INFO] [stderr]   Downloaded time v0.2.19
[INFO] [stderr]   Downloaded time-macros v0.1.0
[INFO] [stderr]   Downloaded sct v0.6.0
[INFO] [stderr]   Downloaded cc v1.0.59
[INFO] [stderr]   Downloaded itertools v0.9.0
[INFO] [stderr]   Downloaded web-sys v0.3.45
[INFO] [stderr]   Downloaded gotham_derive v0.5.0
[INFO] [stderr]   Downloaded registry v1.0.0-alpha.4
[INFO] [stderr]   Downloaded borrow-bag v1.0.0
[INFO] [stderr]   Downloaded ring v0.16.15
[INFO] [stderr]   Downloaded gimli v0.22.0
[INFO] [stderr]   Downloaded mio v0.7.0
[INFO] [stderr]   Downloaded pulldown-cmark v0.2.0
[INFO] [stderr]   Downloaded pulldown-cmark v0.7.2
[INFO] [stderr]   Downloaded ntapi v0.3.4
[INFO] [stderr]   Downloaded chrono v0.4.15
[INFO] [stderr]   Downloaded object v0.20.0
[INFO] [stderr]   Downloaded webpki v0.21.3
[INFO] [stderr]   Downloaded backtrace v0.3.50
[INFO] [stderr]   Downloaded rhai v0.18.3
[INFO] [stderr]   Downloaded rand v0.4.6
[INFO] [stderr]   Downloaded gotham v0.5.0
[INFO] [stderr]   Downloaded wasm-bindgen v0.2.68
[INFO] [stderr]   Downloaded syn v1.0.39
[INFO] [stderr]   Downloaded cookie v0.14.2
[INFO] [stderr]   Downloaded anyhow v1.0.32
[INFO] [stderr]   Downloaded js-sys v0.3.45
[INFO] [stderr]   Downloaded serde v1.0.115
[INFO] [stderr]   Downloaded num-traits v0.2.12
[INFO] [stderr]   Downloaded serde_derive v1.0.115
[INFO] [stderr]   Downloaded miniz_oxide v0.4.2
[INFO] [stderr]   Downloaded error-chain v0.12.4
[INFO] [stderr]   Downloaded smallvec v1.4.2
[INFO] [stderr]   Downloaded bincode v1.3.1
[INFO] [stderr]   Downloaded uuid v0.8.1
[INFO] [stderr]   Downloaded tempdir v0.3.7
[INFO] [stderr]   Downloaded utfx v0.1.0
[INFO] [stderr]   Downloaded proc-macro2 v1.0.19
[INFO] [stderr]   Downloaded skeptic v0.13.4
[INFO] [stderr]   Downloaded wasm-bindgen-backend v0.2.68
[INFO] [stderr]   Downloaded base-x v0.2.6
[INFO] [stderr]   Downloaded wasm-bindgen-macro v0.2.68
[INFO] [stderr]   Downloaded addr2line v0.13.0
[INFO] [stderr]   Downloaded semver-parser v0.9.0
[INFO] [stderr]   Downloaded vdf-serde v0.3.0
[INFO] [stderr]   Downloaded wasm-bindgen-macro-support v0.2.68
[INFO] [stderr]   Downloaded tokio-rustls v0.14.1
[INFO] [stderr]   Downloaded standback v0.2.10
[INFO] [stderr]   Downloaded fehler v1.0.0
[INFO] [stderr]   Downloaded linked-hash-map v0.5.3
[INFO] [stderr]   Downloaded glob v0.2.11
[INFO] [stderr]   Downloaded bytecount v0.4.0
[INFO] [stderr]   Downloaded adler v0.2.3
[INFO] [stderr]   Downloaded version-sync v0.9.1
[INFO] [stderr]   Downloaded nom v1.2.4
[INFO] running `Command { std: "docker" "create" "-v" "/var/lib/crater-agent-workspace/builds/worker-6-tc1/target:/opt/rustwide/target:rw,Z" "-v" "/var/lib/crater-agent-workspace/builds/worker-6-tc1/source:/opt/rustwide/workdir:ro,Z" "-v" "/var/lib/crater-agent-workspace/cargo-home:/opt/rustwide/cargo-home:ro,Z" "-v" "/var/lib/crater-agent-workspace/rustup-home:/opt/rustwide/rustup-home:ro,Z" "-e" "SOURCE_DIR=/opt/rustwide/workdir" "-e" "CARGO_TARGET_DIR=/opt/rustwide/target" "-e" "CARGO_HOME=/opt/rustwide/cargo-home" "-e" "RUSTUP_HOME=/opt/rustwide/rustup-home" "-w" "/opt/rustwide/workdir" "-m" "1610612736" "--user" "0:0" "--network" "none" "ghcr.io/rust-lang/crates-build-env/linux@sha256:2788e3201cd34a07e3172128adcd8b3090168a8e3bcc40d7c032b9dda1df7d1c" "/opt/rustwide/cargo-home/bin/cargo" "+nightly-2024-02-05" "metadata" "--no-deps" "--format-version=1", kill_on_drop: false }`
[INFO] [stdout] 77be98be45c26b3f277a4d42cbb789499a59f0144d4a874385882e3fe61f812e
[INFO] running `Command { std: "docker" "start" "-a" "77be98be45c26b3f277a4d42cbb789499a59f0144d4a874385882e3fe61f812e", kill_on_drop: false }`
[INFO] running `Command { std: "docker" "inspect" "77be98be45c26b3f277a4d42cbb789499a59f0144d4a874385882e3fe61f812e", kill_on_drop: false }`
[INFO] running `Command { std: "docker" "rm" "-f" "77be98be45c26b3f277a4d42cbb789499a59f0144d4a874385882e3fe61f812e", kill_on_drop: false }`
[INFO] [stdout] 77be98be45c26b3f277a4d42cbb789499a59f0144d4a874385882e3fe61f812e
[INFO] running `Command { std: "docker" "create" "-v" "/var/lib/crater-agent-workspace/builds/worker-6-tc1/target:/opt/rustwide/target:rw,Z" "-v" "/var/lib/crater-agent-workspace/builds/worker-6-tc1/source:/opt/rustwide/workdir:ro,Z" "-v" "/var/lib/crater-agent-workspace/cargo-home:/opt/rustwide/cargo-home:ro,Z" "-v" "/var/lib/crater-agent-workspace/rustup-home:/opt/rustwide/rustup-home:ro,Z" "-e" "SOURCE_DIR=/opt/rustwide/workdir" "-e" "CARGO_TARGET_DIR=/opt/rustwide/target" "-e" "CARGO_INCREMENTAL=0" "-e" "RUST_BACKTRACE=full" "-e" "RUSTFLAGS=--cap-lints=forbid" "-e" "RUSTDOCFLAGS=--cap-lints=forbid" "-e" "CARGO_HOME=/opt/rustwide/cargo-home" "-e" "RUSTUP_HOME=/opt/rustwide/rustup-home" "-w" "/opt/rustwide/workdir" "-m" "1610612736" "--user" "0:0" "--network" "none" "ghcr.io/rust-lang/crates-build-env/linux@sha256:2788e3201cd34a07e3172128adcd8b3090168a8e3bcc40d7c032b9dda1df7d1c" "/opt/rustwide/cargo-home/bin/cargo" "+nightly-2024-02-05" "check" "--frozen" "--all" "--all-targets" "--message-format=json", kill_on_drop: false }`
[INFO] [stdout] a2512667d255c607f129603060377387a8c8696533aab0122b4d6b17fabfd3a0
[INFO] running `Command { std: "docker" "start" "-a" "a2512667d255c607f129603060377387a8c8696533aab0122b4d6b17fabfd3a0", kill_on_drop: false }`
[INFO] [stderr]    Compiling proc-macro2 v1.0.19
[INFO] [stderr]    Compiling libc v0.2.77
[INFO] [stderr]    Compiling syn v1.0.39
[INFO] [stderr]    Compiling unicode-xid v0.2.1
[INFO] [stderr]    Compiling version_check v0.9.2
[INFO] [stderr]    Compiling autocfg v1.0.1
[INFO] [stderr]     Checking cfg-if v0.1.10
[INFO] [stderr]    Compiling serde_derive v1.0.115
[INFO] [stderr]    Compiling serde v1.0.115
[INFO] [stderr]    Compiling memchr v2.3.3
[INFO] [stderr]    Compiling log v0.4.11
[INFO] [stderr]     Checking once_cell v1.4.1
[INFO] [stderr]    Compiling bitflags v1.2.1
[INFO] [stderr]    Compiling ryu v1.0.5
[INFO] [stderr]     Checking slab v0.4.2
[INFO] [stderr]    Compiling proc-macro-hack v0.5.18
[INFO] [stderr]     Checking rand_core v0.4.2
[INFO] [stderr]     Checking futures-core v0.3.5
[INFO] [stderr]    Compiling autocfg v0.1.7
[INFO] [stderr]    Compiling adler v0.2.3
[INFO] [stderr]    Compiling serde_json v1.0.57
[INFO] [stderr]    Compiling gimli v0.22.0
[INFO] [stderr]    Compiling pin-project-internal v0.4.23
[INFO] [stderr]    Compiling unicase v2.6.0
[INFO] [stderr]    Compiling error-chain v0.12.4
[INFO] [stderr]    Compiling standback v0.2.10
[INFO] [stderr]     Checking futures-sink v0.3.5
[INFO] [stderr]    Compiling object v0.20.0
[INFO] [stderr]    Compiling miniz_oxide v0.4.2
[INFO] [stderr]    Compiling cc v1.0.59
[INFO] [stderr]    Compiling rustc-demangle v0.1.16
[INFO] [stderr]    Compiling proc-macro-nested v0.1.6
[INFO] [stderr]     Checking bytes v0.5.6
[INFO] [stdout] error[E0422]: cannot find struct, variant or union type `LineColumn` in crate `proc_macro`
[INFO] [stdout]    --> /opt/rustwide/cargo-home/registry/src/index.crates.io-6f17d22bba15001f/proc-macro2-1.0.19/src/wrapper.rs:451:33
[INFO] [stdout]     |
[INFO] [stdout] 451 |                 let proc_macro::LineColumn { line, column } = s.start();
[INFO] [stdout]     |                                 ^^^^^^^^^^ not found in `proc_macro`
[INFO] [stdout]     |
[INFO] [stdout] help: consider importing one of these items
[INFO] [stdout]     |
[INFO] [stdout] 1   + use crate::LineColumn;
[INFO] [stdout]     |
[INFO] [stdout] 1   + use crate::fallback::LineColumn;
[INFO] [stdout]     |
[INFO] [stdout] help: if you import `LineColumn`, refer to it directly
[INFO] [stdout]     |
[INFO] [stdout] 451 -                 let proc_macro::LineColumn { line, column } = s.start();
[INFO] [stdout] 451 +                 let LineColumn { line, column } = s.start();
[INFO] [stdout]     |
[INFO] [stdout] 
[INFO] [stdout] 
[INFO] [stdout] error[E0422]: cannot find struct, variant or union type `LineColumn` in crate `proc_macro`
[INFO] [stdout]    --> /opt/rustwide/cargo-home/registry/src/index.crates.io-6f17d22bba15001f/proc-macro2-1.0.19/src/wrapper.rs:468:33
[INFO] [stdout]     |
[INFO] [stdout] 468 |                 let proc_macro::LineColumn { line, column } = s.end();
[INFO] [stdout]     |                                 ^^^^^^^^^^ not found in `proc_macro`
[INFO] [stdout]     |
[INFO] [stdout] help: consider importing one of these items
[INFO] [stdout]     |
[INFO] [stdout] 1   + use crate::LineColumn;
[INFO] [stdout]     |
[INFO] [stdout] 1   + use crate::fallback::LineColumn;
[INFO] [stdout]     |
[INFO] [stdout] help: if you import `LineColumn`, refer to it directly
[INFO] [stdout]     |
[INFO] [stdout] 468 -                 let proc_macro::LineColumn { line, column } = s.end();
[INFO] [stdout] 468 +                 let LineColumn { line, column } = s.end();
[INFO] [stdout]     |
[INFO] [stdout] 
[INFO] [stdout] 
[INFO] [stderr]    Compiling pulldown-cmark v0.2.0
[INFO] [stdout] error: aborting due to 2 previous errors
[INFO] [stdout] 
[INFO] [stdout] 
[INFO] [stdout] For more information about this error, try `rustc --explain E0422`.
[INFO] [stdout] 
[INFO] [stderr]     Checking arc-swap v0.4.7
[INFO] [stderr]    Compiling itoa v0.4.6
[INFO] [stderr] error: could not compile `proc-macro2` (lib) due to 3 previous errors
[INFO] [stderr] warning: build failed, waiting for other jobs to finish...
[INFO] running `Command { std: "docker" "inspect" "a2512667d255c607f129603060377387a8c8696533aab0122b4d6b17fabfd3a0", kill_on_drop: false }`
[INFO] running `Command { std: "docker" "rm" "-f" "a2512667d255c607f129603060377387a8c8696533aab0122b4d6b17fabfd3a0", kill_on_drop: false }`
[INFO] [stdout] a2512667d255c607f129603060377387a8c8696533aab0122b4d6b17fabfd3a0
[INFO] checking csgo-gsi-0.3.0 against nightly-2024-02-05+rustflags=-Dunexpected_cfgs+cargoflags=-Zcheck-cfg for check-cfg
[INFO] extracting crate csgo-gsi 0.3.0 into /workspace/builds/worker-6-tc2/source
[INFO] validating manifest of crates.io crate csgo-gsi 0.3.0 on toolchain nightly-2024-02-05
[INFO] running `Command { std: CARGO_HOME="/workspace/cargo-home" RUSTUP_HOME="/workspace/rustup-home" "/workspace/cargo-home/bin/cargo" "+nightly-2024-02-05" "metadata" "--manifest-path" "Cargo.toml" "--no-deps", kill_on_drop: false }`
[INFO] started tweaking crates.io crate csgo-gsi 0.3.0
[INFO] removed 0 missing examples
[INFO] finished tweaking crates.io crate csgo-gsi 0.3.0
[INFO] tweaked toml for crates.io crate csgo-gsi 0.3.0 written to /workspace/builds/worker-6-tc2/source/Cargo.toml
[INFO] crate crates.io crate csgo-gsi 0.3.0 already has a lockfile, it will not be regenerated
[INFO] running `Command { std: CARGO_HOME="/workspace/cargo-home" RUSTUP_HOME="/workspace/rustup-home" "/workspace/cargo-home/bin/cargo" "+nightly-2024-02-05" "fetch" "--manifest-path" "Cargo.toml", kill_on_drop: false }`
[INFO] running `Command { std: "docker" "create" "-v" "/var/lib/crater-agent-workspace/builds/worker-6-tc2/target:/opt/rustwide/target:rw,Z" "-v" "/var/lib/crater-agent-workspace/builds/worker-6-tc2/source:/opt/rustwide/workdir:ro,Z" "-v" "/var/lib/crater-agent-workspace/cargo-home:/opt/rustwide/cargo-home:ro,Z" "-v" "/var/lib/crater-agent-workspace/rustup-home:/opt/rustwide/rustup-home:ro,Z" "-e" "SOURCE_DIR=/opt/rustwide/workdir" "-e" "CARGO_TARGET_DIR=/opt/rustwide/target" "-e" "CARGO_HOME=/opt/rustwide/cargo-home" "-e" "RUSTUP_HOME=/opt/rustwide/rustup-home" "-w" "/opt/rustwide/workdir" "-m" "1610612736" "--user" "0:0" "--network" "none" "ghcr.io/rust-lang/crates-build-env/linux@sha256:2788e3201cd34a07e3172128adcd8b3090168a8e3bcc40d7c032b9dda1df7d1c" "/opt/rustwide/cargo-home/bin/cargo" "+nightly-2024-02-05" "metadata" "--no-deps" "--format-version=1", kill_on_drop: false }`
[INFO] [stdout] a892cb58463c79ada5b220fc3598aa566e00de1c33ad0eaf7044f1f123e6fe1b
[INFO] running `Command { std: "docker" "start" "-a" "a892cb58463c79ada5b220fc3598aa566e00de1c33ad0eaf7044f1f123e6fe1b", kill_on_drop: false }`
[INFO] running `Command { std: "docker" "inspect" "a892cb58463c79ada5b220fc3598aa566e00de1c33ad0eaf7044f1f123e6fe1b", kill_on_drop: false }`
[INFO] running `Command { std: "docker" "rm" "-f" "a892cb58463c79ada5b220fc3598aa566e00de1c33ad0eaf7044f1f123e6fe1b", kill_on_drop: false }`
[INFO] [stdout] a892cb58463c79ada5b220fc3598aa566e00de1c33ad0eaf7044f1f123e6fe1b
[INFO] running `Command { std: "docker" "create" "-v" "/var/lib/crater-agent-workspace/builds/worker-6-tc2/target:/opt/rustwide/target:rw,Z" "-v" "/var/lib/crater-agent-workspace/builds/worker-6-tc2/source:/opt/rustwide/workdir:ro,Z" "-v" "/var/lib/crater-agent-workspace/cargo-home:/opt/rustwide/cargo-home:ro,Z" "-v" "/var/lib/crater-agent-workspace/rustup-home:/opt/rustwide/rustup-home:ro,Z" "-e" "SOURCE_DIR=/opt/rustwide/workdir" "-e" "CARGO_TARGET_DIR=/opt/rustwide/target" "-e" "CARGO_INCREMENTAL=0" "-e" "RUST_BACKTRACE=full" "-e" "RUSTFLAGS=--cap-lints=forbid -Dunexpected_cfgs" "-e" "RUSTDOCFLAGS=--cap-lints=forbid" "-e" "CARGO_HOME=/opt/rustwide/cargo-home" "-e" "RUSTUP_HOME=/opt/rustwide/rustup-home" "-w" "/opt/rustwide/workdir" "-m" "1610612736" "--user" "0:0" "--network" "none" "ghcr.io/rust-lang/crates-build-env/linux@sha256:2788e3201cd34a07e3172128adcd8b3090168a8e3bcc40d7c032b9dda1df7d1c" "/opt/rustwide/cargo-home/bin/cargo" "+nightly-2024-02-05" "check" "--frozen" "--all" "--all-targets" "--message-format=json" "-Zcheck-cfg", kill_on_drop: false }`
[INFO] [stdout] 932f94fe37b2a2ad6f47b9994293fcadef1e2e13352786628e338ca349ffaf6b
[INFO] running `Command { std: "docker" "start" "-a" "932f94fe37b2a2ad6f47b9994293fcadef1e2e13352786628e338ca349ffaf6b", kill_on_drop: false }`
[INFO] [stderr]    Compiling proc-macro2 v1.0.19
[INFO] [stderr]    Compiling libc v0.2.77
[INFO] [stderr]    Compiling unicode-xid v0.2.1
[INFO] [stderr]    Compiling syn v1.0.39
[INFO] [stderr]    Compiling version_check v0.9.2
[INFO] [stderr]    Compiling autocfg v1.0.1
[INFO] [stderr]     Checking cfg-if v0.1.10
[INFO] [stderr]    Compiling serde_derive v1.0.115
[INFO] [stderr]    Compiling serde v1.0.115
[INFO] [stderr]    Compiling memchr v2.3.3
[INFO] [stderr]    Compiling log v0.4.11
[INFO] [stderr]     Checking once_cell v1.4.1
[INFO] [stderr]    Compiling bitflags v1.2.1
[INFO] [stderr]    Compiling proc-macro-hack v0.5.18
[INFO] [stderr]    Compiling ryu v1.0.5
[INFO] [stderr]     Checking slab v0.4.2
[INFO] [stderr]     Checking futures-core v0.3.5
[INFO] [stderr]     Checking rand_core v0.4.2
[INFO] [stderr]    Compiling autocfg v0.1.7
[INFO] [stderr]    Compiling pin-project-internal v0.4.23
[INFO] [stderr]    Compiling gimli v0.22.0
[INFO] [stderr]    Compiling adler v0.2.3
[INFO] [stderr]    Compiling unicase v2.6.0
[INFO] [stderr]    Compiling serde_json v1.0.57
[INFO] [stderr]    Compiling error-chain v0.12.4
[INFO] [stderr]    Compiling standback v0.2.10
[INFO] [stderr]    Compiling cc v1.0.59
[INFO] [stderr]    Compiling miniz_oxide v0.4.2
[INFO] [stderr]     Checking futures-sink v0.3.5
[INFO] [stderr]     Checking bytes v0.5.6
[INFO] [stderr]    Compiling proc-macro-nested v0.1.6
[INFO] [stderr]    Compiling object v0.20.0
[INFO] [stdout] error[E0422]: cannot find struct, variant or union type `LineColumn` in crate `proc_macro`
[INFO] [stdout]    --> /opt/rustwide/cargo-home/registry/src/index.crates.io-6f17d22bba15001f/proc-macro2-1.0.19/src/wrapper.rs:451:33
[INFO] [stdout]     |
[INFO] [stdout] 451 |                 let proc_macro::LineColumn { line, column } = s.start();
[INFO] [stdout]     |                                 ^^^^^^^^^^ not found in `proc_macro`
[INFO] [stdout]     |
[INFO] [stdout] help: consider importing one of these items
[INFO] [stdout]     |
[INFO] [stdout] 1   + use crate::LineColumn;
[INFO] [stdout]     |
[INFO] [stdout] 1   + use crate::fallback::LineColumn;
[INFO] [stdout]     |
[INFO] [stdout] help: if you import `LineColumn`, refer to it directly
[INFO] [stdout]     |
[INFO] [stdout] 451 -                 let proc_macro::LineColumn { line, column } = s.start();
[INFO] [stdout] 451 +                 let LineColumn { line, column } = s.start();
[INFO] [stdout]     |
[INFO] [stdout] 
[INFO] [stdout] 
[INFO] [stdout] error[E0422]: cannot find struct, variant or union type `LineColumn` in crate `proc_macro`
[INFO] [stdout]    --> /opt/rustwide/cargo-home/registry/src/index.crates.io-6f17d22bba15001f/proc-macro2-1.0.19/src/wrapper.rs:468:33
[INFO] [stdout]     |
[INFO] [stdout] 468 |                 let proc_macro::LineColumn { line, column } = s.end();
[INFO] [stdout]     |                                 ^^^^^^^^^^ not found in `proc_macro`
[INFO] [stdout]     |
[INFO] [stdout] help: consider importing one of these items
[INFO] [stdout]     |
[INFO] [stdout] 1   + use crate::LineColumn;
[INFO] [stdout]     |
[INFO] [stdout] 1   + use crate::fallback::LineColumn;
[INFO] [stdout]     |
[INFO] [stdout] help: if you import `LineColumn`, refer to it directly
[INFO] [stdout]     |
[INFO] [stdout] 468 -                 let proc_macro::LineColumn { line, column } = s.end();
[INFO] [stdout] 468 +                 let LineColumn { line, column } = s.end();
[INFO] [stdout]     |
[INFO] [stdout] 
[INFO] [stdout] 
[INFO] [stderr]    Compiling rustc-demangle v0.1.16
[INFO] [stderr]    Compiling getrandom v0.1.15
[INFO] [stdout] error: aborting due to 2 previous errors
[INFO] [stdout] 
[INFO] [stdout] 
[INFO] [stdout] For more information about this error, try `rustc --explain E0422`.
[INFO] [stdout] 
[INFO] [stderr] error: could not compile `proc-macro2` (lib) due to 3 previous errors
[INFO] [stderr] warning: build failed, waiting for other jobs to finish...
[INFO] running `Command { std: "docker" "inspect" "932f94fe37b2a2ad6f47b9994293fcadef1e2e13352786628e338ca349ffaf6b", kill_on_drop: false }`
[INFO] running `Command { std: "docker" "rm" "-f" "932f94fe37b2a2ad6f47b9994293fcadef1e2e13352786628e338ca349ffaf6b", kill_on_drop: false }`
[INFO] [stdout] 932f94fe37b2a2ad6f47b9994293fcadef1e2e13352786628e338ca349ffaf6b
