[INFO] fetching crate crystal-engine 0.4.0...
[INFO] checking crystal-engine-0.4.0 against nightly-2024-02-05 for check-cfg
[INFO] extracting crate crystal-engine 0.4.0 into /workspace/builds/worker-1-tc1/source
[INFO] validating manifest of crates.io crate crystal-engine 0.4.0 on toolchain nightly-2024-02-05
[INFO] running `Command { std: CARGO_HOME="/workspace/cargo-home" RUSTUP_HOME="/workspace/rustup-home" "/workspace/cargo-home/bin/cargo" "+nightly-2024-02-05" "metadata" "--manifest-path" "Cargo.toml" "--no-deps", kill_on_drop: false }`
[INFO] started tweaking crates.io crate crystal-engine 0.4.0
[INFO] finished tweaking crates.io crate crystal-engine 0.4.0
[INFO] tweaked toml for crates.io crate crystal-engine 0.4.0 written to /workspace/builds/worker-1-tc1/source/Cargo.toml
[INFO] running `Command { std: CARGO_HOME="/workspace/cargo-home" RUSTUP_HOME="/workspace/rustup-home" "/workspace/cargo-home/bin/cargo" "+nightly-2024-02-05" "generate-lockfile" "--manifest-path" "Cargo.toml", kill_on_drop: false }`
[INFO] [stderr]     Updating crates.io index
[INFO] running `Command { std: CARGO_HOME="/workspace/cargo-home" RUSTUP_HOME="/workspace/rustup-home" "/workspace/cargo-home/bin/cargo" "+nightly-2024-02-05" "fetch" "--manifest-path" "Cargo.toml", kill_on_drop: false }`
[INFO] [stderr]  Downloading crates ...
[INFO] [stderr]   Downloaded wayland-sys v0.23.6
[INFO] [stderr]   Downloaded string-interner v0.7.1
[INFO] [stderr]   Downloaded ndk-glue v0.1.0
[INFO] [stderr]   Downloaded vulkano-win v0.19.0
[INFO] [stderr]   Downloaded obj v0.10.2
[INFO] [stderr]   Downloaded calloop v0.4.4
[INFO] [stderr]   Downloaded vk-sys v0.5.3
[INFO] [stderr]   Downloaded array-init v0.1.1
[INFO] [stderr]   Downloaded ndk v0.1.0
[INFO] [stderr]   Downloaded wayland-scanner v0.23.6
[INFO] [stderr]   Downloaded indextree v4.6.0
[INFO] [stderr]   Downloaded metal v0.18.0
[INFO] [stderr]   Downloaded smithay-client-toolkit v0.6.6
[INFO] [stderr]   Downloaded ndk-sys v0.1.0
[INFO] [stderr]   Downloaded wayland-protocols v0.23.6
[INFO] [stderr]   Downloaded vulkano v0.19.0
[INFO] [stderr]   Downloaded winit v0.22.2
[INFO] [stderr]   Downloaded shaderc-sys v0.6.3
[INFO] [stderr]   Downloaded fbxcel-dom v0.0.5
[INFO] [stderr]   Downloaded fbxcel v0.6.0
[INFO] [stderr]   Downloaded vulkano-shaders v0.19.0
[INFO] [stderr]   Downloaded cocoa v0.20.2
[INFO] [stderr]   Downloaded wayland-client v0.23.6
[INFO] [stderr]   Downloaded cgmath v0.17.0
[INFO] [stderr]   Downloaded wayland-commons v0.23.6
[INFO] [stderr]   Downloaded shaderc v0.6.3
[INFO] running `Command { std: "docker" "create" "-v" "/var/lib/crater-agent-workspace/builds/worker-1-tc1/target:/opt/rustwide/target:rw,Z" "-v" "/var/lib/crater-agent-workspace/builds/worker-1-tc1/source:/opt/rustwide/workdir:ro,Z" "-v" "/var/lib/crater-agent-workspace/cargo-home:/opt/rustwide/cargo-home:ro,Z" "-v" "/var/lib/crater-agent-workspace/rustup-home:/opt/rustwide/rustup-home:ro,Z" "-e" "SOURCE_DIR=/opt/rustwide/workdir" "-e" "CARGO_TARGET_DIR=/opt/rustwide/target" "-e" "CARGO_HOME=/opt/rustwide/cargo-home" "-e" "RUSTUP_HOME=/opt/rustwide/rustup-home" "-w" "/opt/rustwide/workdir" "-m" "1610612736" "--user" "0:0" "--network" "none" "ghcr.io/rust-lang/crates-build-env/linux@sha256:2788e3201cd34a07e3172128adcd8b3090168a8e3bcc40d7c032b9dda1df7d1c" "/opt/rustwide/cargo-home/bin/cargo" "+nightly-2024-02-05" "metadata" "--no-deps" "--format-version=1", kill_on_drop: false }`
[INFO] [stdout] 6fb7830b2c479ba3b80696a06a8de2acb7bbfefaa0f0dc65a441e8d986bad9ce
[INFO] running `Command { std: "docker" "start" "-a" "6fb7830b2c479ba3b80696a06a8de2acb7bbfefaa0f0dc65a441e8d986bad9ce", kill_on_drop: false }`
[INFO] running `Command { std: "docker" "inspect" "6fb7830b2c479ba3b80696a06a8de2acb7bbfefaa0f0dc65a441e8d986bad9ce", kill_on_drop: false }`
[INFO] running `Command { std: "docker" "rm" "-f" "6fb7830b2c479ba3b80696a06a8de2acb7bbfefaa0f0dc65a441e8d986bad9ce", kill_on_drop: false }`
[INFO] [stdout] 6fb7830b2c479ba3b80696a06a8de2acb7bbfefaa0f0dc65a441e8d986bad9ce
[INFO] running `Command { std: "docker" "create" "-v" "/var/lib/crater-agent-workspace/builds/worker-1-tc1/target:/opt/rustwide/target:rw,Z" "-v" "/var/lib/crater-agent-workspace/builds/worker-1-tc1/source:/opt/rustwide/workdir:ro,Z" "-v" "/var/lib/crater-agent-workspace/cargo-home:/opt/rustwide/cargo-home:ro,Z" "-v" "/var/lib/crater-agent-workspace/rustup-home:/opt/rustwide/rustup-home:ro,Z" "-e" "SOURCE_DIR=/opt/rustwide/workdir" "-e" "CARGO_TARGET_DIR=/opt/rustwide/target" "-e" "CARGO_INCREMENTAL=0" "-e" "RUST_BACKTRACE=full" "-e" "RUSTFLAGS=--cap-lints=forbid" "-e" "RUSTDOCFLAGS=--cap-lints=forbid" "-e" "CARGO_HOME=/opt/rustwide/cargo-home" "-e" "RUSTUP_HOME=/opt/rustwide/rustup-home" "-w" "/opt/rustwide/workdir" "-m" "1610612736" "--user" "0:0" "--network" "none" "ghcr.io/rust-lang/crates-build-env/linux@sha256:2788e3201cd34a07e3172128adcd8b3090168a8e3bcc40d7c032b9dda1df7d1c" "/opt/rustwide/cargo-home/bin/cargo" "+nightly-2024-02-05" "check" "--frozen" "--all" "--all-targets" "--message-format=json", kill_on_drop: false }`
[INFO] [stdout] 4cc67b5a39c5f476903b380fa7091ecdd2db1af12f1546319d1d93f310bd101e
[INFO] running `Command { std: "docker" "start" "-a" "4cc67b5a39c5f476903b380fa7091ecdd2db1af12f1546319d1d93f310bd101e", kill_on_drop: false }`
[INFO] [stderr]    Compiling proc-macro2 v0.4.30
[INFO] [stderr]    Compiling unicode-xid v0.1.0
[INFO] [stderr]    Compiling autocfg v0.1.8
[INFO] [stderr]    Compiling slab v0.4.9
[INFO] [stderr]    Compiling xml-rs v0.8.19
[INFO] [stderr]    Compiling crossbeam-utils v0.7.2
[INFO] [stderr]    Compiling nix v0.14.1
[INFO] [stderr]    Compiling maybe-uninit v2.0.0
[INFO] [stderr]     Checking libloading v0.6.7
[INFO] [stderr]     Checking void v1.0.2
[INFO] [stderr]    Compiling memoffset v0.5.6
[INFO] [stderr]     Checking iovec v0.1.4
[INFO] [stderr]     Checking net2 v0.2.39
[INFO] [stderr]     Checking approx v0.3.2
[INFO] [stderr]     Checking adler32 v1.2.0
[INFO] [stderr]     Checking lazycell v1.3.0
[INFO] [stderr]    Compiling crc32fast v1.3.2
[INFO] [stderr]    Compiling cc v1.0.83
[INFO] [stderr]     Checking ordered-float v1.1.1
[INFO] [stderr]     Checking stb_truetype v0.3.1
[INFO] [stderr]     Checking rand_core v0.3.1
[INFO] [stderr]    Compiling crossbeam-epoch v0.8.2
[INFO] [stderr]     Checking dlib v0.4.2
[INFO] [stderr]    Compiling num-integer v0.1.45
[INFO] [stderr]     Checking downcast-rs v1.2.0
[INFO] [stderr]     Checking wayland-sys v0.23.6
[INFO] [stderr]     Checking mint v0.5.9
[INFO] [stderr]    Compiling x11-dl v2.21.0
[INFO] [stderr]    Compiling rand_pcg v0.1.2
[INFO] [stderr]    Compiling rand_chacha v0.1.1
[INFO] [stderr]     Checking line_drawing v0.7.0
[INFO] [stderr]     Checking rusttype v0.8.3
[INFO] [stderr]    Compiling miniz_oxide v0.4.4
[INFO] [stderr]    Compiling cgmath v0.16.1
[INFO] [stderr]     Checking xdg v2.5.2
[INFO] [stderr]     Checking raw-window-handle v0.4.3
[INFO] [stderr]     Checking mio v0.6.23
[INFO] [stderr]     Checking parking_lot_core v0.7.3
[INFO] [stderr]    Compiling rand v0.6.5
[INFO] [stderr]     Checking num-traits v0.1.43
[INFO] [stderr]     Checking memmap v0.7.0
[INFO] [stderr]     Checking lock_api v0.3.4
[INFO] [stderr]    Compiling num-rational v0.3.2
[INFO] [stderr]     Checking rusttype v0.7.9
[INFO] [stderr]    Compiling cmake v0.1.50
[INFO] [stderr]    Compiling num-iter v0.1.43
[INFO] [stderr]     Checking approx v0.1.1
[INFO] [stderr]    Compiling syn v1.0.109
[INFO] [stderr]     Checking weezl v0.1.8
[INFO] [stderr]     Checking take_mut v0.2.2
[INFO] [stderr]    Compiling vulkano v0.19.0
[INFO] [stderr]     Checking crossbeam-channel v0.4.4
[INFO] [stderr]     Checking crossbeam-queue v0.2.3
[INFO] [stderr]    Compiling quote v0.6.13
[INFO] [stderr]     Checking rle-decode-fast v1.0.3
[INFO] [stderr]     Checking andrew v0.2.1
[INFO] [stderr]     Checking libflate v0.1.27
[INFO] [stderr]    Compiling wayland-scanner v0.23.6
[INFO] [stderr]     Checking mio-extras v2.0.6
[INFO] [stderr]     Checking crossbeam-deque v0.7.4
[INFO] [stderr]     Checking parking_lot v0.10.2
[INFO] [stderr]     Checking raw-window-handle v0.3.4
[INFO] [stderr]     Checking jpeg-decoder v0.1.22
[INFO] [stderr]     Checking rand_hc v0.1.0
[INFO] [stderr]     Checking rand_isaac v0.1.1
[INFO] [stderr]     Checking rand_xorshift v0.1.1
[INFO] [stderr]     Checking crossbeam v0.7.3
[INFO] [stderr]     Checking miniz_oxide v0.3.7
[INFO] [stderr]     Checking deflate v0.8.6
[INFO] [stderr]     Checking rand_os v0.1.3
[INFO] [stderr]     Checking shared_library v0.1.9
[INFO] [stderr]     Checking rand_jitter v0.1.4
[INFO] [stderr]     Checking instant v0.1.12
[INFO] [stderr]     Checking ttf-parser v0.15.2
[INFO] [stderr]     Checking string-interner v0.7.1
[INFO] [stderr]     Checking indextree v4.6.0
[INFO] [stderr]     Checking vk-sys v0.5.3
[INFO] [stderr]     Checking color_quant v1.1.0
[INFO] [stderr]    Compiling cgmath v0.17.0
[INFO] [stderr]     Checking gif v0.11.4
[INFO] [stderr]    Compiling shaderc-sys v0.6.3
[INFO] [stderr]     Checking fbxcel v0.6.0
[INFO] [stderr]     Checking tiff v0.6.1
[INFO] [stderr]     Checking png v0.16.8
[INFO] [stderr]     Checking scoped_threadpool v0.1.9
[INFO] [stderr]     Checking ab_glyph_rasterizer v0.1.8
[INFO] [stderr]     Checking array-init v0.1.1
[INFO] [stderr] The following warnings were emitted during compilation:
[INFO] [stderr] 
[INFO] [stderr] warning: shaderc-sys@0.6.3: Checking for system installed libraries.  Use --features = build-from-source to disable this behavior
[INFO] [stderr] warning: shaderc-sys@0.6.3: System installed library not found.  Falling back to build from source
[INFO] [stderr] 
[INFO] [stderr] error: failed to run custom build command for `shaderc-sys v0.6.3`
[INFO] [stderr] note: To improve backtraces for build dependencies, set the CARGO_PROFILE_DEV_BUILD_OVERRIDE_DEBUG=true environment variable to enable debug information generation.
[INFO] [stderr] 
[INFO] [stderr] Caused by:
[INFO] [stderr]   process didn't exit successfully: `/opt/rustwide/target/debug/build/shaderc-sys-7fe83a9977dedfa3/build-script-build` (exit status: 101)
[INFO] [stderr]   --- stdout
[INFO] [stderr]   cargo:warning=Checking for system installed libraries.  Use --features = build-from-source to disable this behavior
[INFO] [stderr]   cargo:warning=System installed library not found.  Falling back to build from source
[INFO] [stderr] 
[INFO] [stderr]   --- stderr
[INFO] [stderr]   thread 'main' panicked at /opt/rustwide/cargo-home/registry/src/index.crates.io-6f17d22bba15001f/shaderc-sys-0.6.3/build/cmd_finder.rs:50:13:
[INFO] [stderr] 
[INFO] [stderr] 
[INFO] [stderr]   couldn't find required command: "python"
[INFO] [stderr] 
[INFO] [stderr] 
[INFO] [stderr]   stack backtrace:
[INFO] [stderr]      0:     0x55dc11d98ac6 - std::backtrace_rs::backtrace::libunwind::trace::heebc7766b165eb2a
[INFO] [stderr]                                  at /rustc/268dbbbc4b3fd71c5f360a4d0728295252430b5b/library/std/src/../../backtrace/src/backtrace/libunwind.rs:104:5
[INFO] [stderr]      1:     0x55dc11d98ac6 - std::backtrace_rs::backtrace::trace_unsynchronized::ha677020d8fc0296d
[INFO] [stderr]                                  at /rustc/268dbbbc4b3fd71c5f360a4d0728295252430b5b/library/std/src/../../backtrace/src/backtrace/mod.rs:66:5
[INFO] [stderr]      2:     0x55dc11d98ac6 - std::sys_common::backtrace::_print_fmt::hcaff2fd86a1aeaa3
[INFO] [stderr]                                  at /rustc/268dbbbc4b3fd71c5f360a4d0728295252430b5b/library/std/src/sys_common/backtrace.rs:68:5
[INFO] [stderr]      3:     0x55dc11d98ac6 - <std::sys_common::backtrace::_print::DisplayBacktrace as core::fmt::Display>::fmt::hc2446d8aa0059188
[INFO] [stderr]                                  at /rustc/268dbbbc4b3fd71c5f360a4d0728295252430b5b/library/std/src/sys_common/backtrace.rs:44:22
[INFO] [stderr]      4:     0x55dc11dbe110 - core::fmt::rt::Argument::fmt::h2fbb6454da37999b
[INFO] [stderr]                                  at /rustc/268dbbbc4b3fd71c5f360a4d0728295252430b5b/library/core/src/fmt/rt.rs:142:9
[INFO] [stderr]      5:     0x55dc11dbe110 - core::fmt::write::had96bdeda7d49d3a
[INFO] [stderr]                                  at /rustc/268dbbbc4b3fd71c5f360a4d0728295252430b5b/library/core/src/fmt/mod.rs:1120:17
[INFO] [stderr]      6:     0x55dc11d95cbf - std::io::Write::write_fmt::h30b1f36eea05b391
[INFO] [stderr]                                  at /rustc/268dbbbc4b3fd71c5f360a4d0728295252430b5b/library/std/src/io/mod.rs:1849:15
[INFO] [stderr]      7:     0x55dc11d988a4 - std::sys_common::backtrace::_print::hc333bb91ae972137
[INFO] [stderr]                                  at /rustc/268dbbbc4b3fd71c5f360a4d0728295252430b5b/library/std/src/sys_common/backtrace.rs:47:5
[INFO] [stderr]      8:     0x55dc11d988a4 - std::sys_common::backtrace::print::h18fd3c71a95a3169
[INFO] [stderr]                                  at /rustc/268dbbbc4b3fd71c5f360a4d0728295252430b5b/library/std/src/sys_common/backtrace.rs:34:9
[INFO] [stderr]      9:     0x55dc11d9a187 - std::panicking::default_hook::{{closure}}::ha3473f9bcb4e9a37
[INFO] [stderr]     10:     0x55dc11d99ee9 - std::panicking::default_hook::h23d9d43185db6584
[INFO] [stderr]                                  at /rustc/268dbbbc4b3fd71c5f360a4d0728295252430b5b/library/std/src/panicking.rs:292:9
[INFO] [stderr]     11:     0x55dc11d9a618 - std::panicking::rust_panic_with_hook::h94aceaa7df3a6edd
[INFO] [stderr]                                  at /rustc/268dbbbc4b3fd71c5f360a4d0728295252430b5b/library/std/src/panicking.rs:781:13
[INFO] [stderr]     12:     0x55dc11d9a4f2 - std::panicking::begin_panic_handler::{{closure}}::h9905d45d1d82fc42
[INFO] [stderr]                                  at /rustc/268dbbbc4b3fd71c5f360a4d0728295252430b5b/library/std/src/panicking.rs:659:13
[INFO] [stderr]     13:     0x55dc11d98fc6 - std::sys_common::backtrace::__rust_end_short_backtrace::hb02085545dc143b9
[INFO] [stderr]                                  at /rustc/268dbbbc4b3fd71c5f360a4d0728295252430b5b/library/std/src/sys_common/backtrace.rs:171:18
[INFO] [stderr]     14:     0x55dc11d9a244 - rust_begin_unwind
[INFO] [stderr]                                  at /rustc/268dbbbc4b3fd71c5f360a4d0728295252430b5b/library/std/src/panicking.rs:647:5
[INFO] [stderr]     15:     0x55dc11d0f635 - core::panicking::panic_fmt::h6dca3983f8a9f4d0
[INFO] [stderr]                                  at /rustc/268dbbbc4b3fd71c5f360a4d0728295252430b5b/library/core/src/panicking.rs:72:14
[INFO] [stderr]     16:     0x55dc11d148e6 - build_script_build::cmd_finder::CommandFinder::must_have::{{closure}}::h809d13f46faa57ba
[INFO] [stderr]     17:     0x55dc11d1197f - core::option::Option<T>::unwrap_or_else::h3d87327fb54d8d63
[INFO] [stderr]     18:     0x55dc11d14848 - build_script_build::cmd_finder::CommandFinder::must_have::h670f6585128dca57
[INFO] [stderr]     19:     0x55dc11d188fd - build_script_build::main::h68a44cbbdcede8f3
[INFO] [stderr]     20:     0x55dc11d11033 - core::ops::function::FnOnce::call_once::h28792d998325cd92
[INFO] [stderr]     21:     0x55dc11d10096 - std::sys_common::backtrace::__rust_begin_short_backtrace::h463b1d55b9ca3694
[INFO] [stderr]     22:     0x55dc11d107d9 - std::rt::lang_start::{{closure}}::h6d7a82e39bf4c1e2
[INFO] [stderr]     23:     0x55dc11d91871 - core::ops::function::impls::<impl core::ops::function::FnOnce<A> for &F>::call_once::h298d8ff12ebcec8c
[INFO] [stderr]                                  at /rustc/268dbbbc4b3fd71c5f360a4d0728295252430b5b/library/core/src/ops/function.rs:284:13
[INFO] [stderr]     24:     0x55dc11d91871 - std::panicking::try::do_call::hbd0ffb05da5bd343
[INFO] [stderr]                                  at /rustc/268dbbbc4b3fd71c5f360a4d0728295252430b5b/library/std/src/panicking.rs:554:40
[INFO] [stderr]     25:     0x55dc11d91871 - std::panicking::try::h11c9a152defd5d2a
[INFO] [stderr]                                  at /rustc/268dbbbc4b3fd71c5f360a4d0728295252430b5b/library/std/src/panicking.rs:518:19
[INFO] [stderr]     26:     0x55dc11d91871 - std::panic::catch_unwind::h0d6db2fa902b4d64
[INFO] [stderr]                                  at /rustc/268dbbbc4b3fd71c5f360a4d0728295252430b5b/library/std/src/panic.rs:142:14
[INFO] [stderr]     27:     0x55dc11d91871 - std::rt::lang_start_internal::{{closure}}::hdcc09b4aad7ef821
[INFO] [stderr]                                  at /rustc/268dbbbc4b3fd71c5f360a4d0728295252430b5b/library/std/src/rt.rs:148:48
[INFO] [stderr]     28:     0x55dc11d91871 - std::panicking::try::do_call::h3ffd2f162d60900f
[INFO] [stderr]                                  at /rustc/268dbbbc4b3fd71c5f360a4d0728295252430b5b/library/std/src/panicking.rs:554:40
[INFO] [stderr]     29:     0x55dc11d91871 - std::panicking::try::heeba82b9c3e190fb
[INFO] [stderr]                                  at /rustc/268dbbbc4b3fd71c5f360a4d0728295252430b5b/library/std/src/panicking.rs:518:19
[INFO] [stderr]     30:     0x55dc11d91871 - std::panic::catch_unwind::hdaab8f1c188f387f
[INFO] [stderr]                                  at /rustc/268dbbbc4b3fd71c5f360a4d0728295252430b5b/library/std/src/panic.rs:142:14
[INFO] [stderr]     31:     0x55dc11d91871 - std::rt::lang_start_internal::h9989e088c48b7903
[INFO] [stderr]                                  at /rustc/268dbbbc4b3fd71c5f360a4d0728295252430b5b/library/std/src/rt.rs:148:20
[INFO] [stderr]     32:     0x55dc11d107b7 - std::rt::lang_start::h0033c1f555050172
[INFO] [stderr]     33:     0x55dc11d19305 - main
[INFO] [stderr]     34:     0x7ff978d67d90 - <unknown>
[INFO] [stderr]     35:     0x7ff978d67e40 - __libc_start_main
[INFO] [stderr]     36:     0x55dc11d0fd65 - _start
[INFO] [stderr]     37:                0x0 - <unknown>
[INFO] [stderr] warning: build failed, waiting for other jobs to finish...
[INFO] [stdout] error[E0609]: no field `shaderf3264` on type `PhysicalDeviceFeatures`
[INFO] [stdout]    --> /opt/rustwide/cargo-home/registry/src/index.crates.io-6f17d22bba15001f/vulkano-0.19.0/src/features.rs:459:28
[INFO] [stdout]     |
[INFO] [stdout] 459 |     core { shader_f3264 => shaderf3264 },
[INFO] [stdout]     |                            ^^^^^^^^^^^ unknown field
[INFO] [stdout]     |
[INFO] [stdout] help: a field with a similar name exists
[INFO] [stdout]     |
[INFO] [stdout] 459 |     core { shader_f3264 => shaderInt64 },
[INFO] [stdout]     |                            ~~~~~~~~~~~
[INFO] [stdout] 
[INFO] [stdout] 
[INFO] [stdout] error[E0308]: mismatched types
[INFO] [stdout]     --> /opt/rustwide/cargo-home/registry/src/index.crates.io-6f17d22bba15001f/vulkano-0.19.0/src/command_buffer/sys.rs:1455:38
[INFO] [stdout]      |
[INFO] [stdout] 1455 |         vk.CmdSetBlendConstants(cmd, constants); // TODO: correct to pass array?
[INFO] [stdout]      |            --------------------      ^^^^^^^^^ expected `&[f32; 4]`, found `[f32; 4]`
[INFO] [stdout]      |            |
[INFO] [stdout]      |            arguments to this method are incorrect
[INFO] [stdout]      |
[INFO] [stdout] note: method defined here
[INFO] [stdout]     --> /opt/rustwide/cargo-home/registry/src/index.crates.io-6f17d22bba15001f/vk-sys-0.5.3/src/lib.rs:3003:5
[INFO] [stdout]      |
[INFO] [stdout] 3003 |     CmdSetBlendConstants => (commandBuffer: CommandBuffer, blendConstants: &[f32; 4]) -> (),
[INFO] [stdout]      |     ^^^^^^^^^^^^^^^^^^^^
[INFO] [stdout] help: consider borrowing here
[INFO] [stdout]      |
[INFO] [stdout] 1455 |         vk.CmdSetBlendConstants(cmd, &constants); // TODO: correct to pass array?
[INFO] [stdout]      |                                      +
[INFO] [stdout] 
[INFO] [stdout] 
[INFO] [stdout] error: aborting due to 2 previous errors
[INFO] [stdout] 
[INFO] [stdout] 
[INFO] [stdout] Some errors have detailed explanations: E0308, E0609.
[INFO] [stdout] 
[INFO] [stdout] For more information about an error, try `rustc --explain E0308`.
[INFO] [stdout] 
[INFO] [stderr] error: could not compile `vulkano` (lib) due to 3 previous errors
[INFO] running `Command { std: "docker" "inspect" "4cc67b5a39c5f476903b380fa7091ecdd2db1af12f1546319d1d93f310bd101e", kill_on_drop: false }`
[INFO] running `Command { std: "docker" "rm" "-f" "4cc67b5a39c5f476903b380fa7091ecdd2db1af12f1546319d1d93f310bd101e", kill_on_drop: false }`
[INFO] [stdout] 4cc67b5a39c5f476903b380fa7091ecdd2db1af12f1546319d1d93f310bd101e
[INFO] checking crystal-engine-0.4.0 against nightly-2024-02-05+rustflags=-Dunexpected_cfgs+cargoflags=-Zcheck-cfg for check-cfg
[INFO] extracting crate crystal-engine 0.4.0 into /workspace/builds/worker-1-tc2/source
[INFO] validating manifest of crates.io crate crystal-engine 0.4.0 on toolchain nightly-2024-02-05
[INFO] running `Command { std: CARGO_HOME="/workspace/cargo-home" RUSTUP_HOME="/workspace/rustup-home" "/workspace/cargo-home/bin/cargo" "+nightly-2024-02-05" "metadata" "--manifest-path" "Cargo.toml" "--no-deps", kill_on_drop: false }`
[INFO] started tweaking crates.io crate crystal-engine 0.4.0
[INFO] finished tweaking crates.io crate crystal-engine 0.4.0
[INFO] tweaked toml for crates.io crate crystal-engine 0.4.0 written to /workspace/builds/worker-1-tc2/source/Cargo.toml
[INFO] running `Command { std: CARGO_HOME="/workspace/cargo-home" RUSTUP_HOME="/workspace/rustup-home" "/workspace/cargo-home/bin/cargo" "+nightly-2024-02-05" "generate-lockfile" "--manifest-path" "Cargo.toml", kill_on_drop: false }`
[INFO] [stderr]     Updating crates.io index
[INFO] running `Command { std: CARGO_HOME="/workspace/cargo-home" RUSTUP_HOME="/workspace/rustup-home" "/workspace/cargo-home/bin/cargo" "+nightly-2024-02-05" "fetch" "--manifest-path" "Cargo.toml", kill_on_drop: false }`
[INFO] running `Command { std: "docker" "create" "-v" "/var/lib/crater-agent-workspace/builds/worker-1-tc2/target:/opt/rustwide/target:rw,Z" "-v" "/var/lib/crater-agent-workspace/builds/worker-1-tc2/source:/opt/rustwide/workdir:ro,Z" "-v" "/var/lib/crater-agent-workspace/cargo-home:/opt/rustwide/cargo-home:ro,Z" "-v" "/var/lib/crater-agent-workspace/rustup-home:/opt/rustwide/rustup-home:ro,Z" "-e" "SOURCE_DIR=/opt/rustwide/workdir" "-e" "CARGO_TARGET_DIR=/opt/rustwide/target" "-e" "CARGO_HOME=/opt/rustwide/cargo-home" "-e" "RUSTUP_HOME=/opt/rustwide/rustup-home" "-w" "/opt/rustwide/workdir" "-m" "1610612736" "--user" "0:0" "--network" "none" "ghcr.io/rust-lang/crates-build-env/linux@sha256:2788e3201cd34a07e3172128adcd8b3090168a8e3bcc40d7c032b9dda1df7d1c" "/opt/rustwide/cargo-home/bin/cargo" "+nightly-2024-02-05" "metadata" "--no-deps" "--format-version=1", kill_on_drop: false }`
[INFO] [stdout] f297c3e4963abe136481748e65abc2f228c74dedd17a811f57c5c30d805ffff6
[INFO] running `Command { std: "docker" "start" "-a" "f297c3e4963abe136481748e65abc2f228c74dedd17a811f57c5c30d805ffff6", kill_on_drop: false }`
[INFO] running `Command { std: "docker" "inspect" "f297c3e4963abe136481748e65abc2f228c74dedd17a811f57c5c30d805ffff6", kill_on_drop: false }`
[INFO] running `Command { std: "docker" "rm" "-f" "f297c3e4963abe136481748e65abc2f228c74dedd17a811f57c5c30d805ffff6", kill_on_drop: false }`
[INFO] [stdout] f297c3e4963abe136481748e65abc2f228c74dedd17a811f57c5c30d805ffff6
[INFO] running `Command { std: "docker" "create" "-v" "/var/lib/crater-agent-workspace/builds/worker-1-tc2/target:/opt/rustwide/target:rw,Z" "-v" "/var/lib/crater-agent-workspace/builds/worker-1-tc2/source:/opt/rustwide/workdir:ro,Z" "-v" "/var/lib/crater-agent-workspace/cargo-home:/opt/rustwide/cargo-home:ro,Z" "-v" "/var/lib/crater-agent-workspace/rustup-home:/opt/rustwide/rustup-home:ro,Z" "-e" "SOURCE_DIR=/opt/rustwide/workdir" "-e" "CARGO_TARGET_DIR=/opt/rustwide/target" "-e" "CARGO_INCREMENTAL=0" "-e" "RUST_BACKTRACE=full" "-e" "RUSTFLAGS=--cap-lints=forbid -Dunexpected_cfgs" "-e" "RUSTDOCFLAGS=--cap-lints=forbid" "-e" "CARGO_HOME=/opt/rustwide/cargo-home" "-e" "RUSTUP_HOME=/opt/rustwide/rustup-home" "-w" "/opt/rustwide/workdir" "-m" "1610612736" "--user" "0:0" "--network" "none" "ghcr.io/rust-lang/crates-build-env/linux@sha256:2788e3201cd34a07e3172128adcd8b3090168a8e3bcc40d7c032b9dda1df7d1c" "/opt/rustwide/cargo-home/bin/cargo" "+nightly-2024-02-05" "check" "--frozen" "--all" "--all-targets" "--message-format=json" "-Zcheck-cfg", kill_on_drop: false }`
[INFO] [stdout] e380961e36e0e05543494650a7cd60c80e7899085fbb4622e419890656a4e0d8
[INFO] running `Command { std: "docker" "start" "-a" "e380961e36e0e05543494650a7cd60c80e7899085fbb4622e419890656a4e0d8", kill_on_drop: false }`
[INFO] [stderr]    Compiling proc-macro2 v0.4.30
[INFO] [stderr]    Compiling unicode-xid v0.1.0
[INFO] [stderr]    Compiling slab v0.4.9
[INFO] [stderr]    Compiling autocfg v0.1.8
[INFO] [stderr]    Compiling xml-rs v0.8.19
[INFO] [stderr]    Compiling crossbeam-utils v0.7.2
[INFO] [stderr]    Compiling nix v0.14.1
[INFO] [stderr]    Compiling maybe-uninit v2.0.0
[INFO] [stderr]     Checking libloading v0.6.7
[INFO] [stderr]     Checking void v1.0.2
[INFO] [stderr]    Compiling memoffset v0.5.6
[INFO] [stderr]     Checking iovec v0.1.4
[INFO] [stderr]     Checking net2 v0.2.39
[INFO] [stderr]     Checking approx v0.3.2
[INFO] [stderr]     Checking adler32 v1.2.0
[INFO] [stderr]     Checking lazycell v1.3.0
[INFO] [stderr]    Compiling crc32fast v1.3.2
[INFO] [stderr]     Checking ordered-float v1.1.1
[INFO] [stderr]    Compiling cc v1.0.83
[INFO] [stderr]     Checking rand_core v0.3.1
[INFO] [stderr]     Checking stb_truetype v0.3.1
[INFO] [stderr]    Compiling crossbeam-epoch v0.8.2
[INFO] [stderr]     Checking dlib v0.4.2
[INFO] [stderr]    Compiling num-integer v0.1.45
[INFO] [stderr]     Checking downcast-rs v1.2.0
[INFO] [stderr]     Checking wayland-sys v0.23.6
[INFO] [stderr]     Checking mint v0.5.9
[INFO] [stderr]    Compiling x11-dl v2.21.0
[INFO] [stderr]    Compiling rand_chacha v0.1.1
[INFO] [stderr]    Compiling rand_pcg v0.1.2
[INFO] [stderr]     Checking line_drawing v0.7.0
[INFO] [stderr]     Checking rusttype v0.8.3
[INFO] [stderr]    Compiling miniz_oxide v0.4.4
[INFO] [stderr]     Checking xdg v2.5.2
[INFO] [stderr]    Compiling cgmath v0.16.1
[INFO] [stderr]     Checking mio v0.6.23
[INFO] [stderr]     Checking raw-window-handle v0.4.3
[INFO] [stderr]     Checking parking_lot_core v0.7.3
[INFO] [stderr]    Compiling rand v0.6.5
[INFO] [stderr]     Checking memmap v0.7.0
[INFO] [stderr]     Checking rusttype v0.7.9
[INFO] [stderr]     Checking num-traits v0.1.43
[INFO] [stderr]     Checking lock_api v0.3.4
[INFO] [stderr]    Compiling num-rational v0.3.2
[INFO] [stderr]    Compiling num-iter v0.1.43
[INFO] [stderr]     Checking approx v0.1.1
[INFO] [stderr]    Compiling vulkano v0.19.0
[INFO] [stderr]     Checking take_mut v0.2.2
[INFO] [stderr]    Compiling cmake v0.1.50
[INFO] [stderr]    Compiling syn v1.0.109
[INFO] [stderr]     Checking weezl v0.1.8
[INFO] [stderr]     Checking crossbeam-queue v0.2.3
[INFO] [stderr]    Compiling quote v0.6.13
[INFO] [stderr]     Checking crossbeam-channel v0.4.4
[INFO] [stderr]     Checking rle-decode-fast v1.0.3
[INFO] [stderr]    Compiling wayland-scanner v0.23.6
[INFO] [stderr]     Checking andrew v0.2.1
[INFO] [stderr]     Checking crossbeam-deque v0.7.4
[INFO] [stderr]     Checking libflate v0.1.27
[INFO] [stderr]     Checking parking_lot v0.10.2
[INFO] [stderr]     Checking mio-extras v2.0.6
[INFO] [stderr]     Checking raw-window-handle v0.3.4
[INFO] [stderr]     Checking jpeg-decoder v0.1.22
[INFO] [stderr]     Checking rand_isaac v0.1.1
[INFO] [stderr]     Checking rand_hc v0.1.0
[INFO] [stderr]     Checking rand_xorshift v0.1.1
[INFO] [stderr]     Checking miniz_oxide v0.3.7
[INFO] [stderr]     Checking deflate v0.8.6
[INFO] [stderr]     Checking crossbeam v0.7.3
[INFO] [stderr]     Checking rand_os v0.1.3
[INFO] [stderr]     Checking shared_library v0.1.9
[INFO] [stderr]     Checking rand_jitter v0.1.4
[INFO] [stderr]     Checking instant v0.1.12
[INFO] [stderr]     Checking vk-sys v0.5.3
[INFO] [stderr]    Compiling cgmath v0.17.0
[INFO] [stderr]     Checking string-interner v0.7.1
[INFO] [stderr]     Checking indextree v4.6.0
[INFO] [stderr]     Checking ttf-parser v0.15.2
[INFO] [stderr]     Checking color_quant v1.1.0
[INFO] [stderr]     Checking gif v0.11.4
[INFO] [stderr]    Compiling shaderc-sys v0.6.3
[INFO] [stderr]     Checking tiff v0.6.1
[INFO] [stderr]     Checking fbxcel v0.6.0
[INFO] [stderr]     Checking ab_glyph_rasterizer v0.1.8
[INFO] [stderr]     Checking png v0.16.8
[INFO] [stderr]     Checking scoped_threadpool v0.1.9
[INFO] [stderr]     Checking array-init v0.1.1
[INFO] [stderr]     Checking fbxcel-dom v0.0.5
[INFO] [stderr] The following warnings were emitted during compilation:
[INFO] [stderr] 
[INFO] [stderr] warning: shaderc-sys@0.6.3: Checking for system installed libraries.  Use --features = build-from-source to disable this behavior
[INFO] [stderr] warning: shaderc-sys@0.6.3: System installed library not found.  Falling back to build from source
[INFO] [stderr] 
[INFO] [stderr] error: failed to run custom build command for `shaderc-sys v0.6.3`
[INFO] [stderr] note: To improve backtraces for build dependencies, set the CARGO_PROFILE_DEV_BUILD_OVERRIDE_DEBUG=true environment variable to enable debug information generation.
[INFO] [stderr] 
[INFO] [stderr] Caused by:
[INFO] [stderr]   process didn't exit successfully: `/opt/rustwide/target/debug/build/shaderc-sys-7fe83a9977dedfa3/build-script-build` (exit status: 101)
[INFO] [stderr]   --- stdout
[INFO] [stderr]   cargo:warning=Checking for system installed libraries.  Use --features = build-from-source to disable this behavior
[INFO] [stderr]   cargo:warning=System installed library not found.  Falling back to build from source
[INFO] [stderr] 
[INFO] [stderr]   --- stderr
[INFO] [stderr]   thread 'main' panicked at /opt/rustwide/cargo-home/registry/src/index.crates.io-6f17d22bba15001f/shaderc-sys-0.6.3/build/cmd_finder.rs:50:13:
[INFO] [stderr] 
[INFO] [stderr] 
[INFO] [stderr]   couldn't find required command: "python"
[INFO] [stderr] 
[INFO] [stderr] 
[INFO] [stderr]   stack backtrace:
[INFO] [stderr]      0:     0x55a091fb6ac6 - std::backtrace_rs::backtrace::libunwind::trace::heebc7766b165eb2a
[INFO] [stderr]                                  at /rustc/268dbbbc4b3fd71c5f360a4d0728295252430b5b/library/std/src/../../backtrace/src/backtrace/libunwind.rs:104:5
[INFO] [stderr]      1:     0x55a091fb6ac6 - std::backtrace_rs::backtrace::trace_unsynchronized::ha677020d8fc0296d
[INFO] [stderr]                                  at /rustc/268dbbbc4b3fd71c5f360a4d0728295252430b5b/library/std/src/../../backtrace/src/backtrace/mod.rs:66:5
[INFO] [stderr]      2:     0x55a091fb6ac6 - std::sys_common::backtrace::_print_fmt::hcaff2fd86a1aeaa3
[INFO] [stderr]                                  at /rustc/268dbbbc4b3fd71c5f360a4d0728295252430b5b/library/std/src/sys_common/backtrace.rs:68:5
[INFO] [stderr]      3:     0x55a091fb6ac6 - <std::sys_common::backtrace::_print::DisplayBacktrace as core::fmt::Display>::fmt::hc2446d8aa0059188
[INFO] [stderr]                                  at /rustc/268dbbbc4b3fd71c5f360a4d0728295252430b5b/library/std/src/sys_common/backtrace.rs:44:22
[INFO] [stderr]      4:     0x55a091fdc110 - core::fmt::rt::Argument::fmt::h2fbb6454da37999b
[INFO] [stderr]                                  at /rustc/268dbbbc4b3fd71c5f360a4d0728295252430b5b/library/core/src/fmt/rt.rs:142:9
[INFO] [stderr]      5:     0x55a091fdc110 - core::fmt::write::had96bdeda7d49d3a
[INFO] [stderr]                                  at /rustc/268dbbbc4b3fd71c5f360a4d0728295252430b5b/library/core/src/fmt/mod.rs:1120:17
[INFO] [stderr]      6:     0x55a091fb3cbf - std::io::Write::write_fmt::h30b1f36eea05b391
[INFO] [stderr]                                  at /rustc/268dbbbc4b3fd71c5f360a4d0728295252430b5b/library/std/src/io/mod.rs:1849:15
[INFO] [stderr]      7:     0x55a091fb68a4 - std::sys_common::backtrace::_print::hc333bb91ae972137
[INFO] [stderr]                                  at /rustc/268dbbbc4b3fd71c5f360a4d0728295252430b5b/library/std/src/sys_common/backtrace.rs:47:5
[INFO] [stderr]      8:     0x55a091fb68a4 - std::sys_common::backtrace::print::h18fd3c71a95a3169
[INFO] [stderr]                                  at /rustc/268dbbbc4b3fd71c5f360a4d0728295252430b5b/library/std/src/sys_common/backtrace.rs:34:9
[INFO] [stderr]      9:     0x55a091fb8187 - std::panicking::default_hook::{{closure}}::ha3473f9bcb4e9a37
[INFO] [stderr]     10:     0x55a091fb7ee9 - std::panicking::default_hook::h23d9d43185db6584
[INFO] [stderr]                                  at /rustc/268dbbbc4b3fd71c5f360a4d0728295252430b5b/library/std/src/panicking.rs:292:9
[INFO] [stderr]     11:     0x55a091fb8618 - std::panicking::rust_panic_with_hook::h94aceaa7df3a6edd
[INFO] [stderr]                                  at /rustc/268dbbbc4b3fd71c5f360a4d0728295252430b5b/library/std/src/panicking.rs:781:13
[INFO] [stderr]     12:     0x55a091fb84f2 - std::panicking::begin_panic_handler::{{closure}}::h9905d45d1d82fc42
[INFO] [stderr]                                  at /rustc/268dbbbc4b3fd71c5f360a4d0728295252430b5b/library/std/src/panicking.rs:659:13
[INFO] [stderr]     13:     0x55a091fb6fc6 - std::sys_common::backtrace::__rust_end_short_backtrace::hb02085545dc143b9
[INFO] [stderr]                                  at /rustc/268dbbbc4b3fd71c5f360a4d0728295252430b5b/library/std/src/sys_common/backtrace.rs:171:18
[INFO] [stderr]     14:     0x55a091fb8244 - rust_begin_unwind
[INFO] [stderr]                                  at /rustc/268dbbbc4b3fd71c5f360a4d0728295252430b5b/library/std/src/panicking.rs:647:5
[INFO] [stderr]     15:     0x55a091f2d635 - core::panicking::panic_fmt::h6dca3983f8a9f4d0
[INFO] [stderr]                                  at /rustc/268dbbbc4b3fd71c5f360a4d0728295252430b5b/library/core/src/panicking.rs:72:14
[INFO] [stderr]     16:     0x55a091f328e6 - build_script_build::cmd_finder::CommandFinder::must_have::{{closure}}::h809d13f46faa57ba
[INFO] [stderr]     17:     0x55a091f2f97f - core::option::Option<T>::unwrap_or_else::h3d87327fb54d8d63
[INFO] [stderr]     18:     0x55a091f32848 - build_script_build::cmd_finder::CommandFinder::must_have::h670f6585128dca57
[INFO] [stderr]     19:     0x55a091f368fd - build_script_build::main::h68a44cbbdcede8f3
[INFO] [stderr]     20:     0x55a091f2f033 - core::ops::function::FnOnce::call_once::h28792d998325cd92
[INFO] [stderr]     21:     0x55a091f2e096 - std::sys_common::backtrace::__rust_begin_short_backtrace::h463b1d55b9ca3694
[INFO] [stderr]     22:     0x55a091f2e7d9 - std::rt::lang_start::{{closure}}::h6d7a82e39bf4c1e2
[INFO] [stderr]     23:     0x55a091faf871 - core::ops::function::impls::<impl core::ops::function::FnOnce<A> for &F>::call_once::h298d8ff12ebcec8c
[INFO] [stderr]                                  at /rustc/268dbbbc4b3fd71c5f360a4d0728295252430b5b/library/core/src/ops/function.rs:284:13
[INFO] [stderr]     24:     0x55a091faf871 - std::panicking::try::do_call::hbd0ffb05da5bd343
[INFO] [stderr]                                  at /rustc/268dbbbc4b3fd71c5f360a4d0728295252430b5b/library/std/src/panicking.rs:554:40
[INFO] [stderr]     25:     0x55a091faf871 - std::panicking::try::h11c9a152defd5d2a
[INFO] [stderr]                                  at /rustc/268dbbbc4b3fd71c5f360a4d0728295252430b5b/library/std/src/panicking.rs:518:19
[INFO] [stderr]     26:     0x55a091faf871 - std::panic::catch_unwind::h0d6db2fa902b4d64
[INFO] [stderr]                                  at /rustc/268dbbbc4b3fd71c5f360a4d0728295252430b5b/library/std/src/panic.rs:142:14
[INFO] [stderr]     27:     0x55a091faf871 - std::rt::lang_start_internal::{{closure}}::hdcc09b4aad7ef821
[INFO] [stderr]                                  at /rustc/268dbbbc4b3fd71c5f360a4d0728295252430b5b/library/std/src/rt.rs:148:48
[INFO] [stderr]     28:     0x55a091faf871 - std::panicking::try::do_call::h3ffd2f162d60900f
[INFO] [stderr]                                  at /rustc/268dbbbc4b3fd71c5f360a4d0728295252430b5b/library/std/src/panicking.rs:554:40
[INFO] [stderr]     29:     0x55a091faf871 - std::panicking::try::heeba82b9c3e190fb
[INFO] [stderr]                                  at /rustc/268dbbbc4b3fd71c5f360a4d0728295252430b5b/library/std/src/panicking.rs:518:19
[INFO] [stderr]     30:     0x55a091faf871 - std::panic::catch_unwind::hdaab8f1c188f387f
[INFO] [stderr]                                  at /rustc/268dbbbc4b3fd71c5f360a4d0728295252430b5b/library/std/src/panic.rs:142:14
[INFO] [stderr]     31:     0x55a091faf871 - std::rt::lang_start_internal::h9989e088c48b7903
[INFO] [stderr]                                  at /rustc/268dbbbc4b3fd71c5f360a4d0728295252430b5b/library/std/src/rt.rs:148:20
[INFO] [stderr]     32:     0x55a091f2e7b7 - std::rt::lang_start::h0033c1f555050172
[INFO] [stderr]     33:     0x55a091f37305 - main
[INFO] [stderr]     34:     0x7f732ad30d90 - <unknown>
[INFO] [stderr]     35:     0x7f732ad30e40 - __libc_start_main
[INFO] [stderr]     36:     0x55a091f2dd65 - _start
[INFO] [stderr]     37:                0x0 - <unknown>
[INFO] [stderr] warning: build failed, waiting for other jobs to finish...
[INFO] [stdout] error: 1 positional argument in format string, but no arguments were given
[INFO] [stdout]    --> /opt/rustwide/cargo-home/registry/src/index.crates.io-6f17d22bba15001f/fbxcel-dom-0.0.5/src/v7400/data/mesh/layer/common.rs:248:89
[INFO] [stdout]     |
[INFO] [stdout] 248 |             MappingMode::None | MappingMode::ByEdge => bail!("Unsupported mapping mode: {:?}"),
[INFO] [stdout]     |                                                                                         ^^^^
[INFO] [stdout] 
[INFO] [stdout] 
[INFO] [stdout] error: aborting due to 1 previous error
[INFO] [stdout] 
[INFO] [stdout] 
[INFO] [stderr] error: could not compile `fbxcel-dom` (lib) due to 2 previous errors
[INFO] [stdout] error[E0609]: no field `shaderf3264` on type `PhysicalDeviceFeatures`
[INFO] [stdout]    --> /opt/rustwide/cargo-home/registry/src/index.crates.io-6f17d22bba15001f/vulkano-0.19.0/src/features.rs:459:28
[INFO] [stdout]     |
[INFO] [stdout] 459 |     core { shader_f3264 => shaderf3264 },
[INFO] [stdout]     |                            ^^^^^^^^^^^ unknown field
[INFO] [stdout]     |
[INFO] [stdout] help: a field with a similar name exists
[INFO] [stdout]     |
[INFO] [stdout] 459 |     core { shader_f3264 => shaderInt64 },
[INFO] [stdout]     |                            ~~~~~~~~~~~
[INFO] [stdout] 
[INFO] [stdout] 
[INFO] [stdout] error[E0308]: mismatched types
[INFO] [stdout]     --> /opt/rustwide/cargo-home/registry/src/index.crates.io-6f17d22bba15001f/vulkano-0.19.0/src/command_buffer/sys.rs:1455:38
[INFO] [stdout]      |
[INFO] [stdout] 1455 |         vk.CmdSetBlendConstants(cmd, constants); // TODO: correct to pass array?
[INFO] [stdout]      |            --------------------      ^^^^^^^^^ expected `&[f32; 4]`, found `[f32; 4]`
[INFO] [stdout]      |            |
[INFO] [stdout]      |            arguments to this method are incorrect
[INFO] [stdout]      |
[INFO] [stdout] note: method defined here
[INFO] [stdout]     --> /opt/rustwide/cargo-home/registry/src/index.crates.io-6f17d22bba15001f/vk-sys-0.5.3/src/lib.rs:3003:5
[INFO] [stdout]      |
[INFO] [stdout] 3003 |     CmdSetBlendConstants => (commandBuffer: CommandBuffer, blendConstants: &[f32; 4]) -> (),
[INFO] [stdout]      |     ^^^^^^^^^^^^^^^^^^^^
[INFO] [stdout] help: consider borrowing here
[INFO] [stdout]      |
[INFO] [stdout] 1455 |         vk.CmdSetBlendConstants(cmd, &constants); // TODO: correct to pass array?
[INFO] [stdout]      |                                      +
[INFO] [stdout] 
[INFO] [stdout] 
[INFO] [stdout] error: aborting due to 2 previous errors
[INFO] [stdout] 
[INFO] [stdout] 
[INFO] [stdout] Some errors have detailed explanations: E0308, E0609.
[INFO] [stdout] 
[INFO] [stdout] For more information about an error, try `rustc --explain E0308`.
[INFO] [stdout] 
[INFO] [stderr] error: could not compile `vulkano` (lib) due to 3 previous errors
[INFO] running `Command { std: "docker" "inspect" "e380961e36e0e05543494650a7cd60c80e7899085fbb4622e419890656a4e0d8", kill_on_drop: false }`
[INFO] running `Command { std: "docker" "rm" "-f" "e380961e36e0e05543494650a7cd60c80e7899085fbb4622e419890656a4e0d8", kill_on_drop: false }`
[INFO] [stdout] e380961e36e0e05543494650a7cd60c80e7899085fbb4622e419890656a4e0d8
