[INFO] fetching crate crypto2 0.1.2...
[INFO] checking crypto2-0.1.2 against nightly-2024-02-05 for check-cfg
[INFO] extracting crate crypto2 0.1.2 into /workspace/builds/worker-5-tc1/source
[INFO] validating manifest of crates.io crate crypto2 0.1.2 on toolchain nightly-2024-02-05
[INFO] running `Command { std: CARGO_HOME="/workspace/cargo-home" RUSTUP_HOME="/workspace/rustup-home" "/workspace/cargo-home/bin/cargo" "+nightly-2024-02-05" "metadata" "--manifest-path" "Cargo.toml" "--no-deps", kill_on_drop: false }`
[INFO] removed /workspace/builds/worker-5-tc1/source/.cargo/config.toml
[INFO] started tweaking crates.io crate crypto2 0.1.2
[INFO] finished tweaking crates.io crate crypto2 0.1.2
[INFO] tweaked toml for crates.io crate crypto2 0.1.2 written to /workspace/builds/worker-5-tc1/source/Cargo.toml
[INFO] crate crates.io crate crypto2 0.1.2 already has a lockfile, it will not be regenerated
[INFO] running `Command { std: CARGO_HOME="/workspace/cargo-home" RUSTUP_HOME="/workspace/rustup-home" "/workspace/cargo-home/bin/cargo" "+nightly-2024-02-05" "fetch" "--manifest-path" "Cargo.toml", kill_on_drop: false }`
[INFO] running `Command { std: "docker" "create" "-v" "/var/lib/crater-agent-workspace/builds/worker-5-tc1/target:/opt/rustwide/target:rw,Z" "-v" "/var/lib/crater-agent-workspace/builds/worker-5-tc1/source:/opt/rustwide/workdir:ro,Z" "-v" "/var/lib/crater-agent-workspace/cargo-home:/opt/rustwide/cargo-home:ro,Z" "-v" "/var/lib/crater-agent-workspace/rustup-home:/opt/rustwide/rustup-home:ro,Z" "-e" "SOURCE_DIR=/opt/rustwide/workdir" "-e" "CARGO_TARGET_DIR=/opt/rustwide/target" "-e" "CARGO_HOME=/opt/rustwide/cargo-home" "-e" "RUSTUP_HOME=/opt/rustwide/rustup-home" "-w" "/opt/rustwide/workdir" "-m" "1610612736" "--user" "0:0" "--network" "none" "ghcr.io/rust-lang/crates-build-env/linux@sha256:2788e3201cd34a07e3172128adcd8b3090168a8e3bcc40d7c032b9dda1df7d1c" "/opt/rustwide/cargo-home/bin/cargo" "+nightly-2024-02-05" "metadata" "--no-deps" "--format-version=1", kill_on_drop: false }`
[INFO] [stdout] 36a25e0a72b2f77a5bdd93eaa06dc62962d452e5c6fc796df7970ddeeabde13a
[INFO] running `Command { std: "docker" "start" "-a" "36a25e0a72b2f77a5bdd93eaa06dc62962d452e5c6fc796df7970ddeeabde13a", kill_on_drop: false }`
[INFO] running `Command { std: "docker" "inspect" "36a25e0a72b2f77a5bdd93eaa06dc62962d452e5c6fc796df7970ddeeabde13a", kill_on_drop: false }`
[INFO] running `Command { std: "docker" "rm" "-f" "36a25e0a72b2f77a5bdd93eaa06dc62962d452e5c6fc796df7970ddeeabde13a", kill_on_drop: false }`
[INFO] [stdout] 36a25e0a72b2f77a5bdd93eaa06dc62962d452e5c6fc796df7970ddeeabde13a
[INFO] running `Command { std: "docker" "create" "-v" "/var/lib/crater-agent-workspace/builds/worker-5-tc1/target:/opt/rustwide/target:rw,Z" "-v" "/var/lib/crater-agent-workspace/builds/worker-5-tc1/source:/opt/rustwide/workdir:ro,Z" "-v" "/var/lib/crater-agent-workspace/cargo-home:/opt/rustwide/cargo-home:ro,Z" "-v" "/var/lib/crater-agent-workspace/rustup-home:/opt/rustwide/rustup-home:ro,Z" "-e" "SOURCE_DIR=/opt/rustwide/workdir" "-e" "CARGO_TARGET_DIR=/opt/rustwide/target" "-e" "CARGO_INCREMENTAL=0" "-e" "RUST_BACKTRACE=full" "-e" "RUSTFLAGS=--cap-lints=forbid" "-e" "RUSTDOCFLAGS=--cap-lints=forbid" "-e" "CARGO_HOME=/opt/rustwide/cargo-home" "-e" "RUSTUP_HOME=/opt/rustwide/rustup-home" "-w" "/opt/rustwide/workdir" "-m" "1610612736" "--user" "0:0" "--network" "none" "ghcr.io/rust-lang/crates-build-env/linux@sha256:2788e3201cd34a07e3172128adcd8b3090168a8e3bcc40d7c032b9dda1df7d1c" "/opt/rustwide/cargo-home/bin/cargo" "+nightly-2024-02-05" "check" "--frozen" "--all" "--all-targets" "--message-format=json", kill_on_drop: false }`
[INFO] [stdout] 37d9ac93a38c30c5b4be90daf04cdc3ec22a178a3587f1036f76a1803ea8fc69
[INFO] running `Command { std: "docker" "start" "-a" "37d9ac93a38c30c5b4be90daf04cdc3ec22a178a3587f1036f76a1803ea8fc69", kill_on_drop: false }`
[INFO] [stderr]     Checking hex v0.4.2
[INFO] [stderr]     Checking crypto2 v0.1.2 (/opt/rustwide/workdir)
[INFO] [stdout] warning: unused import: `self::sha3::*`
[INFO] [stdout]   --> src/hash/mod.rs:16:9
[INFO] [stdout]    |
[INFO] [stdout] 16 | pub use self::sha3::*;
[INFO] [stdout]    |         ^^^^^^^^^^^^^
[INFO] [stdout]    |
[INFO] [stdout]    = note: `#[warn(unused_imports)]` on by default
[INFO] [stdout] 
[INFO] [stdout] 
[INFO] [stdout] warning: unused import: `self::sha3::*`
[INFO] [stdout]   --> src/hash/mod.rs:16:9
[INFO] [stdout]    |
[INFO] [stdout] 16 | pub use self::sha3::*;
[INFO] [stdout]    |         ^^^^^^^^^^^^^
[INFO] [stdout]    |
[INFO] [stdout]    = note: `#[warn(unused_imports)]` on by default
[INFO] [stdout] 
[INFO] [stdout] 
[INFO] [stdout] error[E0635]: unknown feature `llvm_asm`
[INFO] [stdout]  --> src/lib.rs:2:21
[INFO] [stdout]   |
[INFO] [stdout] 2 | #![feature(stdsimd, llvm_asm)]
[INFO] [stdout]   |                     ^^^^^^^^
[INFO] [stdout] 
[INFO] [stdout] 
[INFO] [stdout] error[E0635]: unknown feature `llvm_asm`
[INFO] [stdout]  --> src/lib.rs:2:21
[INFO] [stdout]   |
[INFO] [stdout] 2 | #![feature(stdsimd, llvm_asm)]
[INFO] [stdout]   |                     ^^^^^^^^
[INFO] [stdout] 
[INFO] [stdout] 
[INFO] [stdout] error: aborting due to 1 previous error; 1 warning emitted
[INFO] [stdout] 
[INFO] [stdout] 
[INFO] [stdout] For more information about this error, try `rustc --explain E0635`.
[INFO] [stdout] 
[INFO] [stderr] error: could not compile `crypto2` (lib) due to 2 previous errors; 1 warning emitted
[INFO] [stderr] warning: build failed, waiting for other jobs to finish...
[INFO] [stdout] error: aborting due to 1 previous error; 1 warning emitted
[INFO] [stdout] 
[INFO] [stdout] 
[INFO] [stdout] For more information about this error, try `rustc --explain E0635`.
[INFO] [stdout] 
[INFO] [stderr] error: could not compile `crypto2` (lib test) due to 2 previous errors; 1 warning emitted
[INFO] running `Command { std: "docker" "inspect" "37d9ac93a38c30c5b4be90daf04cdc3ec22a178a3587f1036f76a1803ea8fc69", kill_on_drop: false }`
[INFO] running `Command { std: "docker" "rm" "-f" "37d9ac93a38c30c5b4be90daf04cdc3ec22a178a3587f1036f76a1803ea8fc69", kill_on_drop: false }`
[INFO] [stdout] 37d9ac93a38c30c5b4be90daf04cdc3ec22a178a3587f1036f76a1803ea8fc69
[INFO] checking crypto2-0.1.2 against nightly-2024-02-05+rustflags=-Dunexpected_cfgs+cargoflags=-Zcheck-cfg for check-cfg
[INFO] extracting crate crypto2 0.1.2 into /workspace/builds/worker-5-tc2/source
[INFO] validating manifest of crates.io crate crypto2 0.1.2 on toolchain nightly-2024-02-05
[INFO] running `Command { std: CARGO_HOME="/workspace/cargo-home" RUSTUP_HOME="/workspace/rustup-home" "/workspace/cargo-home/bin/cargo" "+nightly-2024-02-05" "metadata" "--manifest-path" "Cargo.toml" "--no-deps", kill_on_drop: false }`
[INFO] removed /workspace/builds/worker-5-tc2/source/.cargo/config.toml
[INFO] started tweaking crates.io crate crypto2 0.1.2
[INFO] finished tweaking crates.io crate crypto2 0.1.2
[INFO] tweaked toml for crates.io crate crypto2 0.1.2 written to /workspace/builds/worker-5-tc2/source/Cargo.toml
[INFO] crate crates.io crate crypto2 0.1.2 already has a lockfile, it will not be regenerated
[INFO] running `Command { std: CARGO_HOME="/workspace/cargo-home" RUSTUP_HOME="/workspace/rustup-home" "/workspace/cargo-home/bin/cargo" "+nightly-2024-02-05" "fetch" "--manifest-path" "Cargo.toml", kill_on_drop: false }`
[INFO] running `Command { std: "docker" "create" "-v" "/var/lib/crater-agent-workspace/builds/worker-5-tc2/target:/opt/rustwide/target:rw,Z" "-v" "/var/lib/crater-agent-workspace/builds/worker-5-tc2/source:/opt/rustwide/workdir:ro,Z" "-v" "/var/lib/crater-agent-workspace/cargo-home:/opt/rustwide/cargo-home:ro,Z" "-v" "/var/lib/crater-agent-workspace/rustup-home:/opt/rustwide/rustup-home:ro,Z" "-e" "SOURCE_DIR=/opt/rustwide/workdir" "-e" "CARGO_TARGET_DIR=/opt/rustwide/target" "-e" "CARGO_HOME=/opt/rustwide/cargo-home" "-e" "RUSTUP_HOME=/opt/rustwide/rustup-home" "-w" "/opt/rustwide/workdir" "-m" "1610612736" "--user" "0:0" "--network" "none" "ghcr.io/rust-lang/crates-build-env/linux@sha256:2788e3201cd34a07e3172128adcd8b3090168a8e3bcc40d7c032b9dda1df7d1c" "/opt/rustwide/cargo-home/bin/cargo" "+nightly-2024-02-05" "metadata" "--no-deps" "--format-version=1", kill_on_drop: false }`
[INFO] [stdout] 6c0c2ecdf46cb9778a7b23eae51aac95be0dee7690bbb3d83d4fc9b92d96464c
[INFO] running `Command { std: "docker" "start" "-a" "6c0c2ecdf46cb9778a7b23eae51aac95be0dee7690bbb3d83d4fc9b92d96464c", kill_on_drop: false }`
[INFO] running `Command { std: "docker" "inspect" "6c0c2ecdf46cb9778a7b23eae51aac95be0dee7690bbb3d83d4fc9b92d96464c", kill_on_drop: false }`
[INFO] running `Command { std: "docker" "rm" "-f" "6c0c2ecdf46cb9778a7b23eae51aac95be0dee7690bbb3d83d4fc9b92d96464c", kill_on_drop: false }`
[INFO] [stdout] 6c0c2ecdf46cb9778a7b23eae51aac95be0dee7690bbb3d83d4fc9b92d96464c
[INFO] running `Command { std: "docker" "create" "-v" "/var/lib/crater-agent-workspace/builds/worker-5-tc2/target:/opt/rustwide/target:rw,Z" "-v" "/var/lib/crater-agent-workspace/builds/worker-5-tc2/source:/opt/rustwide/workdir:ro,Z" "-v" "/var/lib/crater-agent-workspace/cargo-home:/opt/rustwide/cargo-home:ro,Z" "-v" "/var/lib/crater-agent-workspace/rustup-home:/opt/rustwide/rustup-home:ro,Z" "-e" "SOURCE_DIR=/opt/rustwide/workdir" "-e" "CARGO_TARGET_DIR=/opt/rustwide/target" "-e" "CARGO_INCREMENTAL=0" "-e" "RUST_BACKTRACE=full" "-e" "RUSTFLAGS=--cap-lints=forbid -Dunexpected_cfgs" "-e" "RUSTDOCFLAGS=--cap-lints=forbid" "-e" "CARGO_HOME=/opt/rustwide/cargo-home" "-e" "RUSTUP_HOME=/opt/rustwide/rustup-home" "-w" "/opt/rustwide/workdir" "-m" "1610612736" "--user" "0:0" "--network" "none" "ghcr.io/rust-lang/crates-build-env/linux@sha256:2788e3201cd34a07e3172128adcd8b3090168a8e3bcc40d7c032b9dda1df7d1c" "/opt/rustwide/cargo-home/bin/cargo" "+nightly-2024-02-05" "check" "--frozen" "--all" "--all-targets" "--message-format=json" "-Zcheck-cfg", kill_on_drop: false }`
[INFO] [stdout] 988e79e8a516283fb75342489212a8b72f87f5f5a895a5c4d6cfdae1c2e69de4
[INFO] running `Command { std: "docker" "start" "-a" "988e79e8a516283fb75342489212a8b72f87f5f5a895a5c4d6cfdae1c2e69de4", kill_on_drop: false }`
[INFO] [stderr]     Checking hex v0.4.2
[INFO] [stderr]     Checking crypto2 v0.1.2 (/opt/rustwide/workdir)
[INFO] [stdout] error: unexpected `cfg` condition value: `crypto`
[INFO] [stdout]   --> src/hash/sha2/sha256/mod.rs:64:36
[INFO] [stdout]    |
[INFO] [stdout] 64 | #[cfg(all(target_arch = "aarch64", target_feature = "crypto"))]
[INFO] [stdout]    |                                    ^^^^^^^^^^^^^^^^^^^^^^^^^
[INFO] [stdout]    |
[INFO] [stdout]    = note: expected values for `target_feature` are: `10e60`, `2e3`, `3e3r1`, `3e3r2`, `3e3r3`, `3e7`, `7e10`, `a`, `aclass`, `adx`, `aes`, `altivec`, `alu32`, `atomics`, `avx`, `avx2`, `avx512bf16`, `avx512bitalg`, `avx512bw`, `avx512cd`, `avx512dq`, `avx512er`, `avx512f`, `avx512fp16`, `avx512ifma`, `avx512pf`, `avx512vbmi`, `avx512vbmi2`, `avx512vl`, `avx512vnni`, `avx512vp2intersect`, `avx512vpopcntdq`, `bf16`, `bmi1`, `bmi2`, `bti`, `bulk-memory`, `c`, `cache`, `cmpxchg16b`, `crc`, `crt-static`, `d`, `d32`, `dit`, `doloop`, `dotprod`, `dpb`, `dpb2`, `dsp`, `dsp1e2`, `dspe60`, `e`, `e1`, `e2`, `edsp`, `elrw`, `ermsb`, `exception-handling`, `f`, `f16c`, `f32mm`, `f64mm`, `fast-unaligned-access`, `fcma`, `fdivdu`, `fhm`, `flagm`, `float1e2`, `float1e3`, `float3e4`, `float7e60`, `floate1`, `fma`, `fp-armv8`, `fp16`, `fp64`, `fpuv2_df`, `fpuv2_sf`, `fpuv3_df`, `fpuv3_hf`, `fpuv3_hi`, `fpuv3_sf`, `frintts`, `fxsr`, `gfni`, `hard-float`, `hard-float-abi`, `hard-tp`, `high-registers`, `hvx`, `hvx-length128b`, `hwdiv`, `i8mm`, `jsconv`, `lasx`, `lbt`, `lor`, `lse`, `lsx`, `lvz`, `lzcnt`, `m`, `mclass`, `movbe`, `mp`, `mp1e2`, `msa`, `mte`, `multivalue`, `mutable-globals`, `neon`, `nontrapping-fptoint`, `nvic`, `paca`, `pacg`, `pan`, `pclmulqdq`, `pmuv3`, `popcnt`, `power10-vector`, `power8-altivec`, `power8-vector`, `power9-altivec`, `power9-vector`, `rand`, `ras`, `rclass`, `rcpc`, `rcpc2`, `rdm`, `rdrand`, `rdseed`, `reference-types`, `relax`, `relaxed-simd`, `rtm`, `sb`, `sha`, `sha2`, `sha3`, `sign-ext`, `simd128`, `sm4`, `spe`, `ssbs`, `sse`, `sse2`, `sse3`, `sse4.1`, `sse4.2`, `sse4a`, `ssse3`, `sve`, `sve2`, `sve2-aes`, `sve2-bitperm`, `sve2-sha3`, `sve2-sm4`, `tbm`, `thumb-mode`, `thumb2`, `tme`, `trust`, `trustzone`, `ual`, `v`, `v5te`, `v6`, `v6k`, `v6t2`, `v7`, `v8`, `v8.1a`, `v8.2a`, `v8.3a`, `v8.4a`, `v8.5a`, `v8.6a`, `v8.7a`, `vaes`, `vdsp2e60f`, `vdspv1`, `vdspv2`, `vfp2`, `vfp3`, `vfp4`, `vh`, `virt`, `virtualization`, `vpclmulqdq`, `vsx`, `xsave`, `xsavec`, `xsaveopt`, `xsaves`, `zba`, `zbb`, `zbc`, `zbkb`, `zbkc`, `zbkx`, `zbs`, `zdinx`, `zfh`, `zfhmin`, `zfinx`, `zhinx`, `zhinxmin`, `zk`, `zkn`, `zknd`, `zkne`, `zknh`, `zkr`, `zks`, `zksed`, `zksh`, `zkt`
[INFO] [stdout]    = note: see <https://doc.rust-lang.org/nightly/cargo/reference/unstable.html#check-cfg> for more information about checking conditional configuration
[INFO] [stdout]    = note: requested on the command line with `-D unexpected-cfgs`
[INFO] [stdout] 
[INFO] [stdout] 
[INFO] [stdout] error: unexpected `cfg` condition value: `crypto`
[INFO] [stdout]   --> src/hash/sha2/sha256/mod.rs:69:40
[INFO] [stdout]    |
[INFO] [stdout] 69 | #[cfg(all(target_arch = "aarch64", not(target_feature = "crypto")))]
[INFO] [stdout]    |                                        ^^^^^^^^^^^^^^^^^^^^^^^^^
[INFO] [stdout]    |
[INFO] [stdout]    = note: expected values for `target_feature` are: `10e60`, `2e3`, `3e3r1`, `3e3r2`, `3e3r3`, `3e7`, `7e10`, `a`, `aclass`, `adx`, `aes`, `altivec`, `alu32`, `atomics`, `avx`, `avx2`, `avx512bf16`, `avx512bitalg`, `avx512bw`, `avx512cd`, `avx512dq`, `avx512er`, `avx512f`, `avx512fp16`, `avx512ifma`, `avx512pf`, `avx512vbmi`, `avx512vbmi2`, `avx512vl`, `avx512vnni`, `avx512vp2intersect`, `avx512vpopcntdq`, `bf16`, `bmi1`, `bmi2`, `bti`, `bulk-memory`, `c`, `cache`, `cmpxchg16b`, `crc`, `crt-static`, `d`, `d32`, `dit`, `doloop`, `dotprod`, `dpb`, `dpb2`, `dsp`, `dsp1e2`, `dspe60`, `e`, `e1`, `e2`, `edsp`, `elrw`, `ermsb`, `exception-handling`, `f`, `f16c`, `f32mm`, `f64mm`, `fast-unaligned-access`, `fcma`, `fdivdu`, `fhm`, `flagm`, `float1e2`, `float1e3`, `float3e4`, `float7e60`, `floate1`, `fma`, `fp-armv8`, `fp16`, `fp64`, `fpuv2_df`, `fpuv2_sf`, `fpuv3_df`, `fpuv3_hf`, `fpuv3_hi`, `fpuv3_sf`, `frintts`, `fxsr`, `gfni`, `hard-float`, `hard-float-abi`, `hard-tp`, `high-registers`, `hvx`, `hvx-length128b`, `hwdiv`, `i8mm`, `jsconv`, `lasx`, `lbt`, `lor`, `lse`, `lsx`, `lvz`, `lzcnt`, `m`, `mclass`, `movbe`, `mp`, `mp1e2`, `msa`, `mte`, `multivalue`, `mutable-globals`, `neon`, `nontrapping-fptoint`, `nvic`, `paca`, `pacg`, `pan`, `pclmulqdq`, `pmuv3`, `popcnt`, `power10-vector`, `power8-altivec`, `power8-vector`, `power9-altivec`, `power9-vector`, `rand`, `ras`, `rclass`, `rcpc`, `rcpc2`, `rdm`, `rdrand`, `rdseed`, `reference-types`, `relax`, `relaxed-simd`, `rtm`, `sb`, `sha`, `sha2`, `sha3`, `sign-ext`, `simd128`, `sm4`, `spe`, `ssbs`, `sse`, `sse2`, `sse3`, `sse4.1`, `sse4.2`, `sse4a`, `ssse3`, `sve`, `sve2`, `sve2-aes`, `sve2-bitperm`, `sve2-sha3`, `sve2-sm4`, `tbm`, `thumb-mode`, `thumb2`, `tme`, `trust`, `trustzone`, `ual`, `v`, `v5te`, `v6`, `v6k`, `v6t2`, `v7`, `v8`, `v8.1a`, `v8.2a`, `v8.3a`, `v8.4a`, `v8.5a`, `v8.6a`, `v8.7a`, `vaes`, `vdsp2e60f`, `vdspv1`, `vdspv2`, `vfp2`, `vfp3`, `vfp4`, `vh`, `virt`, `virtualization`, `vpclmulqdq`, `vsx`, `xsave`, `xsavec`, `xsaveopt`, `xsaves`, `zba`, `zbb`, `zbc`, `zbkb`, `zbkc`, `zbkx`, `zbs`, `zdinx`, `zfh`, `zfhmin`, `zfinx`, `zhinx`, `zhinxmin`, `zk`, `zkn`, `zknd`, `zkne`, `zknh`, `zkr`, `zks`, `zksed`, `zksh`, `zkt`
[INFO] [stdout]    = note: see <https://doc.rust-lang.org/nightly/cargo/reference/unstable.html#check-cfg> for more information about checking conditional configuration
[INFO] [stdout] 
[INFO] [stdout] 
[INFO] [stdout] warning: unused import: `self::sha3::*`
[INFO] [stdout]   --> src/hash/mod.rs:16:9
[INFO] [stdout]    |
[INFO] [stdout] 16 | pub use self::sha3::*;
[INFO] [stdout]    |         ^^^^^^^^^^^^^
[INFO] [stdout]    |
[INFO] [stdout]    = note: `#[warn(unused_imports)]` on by default
[INFO] [stdout] 
[INFO] [stdout] 
[INFO] [stdout] error: unexpected `cfg` condition value: `crypto`
[INFO] [stdout]   --> src/mac/ghash/mod.rs:14:36
[INFO] [stdout]    |
[INFO] [stdout] 14 | #[cfg(all(target_arch = "aarch64", target_feature = "crypto"))]
[INFO] [stdout]    |                                    ^^^^^^^^^^^^^^^^^^^^^^^^^
[INFO] [stdout]    |
[INFO] [stdout]    = note: expected values for `target_feature` are: `10e60`, `2e3`, `3e3r1`, `3e3r2`, `3e3r3`, `3e7`, `7e10`, `a`, `aclass`, `adx`, `aes`, `altivec`, `alu32`, `atomics`, `avx`, `avx2`, `avx512bf16`, `avx512bitalg`, `avx512bw`, `avx512cd`, `avx512dq`, `avx512er`, `avx512f`, `avx512fp16`, `avx512ifma`, `avx512pf`, `avx512vbmi`, `avx512vbmi2`, `avx512vl`, `avx512vnni`, `avx512vp2intersect`, `avx512vpopcntdq`, `bf16`, `bmi1`, `bmi2`, `bti`, `bulk-memory`, `c`, `cache`, `cmpxchg16b`, `crc`, `crt-static`, `d`, `d32`, `dit`, `doloop`, `dotprod`, `dpb`, `dpb2`, `dsp`, `dsp1e2`, `dspe60`, `e`, `e1`, `e2`, `edsp`, `elrw`, `ermsb`, `exception-handling`, `f`, `f16c`, `f32mm`, `f64mm`, `fast-unaligned-access`, `fcma`, `fdivdu`, `fhm`, `flagm`, `float1e2`, `float1e3`, `float3e4`, `float7e60`, `floate1`, `fma`, `fp-armv8`, `fp16`, `fp64`, `fpuv2_df`, `fpuv2_sf`, `fpuv3_df`, `fpuv3_hf`, `fpuv3_hi`, `fpuv3_sf`, `frintts`, `fxsr`, `gfni`, `hard-float`, `hard-float-abi`, `hard-tp`, `high-registers`, `hvx`, `hvx-length128b`, `hwdiv`, `i8mm`, `jsconv`, `lasx`, `lbt`, `lor`, `lse`, `lsx`, `lvz`, `lzcnt`, `m`, `mclass`, `movbe`, `mp`, `mp1e2`, `msa`, `mte`, `multivalue`, `mutable-globals`, `neon`, `nontrapping-fptoint`, `nvic`, `paca`, `pacg`, `pan`, `pclmulqdq`, `pmuv3`, `popcnt`, `power10-vector`, `power8-altivec`, `power8-vector`, `power9-altivec`, `power9-vector`, `rand`, `ras`, `rclass`, `rcpc`, `rcpc2`, `rdm`, `rdrand`, `rdseed`, `reference-types`, `relax`, `relaxed-simd`, `rtm`, `sb`, `sha`, `sha2`, `sha3`, `sign-ext`, `simd128`, `sm4`, `spe`, `ssbs`, `sse`, `sse2`, `sse3`, `sse4.1`, `sse4.2`, `sse4a`, `ssse3`, `sve`, `sve2`, `sve2-aes`, `sve2-bitperm`, `sve2-sha3`, `sve2-sm4`, `tbm`, `thumb-mode`, `thumb2`, `tme`, `trust`, `trustzone`, `ual`, `v`, `v5te`, `v6`, `v6k`, `v6t2`, `v7`, `v8`, `v8.1a`, `v8.2a`, `v8.3a`, `v8.4a`, `v8.5a`, `v8.6a`, `v8.7a`, `vaes`, `vdsp2e60f`, `vdspv1`, `vdspv2`, `vfp2`, `vfp3`, `vfp4`, `vh`, `virt`, `virtualization`, `vpclmulqdq`, `vsx`, `xsave`, `xsavec`, `xsaveopt`, `xsaves`, `zba`, `zbb`, `zbc`, `zbkb`, `zbkc`, `zbkx`, `zbs`, `zdinx`, `zfh`, `zfhmin`, `zfinx`, `zhinx`, `zhinxmin`, `zk`, `zkn`, `zknd`, `zkne`, `zknh`, `zkr`, `zks`, `zksed`, `zksh`, `zkt`
[INFO] [stdout]    = note: see <https://doc.rust-lang.org/nightly/cargo/reference/unstable.html#check-cfg> for more information about checking conditional configuration
[INFO] [stdout] 
[INFO] [stdout] 
[INFO] [stdout] error: unexpected `cfg` condition value: `crypto`
[INFO] [stdout]   --> src/mac/ghash/mod.rs:24:34
[INFO] [stdout]    |
[INFO] [stdout] 24 |     all(target_arch = "aarch64", target_feature = "crypto")
[INFO] [stdout]    |                                  ^^^^^^^^^^^^^^^^^^^^^^^^^
[INFO] [stdout]    |
[INFO] [stdout]    = note: expected values for `target_feature` are: `10e60`, `2e3`, `3e3r1`, `3e3r2`, `3e3r3`, `3e7`, `7e10`, `a`, `aclass`, `adx`, `aes`, `altivec`, `alu32`, `atomics`, `avx`, `avx2`, `avx512bf16`, `avx512bitalg`, `avx512bw`, `avx512cd`, `avx512dq`, `avx512er`, `avx512f`, `avx512fp16`, `avx512ifma`, `avx512pf`, `avx512vbmi`, `avx512vbmi2`, `avx512vl`, `avx512vnni`, `avx512vp2intersect`, `avx512vpopcntdq`, `bf16`, `bmi1`, `bmi2`, `bti`, `bulk-memory`, `c`, `cache`, `cmpxchg16b`, `crc`, `crt-static`, `d`, `d32`, `dit`, `doloop`, `dotprod`, `dpb`, `dpb2`, `dsp`, `dsp1e2`, `dspe60`, `e`, `e1`, `e2`, `edsp`, `elrw`, `ermsb`, `exception-handling`, `f`, `f16c`, `f32mm`, `f64mm`, `fast-unaligned-access`, `fcma`, `fdivdu`, `fhm`, `flagm`, `float1e2`, `float1e3`, `float3e4`, `float7e60`, `floate1`, `fma`, `fp-armv8`, `fp16`, `fp64`, `fpuv2_df`, `fpuv2_sf`, `fpuv3_df`, `fpuv3_hf`, `fpuv3_hi`, `fpuv3_sf`, `frintts`, `fxsr`, `gfni`, `hard-float`, `hard-float-abi`, `hard-tp`, `high-registers`, `hvx`, `hvx-length128b`, `hwdiv`, `i8mm`, `jsconv`, `lasx`, `lbt`, `lor`, `lse`, `lsx`, `lvz`, `lzcnt`, `m`, `mclass`, `movbe`, `mp`, `mp1e2`, `msa`, `mte`, `multivalue`, `mutable-globals`, `neon`, `nontrapping-fptoint`, `nvic`, `paca`, `pacg`, `pan`, `pclmulqdq`, `pmuv3`, `popcnt`, `power10-vector`, `power8-altivec`, `power8-vector`, `power9-altivec`, `power9-vector`, `rand`, `ras`, `rclass`, `rcpc`, `rcpc2`, `rdm`, `rdrand`, `rdseed`, `reference-types`, `relax`, `relaxed-simd`, `rtm`, `sb`, `sha`, `sha2`, `sha3`, `sign-ext`, `simd128`, `sm4`, `spe`, `ssbs`, `sse`, `sse2`, `sse3`, `sse4.1`, `sse4.2`, `sse4a`, `ssse3`, `sve`, `sve2`, `sve2-aes`, `sve2-bitperm`, `sve2-sha3`, `sve2-sm4`, `tbm`, `thumb-mode`, `thumb2`, `tme`, `trust`, `trustzone`, `ual`, `v`, `v5te`, `v6`, `v6k`, `v6t2`, `v7`, `v8`, `v8.1a`, `v8.2a`, `v8.3a`, `v8.4a`, `v8.5a`, `v8.6a`, `v8.7a`, `vaes`, `vdsp2e60f`, `vdspv1`, `vdspv2`, `vfp2`, `vfp3`, `vfp4`, `vh`, `virt`, `virtualization`, `vpclmulqdq`, `vsx`, `xsave`, `xsavec`, `xsaveopt`, `xsaves`, `zba`, `zbb`, `zbc`, `zbkb`, `zbkc`, `zbkx`, `zbs`, `zdinx`, `zfh`, `zfhmin`, `zfinx`, `zhinx`, `zhinxmin`, `zk`, `zkn`, `zknd`, `zkne`, `zknh`, `zkr`, `zks`, `zksed`, `zksh`, `zkt`
[INFO] [stdout]    = note: see <https://doc.rust-lang.org/nightly/cargo/reference/unstable.html#check-cfg> for more information about checking conditional configuration
[INFO] [stdout] 
[INFO] [stdout] 
[INFO] [stdout] error: unexpected `cfg` condition value: `crypto`
[INFO] [stdout]  --> src/mac/polyval/mod.rs:8:36
[INFO] [stdout]   |
[INFO] [stdout] 8 | #[cfg(all(target_arch = "aarch64", target_feature = "crypto"))]
[INFO] [stdout]   |                                    ^^^^^^^^^^^^^^^^^^^^^^^^^
[INFO] [stdout]   |
[INFO] [stdout]   = note: expected values for `target_feature` are: `10e60`, `2e3`, `3e3r1`, `3e3r2`, `3e3r3`, `3e7`, `7e10`, `a`, `aclass`, `adx`, `aes`, `altivec`, `alu32`, `atomics`, `avx`, `avx2`, `avx512bf16`, `avx512bitalg`, `avx512bw`, `avx512cd`, `avx512dq`, `avx512er`, `avx512f`, `avx512fp16`, `avx512ifma`, `avx512pf`, `avx512vbmi`, `avx512vbmi2`, `avx512vl`, `avx512vnni`, `avx512vp2intersect`, `avx512vpopcntdq`, `bf16`, `bmi1`, `bmi2`, `bti`, `bulk-memory`, `c`, `cache`, `cmpxchg16b`, `crc`, `crt-static`, `d`, `d32`, `dit`, `doloop`, `dotprod`, `dpb`, `dpb2`, `dsp`, `dsp1e2`, `dspe60`, `e`, `e1`, `e2`, `edsp`, `elrw`, `ermsb`, `exception-handling`, `f`, `f16c`, `f32mm`, `f64mm`, `fast-unaligned-access`, `fcma`, `fdivdu`, `fhm`, `flagm`, `float1e2`, `float1e3`, `float3e4`, `float7e60`, `floate1`, `fma`, `fp-armv8`, `fp16`, `fp64`, `fpuv2_df`, `fpuv2_sf`, `fpuv3_df`, `fpuv3_hf`, `fpuv3_hi`, `fpuv3_sf`, `frintts`, `fxsr`, `gfni`, `hard-float`, `hard-float-abi`, `hard-tp`, `high-registers`, `hvx`, `hvx-length128b`, `hwdiv`, `i8mm`, `jsconv`, `lasx`, `lbt`, `lor`, `lse`, `lsx`, `lvz`, `lzcnt`, `m`, `mclass`, `movbe`, `mp`, `mp1e2`, `msa`, `mte`, `multivalue`, `mutable-globals`, `neon`, `nontrapping-fptoint`, `nvic`, `paca`, `pacg`, `pan`, `pclmulqdq`, `pmuv3`, `popcnt`, `power10-vector`, `power8-altivec`, `power8-vector`, `power9-altivec`, `power9-vector`, `rand`, `ras`, `rclass`, `rcpc`, `rcpc2`, `rdm`, `rdrand`, `rdseed`, `reference-types`, `relax`, `relaxed-simd`, `rtm`, `sb`, `sha`, `sha2`, `sha3`, `sign-ext`, `simd128`, `sm4`, `spe`, `ssbs`, `sse`, `sse2`, `sse3`, `sse4.1`, `sse4.2`, `sse4a`, `ssse3`, `sve`, `sve2`, `sve2-aes`, `sve2-bitperm`, `sve2-sha3`, `sve2-sm4`, `tbm`, `thumb-mode`, `thumb2`, `tme`, `trust`, `trustzone`, `ual`, `v`, `v5te`, `v6`, `v6k`, `v6t2`, `v7`, `v8`, `v8.1a`, `v8.2a`, `v8.3a`, `v8.4a`, `v8.5a`, `v8.6a`, `v8.7a`, `vaes`, `vdsp2e60f`, `vdspv1`, `vdspv2`, `vfp2`, `vfp3`, `vfp4`, `vh`, `virt`, `virtualization`, `vpclmulqdq`, `vsx`, `xsave`, `xsavec`, `xsaveopt`, `xsaves`, `zba`, `zbb`, `zbc`, `zbkb`, `zbkc`, `zbkx`, `zbs`, `zdinx`, `zfh`, `zfhmin`, `zfinx`, `zhinx`, `zhinxmin`, `zk`, `zkn`, `zknd`, `zkne`, `zknh`, `zkr`, `zks`, `zksed`, `zksh`, `zkt`
[INFO] [stdout]   = note: see <https://doc.rust-lang.org/nightly/cargo/reference/unstable.html#check-cfg> for more information about checking conditional configuration
[INFO] [stdout] 
[INFO] [stdout] 
[INFO] [stdout] error: unexpected `cfg` condition value: `crypto`
[INFO] [stdout]   --> src/mac/polyval/mod.rs:18:34
[INFO] [stdout]    |
[INFO] [stdout] 18 |     all(target_arch = "aarch64", target_feature = "crypto")
[INFO] [stdout]    |                                  ^^^^^^^^^^^^^^^^^^^^^^^^^
[INFO] [stdout]    |
[INFO] [stdout]    = note: expected values for `target_feature` are: `10e60`, `2e3`, `3e3r1`, `3e3r2`, `3e3r3`, `3e7`, `7e10`, `a`, `aclass`, `adx`, `aes`, `altivec`, `alu32`, `atomics`, `avx`, `avx2`, `avx512bf16`, `avx512bitalg`, `avx512bw`, `avx512cd`, `avx512dq`, `avx512er`, `avx512f`, `avx512fp16`, `avx512ifma`, `avx512pf`, `avx512vbmi`, `avx512vbmi2`, `avx512vl`, `avx512vnni`, `avx512vp2intersect`, `avx512vpopcntdq`, `bf16`, `bmi1`, `bmi2`, `bti`, `bulk-memory`, `c`, `cache`, `cmpxchg16b`, `crc`, `crt-static`, `d`, `d32`, `dit`, `doloop`, `dotprod`, `dpb`, `dpb2`, `dsp`, `dsp1e2`, `dspe60`, `e`, `e1`, `e2`, `edsp`, `elrw`, `ermsb`, `exception-handling`, `f`, `f16c`, `f32mm`, `f64mm`, `fast-unaligned-access`, `fcma`, `fdivdu`, `fhm`, `flagm`, `float1e2`, `float1e3`, `float3e4`, `float7e60`, `floate1`, `fma`, `fp-armv8`, `fp16`, `fp64`, `fpuv2_df`, `fpuv2_sf`, `fpuv3_df`, `fpuv3_hf`, `fpuv3_hi`, `fpuv3_sf`, `frintts`, `fxsr`, `gfni`, `hard-float`, `hard-float-abi`, `hard-tp`, `high-registers`, `hvx`, `hvx-length128b`, `hwdiv`, `i8mm`, `jsconv`, `lasx`, `lbt`, `lor`, `lse`, `lsx`, `lvz`, `lzcnt`, `m`, `mclass`, `movbe`, `mp`, `mp1e2`, `msa`, `mte`, `multivalue`, `mutable-globals`, `neon`, `nontrapping-fptoint`, `nvic`, `paca`, `pacg`, `pan`, `pclmulqdq`, `pmuv3`, `popcnt`, `power10-vector`, `power8-altivec`, `power8-vector`, `power9-altivec`, `power9-vector`, `rand`, `ras`, `rclass`, `rcpc`, `rcpc2`, `rdm`, `rdrand`, `rdseed`, `reference-types`, `relax`, `relaxed-simd`, `rtm`, `sb`, `sha`, `sha2`, `sha3`, `sign-ext`, `simd128`, `sm4`, `spe`, `ssbs`, `sse`, `sse2`, `sse3`, `sse4.1`, `sse4.2`, `sse4a`, `ssse3`, `sve`, `sve2`, `sve2-aes`, `sve2-bitperm`, `sve2-sha3`, `sve2-sm4`, `tbm`, `thumb-mode`, `thumb2`, `tme`, `trust`, `trustzone`, `ual`, `v`, `v5te`, `v6`, `v6k`, `v6t2`, `v7`, `v8`, `v8.1a`, `v8.2a`, `v8.3a`, `v8.4a`, `v8.5a`, `v8.6a`, `v8.7a`, `vaes`, `vdsp2e60f`, `vdspv1`, `vdspv2`, `vfp2`, `vfp3`, `vfp4`, `vh`, `virt`, `virtualization`, `vpclmulqdq`, `vsx`, `xsave`, `xsavec`, `xsaveopt`, `xsaves`, `zba`, `zbb`, `zbc`, `zbkb`, `zbkc`, `zbkx`, `zbs`, `zdinx`, `zfh`, `zfhmin`, `zfinx`, `zhinx`, `zhinxmin`, `zk`, `zkn`, `zknd`, `zkne`, `zknh`, `zkr`, `zks`, `zksed`, `zksh`, `zkt`
[INFO] [stdout]    = note: see <https://doc.rust-lang.org/nightly/cargo/reference/unstable.html#check-cfg> for more information about checking conditional configuration
[INFO] [stdout] 
[INFO] [stdout] 
[INFO] [stdout] error: unexpected `cfg` condition value: `crypto`
[INFO] [stdout]   --> src/blockcipher/aes/mod.rs:12:36
[INFO] [stdout]    |
[INFO] [stdout] 12 | #[cfg(all(target_arch = "aarch64", target_feature = "crypto"))]
[INFO] [stdout]    |                                    ^^^^^^^^^^^^^^^^^^^^^^^^^
[INFO] [stdout]    |
[INFO] [stdout]    = note: expected values for `target_feature` are: `10e60`, `2e3`, `3e3r1`, `3e3r2`, `3e3r3`, `3e7`, `7e10`, `a`, `aclass`, `adx`, `aes`, `altivec`, `alu32`, `atomics`, `avx`, `avx2`, `avx512bf16`, `avx512bitalg`, `avx512bw`, `avx512cd`, `avx512dq`, `avx512er`, `avx512f`, `avx512fp16`, `avx512ifma`, `avx512pf`, `avx512vbmi`, `avx512vbmi2`, `avx512vl`, `avx512vnni`, `avx512vp2intersect`, `avx512vpopcntdq`, `bf16`, `bmi1`, `bmi2`, `bti`, `bulk-memory`, `c`, `cache`, `cmpxchg16b`, `crc`, `crt-static`, `d`, `d32`, `dit`, `doloop`, `dotprod`, `dpb`, `dpb2`, `dsp`, `dsp1e2`, `dspe60`, `e`, `e1`, `e2`, `edsp`, `elrw`, `ermsb`, `exception-handling`, `f`, `f16c`, `f32mm`, `f64mm`, `fast-unaligned-access`, `fcma`, `fdivdu`, `fhm`, `flagm`, `float1e2`, `float1e3`, `float3e4`, `float7e60`, `floate1`, `fma`, `fp-armv8`, `fp16`, `fp64`, `fpuv2_df`, `fpuv2_sf`, `fpuv3_df`, `fpuv3_hf`, `fpuv3_hi`, `fpuv3_sf`, `frintts`, `fxsr`, `gfni`, `hard-float`, `hard-float-abi`, `hard-tp`, `high-registers`, `hvx`, `hvx-length128b`, `hwdiv`, `i8mm`, `jsconv`, `lasx`, `lbt`, `lor`, `lse`, `lsx`, `lvz`, `lzcnt`, `m`, `mclass`, `movbe`, `mp`, `mp1e2`, `msa`, `mte`, `multivalue`, `mutable-globals`, `neon`, `nontrapping-fptoint`, `nvic`, `paca`, `pacg`, `pan`, `pclmulqdq`, `pmuv3`, `popcnt`, `power10-vector`, `power8-altivec`, `power8-vector`, `power9-altivec`, `power9-vector`, `rand`, `ras`, `rclass`, `rcpc`, `rcpc2`, `rdm`, `rdrand`, `rdseed`, `reference-types`, `relax`, `relaxed-simd`, `rtm`, `sb`, `sha`, `sha2`, `sha3`, `sign-ext`, `simd128`, `sm4`, `spe`, `ssbs`, `sse`, `sse2`, `sse3`, `sse4.1`, `sse4.2`, `sse4a`, `ssse3`, `sve`, `sve2`, `sve2-aes`, `sve2-bitperm`, `sve2-sha3`, `sve2-sm4`, `tbm`, `thumb-mode`, `thumb2`, `tme`, `trust`, `trustzone`, `ual`, `v`, `v5te`, `v6`, `v6k`, `v6t2`, `v7`, `v8`, `v8.1a`, `v8.2a`, `v8.3a`, `v8.4a`, `v8.5a`, `v8.6a`, `v8.7a`, `vaes`, `vdsp2e60f`, `vdspv1`, `vdspv2`, `vfp2`, `vfp3`, `vfp4`, `vh`, `virt`, `virtualization`, `vpclmulqdq`, `vsx`, `xsave`, `xsavec`, `xsaveopt`, `xsaves`, `zba`, `zbb`, `zbc`, `zbkb`, `zbkc`, `zbkx`, `zbs`, `zdinx`, `zfh`, `zfhmin`, `zfinx`, `zhinx`, `zhinxmin`, `zk`, `zkn`, `zknd`, `zkne`, `zknh`, `zkr`, `zks`, `zksed`, `zksh`, `zkt`
[INFO] [stdout]    = note: see <https://doc.rust-lang.org/nightly/cargo/reference/unstable.html#check-cfg> for more information about checking conditional configuration
[INFO] [stdout] 
[INFO] [stdout] 
[INFO] [stdout] error: unexpected `cfg` condition value: `crypto`
[INFO] [stdout]   --> src/blockcipher/aes/mod.rs:15:36
[INFO] [stdout]    |
[INFO] [stdout] 15 | #[cfg(all(target_arch = "aarch64", target_feature = "crypto"))]
[INFO] [stdout]    |                                    ^^^^^^^^^^^^^^^^^^^^^^^^^
[INFO] [stdout]    |
[INFO] [stdout]    = note: expected values for `target_feature` are: `10e60`, `2e3`, `3e3r1`, `3e3r2`, `3e3r3`, `3e7`, `7e10`, `a`, `aclass`, `adx`, `aes`, `altivec`, `alu32`, `atomics`, `avx`, `avx2`, `avx512bf16`, `avx512bitalg`, `avx512bw`, `avx512cd`, `avx512dq`, `avx512er`, `avx512f`, `avx512fp16`, `avx512ifma`, `avx512pf`, `avx512vbmi`, `avx512vbmi2`, `avx512vl`, `avx512vnni`, `avx512vp2intersect`, `avx512vpopcntdq`, `bf16`, `bmi1`, `bmi2`, `bti`, `bulk-memory`, `c`, `cache`, `cmpxchg16b`, `crc`, `crt-static`, `d`, `d32`, `dit`, `doloop`, `dotprod`, `dpb`, `dpb2`, `dsp`, `dsp1e2`, `dspe60`, `e`, `e1`, `e2`, `edsp`, `elrw`, `ermsb`, `exception-handling`, `f`, `f16c`, `f32mm`, `f64mm`, `fast-unaligned-access`, `fcma`, `fdivdu`, `fhm`, `flagm`, `float1e2`, `float1e3`, `float3e4`, `float7e60`, `floate1`, `fma`, `fp-armv8`, `fp16`, `fp64`, `fpuv2_df`, `fpuv2_sf`, `fpuv3_df`, `fpuv3_hf`, `fpuv3_hi`, `fpuv3_sf`, `frintts`, `fxsr`, `gfni`, `hard-float`, `hard-float-abi`, `hard-tp`, `high-registers`, `hvx`, `hvx-length128b`, `hwdiv`, `i8mm`, `jsconv`, `lasx`, `lbt`, `lor`, `lse`, `lsx`, `lvz`, `lzcnt`, `m`, `mclass`, `movbe`, `mp`, `mp1e2`, `msa`, `mte`, `multivalue`, `mutable-globals`, `neon`, `nontrapping-fptoint`, `nvic`, `paca`, `pacg`, `pan`, `pclmulqdq`, `pmuv3`, `popcnt`, `power10-vector`, `power8-altivec`, `power8-vector`, `power9-altivec`, `power9-vector`, `rand`, `ras`, `rclass`, `rcpc`, `rcpc2`, `rdm`, `rdrand`, `rdseed`, `reference-types`, `relax`, `relaxed-simd`, `rtm`, `sb`, `sha`, `sha2`, `sha3`, `sign-ext`, `simd128`, `sm4`, `spe`, `ssbs`, `sse`, `sse2`, `sse3`, `sse4.1`, `sse4.2`, `sse4a`, `ssse3`, `sve`, `sve2`, `sve2-aes`, `sve2-bitperm`, `sve2-sha3`, `sve2-sm4`, `tbm`, `thumb-mode`, `thumb2`, `tme`, `trust`, `trustzone`, `ual`, `v`, `v5te`, `v6`, `v6k`, `v6t2`, `v7`, `v8`, `v8.1a`, `v8.2a`, `v8.3a`, `v8.4a`, `v8.5a`, `v8.6a`, `v8.7a`, `vaes`, `vdsp2e60f`, `vdspv1`, `vdspv2`, `vfp2`, `vfp3`, `vfp4`, `vh`, `virt`, `virtualization`, `vpclmulqdq`, `vsx`, `xsave`, `xsavec`, `xsaveopt`, `xsaves`, `zba`, `zbb`, `zbc`, `zbkb`, `zbkc`, `zbkx`, `zbs`, `zdinx`, `zfh`, `zfhmin`, `zfinx`, `zhinx`, `zhinxmin`, `zk`, `zkn`, `zknd`, `zkne`, `zknh`, `zkr`, `zks`, `zksed`, `zksh`, `zkt`
[INFO] [stdout]    = note: see <https://doc.rust-lang.org/nightly/cargo/reference/unstable.html#check-cfg> for more information about checking conditional configuration
[INFO] [stdout] 
[INFO] [stdout] 
[INFO] [stdout] error: unexpected `cfg` condition value: `crypto`
[INFO] [stdout]   --> src/blockcipher/aes/mod.rs:25:34
[INFO] [stdout]    |
[INFO] [stdout] 25 |     all(target_arch = "aarch64", target_feature = "crypto")
[INFO] [stdout]    |                                  ^^^^^^^^^^^^^^^^^^^^^^^^^
[INFO] [stdout]    |
[INFO] [stdout]    = note: expected values for `target_feature` are: `10e60`, `2e3`, `3e3r1`, `3e3r2`, `3e3r3`, `3e7`, `7e10`, `a`, `aclass`, `adx`, `aes`, `altivec`, `alu32`, `atomics`, `avx`, `avx2`, `avx512bf16`, `avx512bitalg`, `avx512bw`, `avx512cd`, `avx512dq`, `avx512er`, `avx512f`, `avx512fp16`, `avx512ifma`, `avx512pf`, `avx512vbmi`, `avx512vbmi2`, `avx512vl`, `avx512vnni`, `avx512vp2intersect`, `avx512vpopcntdq`, `bf16`, `bmi1`, `bmi2`, `bti`, `bulk-memory`, `c`, `cache`, `cmpxchg16b`, `crc`, `crt-static`, `d`, `d32`, `dit`, `doloop`, `dotprod`, `dpb`, `dpb2`, `dsp`, `dsp1e2`, `dspe60`, `e`, `e1`, `e2`, `edsp`, `elrw`, `ermsb`, `exception-handling`, `f`, `f16c`, `f32mm`, `f64mm`, `fast-unaligned-access`, `fcma`, `fdivdu`, `fhm`, `flagm`, `float1e2`, `float1e3`, `float3e4`, `float7e60`, `floate1`, `fma`, `fp-armv8`, `fp16`, `fp64`, `fpuv2_df`, `fpuv2_sf`, `fpuv3_df`, `fpuv3_hf`, `fpuv3_hi`, `fpuv3_sf`, `frintts`, `fxsr`, `gfni`, `hard-float`, `hard-float-abi`, `hard-tp`, `high-registers`, `hvx`, `hvx-length128b`, `hwdiv`, `i8mm`, `jsconv`, `lasx`, `lbt`, `lor`, `lse`, `lsx`, `lvz`, `lzcnt`, `m`, `mclass`, `movbe`, `mp`, `mp1e2`, `msa`, `mte`, `multivalue`, `mutable-globals`, `neon`, `nontrapping-fptoint`, `nvic`, `paca`, `pacg`, `pan`, `pclmulqdq`, `pmuv3`, `popcnt`, `power10-vector`, `power8-altivec`, `power8-vector`, `power9-altivec`, `power9-vector`, `rand`, `ras`, `rclass`, `rcpc`, `rcpc2`, `rdm`, `rdrand`, `rdseed`, `reference-types`, `relax`, `relaxed-simd`, `rtm`, `sb`, `sha`, `sha2`, `sha3`, `sign-ext`, `simd128`, `sm4`, `spe`, `ssbs`, `sse`, `sse2`, `sse3`, `sse4.1`, `sse4.2`, `sse4a`, `ssse3`, `sve`, `sve2`, `sve2-aes`, `sve2-bitperm`, `sve2-sha3`, `sve2-sm4`, `tbm`, `thumb-mode`, `thumb2`, `tme`, `trust`, `trustzone`, `ual`, `v`, `v5te`, `v6`, `v6k`, `v6t2`, `v7`, `v8`, `v8.1a`, `v8.2a`, `v8.3a`, `v8.4a`, `v8.5a`, `v8.6a`, `v8.7a`, `vaes`, `vdsp2e60f`, `vdspv1`, `vdspv2`, `vfp2`, `vfp3`, `vfp4`, `vh`, `virt`, `virtualization`, `vpclmulqdq`, `vsx`, `xsave`, `xsavec`, `xsaveopt`, `xsaves`, `zba`, `zbb`, `zbc`, `zbkb`, `zbkc`, `zbkx`, `zbs`, `zdinx`, `zfh`, `zfhmin`, `zfinx`, `zhinx`, `zhinxmin`, `zk`, `zkn`, `zknd`, `zkne`, `zknh`, `zkr`, `zks`, `zksed`, `zksh`, `zkt`
[INFO] [stdout]    = note: see <https://doc.rust-lang.org/nightly/cargo/reference/unstable.html#check-cfg> for more information about checking conditional configuration
[INFO] [stdout] 
[INFO] [stdout] 
[INFO] [stdout] error: unexpected `cfg` condition value: `crypto`
[INFO] [stdout]   --> src/hash/sha2/sha256/mod.rs:64:36
[INFO] [stdout]    |
[INFO] [stdout] 64 | #[cfg(all(target_arch = "aarch64", target_feature = "crypto"))]
[INFO] [stdout]    |                                    ^^^^^^^^^^^^^^^^^^^^^^^^^
[INFO] [stdout]    |
[INFO] [stdout]    = note: expected values for `target_feature` are: `10e60`, `2e3`, `3e3r1`, `3e3r2`, `3e3r3`, `3e7`, `7e10`, `a`, `aclass`, `adx`, `aes`, `altivec`, `alu32`, `atomics`, `avx`, `avx2`, `avx512bf16`, `avx512bitalg`, `avx512bw`, `avx512cd`, `avx512dq`, `avx512er`, `avx512f`, `avx512fp16`, `avx512ifma`, `avx512pf`, `avx512vbmi`, `avx512vbmi2`, `avx512vl`, `avx512vnni`, `avx512vp2intersect`, `avx512vpopcntdq`, `bf16`, `bmi1`, `bmi2`, `bti`, `bulk-memory`, `c`, `cache`, `cmpxchg16b`, `crc`, `crt-static`, `d`, `d32`, `dit`, `doloop`, `dotprod`, `dpb`, `dpb2`, `dsp`, `dsp1e2`, `dspe60`, `e`, `e1`, `e2`, `edsp`, `elrw`, `ermsb`, `exception-handling`, `f`, `f16c`, `f32mm`, `f64mm`, `fast-unaligned-access`, `fcma`, `fdivdu`, `fhm`, `flagm`, `float1e2`, `float1e3`, `float3e4`, `float7e60`, `floate1`, `fma`, `fp-armv8`, `fp16`, `fp64`, `fpuv2_df`, `fpuv2_sf`, `fpuv3_df`, `fpuv3_hf`, `fpuv3_hi`, `fpuv3_sf`, `frintts`, `fxsr`, `gfni`, `hard-float`, `hard-float-abi`, `hard-tp`, `high-registers`, `hvx`, `hvx-length128b`, `hwdiv`, `i8mm`, `jsconv`, `lasx`, `lbt`, `lor`, `lse`, `lsx`, `lvz`, `lzcnt`, `m`, `mclass`, `movbe`, `mp`, `mp1e2`, `msa`, `mte`, `multivalue`, `mutable-globals`, `neon`, `nontrapping-fptoint`, `nvic`, `paca`, `pacg`, `pan`, `pclmulqdq`, `pmuv3`, `popcnt`, `power10-vector`, `power8-altivec`, `power8-vector`, `power9-altivec`, `power9-vector`, `rand`, `ras`, `rclass`, `rcpc`, `rcpc2`, `rdm`, `rdrand`, `rdseed`, `reference-types`, `relax`, `relaxed-simd`, `rtm`, `sb`, `sha`, `sha2`, `sha3`, `sign-ext`, `simd128`, `sm4`, `spe`, `ssbs`, `sse`, `sse2`, `sse3`, `sse4.1`, `sse4.2`, `sse4a`, `ssse3`, `sve`, `sve2`, `sve2-aes`, `sve2-bitperm`, `sve2-sha3`, `sve2-sm4`, `tbm`, `thumb-mode`, `thumb2`, `tme`, `trust`, `trustzone`, `ual`, `v`, `v5te`, `v6`, `v6k`, `v6t2`, `v7`, `v8`, `v8.1a`, `v8.2a`, `v8.3a`, `v8.4a`, `v8.5a`, `v8.6a`, `v8.7a`, `vaes`, `vdsp2e60f`, `vdspv1`, `vdspv2`, `vfp2`, `vfp3`, `vfp4`, `vh`, `virt`, `virtualization`, `vpclmulqdq`, `vsx`, `xsave`, `xsavec`, `xsaveopt`, `xsaves`, `zba`, `zbb`, `zbc`, `zbkb`, `zbkc`, `zbkx`, `zbs`, `zdinx`, `zfh`, `zfhmin`, `zfinx`, `zhinx`, `zhinxmin`, `zk`, `zkn`, `zknd`, `zkne`, `zknh`, `zkr`, `zks`, `zksed`, `zksh`, `zkt`
[INFO] [stdout]    = note: see <https://doc.rust-lang.org/nightly/cargo/reference/unstable.html#check-cfg> for more information about checking conditional configuration
[INFO] [stdout]    = note: requested on the command line with `-D unexpected-cfgs`
[INFO] [stdout] 
[INFO] [stdout] 
[INFO] [stdout] error: unexpected `cfg` condition value: `crypto`
[INFO] [stdout]   --> src/hash/sha2/sha256/mod.rs:69:40
[INFO] [stdout]    |
[INFO] [stdout] 69 | #[cfg(all(target_arch = "aarch64", not(target_feature = "crypto")))]
[INFO] [stdout]    |                                        ^^^^^^^^^^^^^^^^^^^^^^^^^
[INFO] [stdout]    |
[INFO] [stdout]    = note: expected values for `target_feature` are: `10e60`, `2e3`, `3e3r1`, `3e3r2`, `3e3r3`, `3e7`, `7e10`, `a`, `aclass`, `adx`, `aes`, `altivec`, `alu32`, `atomics`, `avx`, `avx2`, `avx512bf16`, `avx512bitalg`, `avx512bw`, `avx512cd`, `avx512dq`, `avx512er`, `avx512f`, `avx512fp16`, `avx512ifma`, `avx512pf`, `avx512vbmi`, `avx512vbmi2`, `avx512vl`, `avx512vnni`, `avx512vp2intersect`, `avx512vpopcntdq`, `bf16`, `bmi1`, `bmi2`, `bti`, `bulk-memory`, `c`, `cache`, `cmpxchg16b`, `crc`, `crt-static`, `d`, `d32`, `dit`, `doloop`, `dotprod`, `dpb`, `dpb2`, `dsp`, `dsp1e2`, `dspe60`, `e`, `e1`, `e2`, `edsp`, `elrw`, `ermsb`, `exception-handling`, `f`, `f16c`, `f32mm`, `f64mm`, `fast-unaligned-access`, `fcma`, `fdivdu`, `fhm`, `flagm`, `float1e2`, `float1e3`, `float3e4`, `float7e60`, `floate1`, `fma`, `fp-armv8`, `fp16`, `fp64`, `fpuv2_df`, `fpuv2_sf`, `fpuv3_df`, `fpuv3_hf`, `fpuv3_hi`, `fpuv3_sf`, `frintts`, `fxsr`, `gfni`, `hard-float`, `hard-float-abi`, `hard-tp`, `high-registers`, `hvx`, `hvx-length128b`, `hwdiv`, `i8mm`, `jsconv`, `lasx`, `lbt`, `lor`, `lse`, `lsx`, `lvz`, `lzcnt`, `m`, `mclass`, `movbe`, `mp`, `mp1e2`, `msa`, `mte`, `multivalue`, `mutable-globals`, `neon`, `nontrapping-fptoint`, `nvic`, `paca`, `pacg`, `pan`, `pclmulqdq`, `pmuv3`, `popcnt`, `power10-vector`, `power8-altivec`, `power8-vector`, `power9-altivec`, `power9-vector`, `rand`, `ras`, `rclass`, `rcpc`, `rcpc2`, `rdm`, `rdrand`, `rdseed`, `reference-types`, `relax`, `relaxed-simd`, `rtm`, `sb`, `sha`, `sha2`, `sha3`, `sign-ext`, `simd128`, `sm4`, `spe`, `ssbs`, `sse`, `sse2`, `sse3`, `sse4.1`, `sse4.2`, `sse4a`, `ssse3`, `sve`, `sve2`, `sve2-aes`, `sve2-bitperm`, `sve2-sha3`, `sve2-sm4`, `tbm`, `thumb-mode`, `thumb2`, `tme`, `trust`, `trustzone`, `ual`, `v`, `v5te`, `v6`, `v6k`, `v6t2`, `v7`, `v8`, `v8.1a`, `v8.2a`, `v8.3a`, `v8.4a`, `v8.5a`, `v8.6a`, `v8.7a`, `vaes`, `vdsp2e60f`, `vdspv1`, `vdspv2`, `vfp2`, `vfp3`, `vfp4`, `vh`, `virt`, `virtualization`, `vpclmulqdq`, `vsx`, `xsave`, `xsavec`, `xsaveopt`, `xsaves`, `zba`, `zbb`, `zbc`, `zbkb`, `zbkc`, `zbkx`, `zbs`, `zdinx`, `zfh`, `zfhmin`, `zfinx`, `zhinx`, `zhinxmin`, `zk`, `zkn`, `zknd`, `zkne`, `zknh`, `zkr`, `zks`, `zksed`, `zksh`, `zkt`
[INFO] [stdout]    = note: see <https://doc.rust-lang.org/nightly/cargo/reference/unstable.html#check-cfg> for more information about checking conditional configuration
[INFO] [stdout] 
[INFO] [stdout] 
[INFO] [stdout] warning: unused import: `self::sha3::*`
[INFO] [stdout]   --> src/hash/mod.rs:16:9
[INFO] [stdout]    |
[INFO] [stdout] 16 | pub use self::sha3::*;
[INFO] [stdout]    |         ^^^^^^^^^^^^^
[INFO] [stdout]    |
[INFO] [stdout]    = note: `#[warn(unused_imports)]` on by default
[INFO] [stdout] 
[INFO] [stdout] 
[INFO] [stdout] error: unexpected `cfg` condition value: `crypto`
[INFO] [stdout]   --> src/mac/ghash/mod.rs:14:36
[INFO] [stdout]    |
[INFO] [stdout] 14 | #[cfg(all(target_arch = "aarch64", target_feature = "crypto"))]
[INFO] [stdout]    |                                    ^^^^^^^^^^^^^^^^^^^^^^^^^
[INFO] [stdout]    |
[INFO] [stdout]    = note: expected values for `target_feature` are: `10e60`, `2e3`, `3e3r1`, `3e3r2`, `3e3r3`, `3e7`, `7e10`, `a`, `aclass`, `adx`, `aes`, `altivec`, `alu32`, `atomics`, `avx`, `avx2`, `avx512bf16`, `avx512bitalg`, `avx512bw`, `avx512cd`, `avx512dq`, `avx512er`, `avx512f`, `avx512fp16`, `avx512ifma`, `avx512pf`, `avx512vbmi`, `avx512vbmi2`, `avx512vl`, `avx512vnni`, `avx512vp2intersect`, `avx512vpopcntdq`, `bf16`, `bmi1`, `bmi2`, `bti`, `bulk-memory`, `c`, `cache`, `cmpxchg16b`, `crc`, `crt-static`, `d`, `d32`, `dit`, `doloop`, `dotprod`, `dpb`, `dpb2`, `dsp`, `dsp1e2`, `dspe60`, `e`, `e1`, `e2`, `edsp`, `elrw`, `ermsb`, `exception-handling`, `f`, `f16c`, `f32mm`, `f64mm`, `fast-unaligned-access`, `fcma`, `fdivdu`, `fhm`, `flagm`, `float1e2`, `float1e3`, `float3e4`, `float7e60`, `floate1`, `fma`, `fp-armv8`, `fp16`, `fp64`, `fpuv2_df`, `fpuv2_sf`, `fpuv3_df`, `fpuv3_hf`, `fpuv3_hi`, `fpuv3_sf`, `frintts`, `fxsr`, `gfni`, `hard-float`, `hard-float-abi`, `hard-tp`, `high-registers`, `hvx`, `hvx-length128b`, `hwdiv`, `i8mm`, `jsconv`, `lasx`, `lbt`, `lor`, `lse`, `lsx`, `lvz`, `lzcnt`, `m`, `mclass`, `movbe`, `mp`, `mp1e2`, `msa`, `mte`, `multivalue`, `mutable-globals`, `neon`, `nontrapping-fptoint`, `nvic`, `paca`, `pacg`, `pan`, `pclmulqdq`, `pmuv3`, `popcnt`, `power10-vector`, `power8-altivec`, `power8-vector`, `power9-altivec`, `power9-vector`, `rand`, `ras`, `rclass`, `rcpc`, `rcpc2`, `rdm`, `rdrand`, `rdseed`, `reference-types`, `relax`, `relaxed-simd`, `rtm`, `sb`, `sha`, `sha2`, `sha3`, `sign-ext`, `simd128`, `sm4`, `spe`, `ssbs`, `sse`, `sse2`, `sse3`, `sse4.1`, `sse4.2`, `sse4a`, `ssse3`, `sve`, `sve2`, `sve2-aes`, `sve2-bitperm`, `sve2-sha3`, `sve2-sm4`, `tbm`, `thumb-mode`, `thumb2`, `tme`, `trust`, `trustzone`, `ual`, `v`, `v5te`, `v6`, `v6k`, `v6t2`, `v7`, `v8`, `v8.1a`, `v8.2a`, `v8.3a`, `v8.4a`, `v8.5a`, `v8.6a`, `v8.7a`, `vaes`, `vdsp2e60f`, `vdspv1`, `vdspv2`, `vfp2`, `vfp3`, `vfp4`, `vh`, `virt`, `virtualization`, `vpclmulqdq`, `vsx`, `xsave`, `xsavec`, `xsaveopt`, `xsaves`, `zba`, `zbb`, `zbc`, `zbkb`, `zbkc`, `zbkx`, `zbs`, `zdinx`, `zfh`, `zfhmin`, `zfinx`, `zhinx`, `zhinxmin`, `zk`, `zkn`, `zknd`, `zkne`, `zknh`, `zkr`, `zks`, `zksed`, `zksh`, `zkt`
[INFO] [stdout]    = note: see <https://doc.rust-lang.org/nightly/cargo/reference/unstable.html#check-cfg> for more information about checking conditional configuration
[INFO] [stdout] 
[INFO] [stdout] 
[INFO] [stdout] error: unexpected `cfg` condition value: `crypto`
[INFO] [stdout]   --> src/mac/ghash/mod.rs:24:34
[INFO] [stdout]    |
[INFO] [stdout] 24 |     all(target_arch = "aarch64", target_feature = "crypto")
[INFO] [stdout]    |                                  ^^^^^^^^^^^^^^^^^^^^^^^^^
[INFO] [stdout]    |
[INFO] [stdout]    = note: expected values for `target_feature` are: `10e60`, `2e3`, `3e3r1`, `3e3r2`, `3e3r3`, `3e7`, `7e10`, `a`, `aclass`, `adx`, `aes`, `altivec`, `alu32`, `atomics`, `avx`, `avx2`, `avx512bf16`, `avx512bitalg`, `avx512bw`, `avx512cd`, `avx512dq`, `avx512er`, `avx512f`, `avx512fp16`, `avx512ifma`, `avx512pf`, `avx512vbmi`, `avx512vbmi2`, `avx512vl`, `avx512vnni`, `avx512vp2intersect`, `avx512vpopcntdq`, `bf16`, `bmi1`, `bmi2`, `bti`, `bulk-memory`, `c`, `cache`, `cmpxchg16b`, `crc`, `crt-static`, `d`, `d32`, `dit`, `doloop`, `dotprod`, `dpb`, `dpb2`, `dsp`, `dsp1e2`, `dspe60`, `e`, `e1`, `e2`, `edsp`, `elrw`, `ermsb`, `exception-handling`, `f`, `f16c`, `f32mm`, `f64mm`, `fast-unaligned-access`, `fcma`, `fdivdu`, `fhm`, `flagm`, `float1e2`, `float1e3`, `float3e4`, `float7e60`, `floate1`, `fma`, `fp-armv8`, `fp16`, `fp64`, `fpuv2_df`, `fpuv2_sf`, `fpuv3_df`, `fpuv3_hf`, `fpuv3_hi`, `fpuv3_sf`, `frintts`, `fxsr`, `gfni`, `hard-float`, `hard-float-abi`, `hard-tp`, `high-registers`, `hvx`, `hvx-length128b`, `hwdiv`, `i8mm`, `jsconv`, `lasx`, `lbt`, `lor`, `lse`, `lsx`, `lvz`, `lzcnt`, `m`, `mclass`, `movbe`, `mp`, `mp1e2`, `msa`, `mte`, `multivalue`, `mutable-globals`, `neon`, `nontrapping-fptoint`, `nvic`, `paca`, `pacg`, `pan`, `pclmulqdq`, `pmuv3`, `popcnt`, `power10-vector`, `power8-altivec`, `power8-vector`, `power9-altivec`, `power9-vector`, `rand`, `ras`, `rclass`, `rcpc`, `rcpc2`, `rdm`, `rdrand`, `rdseed`, `reference-types`, `relax`, `relaxed-simd`, `rtm`, `sb`, `sha`, `sha2`, `sha3`, `sign-ext`, `simd128`, `sm4`, `spe`, `ssbs`, `sse`, `sse2`, `sse3`, `sse4.1`, `sse4.2`, `sse4a`, `ssse3`, `sve`, `sve2`, `sve2-aes`, `sve2-bitperm`, `sve2-sha3`, `sve2-sm4`, `tbm`, `thumb-mode`, `thumb2`, `tme`, `trust`, `trustzone`, `ual`, `v`, `v5te`, `v6`, `v6k`, `v6t2`, `v7`, `v8`, `v8.1a`, `v8.2a`, `v8.3a`, `v8.4a`, `v8.5a`, `v8.6a`, `v8.7a`, `vaes`, `vdsp2e60f`, `vdspv1`, `vdspv2`, `vfp2`, `vfp3`, `vfp4`, `vh`, `virt`, `virtualization`, `vpclmulqdq`, `vsx`, `xsave`, `xsavec`, `xsaveopt`, `xsaves`, `zba`, `zbb`, `zbc`, `zbkb`, `zbkc`, `zbkx`, `zbs`, `zdinx`, `zfh`, `zfhmin`, `zfinx`, `zhinx`, `zhinxmin`, `zk`, `zkn`, `zknd`, `zkne`, `zknh`, `zkr`, `zks`, `zksed`, `zksh`, `zkt`
[INFO] [stdout]    = note: see <https://doc.rust-lang.org/nightly/cargo/reference/unstable.html#check-cfg> for more information about checking conditional configuration
[INFO] [stdout] 
[INFO] [stdout] 
[INFO] [stdout] error: unexpected `cfg` condition value: `crypto`
[INFO] [stdout]  --> src/mac/polyval/mod.rs:8:36
[INFO] [stdout]   |
[INFO] [stdout] 8 | #[cfg(all(target_arch = "aarch64", target_feature = "crypto"))]
[INFO] [stdout]   |                                    ^^^^^^^^^^^^^^^^^^^^^^^^^
[INFO] [stdout]   |
[INFO] [stdout]   = note: expected values for `target_feature` are: `10e60`, `2e3`, `3e3r1`, `3e3r2`, `3e3r3`, `3e7`, `7e10`, `a`, `aclass`, `adx`, `aes`, `altivec`, `alu32`, `atomics`, `avx`, `avx2`, `avx512bf16`, `avx512bitalg`, `avx512bw`, `avx512cd`, `avx512dq`, `avx512er`, `avx512f`, `avx512fp16`, `avx512ifma`, `avx512pf`, `avx512vbmi`, `avx512vbmi2`, `avx512vl`, `avx512vnni`, `avx512vp2intersect`, `avx512vpopcntdq`, `bf16`, `bmi1`, `bmi2`, `bti`, `bulk-memory`, `c`, `cache`, `cmpxchg16b`, `crc`, `crt-static`, `d`, `d32`, `dit`, `doloop`, `dotprod`, `dpb`, `dpb2`, `dsp`, `dsp1e2`, `dspe60`, `e`, `e1`, `e2`, `edsp`, `elrw`, `ermsb`, `exception-handling`, `f`, `f16c`, `f32mm`, `f64mm`, `fast-unaligned-access`, `fcma`, `fdivdu`, `fhm`, `flagm`, `float1e2`, `float1e3`, `float3e4`, `float7e60`, `floate1`, `fma`, `fp-armv8`, `fp16`, `fp64`, `fpuv2_df`, `fpuv2_sf`, `fpuv3_df`, `fpuv3_hf`, `fpuv3_hi`, `fpuv3_sf`, `frintts`, `fxsr`, `gfni`, `hard-float`, `hard-float-abi`, `hard-tp`, `high-registers`, `hvx`, `hvx-length128b`, `hwdiv`, `i8mm`, `jsconv`, `lasx`, `lbt`, `lor`, `lse`, `lsx`, `lvz`, `lzcnt`, `m`, `mclass`, `movbe`, `mp`, `mp1e2`, `msa`, `mte`, `multivalue`, `mutable-globals`, `neon`, `nontrapping-fptoint`, `nvic`, `paca`, `pacg`, `pan`, `pclmulqdq`, `pmuv3`, `popcnt`, `power10-vector`, `power8-altivec`, `power8-vector`, `power9-altivec`, `power9-vector`, `rand`, `ras`, `rclass`, `rcpc`, `rcpc2`, `rdm`, `rdrand`, `rdseed`, `reference-types`, `relax`, `relaxed-simd`, `rtm`, `sb`, `sha`, `sha2`, `sha3`, `sign-ext`, `simd128`, `sm4`, `spe`, `ssbs`, `sse`, `sse2`, `sse3`, `sse4.1`, `sse4.2`, `sse4a`, `ssse3`, `sve`, `sve2`, `sve2-aes`, `sve2-bitperm`, `sve2-sha3`, `sve2-sm4`, `tbm`, `thumb-mode`, `thumb2`, `tme`, `trust`, `trustzone`, `ual`, `v`, `v5te`, `v6`, `v6k`, `v6t2`, `v7`, `v8`, `v8.1a`, `v8.2a`, `v8.3a`, `v8.4a`, `v8.5a`, `v8.6a`, `v8.7a`, `vaes`, `vdsp2e60f`, `vdspv1`, `vdspv2`, `vfp2`, `vfp3`, `vfp4`, `vh`, `virt`, `virtualization`, `vpclmulqdq`, `vsx`, `xsave`, `xsavec`, `xsaveopt`, `xsaves`, `zba`, `zbb`, `zbc`, `zbkb`, `zbkc`, `zbkx`, `zbs`, `zdinx`, `zfh`, `zfhmin`, `zfinx`, `zhinx`, `zhinxmin`, `zk`, `zkn`, `zknd`, `zkne`, `zknh`, `zkr`, `zks`, `zksed`, `zksh`, `zkt`
[INFO] [stdout]   = note: see <https://doc.rust-lang.org/nightly/cargo/reference/unstable.html#check-cfg> for more information about checking conditional configuration
[INFO] [stdout] 
[INFO] [stdout] 
[INFO] [stdout] error: unexpected `cfg` condition value: `crypto`
[INFO] [stdout]   --> src/mac/polyval/mod.rs:18:34
[INFO] [stdout]    |
[INFO] [stdout] 18 |     all(target_arch = "aarch64", target_feature = "crypto")
[INFO] [stdout]    |                                  ^^^^^^^^^^^^^^^^^^^^^^^^^
[INFO] [stdout]    |
[INFO] [stdout]    = note: expected values for `target_feature` are: `10e60`, `2e3`, `3e3r1`, `3e3r2`, `3e3r3`, `3e7`, `7e10`, `a`, `aclass`, `adx`, `aes`, `altivec`, `alu32`, `atomics`, `avx`, `avx2`, `avx512bf16`, `avx512bitalg`, `avx512bw`, `avx512cd`, `avx512dq`, `avx512er`, `avx512f`, `avx512fp16`, `avx512ifma`, `avx512pf`, `avx512vbmi`, `avx512vbmi2`, `avx512vl`, `avx512vnni`, `avx512vp2intersect`, `avx512vpopcntdq`, `bf16`, `bmi1`, `bmi2`, `bti`, `bulk-memory`, `c`, `cache`, `cmpxchg16b`, `crc`, `crt-static`, `d`, `d32`, `dit`, `doloop`, `dotprod`, `dpb`, `dpb2`, `dsp`, `dsp1e2`, `dspe60`, `e`, `e1`, `e2`, `edsp`, `elrw`, `ermsb`, `exception-handling`, `f`, `f16c`, `f32mm`, `f64mm`, `fast-unaligned-access`, `fcma`, `fdivdu`, `fhm`, `flagm`, `float1e2`, `float1e3`, `float3e4`, `float7e60`, `floate1`, `fma`, `fp-armv8`, `fp16`, `fp64`, `fpuv2_df`, `fpuv2_sf`, `fpuv3_df`, `fpuv3_hf`, `fpuv3_hi`, `fpuv3_sf`, `frintts`, `fxsr`, `gfni`, `hard-float`, `hard-float-abi`, `hard-tp`, `high-registers`, `hvx`, `hvx-length128b`, `hwdiv`, `i8mm`, `jsconv`, `lasx`, `lbt`, `lor`, `lse`, `lsx`, `lvz`, `lzcnt`, `m`, `mclass`, `movbe`, `mp`, `mp1e2`, `msa`, `mte`, `multivalue`, `mutable-globals`, `neon`, `nontrapping-fptoint`, `nvic`, `paca`, `pacg`, `pan`, `pclmulqdq`, `pmuv3`, `popcnt`, `power10-vector`, `power8-altivec`, `power8-vector`, `power9-altivec`, `power9-vector`, `rand`, `ras`, `rclass`, `rcpc`, `rcpc2`, `rdm`, `rdrand`, `rdseed`, `reference-types`, `relax`, `relaxed-simd`, `rtm`, `sb`, `sha`, `sha2`, `sha3`, `sign-ext`, `simd128`, `sm4`, `spe`, `ssbs`, `sse`, `sse2`, `sse3`, `sse4.1`, `sse4.2`, `sse4a`, `ssse3`, `sve`, `sve2`, `sve2-aes`, `sve2-bitperm`, `sve2-sha3`, `sve2-sm4`, `tbm`, `thumb-mode`, `thumb2`, `tme`, `trust`, `trustzone`, `ual`, `v`, `v5te`, `v6`, `v6k`, `v6t2`, `v7`, `v8`, `v8.1a`, `v8.2a`, `v8.3a`, `v8.4a`, `v8.5a`, `v8.6a`, `v8.7a`, `vaes`, `vdsp2e60f`, `vdspv1`, `vdspv2`, `vfp2`, `vfp3`, `vfp4`, `vh`, `virt`, `virtualization`, `vpclmulqdq`, `vsx`, `xsave`, `xsavec`, `xsaveopt`, `xsaves`, `zba`, `zbb`, `zbc`, `zbkb`, `zbkc`, `zbkx`, `zbs`, `zdinx`, `zfh`, `zfhmin`, `zfinx`, `zhinx`, `zhinxmin`, `zk`, `zkn`, `zknd`, `zkne`, `zknh`, `zkr`, `zks`, `zksed`, `zksh`, `zkt`
[INFO] [stdout]    = note: see <https://doc.rust-lang.org/nightly/cargo/reference/unstable.html#check-cfg> for more information about checking conditional configuration
[INFO] [stdout] 
[INFO] [stdout] 
[INFO] [stdout] error: unexpected `cfg` condition value: `crypto`
[INFO] [stdout]   --> src/blockcipher/aes/mod.rs:12:36
[INFO] [stdout]    |
[INFO] [stdout] 12 | #[cfg(all(target_arch = "aarch64", target_feature = "crypto"))]
[INFO] [stdout]    |                                    ^^^^^^^^^^^^^^^^^^^^^^^^^
[INFO] [stdout]    |
[INFO] [stdout]    = note: expected values for `target_feature` are: `10e60`, `2e3`, `3e3r1`, `3e3r2`, `3e3r3`, `3e7`, `7e10`, `a`, `aclass`, `adx`, `aes`, `altivec`, `alu32`, `atomics`, `avx`, `avx2`, `avx512bf16`, `avx512bitalg`, `avx512bw`, `avx512cd`, `avx512dq`, `avx512er`, `avx512f`, `avx512fp16`, `avx512ifma`, `avx512pf`, `avx512vbmi`, `avx512vbmi2`, `avx512vl`, `avx512vnni`, `avx512vp2intersect`, `avx512vpopcntdq`, `bf16`, `bmi1`, `bmi2`, `bti`, `bulk-memory`, `c`, `cache`, `cmpxchg16b`, `crc`, `crt-static`, `d`, `d32`, `dit`, `doloop`, `dotprod`, `dpb`, `dpb2`, `dsp`, `dsp1e2`, `dspe60`, `e`, `e1`, `e2`, `edsp`, `elrw`, `ermsb`, `exception-handling`, `f`, `f16c`, `f32mm`, `f64mm`, `fast-unaligned-access`, `fcma`, `fdivdu`, `fhm`, `flagm`, `float1e2`, `float1e3`, `float3e4`, `float7e60`, `floate1`, `fma`, `fp-armv8`, `fp16`, `fp64`, `fpuv2_df`, `fpuv2_sf`, `fpuv3_df`, `fpuv3_hf`, `fpuv3_hi`, `fpuv3_sf`, `frintts`, `fxsr`, `gfni`, `hard-float`, `hard-float-abi`, `hard-tp`, `high-registers`, `hvx`, `hvx-length128b`, `hwdiv`, `i8mm`, `jsconv`, `lasx`, `lbt`, `lor`, `lse`, `lsx`, `lvz`, `lzcnt`, `m`, `mclass`, `movbe`, `mp`, `mp1e2`, `msa`, `mte`, `multivalue`, `mutable-globals`, `neon`, `nontrapping-fptoint`, `nvic`, `paca`, `pacg`, `pan`, `pclmulqdq`, `pmuv3`, `popcnt`, `power10-vector`, `power8-altivec`, `power8-vector`, `power9-altivec`, `power9-vector`, `rand`, `ras`, `rclass`, `rcpc`, `rcpc2`, `rdm`, `rdrand`, `rdseed`, `reference-types`, `relax`, `relaxed-simd`, `rtm`, `sb`, `sha`, `sha2`, `sha3`, `sign-ext`, `simd128`, `sm4`, `spe`, `ssbs`, `sse`, `sse2`, `sse3`, `sse4.1`, `sse4.2`, `sse4a`, `ssse3`, `sve`, `sve2`, `sve2-aes`, `sve2-bitperm`, `sve2-sha3`, `sve2-sm4`, `tbm`, `thumb-mode`, `thumb2`, `tme`, `trust`, `trustzone`, `ual`, `v`, `v5te`, `v6`, `v6k`, `v6t2`, `v7`, `v8`, `v8.1a`, `v8.2a`, `v8.3a`, `v8.4a`, `v8.5a`, `v8.6a`, `v8.7a`, `vaes`, `vdsp2e60f`, `vdspv1`, `vdspv2`, `vfp2`, `vfp3`, `vfp4`, `vh`, `virt`, `virtualization`, `vpclmulqdq`, `vsx`, `xsave`, `xsavec`, `xsaveopt`, `xsaves`, `zba`, `zbb`, `zbc`, `zbkb`, `zbkc`, `zbkx`, `zbs`, `zdinx`, `zfh`, `zfhmin`, `zfinx`, `zhinx`, `zhinxmin`, `zk`, `zkn`, `zknd`, `zkne`, `zknh`, `zkr`, `zks`, `zksed`, `zksh`, `zkt`
[INFO] [stdout]    = note: see <https://doc.rust-lang.org/nightly/cargo/reference/unstable.html#check-cfg> for more information about checking conditional configuration
[INFO] [stdout] 
[INFO] [stdout] 
[INFO] [stdout] error: unexpected `cfg` condition value: `crypto`
[INFO] [stdout]   --> src/blockcipher/aes/mod.rs:15:36
[INFO] [stdout]    |
[INFO] [stdout] 15 | #[cfg(all(target_arch = "aarch64", target_feature = "crypto"))]
[INFO] [stdout]    |                                    ^^^^^^^^^^^^^^^^^^^^^^^^^
[INFO] [stdout]    |
[INFO] [stdout]    = note: expected values for `target_feature` are: `10e60`, `2e3`, `3e3r1`, `3e3r2`, `3e3r3`, `3e7`, `7e10`, `a`, `aclass`, `adx`, `aes`, `altivec`, `alu32`, `atomics`, `avx`, `avx2`, `avx512bf16`, `avx512bitalg`, `avx512bw`, `avx512cd`, `avx512dq`, `avx512er`, `avx512f`, `avx512fp16`, `avx512ifma`, `avx512pf`, `avx512vbmi`, `avx512vbmi2`, `avx512vl`, `avx512vnni`, `avx512vp2intersect`, `avx512vpopcntdq`, `bf16`, `bmi1`, `bmi2`, `bti`, `bulk-memory`, `c`, `cache`, `cmpxchg16b`, `crc`, `crt-static`, `d`, `d32`, `dit`, `doloop`, `dotprod`, `dpb`, `dpb2`, `dsp`, `dsp1e2`, `dspe60`, `e`, `e1`, `e2`, `edsp`, `elrw`, `ermsb`, `exception-handling`, `f`, `f16c`, `f32mm`, `f64mm`, `fast-unaligned-access`, `fcma`, `fdivdu`, `fhm`, `flagm`, `float1e2`, `float1e3`, `float3e4`, `float7e60`, `floate1`, `fma`, `fp-armv8`, `fp16`, `fp64`, `fpuv2_df`, `fpuv2_sf`, `fpuv3_df`, `fpuv3_hf`, `fpuv3_hi`, `fpuv3_sf`, `frintts`, `fxsr`, `gfni`, `hard-float`, `hard-float-abi`, `hard-tp`, `high-registers`, `hvx`, `hvx-length128b`, `hwdiv`, `i8mm`, `jsconv`, `lasx`, `lbt`, `lor`, `lse`, `lsx`, `lvz`, `lzcnt`, `m`, `mclass`, `movbe`, `mp`, `mp1e2`, `msa`, `mte`, `multivalue`, `mutable-globals`, `neon`, `nontrapping-fptoint`, `nvic`, `paca`, `pacg`, `pan`, `pclmulqdq`, `pmuv3`, `popcnt`, `power10-vector`, `power8-altivec`, `power8-vector`, `power9-altivec`, `power9-vector`, `rand`, `ras`, `rclass`, `rcpc`, `rcpc2`, `rdm`, `rdrand`, `rdseed`, `reference-types`, `relax`, `relaxed-simd`, `rtm`, `sb`, `sha`, `sha2`, `sha3`, `sign-ext`, `simd128`, `sm4`, `spe`, `ssbs`, `sse`, `sse2`, `sse3`, `sse4.1`, `sse4.2`, `sse4a`, `ssse3`, `sve`, `sve2`, `sve2-aes`, `sve2-bitperm`, `sve2-sha3`, `sve2-sm4`, `tbm`, `thumb-mode`, `thumb2`, `tme`, `trust`, `trustzone`, `ual`, `v`, `v5te`, `v6`, `v6k`, `v6t2`, `v7`, `v8`, `v8.1a`, `v8.2a`, `v8.3a`, `v8.4a`, `v8.5a`, `v8.6a`, `v8.7a`, `vaes`, `vdsp2e60f`, `vdspv1`, `vdspv2`, `vfp2`, `vfp3`, `vfp4`, `vh`, `virt`, `virtualization`, `vpclmulqdq`, `vsx`, `xsave`, `xsavec`, `xsaveopt`, `xsaves`, `zba`, `zbb`, `zbc`, `zbkb`, `zbkc`, `zbkx`, `zbs`, `zdinx`, `zfh`, `zfhmin`, `zfinx`, `zhinx`, `zhinxmin`, `zk`, `zkn`, `zknd`, `zkne`, `zknh`, `zkr`, `zks`, `zksed`, `zksh`, `zkt`
[INFO] [stdout]    = note: see <https://doc.rust-lang.org/nightly/cargo/reference/unstable.html#check-cfg> for more information about checking conditional configuration
[INFO] [stdout] 
[INFO] [stdout] 
[INFO] [stdout] error: unexpected `cfg` condition value: `crypto`
[INFO] [stdout]   --> src/blockcipher/aes/mod.rs:25:34
[INFO] [stdout]    |
[INFO] [stdout] 25 |     all(target_arch = "aarch64", target_feature = "crypto")
[INFO] [stdout]    |                                  ^^^^^^^^^^^^^^^^^^^^^^^^^
[INFO] [stdout]    |
[INFO] [stdout]    = note: expected values for `target_feature` are: `10e60`, `2e3`, `3e3r1`, `3e3r2`, `3e3r3`, `3e7`, `7e10`, `a`, `aclass`, `adx`, `aes`, `altivec`, `alu32`, `atomics`, `avx`, `avx2`, `avx512bf16`, `avx512bitalg`, `avx512bw`, `avx512cd`, `avx512dq`, `avx512er`, `avx512f`, `avx512fp16`, `avx512ifma`, `avx512pf`, `avx512vbmi`, `avx512vbmi2`, `avx512vl`, `avx512vnni`, `avx512vp2intersect`, `avx512vpopcntdq`, `bf16`, `bmi1`, `bmi2`, `bti`, `bulk-memory`, `c`, `cache`, `cmpxchg16b`, `crc`, `crt-static`, `d`, `d32`, `dit`, `doloop`, `dotprod`, `dpb`, `dpb2`, `dsp`, `dsp1e2`, `dspe60`, `e`, `e1`, `e2`, `edsp`, `elrw`, `ermsb`, `exception-handling`, `f`, `f16c`, `f32mm`, `f64mm`, `fast-unaligned-access`, `fcma`, `fdivdu`, `fhm`, `flagm`, `float1e2`, `float1e3`, `float3e4`, `float7e60`, `floate1`, `fma`, `fp-armv8`, `fp16`, `fp64`, `fpuv2_df`, `fpuv2_sf`, `fpuv3_df`, `fpuv3_hf`, `fpuv3_hi`, `fpuv3_sf`, `frintts`, `fxsr`, `gfni`, `hard-float`, `hard-float-abi`, `hard-tp`, `high-registers`, `hvx`, `hvx-length128b`, `hwdiv`, `i8mm`, `jsconv`, `lasx`, `lbt`, `lor`, `lse`, `lsx`, `lvz`, `lzcnt`, `m`, `mclass`, `movbe`, `mp`, `mp1e2`, `msa`, `mte`, `multivalue`, `mutable-globals`, `neon`, `nontrapping-fptoint`, `nvic`, `paca`, `pacg`, `pan`, `pclmulqdq`, `pmuv3`, `popcnt`, `power10-vector`, `power8-altivec`, `power8-vector`, `power9-altivec`, `power9-vector`, `rand`, `ras`, `rclass`, `rcpc`, `rcpc2`, `rdm`, `rdrand`, `rdseed`, `reference-types`, `relax`, `relaxed-simd`, `rtm`, `sb`, `sha`, `sha2`, `sha3`, `sign-ext`, `simd128`, `sm4`, `spe`, `ssbs`, `sse`, `sse2`, `sse3`, `sse4.1`, `sse4.2`, `sse4a`, `ssse3`, `sve`, `sve2`, `sve2-aes`, `sve2-bitperm`, `sve2-sha3`, `sve2-sm4`, `tbm`, `thumb-mode`, `thumb2`, `tme`, `trust`, `trustzone`, `ual`, `v`, `v5te`, `v6`, `v6k`, `v6t2`, `v7`, `v8`, `v8.1a`, `v8.2a`, `v8.3a`, `v8.4a`, `v8.5a`, `v8.6a`, `v8.7a`, `vaes`, `vdsp2e60f`, `vdspv1`, `vdspv2`, `vfp2`, `vfp3`, `vfp4`, `vh`, `virt`, `virtualization`, `vpclmulqdq`, `vsx`, `xsave`, `xsavec`, `xsaveopt`, `xsaves`, `zba`, `zbb`, `zbc`, `zbkb`, `zbkc`, `zbkx`, `zbs`, `zdinx`, `zfh`, `zfhmin`, `zfinx`, `zhinx`, `zhinxmin`, `zk`, `zkn`, `zknd`, `zkne`, `zknh`, `zkr`, `zks`, `zksed`, `zksh`, `zkt`
[INFO] [stdout]    = note: see <https://doc.rust-lang.org/nightly/cargo/reference/unstable.html#check-cfg> for more information about checking conditional configuration
[INFO] [stdout] 
[INFO] [stdout] 
[INFO] [stdout] error[E0635]: unknown feature `llvm_asm`
[INFO] [stdout]  --> src/lib.rs:2:21
[INFO] [stdout]   |
[INFO] [stdout] 2 | #![feature(stdsimd, llvm_asm)]
[INFO] [stdout]   |                     ^^^^^^^^
[INFO] [stdout] 
[INFO] [stdout] 
[INFO] [stdout] error[E0635]: unknown feature `llvm_asm`
[INFO] [stdout]  --> src/lib.rs:2:21
[INFO] [stdout]   |
[INFO] [stdout] 2 | #![feature(stdsimd, llvm_asm)]
[INFO] [stdout]   |                     ^^^^^^^^
[INFO] [stdout] 
[INFO] [stdout] 
[INFO] [stdout] error: aborting due to 10 previous errors; 1 warning emitted
[INFO] [stdout] 
[INFO] [stdout] 
[INFO] [stdout] For more information about this error, try `rustc --explain E0635`.
[INFO] [stdout] 
[INFO] [stderr] error: could not compile `crypto2` (lib) due to 11 previous errors; 1 warning emitted
[INFO] [stderr] warning: build failed, waiting for other jobs to finish...
[INFO] [stdout] error: aborting due to 10 previous errors; 1 warning emitted
[INFO] [stdout] 
[INFO] [stdout] 
[INFO] [stdout] For more information about this error, try `rustc --explain E0635`.
[INFO] [stdout] 
[INFO] [stderr] error: could not compile `crypto2` (lib test) due to 11 previous errors; 1 warning emitted
[INFO] running `Command { std: "docker" "inspect" "988e79e8a516283fb75342489212a8b72f87f5f5a895a5c4d6cfdae1c2e69de4", kill_on_drop: false }`
[INFO] running `Command { std: "docker" "rm" "-f" "988e79e8a516283fb75342489212a8b72f87f5f5a895a5c4d6cfdae1c2e69de4", kill_on_drop: false }`
[INFO] [stdout] 988e79e8a516283fb75342489212a8b72f87f5f5a895a5c4d6cfdae1c2e69de4
