[INFO] fetching crate crash_orm 0.1.1...
[INFO] checking crash_orm-0.1.1 against nightly-2024-02-05 for check-cfg
[INFO] extracting crate crash_orm 0.1.1 into /workspace/builds/worker-4-tc1/source
[INFO] validating manifest of crates.io crate crash_orm 0.1.1 on toolchain nightly-2024-02-05
[INFO] running `Command { std: CARGO_HOME="/workspace/cargo-home" RUSTUP_HOME="/workspace/rustup-home" "/workspace/cargo-home/bin/cargo" "+nightly-2024-02-05" "metadata" "--manifest-path" "Cargo.toml" "--no-deps", kill_on_drop: false }`
[INFO] started tweaking crates.io crate crash_orm 0.1.1
[INFO] finished tweaking crates.io crate crash_orm 0.1.1
[INFO] tweaked toml for crates.io crate crash_orm 0.1.1 written to /workspace/builds/worker-4-tc1/source/Cargo.toml
[INFO] running `Command { std: CARGO_HOME="/workspace/cargo-home" RUSTUP_HOME="/workspace/rustup-home" "/workspace/cargo-home/bin/cargo" "+nightly-2024-02-05" "generate-lockfile" "--manifest-path" "Cargo.toml", kill_on_drop: false }`
[INFO] [stderr]     Updating crates.io index
[INFO] running `Command { std: CARGO_HOME="/workspace/cargo-home" RUSTUP_HOME="/workspace/rustup-home" "/workspace/cargo-home/bin/cargo" "+nightly-2024-02-05" "fetch" "--manifest-path" "Cargo.toml", kill_on_drop: false }`
[INFO] [stderr]  Downloading crates ...
[INFO] [stderr]   Downloaded ptr_meta_derive v0.1.4
[INFO] [stderr]   Downloaded bytecheck v0.6.12
[INFO] [stderr]   Downloaded rend v0.4.2
[INFO] [stderr]   Downloaded ptr_meta v0.1.4
[INFO] [stderr]   Downloaded syn_derive v0.1.8
[INFO] [stderr]   Downloaded bytecheck_derive v0.6.12
[INFO] [stderr]   Downloaded postgres-protocol v0.6.6
[INFO] [stderr]   Downloaded rkyv_derive v0.7.44
[INFO] [stderr]   Downloaded borsh-derive v1.3.1
[INFO] [stderr]   Downloaded rkyv v0.7.44
[INFO] [stderr]   Downloaded tokio-postgres v0.7.10
[INFO] [stderr]   Downloaded borsh v1.3.1
[INFO] [stderr]   Downloaded postgres v0.19.7
[INFO] [stderr]   Downloaded postgres-types v0.2.6
[INFO] [stderr]   Downloaded rust_decimal v1.34.2
[INFO] [stderr]   Downloaded crash_orm_derive v0.1.5
[INFO] running `Command { std: "docker" "create" "-v" "/var/lib/crater-agent-workspace/builds/worker-4-tc1/target:/opt/rustwide/target:rw,Z" "-v" "/var/lib/crater-agent-workspace/builds/worker-4-tc1/source:/opt/rustwide/workdir:ro,Z" "-v" "/var/lib/crater-agent-workspace/cargo-home:/opt/rustwide/cargo-home:ro,Z" "-v" "/var/lib/crater-agent-workspace/rustup-home:/opt/rustwide/rustup-home:ro,Z" "-e" "SOURCE_DIR=/opt/rustwide/workdir" "-e" "CARGO_TARGET_DIR=/opt/rustwide/target" "-e" "CARGO_HOME=/opt/rustwide/cargo-home" "-e" "RUSTUP_HOME=/opt/rustwide/rustup-home" "-w" "/opt/rustwide/workdir" "-m" "1610612736" "--user" "0:0" "--network" "none" "ghcr.io/rust-lang/crates-build-env/linux@sha256:2788e3201cd34a07e3172128adcd8b3090168a8e3bcc40d7c032b9dda1df7d1c" "/opt/rustwide/cargo-home/bin/cargo" "+nightly-2024-02-05" "metadata" "--no-deps" "--format-version=1", kill_on_drop: false }`
[INFO] [stdout] 129ec1a9561ae5ac3530a42ac8fe5b5a79704ed634b9bca21881f3616b0bcd9c
[INFO] running `Command { std: "docker" "start" "-a" "129ec1a9561ae5ac3530a42ac8fe5b5a79704ed634b9bca21881f3616b0bcd9c", kill_on_drop: false }`
[INFO] running `Command { std: "docker" "inspect" "129ec1a9561ae5ac3530a42ac8fe5b5a79704ed634b9bca21881f3616b0bcd9c", kill_on_drop: false }`
[INFO] running `Command { std: "docker" "rm" "-f" "129ec1a9561ae5ac3530a42ac8fe5b5a79704ed634b9bca21881f3616b0bcd9c", kill_on_drop: false }`
[INFO] [stdout] 129ec1a9561ae5ac3530a42ac8fe5b5a79704ed634b9bca21881f3616b0bcd9c
[INFO] running `Command { std: "docker" "create" "-v" "/var/lib/crater-agent-workspace/builds/worker-4-tc1/target:/opt/rustwide/target:rw,Z" "-v" "/var/lib/crater-agent-workspace/builds/worker-4-tc1/source:/opt/rustwide/workdir:ro,Z" "-v" "/var/lib/crater-agent-workspace/cargo-home:/opt/rustwide/cargo-home:ro,Z" "-v" "/var/lib/crater-agent-workspace/rustup-home:/opt/rustwide/rustup-home:ro,Z" "-e" "SOURCE_DIR=/opt/rustwide/workdir" "-e" "CARGO_TARGET_DIR=/opt/rustwide/target" "-e" "CARGO_INCREMENTAL=0" "-e" "RUST_BACKTRACE=full" "-e" "RUSTFLAGS=--cap-lints=forbid" "-e" "RUSTDOCFLAGS=--cap-lints=forbid" "-e" "CARGO_HOME=/opt/rustwide/cargo-home" "-e" "RUSTUP_HOME=/opt/rustwide/rustup-home" "-w" "/opt/rustwide/workdir" "-m" "1610612736" "--user" "0:0" "--network" "none" "ghcr.io/rust-lang/crates-build-env/linux@sha256:2788e3201cd34a07e3172128adcd8b3090168a8e3bcc40d7c032b9dda1df7d1c" "/opt/rustwide/cargo-home/bin/cargo" "+nightly-2024-02-05" "check" "--frozen" "--all" "--all-targets" "--message-format=json", kill_on_drop: false }`
[INFO] [stdout] 93ed974e3ca22d803ddac918ecabd7a84a809a796726ca13febaf41a25a5b6f8
[INFO] running `Command { std: "docker" "start" "-a" "93ed974e3ca22d803ddac918ecabd7a84a809a796726ca13febaf41a25a5b6f8", kill_on_drop: false }`
[INFO] [stderr]     Checking bytes v1.5.0
[INFO] [stderr]     Checking finl_unicode v1.2.0
[INFO] [stderr]     Checking siphasher v0.3.11
[INFO] [stderr]     Checking fallible-iterator v0.2.0
[INFO] [stderr]     Checking tracing v0.1.40
[INFO] [stderr]    Compiling unicode-segmentation v1.10.1
[INFO] [stderr]    Compiling syn v2.0.48
[INFO] [stderr]     Checking whoami v1.4.1
[INFO] [stderr]     Checking digest v0.10.7
[INFO] [stderr]     Checking phf_shared v0.11.2
[INFO] [stderr]     Checking hmac v0.12.1
[INFO] [stderr]     Checking md-5 v0.10.6
[INFO] [stderr]     Checking sha2 v0.10.8
[INFO] [stderr]     Checking phf v0.11.2
[INFO] [stderr]     Checking stringprep v0.1.4
[INFO] [stderr]    Compiling convert_case v0.6.0
[INFO] [stderr]     Checking postgres-protocol v0.6.6
[INFO] [stderr]     Checking postgres-types v0.2.6
[INFO] [stderr]    Compiling tokio-macros v2.2.0
[INFO] [stderr]    Compiling futures-macro v0.3.30
[INFO] [stderr]    Compiling async-trait v0.1.77
[INFO] [stderr]    Compiling crash_orm_derive v0.1.5
[INFO] [stderr]     Checking tokio v1.36.0
[INFO] [stderr]     Checking futures-util v0.3.30
[INFO] [stderr]     Checking tokio-util v0.7.10
[INFO] [stderr]     Checking tokio-postgres v0.7.10
[INFO] [stderr]     Checking crash_orm v0.1.1 (/opt/rustwide/workdir)
[INFO] [stdout] error[E0432]: unresolved import `rust_decimal`
[INFO] [stdout]  --> tests/test_numeric.rs:1:5
[INFO] [stdout]   |
[INFO] [stdout] 1 | use rust_decimal::Decimal;
[INFO] [stdout]   |     ^^^^^^^^^^^^ use of undeclared crate or module `rust_decimal`
[INFO] [stdout] 
[INFO] [stdout] 
[INFO] [stdout] error[E0432]: unresolved import `rust_decimal`
[INFO] [stdout]  --> tests/test_avg.rs:1:5
[INFO] [stdout]   |
[INFO] [stdout] 1 | use rust_decimal::Decimal;
[INFO] [stdout]   |     ^^^^^^^^^^^^ use of undeclared crate or module `rust_decimal`
[INFO] [stdout] 
[INFO] [stdout] 
[INFO] [stdout] error[E0432]: unresolved import `rust_decimal`
[INFO] [stdout]  --> tests/test_like.rs:1:5
[INFO] [stdout]   |
[INFO] [stdout] 1 | use rust_decimal::Decimal;
[INFO] [stdout]   |     ^^^^^^^^^^^^ use of undeclared crate or module `rust_decimal`
[INFO] [stdout] 
[INFO] [stdout] 
[INFO] [stdout] error: aborting due to 1 previous error
[INFO] [stdout] 
[INFO] [stdout] 
[INFO] [stdout] For more information about this error, try `rustc --explain E0432`.
[INFO] [stdout] 
[INFO] [stdout] error: aborting due to 1 previous error
[INFO] [stdout] 
[INFO] [stdout] 
[INFO] [stdout] For more information about this error, try `rustc --explain E0432`.
[INFO] [stdout] 
[INFO] [stderr] error: could not compile `crash_orm` (test "test_like") due to 2 previous errors
[INFO] [stderr] warning: build failed, waiting for other jobs to finish...
[INFO] [stderr] error: could not compile `crash_orm` (test "test_numeric") due to 2 previous errors
[INFO] [stdout] error: aborting due to 1 previous error
[INFO] [stdout] 
[INFO] [stdout] 
[INFO] [stdout] For more information about this error, try `rustc --explain E0432`.
[INFO] [stdout] 
[INFO] [stderr] error: could not compile `crash_orm` (test "test_avg") due to 2 previous errors
[INFO] running `Command { std: "docker" "inspect" "93ed974e3ca22d803ddac918ecabd7a84a809a796726ca13febaf41a25a5b6f8", kill_on_drop: false }`
[INFO] running `Command { std: "docker" "rm" "-f" "93ed974e3ca22d803ddac918ecabd7a84a809a796726ca13febaf41a25a5b6f8", kill_on_drop: false }`
[INFO] [stdout] 93ed974e3ca22d803ddac918ecabd7a84a809a796726ca13febaf41a25a5b6f8
[INFO] checking crash_orm-0.1.1 against nightly-2024-02-05+rustflags=-Dunexpected_cfgs+cargoflags=-Zcheck-cfg for check-cfg
[INFO] extracting crate crash_orm 0.1.1 into /workspace/builds/worker-4-tc2/source
[INFO] validating manifest of crates.io crate crash_orm 0.1.1 on toolchain nightly-2024-02-05
[INFO] running `Command { std: CARGO_HOME="/workspace/cargo-home" RUSTUP_HOME="/workspace/rustup-home" "/workspace/cargo-home/bin/cargo" "+nightly-2024-02-05" "metadata" "--manifest-path" "Cargo.toml" "--no-deps", kill_on_drop: false }`
[INFO] started tweaking crates.io crate crash_orm 0.1.1
[INFO] finished tweaking crates.io crate crash_orm 0.1.1
[INFO] tweaked toml for crates.io crate crash_orm 0.1.1 written to /workspace/builds/worker-4-tc2/source/Cargo.toml
[INFO] running `Command { std: CARGO_HOME="/workspace/cargo-home" RUSTUP_HOME="/workspace/rustup-home" "/workspace/cargo-home/bin/cargo" "+nightly-2024-02-05" "generate-lockfile" "--manifest-path" "Cargo.toml", kill_on_drop: false }`
[INFO] [stderr]     Updating crates.io index
[INFO] running `Command { std: CARGO_HOME="/workspace/cargo-home" RUSTUP_HOME="/workspace/rustup-home" "/workspace/cargo-home/bin/cargo" "+nightly-2024-02-05" "fetch" "--manifest-path" "Cargo.toml", kill_on_drop: false }`
[INFO] running `Command { std: "docker" "create" "-v" "/var/lib/crater-agent-workspace/builds/worker-4-tc2/target:/opt/rustwide/target:rw,Z" "-v" "/var/lib/crater-agent-workspace/builds/worker-4-tc2/source:/opt/rustwide/workdir:ro,Z" "-v" "/var/lib/crater-agent-workspace/cargo-home:/opt/rustwide/cargo-home:ro,Z" "-v" "/var/lib/crater-agent-workspace/rustup-home:/opt/rustwide/rustup-home:ro,Z" "-e" "SOURCE_DIR=/opt/rustwide/workdir" "-e" "CARGO_TARGET_DIR=/opt/rustwide/target" "-e" "CARGO_HOME=/opt/rustwide/cargo-home" "-e" "RUSTUP_HOME=/opt/rustwide/rustup-home" "-w" "/opt/rustwide/workdir" "-m" "1610612736" "--user" "0:0" "--network" "none" "ghcr.io/rust-lang/crates-build-env/linux@sha256:2788e3201cd34a07e3172128adcd8b3090168a8e3bcc40d7c032b9dda1df7d1c" "/opt/rustwide/cargo-home/bin/cargo" "+nightly-2024-02-05" "metadata" "--no-deps" "--format-version=1", kill_on_drop: false }`
[INFO] [stdout] c4ae309bf8c25547eae54a31b70d9368c51766ce9e3cff7d57a9a357e69fe090
[INFO] running `Command { std: "docker" "start" "-a" "c4ae309bf8c25547eae54a31b70d9368c51766ce9e3cff7d57a9a357e69fe090", kill_on_drop: false }`
[INFO] running `Command { std: "docker" "inspect" "c4ae309bf8c25547eae54a31b70d9368c51766ce9e3cff7d57a9a357e69fe090", kill_on_drop: false }`
[INFO] running `Command { std: "docker" "rm" "-f" "c4ae309bf8c25547eae54a31b70d9368c51766ce9e3cff7d57a9a357e69fe090", kill_on_drop: false }`
[INFO] [stdout] c4ae309bf8c25547eae54a31b70d9368c51766ce9e3cff7d57a9a357e69fe090
[INFO] running `Command { std: "docker" "create" "-v" "/var/lib/crater-agent-workspace/builds/worker-4-tc2/target:/opt/rustwide/target:rw,Z" "-v" "/var/lib/crater-agent-workspace/builds/worker-4-tc2/source:/opt/rustwide/workdir:ro,Z" "-v" "/var/lib/crater-agent-workspace/cargo-home:/opt/rustwide/cargo-home:ro,Z" "-v" "/var/lib/crater-agent-workspace/rustup-home:/opt/rustwide/rustup-home:ro,Z" "-e" "SOURCE_DIR=/opt/rustwide/workdir" "-e" "CARGO_TARGET_DIR=/opt/rustwide/target" "-e" "CARGO_INCREMENTAL=0" "-e" "RUST_BACKTRACE=full" "-e" "RUSTFLAGS=--cap-lints=forbid -Dunexpected_cfgs" "-e" "RUSTDOCFLAGS=--cap-lints=forbid" "-e" "CARGO_HOME=/opt/rustwide/cargo-home" "-e" "RUSTUP_HOME=/opt/rustwide/rustup-home" "-w" "/opt/rustwide/workdir" "-m" "1610612736" "--user" "0:0" "--network" "none" "ghcr.io/rust-lang/crates-build-env/linux@sha256:2788e3201cd34a07e3172128adcd8b3090168a8e3bcc40d7c032b9dda1df7d1c" "/opt/rustwide/cargo-home/bin/cargo" "+nightly-2024-02-05" "check" "--frozen" "--all" "--all-targets" "--message-format=json" "-Zcheck-cfg", kill_on_drop: false }`
[INFO] [stdout] 3fb06a3dc53c284ab1bed32f431853b440353dfcd5740be065939aa3d926009d
[INFO] running `Command { std: "docker" "start" "-a" "3fb06a3dc53c284ab1bed32f431853b440353dfcd5740be065939aa3d926009d", kill_on_drop: false }`
[INFO] [stderr]     Checking bytes v1.5.0
[INFO] [stderr]     Checking finl_unicode v1.2.0
[INFO] [stderr]     Checking siphasher v0.3.11
[INFO] [stderr]     Checking fallible-iterator v0.2.0
[INFO] [stderr]     Checking tracing v0.1.40
[INFO] [stderr]    Compiling unicode-segmentation v1.10.1
[INFO] [stderr]    Compiling syn v2.0.48
[INFO] [stderr]     Checking whoami v1.4.1
[INFO] [stderr]     Checking digest v0.10.7
[INFO] [stderr]     Checking phf_shared v0.11.2
[INFO] [stderr]     Checking sha2 v0.10.8
[INFO] [stderr]     Checking hmac v0.12.1
[INFO] [stderr]     Checking md-5 v0.10.6
[INFO] [stderr]     Checking phf v0.11.2
[INFO] [stderr]     Checking stringprep v0.1.4
[INFO] [stderr]    Compiling convert_case v0.6.0
[INFO] [stderr]     Checking postgres-protocol v0.6.6
[INFO] [stderr]     Checking postgres-types v0.2.6
[INFO] [stderr]    Compiling tokio-macros v2.2.0
[INFO] [stderr]    Compiling futures-macro v0.3.30
[INFO] [stderr]    Compiling async-trait v0.1.77
[INFO] [stderr]    Compiling crash_orm_derive v0.1.5
[INFO] [stderr]     Checking tokio v1.36.0
[INFO] [stderr]     Checking futures-util v0.3.30
[INFO] [stderr]     Checking tokio-util v0.7.10
[INFO] [stderr]     Checking tokio-postgres v0.7.10
[INFO] [stderr]     Checking crash_orm v0.1.1 (/opt/rustwide/workdir)
[INFO] [stdout] error[E0432]: unresolved import `rust_decimal`
[INFO] [stdout]  --> tests/test_avg.rs:1:5
[INFO] [stdout]   |
[INFO] [stdout] 1 | use rust_decimal::Decimal;
[INFO] [stdout]   |     ^^^^^^^^^^^^ use of undeclared crate or module `rust_decimal`
[INFO] [stdout] 
[INFO] [stdout] 
[INFO] [stdout] error[E0432]: unresolved import `rust_decimal`
[INFO] [stdout]  --> tests/test_like.rs:1:5
[INFO] [stdout]   |
[INFO] [stdout] 1 | use rust_decimal::Decimal;
[INFO] [stdout]   |     ^^^^^^^^^^^^ use of undeclared crate or module `rust_decimal`
[INFO] [stdout] 
[INFO] [stdout] 
[INFO] [stdout] error[E0432]: unresolved import `rust_decimal`
[INFO] [stdout]  --> tests/test_numeric.rs:1:5
[INFO] [stdout]   |
[INFO] [stdout] 1 | use rust_decimal::Decimal;
[INFO] [stdout]   |     ^^^^^^^^^^^^ use of undeclared crate or module `rust_decimal`
[INFO] [stdout] 
[INFO] [stdout] 
[INFO] [stdout] error: aborting due to 1 previous error
[INFO] [stdout] 
[INFO] [stdout] 
[INFO] [stdout] For more information about this error, try `rustc --explain E0432`.
[INFO] [stdout] 
[INFO] [stdout] error: aborting due to 1 previous error
[INFO] [stdout] 
[INFO] [stdout] 
[INFO] [stdout] For more information about this error, try `rustc --explain E0432`.
[INFO] [stdout] 
[INFO] [stderr] error: could not compile `crash_orm` (test "test_avg") due to 2 previous errors
[INFO] [stderr] warning: build failed, waiting for other jobs to finish...
[INFO] [stdout] error: aborting due to 1 previous error
[INFO] [stdout] 
[INFO] [stdout] 
[INFO] [stdout] For more information about this error, try `rustc --explain E0432`.
[INFO] [stdout] 
[INFO] [stderr] error: could not compile `crash_orm` (test "test_like") due to 2 previous errors
[INFO] [stderr] error: could not compile `crash_orm` (test "test_numeric") due to 2 previous errors
[INFO] running `Command { std: "docker" "inspect" "3fb06a3dc53c284ab1bed32f431853b440353dfcd5740be065939aa3d926009d", kill_on_drop: false }`
[INFO] running `Command { std: "docker" "rm" "-f" "3fb06a3dc53c284ab1bed32f431853b440353dfcd5740be065939aa3d926009d", kill_on_drop: false }`
[INFO] [stdout] 3fb06a3dc53c284ab1bed32f431853b440353dfcd5740be065939aa3d926009d
