[INFO] fetching crate cpp-inherit 0.1.1...
[INFO] checking cpp-inherit-0.1.1 against nightly-2024-02-05 for check-cfg
[INFO] extracting crate cpp-inherit 0.1.1 into /workspace/builds/worker-0-tc1/source
[INFO] validating manifest of crates.io crate cpp-inherit 0.1.1 on toolchain nightly-2024-02-05
[INFO] running `Command { std: CARGO_HOME="/workspace/cargo-home" RUSTUP_HOME="/workspace/rustup-home" "/workspace/cargo-home/bin/cargo" "+nightly-2024-02-05" "metadata" "--manifest-path" "Cargo.toml" "--no-deps", kill_on_drop: false }`
[INFO] started tweaking crates.io crate cpp-inherit 0.1.1
[INFO] finished tweaking crates.io crate cpp-inherit 0.1.1
[INFO] tweaked toml for crates.io crate cpp-inherit 0.1.1 written to /workspace/builds/worker-0-tc1/source/Cargo.toml
[INFO] crate crates.io crate cpp-inherit 0.1.1 already has a lockfile, it will not be regenerated
[INFO] running `Command { std: CARGO_HOME="/workspace/cargo-home" RUSTUP_HOME="/workspace/rustup-home" "/workspace/cargo-home/bin/cargo" "+nightly-2024-02-05" "fetch" "--manifest-path" "Cargo.toml", kill_on_drop: false }`
[INFO] [stderr]     Updating crates.io index
[INFO] [stderr]  Downloading crates ...
[INFO] [stderr]   Downloaded hashbrown v0.8.1
[INFO] [stderr]   Downloaded wasmparser v0.57.0
[INFO] [stderr]   Downloaded flate2 v1.0.16
[INFO] [stderr]   Downloaded indexmap v1.5.0
[INFO] running `Command { std: "docker" "create" "-v" "/var/lib/crater-agent-workspace/builds/worker-0-tc1/target:/opt/rustwide/target:rw,Z" "-v" "/var/lib/crater-agent-workspace/builds/worker-0-tc1/source:/opt/rustwide/workdir:ro,Z" "-v" "/var/lib/crater-agent-workspace/cargo-home:/opt/rustwide/cargo-home:ro,Z" "-v" "/var/lib/crater-agent-workspace/rustup-home:/opt/rustwide/rustup-home:ro,Z" "-e" "SOURCE_DIR=/opt/rustwide/workdir" "-e" "CARGO_TARGET_DIR=/opt/rustwide/target" "-e" "CARGO_HOME=/opt/rustwide/cargo-home" "-e" "RUSTUP_HOME=/opt/rustwide/rustup-home" "-w" "/opt/rustwide/workdir" "-m" "1610612736" "--user" "0:0" "--network" "none" "ghcr.io/rust-lang/crates-build-env/linux@sha256:2788e3201cd34a07e3172128adcd8b3090168a8e3bcc40d7c032b9dda1df7d1c" "/opt/rustwide/cargo-home/bin/cargo" "+nightly-2024-02-05" "metadata" "--no-deps" "--format-version=1", kill_on_drop: false }`
[INFO] [stdout] 0a6547b3d70cdbb8f4169bd667dbcda0dddc51c81b6b4c9e34aef187181d9116
[INFO] running `Command { std: "docker" "start" "-a" "0a6547b3d70cdbb8f4169bd667dbcda0dddc51c81b6b4c9e34aef187181d9116", kill_on_drop: false }`
[INFO] running `Command { std: "docker" "inspect" "0a6547b3d70cdbb8f4169bd667dbcda0dddc51c81b6b4c9e34aef187181d9116", kill_on_drop: false }`
[INFO] running `Command { std: "docker" "rm" "-f" "0a6547b3d70cdbb8f4169bd667dbcda0dddc51c81b6b4c9e34aef187181d9116", kill_on_drop: false }`
[INFO] [stdout] 0a6547b3d70cdbb8f4169bd667dbcda0dddc51c81b6b4c9e34aef187181d9116
[INFO] running `Command { std: "docker" "create" "-v" "/var/lib/crater-agent-workspace/builds/worker-0-tc1/target:/opt/rustwide/target:rw,Z" "-v" "/var/lib/crater-agent-workspace/builds/worker-0-tc1/source:/opt/rustwide/workdir:ro,Z" "-v" "/var/lib/crater-agent-workspace/cargo-home:/opt/rustwide/cargo-home:ro,Z" "-v" "/var/lib/crater-agent-workspace/rustup-home:/opt/rustwide/rustup-home:ro,Z" "-e" "SOURCE_DIR=/opt/rustwide/workdir" "-e" "CARGO_TARGET_DIR=/opt/rustwide/target" "-e" "CARGO_INCREMENTAL=0" "-e" "RUST_BACKTRACE=full" "-e" "RUSTFLAGS=--cap-lints=forbid" "-e" "RUSTDOCFLAGS=--cap-lints=forbid" "-e" "CARGO_HOME=/opt/rustwide/cargo-home" "-e" "RUSTUP_HOME=/opt/rustwide/rustup-home" "-w" "/opt/rustwide/workdir" "-m" "1610612736" "--user" "0:0" "--network" "none" "ghcr.io/rust-lang/crates-build-env/linux@sha256:2788e3201cd34a07e3172128adcd8b3090168a8e3bcc40d7c032b9dda1df7d1c" "/opt/rustwide/cargo-home/bin/cargo" "+nightly-2024-02-05" "check" "--frozen" "--all" "--all-targets" "--message-format=json", kill_on_drop: false }`
[INFO] [stdout] 9542a7c38799a9d55e98974203eb04f5ec78eaae6c67f0d06d9ecb30f01548fc
[INFO] running `Command { std: "docker" "start" "-a" "9542a7c38799a9d55e98974203eb04f5ec78eaae6c67f0d06d9ecb30f01548fc", kill_on_drop: false }`
[INFO] [stderr]    Compiling autocfg v1.0.0
[INFO] [stderr]    Compiling libc v0.2.73
[INFO] [stderr]    Compiling crc32fast v1.2.0
[INFO] [stderr]    Compiling proc-macro2 v1.0.19
[INFO] [stderr]    Compiling syn v1.0.35
[INFO] [stderr]     Checking adler v0.2.3
[INFO] [stderr]     Checking unicode-xid v0.2.1
[INFO] [stderr]     Checking cfg-if v0.1.10
[INFO] [stderr]     Checking miniz_oxide v0.4.0
[INFO] [stderr]     Checking fallible-iterator v0.2.0
[INFO] [stderr]    Compiling hashbrown v0.8.1
[INFO] [stderr]    Compiling indexmap v1.5.0
[INFO] [stderr]     Checking stable_deref_trait v1.2.0
[INFO] [stderr]     Checking wasmparser v0.57.0
[INFO] [stderr]     Checking quote v1.0.7
[INFO] [stderr]     Checking flate2 v1.0.16
[INFO] [stderr]     Checking memmap v0.7.0
[INFO] [stderr]     Checking typed-arena v2.0.1
[INFO] [stderr]     Checking gimli v0.22.0
[INFO] [stderr]     Checking object v0.20.0
[INFO] [stderr]     Checking cpp-inherit v0.1.1 (/opt/rustwide/workdir)
[INFO] [stdout] error: custom attribute panicked
[INFO] [stdout]  --> examples/inherit_test.rs:9:1
[INFO] [stdout]   |
[INFO] [stdout] 9 | #[inherit_from_impl(base, "test.hpp")]
[INFO] [stdout]   | ^^^^^^^^^^^^^^^^^^^^^^^^^^^^^^^^^^^^^^
[INFO] [stdout]   |
[INFO] [stdout]   = help: message: called `Result::unwrap()` on an `Err` value: NotPresent
[INFO] [stdout] 
[INFO] [stdout] 
[INFO] [stdout] error[E0601]: `main` function not found in crate `test`
[INFO] [stdout]   --> examples/test.rs:76:2
[INFO] [stdout]    |
[INFO] [stdout] 76 | }
[INFO] [stdout]    |  ^ consider adding a `main` function to `examples/test.rs`
[INFO] [stdout] 
[INFO] [stdout] 
[INFO] [stdout] error: aborting due to 1 previous error
[INFO] [stdout] 
[INFO] [stdout] 
[INFO] [stdout] For more information about this error, try `rustc --explain E0601`.
[INFO] [stdout] 
[INFO] [stderr] error: could not compile `cpp-inherit` (example "test") due to 2 previous errors
[INFO] [stderr] warning: build failed, waiting for other jobs to finish...
[INFO] [stdout] error[E0599]: no function or associated item named `new` found for struct `Test` in the current scope
[INFO] [stdout]   --> examples/inherit_test.rs:27:22
[INFO] [stdout]    |
[INFO] [stdout] 7  | struct Test {}
[INFO] [stdout]    | ----------- function or associated item `new` not found for this struct
[INFO] [stdout] ...
[INFO] [stdout] 27 |     let test = Test::new();
[INFO] [stdout]    |                      ^^^ function or associated item not found in `Test`
[INFO] [stdout]    |
[INFO] [stdout] note: the function `new` is implemented on `base`
[INFO] [stdout]   --> examples/inherit_test.rs:27:16
[INFO] [stdout]    |
[INFO] [stdout] 27 |     let test = Test::new();
[INFO] [stdout]    |                ^^^^
[INFO] [stdout] 
[INFO] [stdout] 
[INFO] [stdout] error: aborting due to 2 previous errors
[INFO] [stdout] 
[INFO] [stdout] 
[INFO] [stdout] For more information about this error, try `rustc --explain E0599`.
[INFO] [stdout] 
[INFO] [stderr] error: could not compile `cpp-inherit` (example "inherit_test") due to 3 previous errors
[INFO] running `Command { std: "docker" "inspect" "9542a7c38799a9d55e98974203eb04f5ec78eaae6c67f0d06d9ecb30f01548fc", kill_on_drop: false }`
[INFO] running `Command { std: "docker" "rm" "-f" "9542a7c38799a9d55e98974203eb04f5ec78eaae6c67f0d06d9ecb30f01548fc", kill_on_drop: false }`
[INFO] [stdout] 9542a7c38799a9d55e98974203eb04f5ec78eaae6c67f0d06d9ecb30f01548fc
[INFO] checking cpp-inherit-0.1.1 against nightly-2024-02-05+rustflags=-Dunexpected_cfgs+cargoflags=-Zcheck-cfg for check-cfg
[INFO] extracting crate cpp-inherit 0.1.1 into /workspace/builds/worker-0-tc2/source
[INFO] validating manifest of crates.io crate cpp-inherit 0.1.1 on toolchain nightly-2024-02-05
[INFO] running `Command { std: CARGO_HOME="/workspace/cargo-home" RUSTUP_HOME="/workspace/rustup-home" "/workspace/cargo-home/bin/cargo" "+nightly-2024-02-05" "metadata" "--manifest-path" "Cargo.toml" "--no-deps", kill_on_drop: false }`
[INFO] started tweaking crates.io crate cpp-inherit 0.1.1
[INFO] finished tweaking crates.io crate cpp-inherit 0.1.1
[INFO] tweaked toml for crates.io crate cpp-inherit 0.1.1 written to /workspace/builds/worker-0-tc2/source/Cargo.toml
[INFO] crate crates.io crate cpp-inherit 0.1.1 already has a lockfile, it will not be regenerated
[INFO] running `Command { std: CARGO_HOME="/workspace/cargo-home" RUSTUP_HOME="/workspace/rustup-home" "/workspace/cargo-home/bin/cargo" "+nightly-2024-02-05" "fetch" "--manifest-path" "Cargo.toml", kill_on_drop: false }`
[INFO] running `Command { std: "docker" "create" "-v" "/var/lib/crater-agent-workspace/builds/worker-0-tc2/target:/opt/rustwide/target:rw,Z" "-v" "/var/lib/crater-agent-workspace/builds/worker-0-tc2/source:/opt/rustwide/workdir:ro,Z" "-v" "/var/lib/crater-agent-workspace/cargo-home:/opt/rustwide/cargo-home:ro,Z" "-v" "/var/lib/crater-agent-workspace/rustup-home:/opt/rustwide/rustup-home:ro,Z" "-e" "SOURCE_DIR=/opt/rustwide/workdir" "-e" "CARGO_TARGET_DIR=/opt/rustwide/target" "-e" "CARGO_HOME=/opt/rustwide/cargo-home" "-e" "RUSTUP_HOME=/opt/rustwide/rustup-home" "-w" "/opt/rustwide/workdir" "-m" "1610612736" "--user" "0:0" "--network" "none" "ghcr.io/rust-lang/crates-build-env/linux@sha256:2788e3201cd34a07e3172128adcd8b3090168a8e3bcc40d7c032b9dda1df7d1c" "/opt/rustwide/cargo-home/bin/cargo" "+nightly-2024-02-05" "metadata" "--no-deps" "--format-version=1", kill_on_drop: false }`
[INFO] [stdout] b2668397ccf01be23fe8b1957ae31f691610e3df007b2acd1eed1060689611da
[INFO] running `Command { std: "docker" "start" "-a" "b2668397ccf01be23fe8b1957ae31f691610e3df007b2acd1eed1060689611da", kill_on_drop: false }`
[INFO] running `Command { std: "docker" "inspect" "b2668397ccf01be23fe8b1957ae31f691610e3df007b2acd1eed1060689611da", kill_on_drop: false }`
[INFO] running `Command { std: "docker" "rm" "-f" "b2668397ccf01be23fe8b1957ae31f691610e3df007b2acd1eed1060689611da", kill_on_drop: false }`
[INFO] [stdout] b2668397ccf01be23fe8b1957ae31f691610e3df007b2acd1eed1060689611da
[INFO] running `Command { std: "docker" "create" "-v" "/var/lib/crater-agent-workspace/builds/worker-0-tc2/target:/opt/rustwide/target:rw,Z" "-v" "/var/lib/crater-agent-workspace/builds/worker-0-tc2/source:/opt/rustwide/workdir:ro,Z" "-v" "/var/lib/crater-agent-workspace/cargo-home:/opt/rustwide/cargo-home:ro,Z" "-v" "/var/lib/crater-agent-workspace/rustup-home:/opt/rustwide/rustup-home:ro,Z" "-e" "SOURCE_DIR=/opt/rustwide/workdir" "-e" "CARGO_TARGET_DIR=/opt/rustwide/target" "-e" "CARGO_INCREMENTAL=0" "-e" "RUST_BACKTRACE=full" "-e" "RUSTFLAGS=--cap-lints=forbid -Dunexpected_cfgs" "-e" "RUSTDOCFLAGS=--cap-lints=forbid" "-e" "CARGO_HOME=/opt/rustwide/cargo-home" "-e" "RUSTUP_HOME=/opt/rustwide/rustup-home" "-w" "/opt/rustwide/workdir" "-m" "1610612736" "--user" "0:0" "--network" "none" "ghcr.io/rust-lang/crates-build-env/linux@sha256:2788e3201cd34a07e3172128adcd8b3090168a8e3bcc40d7c032b9dda1df7d1c" "/opt/rustwide/cargo-home/bin/cargo" "+nightly-2024-02-05" "check" "--frozen" "--all" "--all-targets" "--message-format=json" "-Zcheck-cfg", kill_on_drop: false }`
[INFO] [stdout] 9aeb6d8513c0fccc3e05a3a113285eba15331122f131c1574f5f0e7fc56e1700
[INFO] running `Command { std: "docker" "start" "-a" "9aeb6d8513c0fccc3e05a3a113285eba15331122f131c1574f5f0e7fc56e1700", kill_on_drop: false }`
[INFO] [stderr]    Compiling autocfg v1.0.0
[INFO] [stderr]    Compiling libc v0.2.73
[INFO] [stderr]    Compiling proc-macro2 v1.0.19
[INFO] [stderr]    Compiling crc32fast v1.2.0
[INFO] [stderr]    Compiling syn v1.0.35
[INFO] [stderr]     Checking unicode-xid v0.2.1
[INFO] [stderr]     Checking cfg-if v0.1.10
[INFO] [stderr]     Checking adler v0.2.3
[INFO] [stderr]     Checking miniz_oxide v0.4.0
[INFO] [stderr]     Checking stable_deref_trait v1.2.0
[INFO] [stderr]     Checking fallible-iterator v0.2.0
[INFO] [stderr]    Compiling hashbrown v0.8.1
[INFO] [stderr]    Compiling indexmap v1.5.0
[INFO] [stderr]     Checking wasmparser v0.57.0
[INFO] [stderr]     Checking quote v1.0.7
[INFO] [stderr]    Compiling flate2 v1.0.16
[INFO] [stderr]     Checking memmap v0.7.0
[INFO] [stderr]     Checking typed-arena v2.0.1
[INFO] [stderr]     Checking gimli v0.22.0
[INFO] [stderr]     Checking object v0.20.0
[INFO] [stderr]     Checking cpp-inherit v0.1.1 (/opt/rustwide/workdir)
[INFO] [stdout] error: custom attribute panicked
[INFO] [stdout]  --> examples/inherit_test.rs:9:1
[INFO] [stdout]   |
[INFO] [stdout] 9 | #[inherit_from_impl(base, "test.hpp")]
[INFO] [stdout]   | ^^^^^^^^^^^^^^^^^^^^^^^^^^^^^^^^^^^^^^
[INFO] [stdout]   |
[INFO] [stdout]   = help: message: called `Result::unwrap()` on an `Err` value: NotPresent
[INFO] [stdout] 
[INFO] [stdout] 
[INFO] [stdout] error[E0601]: `main` function not found in crate `test`
[INFO] [stdout]   --> examples/test.rs:76:2
[INFO] [stdout]    |
[INFO] [stdout] 76 | }
[INFO] [stdout]    |  ^ consider adding a `main` function to `examples/test.rs`
[INFO] [stdout] 
[INFO] [stdout] 
[INFO] [stdout] error: aborting due to 1 previous error
[INFO] [stdout] 
[INFO] [stdout] 
[INFO] [stdout] For more information about this error, try `rustc --explain E0601`.
[INFO] [stdout] 
[INFO] [stderr] error: could not compile `cpp-inherit` (example "test") due to 2 previous errors
[INFO] [stderr] warning: build failed, waiting for other jobs to finish...
[INFO] [stdout] error[E0599]: no function or associated item named `new` found for struct `Test` in the current scope
[INFO] [stdout]   --> examples/inherit_test.rs:27:22
[INFO] [stdout]    |
[INFO] [stdout] 7  | struct Test {}
[INFO] [stdout]    | ----------- function or associated item `new` not found for this struct
[INFO] [stdout] ...
[INFO] [stdout] 27 |     let test = Test::new();
[INFO] [stdout]    |                      ^^^ function or associated item not found in `Test`
[INFO] [stdout]    |
[INFO] [stdout] note: the function `new` is implemented on `base`
[INFO] [stdout]   --> examples/inherit_test.rs:27:16
[INFO] [stdout]    |
[INFO] [stdout] 27 |     let test = Test::new();
[INFO] [stdout]    |                ^^^^
[INFO] [stdout] 
[INFO] [stdout] 
[INFO] [stdout] error: aborting due to 2 previous errors
[INFO] [stdout] 
[INFO] [stdout] 
[INFO] [stdout] For more information about this error, try `rustc --explain E0599`.
[INFO] [stdout] 
[INFO] [stderr] error: could not compile `cpp-inherit` (example "inherit_test") due to 3 previous errors
[INFO] running `Command { std: "docker" "inspect" "9aeb6d8513c0fccc3e05a3a113285eba15331122f131c1574f5f0e7fc56e1700", kill_on_drop: false }`
[INFO] running `Command { std: "docker" "rm" "-f" "9aeb6d8513c0fccc3e05a3a113285eba15331122f131c1574f5f0e7fc56e1700", kill_on_drop: false }`
[INFO] [stdout] 9aeb6d8513c0fccc3e05a3a113285eba15331122f131c1574f5f0e7fc56e1700
