[INFO] fetching crate covert 0.1.3...
[INFO] checking covert-0.1.3 against nightly-2024-02-05 for check-cfg
[INFO] extracting crate covert 0.1.3 into /workspace/builds/worker-3-tc1/source
[INFO] validating manifest of crates.io crate covert 0.1.3 on toolchain nightly-2024-02-05
[INFO] running `Command { std: CARGO_HOME="/workspace/cargo-home" RUSTUP_HOME="/workspace/rustup-home" "/workspace/cargo-home/bin/cargo" "+nightly-2024-02-05" "metadata" "--manifest-path" "Cargo.toml" "--no-deps", kill_on_drop: false }`
[INFO] started tweaking crates.io crate covert 0.1.3
[INFO] finished tweaking crates.io crate covert 0.1.3
[INFO] tweaked toml for crates.io crate covert 0.1.3 written to /workspace/builds/worker-3-tc1/source/Cargo.toml
[INFO] crate crates.io crate covert 0.1.3 already has a lockfile, it will not be regenerated
[INFO] running `Command { std: CARGO_HOME="/workspace/cargo-home" RUSTUP_HOME="/workspace/rustup-home" "/workspace/cargo-home/bin/cargo" "+nightly-2024-02-05" "fetch" "--manifest-path" "Cargo.toml", kill_on_drop: false }`
[INFO] [stderr]     Updating crates.io index
[INFO] [stderr]  Downloading crates ...
[INFO] [stderr]   Downloaded futures-intrusive v0.4.2
[INFO] [stderr]   Downloaded tracing-error v0.1.2
[INFO] [stderr]   Downloaded cxxbridge-flags v1.0.91
[INFO] [stderr]   Downloaded sqlx-rt v0.6.2
[INFO] [stderr]   Downloaded serde_spanned v0.6.1
[INFO] [stderr]   Downloaded toml_edit v0.19.4
[INFO] [stderr]   Downloaded futures-sink v0.3.26
[INFO] [stderr]   Downloaded windows-targets v0.42.1
[INFO] [stderr]   Downloaded rust-embed-utils v7.3.0
[INFO] [stderr]   Downloaded sqlformat v0.2.1
[INFO] [stderr]   Downloaded whoami v1.3.0
[INFO] [stderr]   Downloaded sqlx-macros v0.6.2
[INFO] [stderr]   Downloaded darling v0.14.3
[INFO] [stderr]   Downloaded cxxbridge-macro v1.0.91
[INFO] [stderr]   Downloaded async-trait v0.1.64
[INFO] [stderr]   Downloaded toml v0.7.2
[INFO] [stderr]   Downloaded rustix v0.36.8
[INFO] [stderr]   Downloaded hdrhistogram v7.5.2
[INFO] [stderr]   Downloaded tokio v1.25.0
[INFO] [stderr]   Downloaded covert-storage v0.1.3
[INFO] [stderr]   Downloaded libsqlite3-sys v0.24.2
[INFO] [stderr]   Downloaded rust-embed v6.4.2
[INFO] [stderr]   Downloaded sqlx-core v0.6.2
[INFO] [stderr]   Downloaded sharks v0.4.3
[INFO] [stderr]   Downloaded covert-system v0.1.3
[INFO] [stderr]   Downloaded covert-types v0.1.3
[INFO] [stderr]   Downloaded covert-userpass-auth v0.1.3
[INFO] [stderr]   Downloaded serde_qs v0.10.1
[INFO] [stderr]   Downloaded cxx v1.0.91
[INFO] [stderr]   Downloaded hyper v0.14.24
[INFO] [stderr]   Downloaded tracing-subscriber v0.2.25
[INFO] [stderr]   Downloaded ahash v0.4.7
[INFO] [stderr]   Downloaded futures-executor v0.3.26
[INFO] [stderr]   Downloaded futures-util v0.3.26
[INFO] [stderr]   Downloaded winnow v0.3.3
[INFO] [stderr]   Downloaded serde_with v2.2.0
[INFO] [stderr]   Downloaded sqlx v0.6.2
[INFO] [stderr]   Downloaded aes v0.8.2
[INFO] [stderr]   Downloaded aes-gcm v0.10.1
[INFO] [stderr]   Downloaded sqlparser v0.28.0
[INFO] [stderr]   Downloaded darling_core v0.14.3
[INFO] [stderr]   Downloaded serde_json v1.0.93
[INFO] [stderr]   Downloaded futures v0.3.26
[INFO] [stderr]   Downloaded spin v0.9.5
[INFO] [stderr]   Downloaded futures-core v0.3.26
[INFO] [stderr]   Downloaded io-lifetimes v1.0.5
[INFO] [stderr]   Downloaded hashlink v0.8.1
[INFO] [stderr]   Downloaded tokio-stream v0.1.12
[INFO] [stderr]   Downloaded anyhow v1.0.69
[INFO] [stderr]   Downloaded unicode-bidi v0.3.10
[INFO] [stderr]   Downloaded futures-channel v0.3.26
[INFO] [stderr]   Downloaded futures-io v0.3.26
[INFO] [stderr]   Downloaded futures-task v0.3.26
[INFO] [stderr]   Downloaded serde_with_macros v2.2.0
[INFO] [stderr]   Downloaded cxx-build v1.0.91
[INFO] [stderr]   Downloaded aead v0.5.1
[INFO] [stderr]   Downloaded universal-hash v0.5.0
[INFO] [stderr]   Downloaded polyval v0.6.0
[INFO] [stderr]   Downloaded covert-psql v0.1.3
[INFO] [stderr]   Downloaded cipher v0.4.3
[INFO] [stderr]   Downloaded bcrypt v0.13.0
[INFO] [stderr]   Downloaded matchit v0.6.0
[INFO] [stderr]   Downloaded covert-framework v0.1.3
[INFO] [stderr]   Downloaded atoi v1.0.0
[INFO] [stderr]   Downloaded futures-macro v0.3.26
[INFO] [stderr]   Downloaded crc-catalog v2.2.0
[INFO] [stderr]   Downloaded dotenvy v0.15.6
[INFO] [stderr]   Downloaded md-5 v0.10.5
[INFO] [stderr]   Downloaded covert-sdk v0.1.3
[INFO] [stderr]   Downloaded covert-kv v0.1.3
[INFO] [stderr]   Downloaded rust-embed-impl v6.3.1
[INFO] [stderr]   Downloaded darling_macro v0.14.3
[INFO] running `Command { std: "docker" "create" "-v" "/var/lib/crater-agent-workspace/builds/worker-3-tc1/target:/opt/rustwide/target:rw,Z" "-v" "/var/lib/crater-agent-workspace/builds/worker-3-tc1/source:/opt/rustwide/workdir:ro,Z" "-v" "/var/lib/crater-agent-workspace/cargo-home:/opt/rustwide/cargo-home:ro,Z" "-v" "/var/lib/crater-agent-workspace/rustup-home:/opt/rustwide/rustup-home:ro,Z" "-e" "SOURCE_DIR=/opt/rustwide/workdir" "-e" "CARGO_TARGET_DIR=/opt/rustwide/target" "-e" "CARGO_HOME=/opt/rustwide/cargo-home" "-e" "RUSTUP_HOME=/opt/rustwide/rustup-home" "-w" "/opt/rustwide/workdir" "-m" "1610612736" "--user" "0:0" "--network" "none" "ghcr.io/rust-lang/crates-build-env/linux@sha256:2788e3201cd34a07e3172128adcd8b3090168a8e3bcc40d7c032b9dda1df7d1c" "/opt/rustwide/cargo-home/bin/cargo" "+nightly-2024-02-05" "metadata" "--no-deps" "--format-version=1", kill_on_drop: false }`
[INFO] [stdout] 42c37dd446fbdf641a5ad6f6009536dab9e5ed5de794c6256732704b5dd393c8
[INFO] running `Command { std: "docker" "start" "-a" "42c37dd446fbdf641a5ad6f6009536dab9e5ed5de794c6256732704b5dd393c8", kill_on_drop: false }`
[INFO] running `Command { std: "docker" "inspect" "42c37dd446fbdf641a5ad6f6009536dab9e5ed5de794c6256732704b5dd393c8", kill_on_drop: false }`
[INFO] running `Command { std: "docker" "rm" "-f" "42c37dd446fbdf641a5ad6f6009536dab9e5ed5de794c6256732704b5dd393c8", kill_on_drop: false }`
[INFO] [stdout] 42c37dd446fbdf641a5ad6f6009536dab9e5ed5de794c6256732704b5dd393c8
[INFO] running `Command { std: "docker" "create" "-v" "/var/lib/crater-agent-workspace/builds/worker-3-tc1/target:/opt/rustwide/target:rw,Z" "-v" "/var/lib/crater-agent-workspace/builds/worker-3-tc1/source:/opt/rustwide/workdir:ro,Z" "-v" "/var/lib/crater-agent-workspace/cargo-home:/opt/rustwide/cargo-home:ro,Z" "-v" "/var/lib/crater-agent-workspace/rustup-home:/opt/rustwide/rustup-home:ro,Z" "-e" "SOURCE_DIR=/opt/rustwide/workdir" "-e" "CARGO_TARGET_DIR=/opt/rustwide/target" "-e" "CARGO_INCREMENTAL=0" "-e" "RUST_BACKTRACE=full" "-e" "RUSTFLAGS=--cap-lints=forbid" "-e" "RUSTDOCFLAGS=--cap-lints=forbid" "-e" "CARGO_HOME=/opt/rustwide/cargo-home" "-e" "RUSTUP_HOME=/opt/rustwide/rustup-home" "-w" "/opt/rustwide/workdir" "-m" "1610612736" "--user" "0:0" "--network" "none" "ghcr.io/rust-lang/crates-build-env/linux@sha256:2788e3201cd34a07e3172128adcd8b3090168a8e3bcc40d7c032b9dda1df7d1c" "/opt/rustwide/cargo-home/bin/cargo" "+nightly-2024-02-05" "check" "--frozen" "--all" "--all-targets" "--message-format=json", kill_on_drop: false }`
[INFO] [stdout] b33a3ab09c1e3e99b7871454af3cb3179a74b2208296a87fa52e328ea6b266f7
[INFO] running `Command { std: "docker" "start" "-a" "b33a3ab09c1e3e99b7871454af3cb3179a74b2208296a87fa52e328ea6b266f7", kill_on_drop: false }`
[INFO] [stderr]    Compiling libc v0.2.139
[INFO] [stderr]    Compiling proc-macro2 v1.0.51
[INFO] [stderr]    Compiling unicode-ident v1.0.6
[INFO] [stderr]    Compiling quote v1.0.23
[INFO] [stderr]    Compiling syn v1.0.109
[INFO] [stderr]    Compiling serde_derive v1.0.152
[INFO] [stderr]    Compiling serde v1.0.152
[INFO] [stderr]    Compiling typenum v1.16.0
[INFO] [stderr]    Compiling generic-array v0.14.6
[INFO] [stderr]    Compiling memchr v2.5.0
[INFO] [stderr]    Compiling lock_api v0.4.9
[INFO] [stderr]    Compiling log v0.4.17
[INFO] [stderr]     Checking once_cell v1.17.1
[INFO] [stdout] error[E0422]: cannot find struct, variant or union type `LineColumn` in crate `proc_macro`
[INFO] [stdout]    --> /opt/rustwide/cargo-home/registry/src/index.crates.io-6f17d22bba15001f/proc-macro2-1.0.51/src/wrapper.rs:475:33
[INFO] [stdout]     |
[INFO] [stdout] 475 |                 let proc_macro::LineColumn { line, column } = s.start();
[INFO] [stdout]     |                                 ^^^^^^^^^^ not found in `proc_macro`
[INFO] [stdout]     |
[INFO] [stdout] help: consider importing this struct through its public re-export
[INFO] [stdout]     |
[INFO] [stdout] 1   + use crate::LineColumn;
[INFO] [stdout]     |
[INFO] [stdout] help: if you import `LineColumn`, refer to it directly
[INFO] [stdout]     |
[INFO] [stdout] 475 -                 let proc_macro::LineColumn { line, column } = s.start();
[INFO] [stdout] 475 +                 let LineColumn { line, column } = s.start();
[INFO] [stdout]     |
[INFO] [stdout] 
[INFO] [stdout] 
[INFO] [stdout] error[E0422]: cannot find struct, variant or union type `LineColumn` in crate `proc_macro`
[INFO] [stdout]    --> /opt/rustwide/cargo-home/registry/src/index.crates.io-6f17d22bba15001f/proc-macro2-1.0.51/src/wrapper.rs:489:33
[INFO] [stdout]     |
[INFO] [stdout] 489 |                 let proc_macro::LineColumn { line, column } = s.end();
[INFO] [stdout]     |                                 ^^^^^^^^^^ not found in `proc_macro`
[INFO] [stdout]     |
[INFO] [stdout] help: consider importing this struct through its public re-export
[INFO] [stdout]     |
[INFO] [stdout] 1   + use crate::LineColumn;
[INFO] [stdout]     |
[INFO] [stdout] help: if you import `LineColumn`, refer to it directly
[INFO] [stdout]     |
[INFO] [stdout] 489 -                 let proc_macro::LineColumn { line, column } = s.end();
[INFO] [stdout] 489 +                 let LineColumn { line, column } = s.end();
[INFO] [stdout]     |
[INFO] [stdout] 
[INFO] [stdout] 
[INFO] [stdout] error[E0635]: unknown feature `proc_macro_span_shrink`
[INFO] [stdout]   --> /opt/rustwide/cargo-home/registry/src/index.crates.io-6f17d22bba15001f/proc-macro2-1.0.51/src/lib.rs:92:30
[INFO] [stdout]    |
[INFO] [stdout] 92 |     feature(proc_macro_span, proc_macro_span_shrink)
[INFO] [stdout]    |                              ^^^^^^^^^^^^^^^^^^^^^^
[INFO] [stdout] 
[INFO] [stdout] 
[INFO] [stderr]    Compiling futures-core v0.3.26
[INFO] [stderr]    Compiling parking_lot_core v0.9.7
[INFO] [stderr]    Compiling cc v1.0.79
[INFO] [stderr]    Compiling pkg-config v0.3.26
[INFO] [stdout] error: aborting due to 3 previous errors
[INFO] [stdout] 
[INFO] [stdout] 
[INFO] [stdout] Some errors have detailed explanations: E0422, E0635.
[INFO] [stdout] 
[INFO] [stdout] For more information about an error, try `rustc --explain E0422`.
[INFO] [stdout] 
[INFO] [stderr] error: could not compile `proc-macro2` (lib) due to 4 previous errors
[INFO] [stderr] warning: build failed, waiting for other jobs to finish...
[INFO] running `Command { std: "docker" "inspect" "b33a3ab09c1e3e99b7871454af3cb3179a74b2208296a87fa52e328ea6b266f7", kill_on_drop: false }`
[INFO] running `Command { std: "docker" "rm" "-f" "b33a3ab09c1e3e99b7871454af3cb3179a74b2208296a87fa52e328ea6b266f7", kill_on_drop: false }`
[INFO] [stdout] b33a3ab09c1e3e99b7871454af3cb3179a74b2208296a87fa52e328ea6b266f7
[INFO] checking covert-0.1.3 against nightly-2024-02-05+rustflags=-Dunexpected_cfgs+cargoflags=-Zcheck-cfg for check-cfg
[INFO] extracting crate covert 0.1.3 into /workspace/builds/worker-3-tc2/source
[INFO] validating manifest of crates.io crate covert 0.1.3 on toolchain nightly-2024-02-05
[INFO] running `Command { std: CARGO_HOME="/workspace/cargo-home" RUSTUP_HOME="/workspace/rustup-home" "/workspace/cargo-home/bin/cargo" "+nightly-2024-02-05" "metadata" "--manifest-path" "Cargo.toml" "--no-deps", kill_on_drop: false }`
[INFO] started tweaking crates.io crate covert 0.1.3
[INFO] finished tweaking crates.io crate covert 0.1.3
[INFO] tweaked toml for crates.io crate covert 0.1.3 written to /workspace/builds/worker-3-tc2/source/Cargo.toml
[INFO] crate crates.io crate covert 0.1.3 already has a lockfile, it will not be regenerated
[INFO] running `Command { std: CARGO_HOME="/workspace/cargo-home" RUSTUP_HOME="/workspace/rustup-home" "/workspace/cargo-home/bin/cargo" "+nightly-2024-02-05" "fetch" "--manifest-path" "Cargo.toml", kill_on_drop: false }`
[INFO] running `Command { std: "docker" "create" "-v" "/var/lib/crater-agent-workspace/builds/worker-3-tc2/target:/opt/rustwide/target:rw,Z" "-v" "/var/lib/crater-agent-workspace/builds/worker-3-tc2/source:/opt/rustwide/workdir:ro,Z" "-v" "/var/lib/crater-agent-workspace/cargo-home:/opt/rustwide/cargo-home:ro,Z" "-v" "/var/lib/crater-agent-workspace/rustup-home:/opt/rustwide/rustup-home:ro,Z" "-e" "SOURCE_DIR=/opt/rustwide/workdir" "-e" "CARGO_TARGET_DIR=/opt/rustwide/target" "-e" "CARGO_HOME=/opt/rustwide/cargo-home" "-e" "RUSTUP_HOME=/opt/rustwide/rustup-home" "-w" "/opt/rustwide/workdir" "-m" "1610612736" "--user" "0:0" "--network" "none" "ghcr.io/rust-lang/crates-build-env/linux@sha256:2788e3201cd34a07e3172128adcd8b3090168a8e3bcc40d7c032b9dda1df7d1c" "/opt/rustwide/cargo-home/bin/cargo" "+nightly-2024-02-05" "metadata" "--no-deps" "--format-version=1", kill_on_drop: false }`
[INFO] [stdout] f3d329c204271314fae9c142dafbab40a35e6978da9d05f9b931ce157cd12762
[INFO] running `Command { std: "docker" "start" "-a" "f3d329c204271314fae9c142dafbab40a35e6978da9d05f9b931ce157cd12762", kill_on_drop: false }`
[INFO] running `Command { std: "docker" "inspect" "f3d329c204271314fae9c142dafbab40a35e6978da9d05f9b931ce157cd12762", kill_on_drop: false }`
[INFO] running `Command { std: "docker" "rm" "-f" "f3d329c204271314fae9c142dafbab40a35e6978da9d05f9b931ce157cd12762", kill_on_drop: false }`
[INFO] [stdout] f3d329c204271314fae9c142dafbab40a35e6978da9d05f9b931ce157cd12762
[INFO] running `Command { std: "docker" "create" "-v" "/var/lib/crater-agent-workspace/builds/worker-3-tc2/target:/opt/rustwide/target:rw,Z" "-v" "/var/lib/crater-agent-workspace/builds/worker-3-tc2/source:/opt/rustwide/workdir:ro,Z" "-v" "/var/lib/crater-agent-workspace/cargo-home:/opt/rustwide/cargo-home:ro,Z" "-v" "/var/lib/crater-agent-workspace/rustup-home:/opt/rustwide/rustup-home:ro,Z" "-e" "SOURCE_DIR=/opt/rustwide/workdir" "-e" "CARGO_TARGET_DIR=/opt/rustwide/target" "-e" "CARGO_INCREMENTAL=0" "-e" "RUST_BACKTRACE=full" "-e" "RUSTFLAGS=--cap-lints=forbid -Dunexpected_cfgs" "-e" "RUSTDOCFLAGS=--cap-lints=forbid" "-e" "CARGO_HOME=/opt/rustwide/cargo-home" "-e" "RUSTUP_HOME=/opt/rustwide/rustup-home" "-w" "/opt/rustwide/workdir" "-m" "1610612736" "--user" "0:0" "--network" "none" "ghcr.io/rust-lang/crates-build-env/linux@sha256:2788e3201cd34a07e3172128adcd8b3090168a8e3bcc40d7c032b9dda1df7d1c" "/opt/rustwide/cargo-home/bin/cargo" "+nightly-2024-02-05" "check" "--frozen" "--all" "--all-targets" "--message-format=json" "-Zcheck-cfg", kill_on_drop: false }`
[INFO] [stdout] ea65a0d3c23120b816834521a8426f8c14c8c3ed81d3caa6ab454c5cbdaf6801
[INFO] running `Command { std: "docker" "start" "-a" "ea65a0d3c23120b816834521a8426f8c14c8c3ed81d3caa6ab454c5cbdaf6801", kill_on_drop: false }`
[INFO] [stderr]    Compiling libc v0.2.139
[INFO] [stderr]    Compiling proc-macro2 v1.0.51
[INFO] [stderr]    Compiling unicode-ident v1.0.6
[INFO] [stderr]    Compiling quote v1.0.23
[INFO] [stderr]    Compiling syn v1.0.109
[INFO] [stderr]    Compiling serde_derive v1.0.152
[INFO] [stderr]    Compiling serde v1.0.152
[INFO] [stderr]    Compiling typenum v1.16.0
[INFO] [stderr]    Compiling generic-array v0.14.6
[INFO] [stderr]    Compiling memchr v2.5.0
[INFO] [stderr]    Compiling lock_api v0.4.9
[INFO] [stderr]    Compiling log v0.4.17
[INFO] [stderr]     Checking once_cell v1.17.1
[INFO] [stdout] error[E0422]: cannot find struct, variant or union type `LineColumn` in crate `proc_macro`
[INFO] [stdout]    --> /opt/rustwide/cargo-home/registry/src/index.crates.io-6f17d22bba15001f/proc-macro2-1.0.51/src/wrapper.rs:475:33
[INFO] [stdout]     |
[INFO] [stdout] 475 |                 let proc_macro::LineColumn { line, column } = s.start();
[INFO] [stdout]     |                                 ^^^^^^^^^^ not found in `proc_macro`
[INFO] [stdout]     |
[INFO] [stdout] help: consider importing this struct through its public re-export
[INFO] [stdout]     |
[INFO] [stdout] 1   + use crate::LineColumn;
[INFO] [stdout]     |
[INFO] [stdout] help: if you import `LineColumn`, refer to it directly
[INFO] [stdout]     |
[INFO] [stdout] 475 -                 let proc_macro::LineColumn { line, column } = s.start();
[INFO] [stdout] 475 +                 let LineColumn { line, column } = s.start();
[INFO] [stdout]     |
[INFO] [stdout] 
[INFO] [stdout] 
[INFO] [stdout] error[E0422]: cannot find struct, variant or union type `LineColumn` in crate `proc_macro`
[INFO] [stdout]    --> /opt/rustwide/cargo-home/registry/src/index.crates.io-6f17d22bba15001f/proc-macro2-1.0.51/src/wrapper.rs:489:33
[INFO] [stdout]     |
[INFO] [stdout] 489 |                 let proc_macro::LineColumn { line, column } = s.end();
[INFO] [stdout]     |                                 ^^^^^^^^^^ not found in `proc_macro`
[INFO] [stdout]     |
[INFO] [stdout] help: consider importing this struct through its public re-export
[INFO] [stdout]     |
[INFO] [stdout] 1   + use crate::LineColumn;
[INFO] [stdout]     |
[INFO] [stdout] help: if you import `LineColumn`, refer to it directly
[INFO] [stdout]     |
[INFO] [stdout] 489 -                 let proc_macro::LineColumn { line, column } = s.end();
[INFO] [stdout] 489 +                 let LineColumn { line, column } = s.end();
[INFO] [stdout]     |
[INFO] [stdout] 
[INFO] [stdout] 
[INFO] [stderr]    Compiling futures-core v0.3.26
[INFO] [stdout] error[E0635]: unknown feature `proc_macro_span_shrink`
[INFO] [stdout]   --> /opt/rustwide/cargo-home/registry/src/index.crates.io-6f17d22bba15001f/proc-macro2-1.0.51/src/lib.rs:92:30
[INFO] [stdout]    |
[INFO] [stdout] 92 |     feature(proc_macro_span, proc_macro_span_shrink)
[INFO] [stdout]    |                              ^^^^^^^^^^^^^^^^^^^^^^
[INFO] [stdout] 
[INFO] [stdout] 
[INFO] [stderr]    Compiling parking_lot_core v0.9.7
[INFO] [stderr]    Compiling pkg-config v0.3.26
[INFO] [stderr]    Compiling cc v1.0.79
[INFO] [stdout] error: aborting due to 3 previous errors
[INFO] [stdout] 
[INFO] [stdout] 
[INFO] [stdout] Some errors have detailed explanations: E0422, E0635.
[INFO] [stdout] 
[INFO] [stdout] For more information about an error, try `rustc --explain E0422`.
[INFO] [stdout] 
[INFO] [stderr] error: could not compile `proc-macro2` (lib) due to 4 previous errors
[INFO] [stderr] warning: build failed, waiting for other jobs to finish...
[INFO] running `Command { std: "docker" "inspect" "ea65a0d3c23120b816834521a8426f8c14c8c3ed81d3caa6ab454c5cbdaf6801", kill_on_drop: false }`
[INFO] running `Command { std: "docker" "rm" "-f" "ea65a0d3c23120b816834521a8426f8c14c8c3ed81d3caa6ab454c5cbdaf6801", kill_on_drop: false }`
[INFO] [stdout] ea65a0d3c23120b816834521a8426f8c14c8c3ed81d3caa6ab454c5cbdaf6801
