[INFO] fetching crate cosmwasm-std 1.5.0...
[INFO] checking cosmwasm-std-1.5.0 against nightly-2024-02-05 for check-cfg
[INFO] extracting crate cosmwasm-std 1.5.0 into /workspace/builds/worker-3-tc1/source
[INFO] validating manifest of crates.io crate cosmwasm-std 1.5.0 on toolchain nightly-2024-02-05
[INFO] running `Command { std: CARGO_HOME="/workspace/cargo-home" RUSTUP_HOME="/workspace/rustup-home" "/workspace/cargo-home/bin/cargo" "+nightly-2024-02-05" "metadata" "--manifest-path" "Cargo.toml" "--no-deps", kill_on_drop: false }`
[INFO] removed /workspace/builds/worker-3-tc1/source/.cargo/config
[INFO] started tweaking crates.io crate cosmwasm-std 1.5.0
[INFO] finished tweaking crates.io crate cosmwasm-std 1.5.0
[INFO] tweaked toml for crates.io crate cosmwasm-std 1.5.0 written to /workspace/builds/worker-3-tc1/source/Cargo.toml
[INFO] running `Command { std: CARGO_HOME="/workspace/cargo-home" RUSTUP_HOME="/workspace/rustup-home" "/workspace/cargo-home/bin/cargo" "+nightly-2024-02-05" "generate-lockfile" "--manifest-path" "Cargo.toml", kill_on_drop: false }`
[INFO] [stderr]     Updating crates.io index
[INFO] running `Command { std: CARGO_HOME="/workspace/cargo-home" RUSTUP_HOME="/workspace/rustup-home" "/workspace/cargo-home/bin/cargo" "+nightly-2024-02-05" "fetch" "--manifest-path" "Cargo.toml", kill_on_drop: false }`
[INFO] [stderr]  Downloading crates ...
[INFO] [stderr]   Downloaded bnum v0.8.1
[INFO] running `Command { std: "docker" "create" "-v" "/var/lib/crater-agent-workspace/builds/worker-3-tc1/target:/opt/rustwide/target:rw,Z" "-v" "/var/lib/crater-agent-workspace/builds/worker-3-tc1/source:/opt/rustwide/workdir:ro,Z" "-v" "/var/lib/crater-agent-workspace/cargo-home:/opt/rustwide/cargo-home:ro,Z" "-v" "/var/lib/crater-agent-workspace/rustup-home:/opt/rustwide/rustup-home:ro,Z" "-e" "SOURCE_DIR=/opt/rustwide/workdir" "-e" "CARGO_TARGET_DIR=/opt/rustwide/target" "-e" "CARGO_HOME=/opt/rustwide/cargo-home" "-e" "RUSTUP_HOME=/opt/rustwide/rustup-home" "-w" "/opt/rustwide/workdir" "-m" "1610612736" "--user" "0:0" "--network" "none" "ghcr.io/rust-lang/crates-build-env/linux@sha256:2788e3201cd34a07e3172128adcd8b3090168a8e3bcc40d7c032b9dda1df7d1c" "/opt/rustwide/cargo-home/bin/cargo" "+nightly-2024-02-05" "metadata" "--no-deps" "--format-version=1", kill_on_drop: false }`
[INFO] [stdout] 4bec69a201d7cc4149582a235e39f8f0e6c403cd728490903138b03f93295b1e
[INFO] running `Command { std: "docker" "start" "-a" "4bec69a201d7cc4149582a235e39f8f0e6c403cd728490903138b03f93295b1e", kill_on_drop: false }`
[INFO] running `Command { std: "docker" "inspect" "4bec69a201d7cc4149582a235e39f8f0e6c403cd728490903138b03f93295b1e", kill_on_drop: false }`
[INFO] running `Command { std: "docker" "rm" "-f" "4bec69a201d7cc4149582a235e39f8f0e6c403cd728490903138b03f93295b1e", kill_on_drop: false }`
[INFO] [stdout] 4bec69a201d7cc4149582a235e39f8f0e6c403cd728490903138b03f93295b1e
[INFO] running `Command { std: "docker" "create" "-v" "/var/lib/crater-agent-workspace/builds/worker-3-tc1/target:/opt/rustwide/target:rw,Z" "-v" "/var/lib/crater-agent-workspace/builds/worker-3-tc1/source:/opt/rustwide/workdir:ro,Z" "-v" "/var/lib/crater-agent-workspace/cargo-home:/opt/rustwide/cargo-home:ro,Z" "-v" "/var/lib/crater-agent-workspace/rustup-home:/opt/rustwide/rustup-home:ro,Z" "-e" "SOURCE_DIR=/opt/rustwide/workdir" "-e" "CARGO_TARGET_DIR=/opt/rustwide/target" "-e" "CARGO_INCREMENTAL=0" "-e" "RUST_BACKTRACE=full" "-e" "RUSTFLAGS=--cap-lints=forbid" "-e" "RUSTDOCFLAGS=--cap-lints=forbid" "-e" "CARGO_HOME=/opt/rustwide/cargo-home" "-e" "RUSTUP_HOME=/opt/rustwide/rustup-home" "-w" "/opt/rustwide/workdir" "-m" "1610612736" "--user" "0:0" "--network" "none" "ghcr.io/rust-lang/crates-build-env/linux@sha256:2788e3201cd34a07e3172128adcd8b3090168a8e3bcc40d7c032b9dda1df7d1c" "/opt/rustwide/cargo-home/bin/cargo" "+nightly-2024-02-05" "check" "--frozen" "--all" "--all-targets" "--message-format=json", kill_on_drop: false }`
[INFO] [stdout] 9d0f4b8acc33efb36048347c585d15a7286a4d15d6405b90026c43aa96abee61
[INFO] running `Command { std: "docker" "start" "-a" "9d0f4b8acc33efb36048347c585d15a7286a4d15d6405b90026c43aa96abee61", kill_on_drop: false }`
[INFO] [stderr]     Checking zeroize v1.7.0
[INFO] [stderr]    Compiling generic-array v0.14.7
[INFO] [stderr]    Compiling libc v0.2.153
[INFO] [stderr]     Checking subtle v2.5.0
[INFO] [stderr]     Checking const-oid v0.9.6
[INFO] [stderr]    Compiling syn v1.0.109
[INFO] [stderr]    Compiling serde v1.0.196
[INFO] [stderr]    Compiling syn v2.0.48
[INFO] [stderr]    Compiling ahash v0.7.7
[INFO] [stderr]     Checking once_cell v1.19.0
[INFO] [stderr]     Checking der v0.7.8
[INFO] [stderr]     Checking base16ct v0.2.0
[INFO] [stderr]     Checking rand_core v0.5.1
[INFO] [stderr]     Checking byteorder v1.5.0
[INFO] [stderr]     Checking opaque-debug v0.3.0
[INFO] [stderr]    Compiling num-traits v0.2.17
[INFO] [stderr]     Checking hex v0.4.3
[INFO] [stderr]    Compiling schemars v0.8.16
[INFO] [stderr]     Checking dyn-clone v1.0.16
[INFO] [stderr]     Checking block-buffer v0.10.4
[INFO] [stderr]     Checking crypto-common v0.1.6
[INFO] [stderr]     Checking digest v0.9.0
[INFO] [stderr]     Checking block-buffer v0.9.0
[INFO] [stderr]     Checking curve25519-dalek v3.2.0
[INFO] [stderr]     Checking digest v0.10.7
[INFO] [stderr]     Checking sha2 v0.9.9
[INFO] [stderr]     Checking spki v0.7.3
[INFO] [stderr]     Checking pkcs8 v0.10.2
[INFO] [stderr]     Checking getrandom v0.2.12
[INFO] [stderr]     Checking sec1 v0.7.3
[INFO] [stderr]    Compiling crc32fast v1.3.2
[INFO] [stderr]     Checking hmac v0.12.1
[INFO] [stderr]     Checking sha2 v0.10.8
[INFO] [stderr]     Checking rand_core v0.6.4
[INFO] [stderr]     Checking rfc6979 v0.4.0
[INFO] [stderr]     Checking ff v0.13.0
[INFO] [stderr]     Checking crypto-bigint v0.5.5
[INFO] [stderr]     Checking signature v2.2.0
[INFO] [stderr]     Checking hashbrown v0.12.3
[INFO] [stderr]     Checking bech32 v0.9.1
[INFO] [stderr]     Checking group v0.13.0
[INFO] [stderr]     Checking base64 v0.21.7
[INFO] [stderr]     Checking bnum v0.8.1
[INFO] [stderr]     Checking forward_ref v1.0.0
[INFO] [stderr]    Compiling hex-literal v0.3.4
[INFO] [stderr]     Checking chrono v0.4.33
[INFO] [stderr]    Compiling serde_derive v1.0.196
[INFO] [stderr]    Compiling thiserror-impl v1.0.56
[INFO] [stderr]     Checking elliptic-curve v0.13.8
[INFO] [stderr]     Checking ecdsa v0.16.9
[INFO] [stderr]    Compiling serde_derive_internals v0.26.0
[INFO] [stderr]     Checking k256 v0.13.1
[INFO] [stderr]     Checking thiserror v1.0.56
[INFO] [stderr]    Compiling schemars_derive v0.8.16
[INFO] [stderr]    Compiling cosmwasm-derive v1.5.3
[INFO] [stderr]    Compiling derivative v2.2.0
[INFO] [stderr]     Checking serde_json v1.0.113
[INFO] [stderr]     Checking ed25519-zebra v3.1.0
[INFO] [stderr]     Checking serde-json-wasm v0.5.2
[INFO] [stderr]     Checking cosmwasm-crypto v1.5.3
[INFO] [stderr]     Checking cosmwasm-std v1.5.0 (/opt/rustwide/workdir)
[INFO] [stdout] error[E0433]: failed to resolve: use of undeclared crate or module `cosmwasm_schema`
[INFO] [stdout]    --> src/results/cosmos_msg.rs:518:11
[INFO] [stdout]     |
[INFO] [stdout] 518 |         #[cosmwasm_schema::cw_serde]
[INFO] [stdout]     |           ^^^^^^^^^^^^^^^ use of undeclared crate or module `cosmwasm_schema`
[INFO] [stdout] 
[INFO] [stdout] 
[INFO] [stdout] error[E0277]: the trait bound `ExecuteMsg: addresses::_::_serde::Serialize` is not satisfied
[INFO] [stdout]    --> src/results/cosmos_msg.rs:525:33
[INFO] [stdout]     |
[INFO] [stdout] 525 |               msg: to_json_binary(&ExecuteMsg::Mint {
[INFO] [stdout]     |  __________________--------------_^
[INFO] [stdout]     | |                  |
[INFO] [stdout]     | |                  required by a bound introduced by this call
[INFO] [stdout] 526 | |                 coin: coin(10, "BTC"),
[INFO] [stdout] 527 | |             })
[INFO] [stdout]     | |_____________^ the trait `addresses::_::_serde::Serialize` is not implemented for `ExecuteMsg`
[INFO] [stdout]     |
[INFO] [stdout]     = help: the following other types implement trait `addresses::_::_serde::Serialize`:
[INFO] [stdout]               bool
[INFO] [stdout]               char
[INFO] [stdout]               isize
[INFO] [stdout]               i8
[INFO] [stdout]               i16
[INFO] [stdout]               i32
[INFO] [stdout]               i64
[INFO] [stdout]               i128
[INFO] [stdout]             and 234 others
[INFO] [stdout] note: required by a bound in `serde::to_json_binary`
[INFO] [stdout]    --> src/serde.rs:64:8
[INFO] [stdout]     |
[INFO] [stdout] 62  | pub fn to_json_binary<T>(data: &T) -> StdResult<Binary>
[INFO] [stdout]     |        -------------- required by a bound in this function
[INFO] [stdout] 63  | where
[INFO] [stdout] 64  |     T: Serialize + ?Sized,
[INFO] [stdout]     |        ^^^^^^^^^ required by this bound in `to_json_binary`
[INFO] [stdout] 
[INFO] [stdout] 
[INFO] [stdout] error: aborting due to 2 previous errors
[INFO] [stdout] 
[INFO] [stdout] 
[INFO] [stdout] Some errors have detailed explanations: E0277, E0433.
[INFO] [stdout] 
[INFO] [stdout] For more information about an error, try `rustc --explain E0277`.
[INFO] [stdout] 
[INFO] [stderr] error: could not compile `cosmwasm-std` (lib test) due to 3 previous errors
[INFO] running `Command { std: "docker" "inspect" "9d0f4b8acc33efb36048347c585d15a7286a4d15d6405b90026c43aa96abee61", kill_on_drop: false }`
[INFO] running `Command { std: "docker" "rm" "-f" "9d0f4b8acc33efb36048347c585d15a7286a4d15d6405b90026c43aa96abee61", kill_on_drop: false }`
[INFO] [stdout] 9d0f4b8acc33efb36048347c585d15a7286a4d15d6405b90026c43aa96abee61
[INFO] checking cosmwasm-std-1.5.0 against nightly-2024-02-05+rustflags=-Dunexpected_cfgs+cargoflags=-Zcheck-cfg for check-cfg
[INFO] extracting crate cosmwasm-std 1.5.0 into /workspace/builds/worker-3-tc2/source
[INFO] validating manifest of crates.io crate cosmwasm-std 1.5.0 on toolchain nightly-2024-02-05
[INFO] running `Command { std: CARGO_HOME="/workspace/cargo-home" RUSTUP_HOME="/workspace/rustup-home" "/workspace/cargo-home/bin/cargo" "+nightly-2024-02-05" "metadata" "--manifest-path" "Cargo.toml" "--no-deps", kill_on_drop: false }`
[INFO] removed /workspace/builds/worker-3-tc2/source/.cargo/config
[INFO] started tweaking crates.io crate cosmwasm-std 1.5.0
[INFO] finished tweaking crates.io crate cosmwasm-std 1.5.0
[INFO] tweaked toml for crates.io crate cosmwasm-std 1.5.0 written to /workspace/builds/worker-3-tc2/source/Cargo.toml
[INFO] running `Command { std: CARGO_HOME="/workspace/cargo-home" RUSTUP_HOME="/workspace/rustup-home" "/workspace/cargo-home/bin/cargo" "+nightly-2024-02-05" "generate-lockfile" "--manifest-path" "Cargo.toml", kill_on_drop: false }`
[INFO] [stderr]     Updating crates.io index
[INFO] running `Command { std: CARGO_HOME="/workspace/cargo-home" RUSTUP_HOME="/workspace/rustup-home" "/workspace/cargo-home/bin/cargo" "+nightly-2024-02-05" "fetch" "--manifest-path" "Cargo.toml", kill_on_drop: false }`
[INFO] [stderr]     Blocking waiting for file lock on package cache
[INFO] running `Command { std: "docker" "create" "-v" "/var/lib/crater-agent-workspace/builds/worker-3-tc2/target:/opt/rustwide/target:rw,Z" "-v" "/var/lib/crater-agent-workspace/builds/worker-3-tc2/source:/opt/rustwide/workdir:ro,Z" "-v" "/var/lib/crater-agent-workspace/cargo-home:/opt/rustwide/cargo-home:ro,Z" "-v" "/var/lib/crater-agent-workspace/rustup-home:/opt/rustwide/rustup-home:ro,Z" "-e" "SOURCE_DIR=/opt/rustwide/workdir" "-e" "CARGO_TARGET_DIR=/opt/rustwide/target" "-e" "CARGO_HOME=/opt/rustwide/cargo-home" "-e" "RUSTUP_HOME=/opt/rustwide/rustup-home" "-w" "/opt/rustwide/workdir" "-m" "1610612736" "--user" "0:0" "--network" "none" "ghcr.io/rust-lang/crates-build-env/linux@sha256:2788e3201cd34a07e3172128adcd8b3090168a8e3bcc40d7c032b9dda1df7d1c" "/opt/rustwide/cargo-home/bin/cargo" "+nightly-2024-02-05" "metadata" "--no-deps" "--format-version=1", kill_on_drop: false }`
[INFO] [stdout] 62934e3ce4a2d8aac9659bb826295f6fe6ce9ba551a9e00578ab6f93e9b92bdc
[INFO] running `Command { std: "docker" "start" "-a" "62934e3ce4a2d8aac9659bb826295f6fe6ce9ba551a9e00578ab6f93e9b92bdc", kill_on_drop: false }`
[INFO] running `Command { std: "docker" "inspect" "62934e3ce4a2d8aac9659bb826295f6fe6ce9ba551a9e00578ab6f93e9b92bdc", kill_on_drop: false }`
[INFO] running `Command { std: "docker" "rm" "-f" "62934e3ce4a2d8aac9659bb826295f6fe6ce9ba551a9e00578ab6f93e9b92bdc", kill_on_drop: false }`
[INFO] [stdout] 62934e3ce4a2d8aac9659bb826295f6fe6ce9ba551a9e00578ab6f93e9b92bdc
[INFO] running `Command { std: "docker" "create" "-v" "/var/lib/crater-agent-workspace/builds/worker-3-tc2/target:/opt/rustwide/target:rw,Z" "-v" "/var/lib/crater-agent-workspace/builds/worker-3-tc2/source:/opt/rustwide/workdir:ro,Z" "-v" "/var/lib/crater-agent-workspace/cargo-home:/opt/rustwide/cargo-home:ro,Z" "-v" "/var/lib/crater-agent-workspace/rustup-home:/opt/rustwide/rustup-home:ro,Z" "-e" "SOURCE_DIR=/opt/rustwide/workdir" "-e" "CARGO_TARGET_DIR=/opt/rustwide/target" "-e" "CARGO_INCREMENTAL=0" "-e" "RUST_BACKTRACE=full" "-e" "RUSTFLAGS=--cap-lints=forbid -Dunexpected_cfgs" "-e" "RUSTDOCFLAGS=--cap-lints=forbid" "-e" "CARGO_HOME=/opt/rustwide/cargo-home" "-e" "RUSTUP_HOME=/opt/rustwide/rustup-home" "-w" "/opt/rustwide/workdir" "-m" "1610612736" "--user" "0:0" "--network" "none" "ghcr.io/rust-lang/crates-build-env/linux@sha256:2788e3201cd34a07e3172128adcd8b3090168a8e3bcc40d7c032b9dda1df7d1c" "/opt/rustwide/cargo-home/bin/cargo" "+nightly-2024-02-05" "check" "--frozen" "--all" "--all-targets" "--message-format=json" "-Zcheck-cfg", kill_on_drop: false }`
[INFO] [stdout] 01b0d81759448eae51df936b024e42a0e82661669071c805cb72c52d65cbb60d
[INFO] running `Command { std: "docker" "start" "-a" "01b0d81759448eae51df936b024e42a0e82661669071c805cb72c52d65cbb60d", kill_on_drop: false }`
[INFO] [stderr]     Checking zeroize v1.7.0
[INFO] [stderr]    Compiling generic-array v0.14.7
[INFO] [stderr]     Checking subtle v2.5.0
[INFO] [stderr]    Compiling libc v0.2.153
[INFO] [stderr]     Checking const-oid v0.9.6
[INFO] [stderr]    Compiling syn v1.0.109
[INFO] [stderr]    Compiling serde v1.0.196
[INFO] [stderr]    Compiling syn v2.0.48
[INFO] [stderr]    Compiling ahash v0.7.7
[INFO] [stderr]     Checking der v0.7.8
[INFO] [stderr]     Checking once_cell v1.19.0
[INFO] [stderr]     Checking base16ct v0.2.0
[INFO] [stderr]     Checking opaque-debug v0.3.0
[INFO] [stderr]     Checking rand_core v0.5.1
[INFO] [stderr]     Checking byteorder v1.5.0
[INFO] [stderr]    Compiling num-traits v0.2.17
[INFO] [stderr]    Compiling schemars v0.8.16
[INFO] [stderr]     Checking hex v0.4.3
[INFO] [stderr]     Checking block-buffer v0.10.4
[INFO] [stderr]     Checking crypto-common v0.1.6
[INFO] [stderr]     Checking digest v0.9.0
[INFO] [stderr]     Checking block-buffer v0.9.0
[INFO] [stderr]     Checking curve25519-dalek v3.2.0
[INFO] [stderr]     Checking digest v0.10.7
[INFO] [stderr]     Checking spki v0.7.3
[INFO] [stderr]     Checking sec1 v0.7.3
[INFO] [stderr]     Checking pkcs8 v0.10.2
[INFO] [stderr]     Checking hmac v0.12.1
[INFO] [stderr]     Checking sha2 v0.10.8
[INFO] [stderr]     Checking getrandom v0.2.12
[INFO] [stderr]     Checking rfc6979 v0.4.0
[INFO] [stderr]     Checking sha2 v0.9.9
[INFO] [stderr]     Checking dyn-clone v1.0.16
[INFO] [stderr]    Compiling crc32fast v1.3.2
[INFO] [stderr]     Checking rand_core v0.6.4
[INFO] [stderr]     Checking ff v0.13.0
[INFO] [stderr]     Checking crypto-bigint v0.5.5
[INFO] [stderr]     Checking group v0.13.0
[INFO] [stderr]     Checking signature v2.2.0
[INFO] [stderr]     Checking hashbrown v0.12.3
[INFO] [stderr]     Checking base64 v0.21.7
[INFO] [stderr]     Checking bech32 v0.9.1
[INFO] [stderr]     Checking forward_ref v1.0.0
[INFO] [stderr]     Checking bnum v0.8.1
[INFO] [stderr]    Compiling hex-literal v0.3.4
[INFO] [stderr]     Checking chrono v0.4.33
[INFO] [stderr]    Compiling serde_derive v1.0.196
[INFO] [stderr]    Compiling thiserror-impl v1.0.56
[INFO] [stderr]     Checking elliptic-curve v0.13.8
[INFO] [stderr]     Checking ecdsa v0.16.9
[INFO] [stderr]     Checking k256 v0.13.1
[INFO] [stderr]     Checking thiserror v1.0.56
[INFO] [stderr]    Compiling serde_derive_internals v0.26.0
[INFO] [stderr]    Compiling schemars_derive v0.8.16
[INFO] [stderr]    Compiling cosmwasm-derive v1.5.3
[INFO] [stderr]    Compiling derivative v2.2.0
[INFO] [stderr]     Checking serde_json v1.0.113
[INFO] [stderr]     Checking ed25519-zebra v3.1.0
[INFO] [stderr]     Checking serde-json-wasm v0.5.2
[INFO] [stderr]     Checking cosmwasm-crypto v1.5.3
[INFO] [stderr]     Checking cosmwasm-std v1.5.0 (/opt/rustwide/workdir)
[INFO] [stdout] error[E0433]: failed to resolve: use of undeclared crate or module `cosmwasm_schema`
[INFO] [stdout]    --> src/results/cosmos_msg.rs:518:11
[INFO] [stdout]     |
[INFO] [stdout] 518 |         #[cosmwasm_schema::cw_serde]
[INFO] [stdout]     |           ^^^^^^^^^^^^^^^ use of undeclared crate or module `cosmwasm_schema`
[INFO] [stdout] 
[INFO] [stdout] 
[INFO] [stdout] error[E0277]: the trait bound `ExecuteMsg: addresses::_::_serde::Serialize` is not satisfied
[INFO] [stdout]    --> src/results/cosmos_msg.rs:525:33
[INFO] [stdout]     |
[INFO] [stdout] 525 |               msg: to_json_binary(&ExecuteMsg::Mint {
[INFO] [stdout]     |  __________________--------------_^
[INFO] [stdout]     | |                  |
[INFO] [stdout]     | |                  required by a bound introduced by this call
[INFO] [stdout] 526 | |                 coin: coin(10, "BTC"),
[INFO] [stdout] 527 | |             })
[INFO] [stdout]     | |_____________^ the trait `addresses::_::_serde::Serialize` is not implemented for `ExecuteMsg`
[INFO] [stdout]     |
[INFO] [stdout]     = help: the following other types implement trait `addresses::_::_serde::Serialize`:
[INFO] [stdout]               bool
[INFO] [stdout]               char
[INFO] [stdout]               isize
[INFO] [stdout]               i8
[INFO] [stdout]               i16
[INFO] [stdout]               i32
[INFO] [stdout]               i64
[INFO] [stdout]               i128
[INFO] [stdout]             and 234 others
[INFO] [stdout] note: required by a bound in `serde::to_json_binary`
[INFO] [stdout]    --> src/serde.rs:64:8
[INFO] [stdout]     |
[INFO] [stdout] 62  | pub fn to_json_binary<T>(data: &T) -> StdResult<Binary>
[INFO] [stdout]     |        -------------- required by a bound in this function
[INFO] [stdout] 63  | where
[INFO] [stdout] 64  |     T: Serialize + ?Sized,
[INFO] [stdout]     |        ^^^^^^^^^ required by this bound in `to_json_binary`
[INFO] [stdout] 
[INFO] [stdout] 
[INFO] [stdout] error: aborting due to 2 previous errors
[INFO] [stdout] 
[INFO] [stdout] 
[INFO] [stdout] Some errors have detailed explanations: E0277, E0433.
[INFO] [stdout] 
[INFO] [stdout] For more information about an error, try `rustc --explain E0277`.
[INFO] [stdout] 
[INFO] [stderr] error: could not compile `cosmwasm-std` (lib test) due to 3 previous errors
[INFO] running `Command { std: "docker" "inspect" "01b0d81759448eae51df936b024e42a0e82661669071c805cb72c52d65cbb60d", kill_on_drop: false }`
[INFO] running `Command { std: "docker" "rm" "-f" "01b0d81759448eae51df936b024e42a0e82661669071c805cb72c52d65cbb60d", kill_on_drop: false }`
[INFO] [stdout] 01b0d81759448eae51df936b024e42a0e82661669071c805cb72c52d65cbb60d
