[INFO] fetching crate coolor 0.8.0...
[INFO] checking coolor-0.8.0 against nightly-2024-02-05 for check-cfg
[INFO] extracting crate coolor 0.8.0 into /workspace/builds/worker-3-tc1/source
[INFO] validating manifest of crates.io crate coolor 0.8.0 on toolchain nightly-2024-02-05
[INFO] running `Command { std: CARGO_HOME="/workspace/cargo-home" RUSTUP_HOME="/workspace/rustup-home" "/workspace/cargo-home/bin/cargo" "+nightly-2024-02-05" "metadata" "--manifest-path" "Cargo.toml" "--no-deps", kill_on_drop: false }`
[INFO] started tweaking crates.io crate coolor 0.8.0
[INFO] finished tweaking crates.io crate coolor 0.8.0
[INFO] tweaked toml for crates.io crate coolor 0.8.0 written to /workspace/builds/worker-3-tc1/source/Cargo.toml
[INFO] crate crates.io crate coolor 0.8.0 already has a lockfile, it will not be regenerated
[INFO] running `Command { std: CARGO_HOME="/workspace/cargo-home" RUSTUP_HOME="/workspace/rustup-home" "/workspace/cargo-home/bin/cargo" "+nightly-2024-02-05" "fetch" "--manifest-path" "Cargo.toml", kill_on_drop: false }`
[INFO] [stderr]     Updating crates.io index
[INFO] [stderr]  Downloading crates ...
[INFO] [stderr]   Downloaded directories-next v2.0.0
[INFO] [stderr]   Downloaded proc-status v0.1.1
[INFO] [stderr]   Downloaded cli-log v2.0.0
[INFO] [stderr]   Downloaded file-size v1.0.3
[INFO] [stderr]   Downloaded argh v0.1.12
[INFO] [stderr]   Downloaded open v1.7.1
[INFO] [stderr]   Downloaded ansi_colours v1.2.2
[INFO] [stderr]   Downloaded crossbeam-queue v0.3.8
[INFO] [stderr]   Downloaded minimad v0.13.0
[INFO] [stderr]   Downloaded ahash v0.4.8
[INFO] [stderr]   Downloaded hashlink v0.6.0
[INFO] [stderr]   Downloaded csv2svg v0.1.12
[INFO] [stderr]   Downloaded git2 v0.14.4
[INFO] [stderr]   Downloaded termimad v0.25.5
[INFO] [stderr]   Downloaded libsqlite3-sys v0.20.1
[INFO] [stderr]   Downloaded libgit2-sys v0.13.5+1.4.5
[INFO] [stderr]   Downloaded glassbench v0.3.6
[INFO] [stderr]   Downloaded rusqlite v0.24.2
[INFO] [stderr]   Downloaded svg v0.13.1
[INFO] [stderr]   Downloaded argh_derive v0.1.12
[INFO] [stderr]   Downloaded coolor v0.7.0
[INFO] running `Command { std: "docker" "create" "-v" "/var/lib/crater-agent-workspace/builds/worker-3-tc1/target:/opt/rustwide/target:rw,Z" "-v" "/var/lib/crater-agent-workspace/builds/worker-3-tc1/source:/opt/rustwide/workdir:ro,Z" "-v" "/var/lib/crater-agent-workspace/cargo-home:/opt/rustwide/cargo-home:ro,Z" "-v" "/var/lib/crater-agent-workspace/rustup-home:/opt/rustwide/rustup-home:ro,Z" "-e" "SOURCE_DIR=/opt/rustwide/workdir" "-e" "CARGO_TARGET_DIR=/opt/rustwide/target" "-e" "CARGO_HOME=/opt/rustwide/cargo-home" "-e" "RUSTUP_HOME=/opt/rustwide/rustup-home" "-w" "/opt/rustwide/workdir" "-m" "1610612736" "--user" "0:0" "--network" "none" "ghcr.io/rust-lang/crates-build-env/linux@sha256:2788e3201cd34a07e3172128adcd8b3090168a8e3bcc40d7c032b9dda1df7d1c" "/opt/rustwide/cargo-home/bin/cargo" "+nightly-2024-02-05" "metadata" "--no-deps" "--format-version=1", kill_on_drop: false }`
[INFO] [stdout] 350f9230e99d7883b4e1d0cabc46ef8bd26c8651e2b996919ad849b89b32c467
[INFO] running `Command { std: "docker" "start" "-a" "350f9230e99d7883b4e1d0cabc46ef8bd26c8651e2b996919ad849b89b32c467", kill_on_drop: false }`
[INFO] running `Command { std: "docker" "inspect" "350f9230e99d7883b4e1d0cabc46ef8bd26c8651e2b996919ad849b89b32c467", kill_on_drop: false }`
[INFO] running `Command { std: "docker" "rm" "-f" "350f9230e99d7883b4e1d0cabc46ef8bd26c8651e2b996919ad849b89b32c467", kill_on_drop: false }`
[INFO] [stdout] 350f9230e99d7883b4e1d0cabc46ef8bd26c8651e2b996919ad849b89b32c467
[INFO] running `Command { std: "docker" "create" "-v" "/var/lib/crater-agent-workspace/builds/worker-3-tc1/target:/opt/rustwide/target:rw,Z" "-v" "/var/lib/crater-agent-workspace/builds/worker-3-tc1/source:/opt/rustwide/workdir:ro,Z" "-v" "/var/lib/crater-agent-workspace/cargo-home:/opt/rustwide/cargo-home:ro,Z" "-v" "/var/lib/crater-agent-workspace/rustup-home:/opt/rustwide/rustup-home:ro,Z" "-e" "SOURCE_DIR=/opt/rustwide/workdir" "-e" "CARGO_TARGET_DIR=/opt/rustwide/target" "-e" "CARGO_INCREMENTAL=0" "-e" "RUST_BACKTRACE=full" "-e" "RUSTFLAGS=--cap-lints=forbid" "-e" "RUSTDOCFLAGS=--cap-lints=forbid" "-e" "CARGO_HOME=/opt/rustwide/cargo-home" "-e" "RUSTUP_HOME=/opt/rustwide/rustup-home" "-w" "/opt/rustwide/workdir" "-m" "1610612736" "--user" "0:0" "--network" "none" "ghcr.io/rust-lang/crates-build-env/linux@sha256:2788e3201cd34a07e3172128adcd8b3090168a8e3bcc40d7c032b9dda1df7d1c" "/opt/rustwide/cargo-home/bin/cargo" "+nightly-2024-02-05" "check" "--frozen" "--all" "--all-targets" "--message-format=json", kill_on_drop: false }`
[INFO] [stdout] b5a5943961aefe1243408adae7f25bfcc72208e0fe6545ac9d579326bd5cce09
[INFO] running `Command { std: "docker" "start" "-a" "b5a5943961aefe1243408adae7f25bfcc72208e0fe6545ac9d579326bd5cce09", kill_on_drop: false }`
[INFO] [stderr]    Compiling serde v1.0.190
[INFO] [stderr]    Compiling libc v0.2.149
[INFO] [stderr]     Checking signal-hook-registry v1.4.0
[INFO] [stderr]    Compiling syn v2.0.38
[INFO] [stderr]    Compiling memchr v2.6.4
[INFO] [stderr]     Checking parking_lot_core v0.9.3
[INFO] [stderr]     Checking mio v0.8.3
[INFO] [stderr]    Compiling crossbeam-epoch v0.9.15
[INFO] [stderr]     Checking parking_lot v0.12.1
[INFO] [stderr]     Checking signal-hook v0.3.14
[INFO] [stderr]    Compiling rustix v0.38.21
[INFO] [stderr]    Compiling crossbeam-queue v0.3.8
[INFO] [stderr]     Checking bytemuck v1.14.0
[INFO] [stderr]     Checking signal-hook-mio v0.2.3
[INFO] [stderr]     Checking crossterm v0.23.2
[INFO] [stderr]    Compiling aho-corasick v1.1.2
[INFO] [stderr]     Checking rgb v0.8.37
[INFO] [stderr]    Compiling jobserver v0.1.27
[INFO] [stderr]     Checking iana-time-zone v0.1.58
[INFO] [stderr]     Checking linux-raw-sys v0.4.10
[INFO] [stderr]    Compiling cc v1.0.83
[INFO] [stderr]     Checking bitflags v2.4.1
[INFO] [stderr]     Checking ahash v0.4.8
[INFO] [stderr]     Checking ansi_colours v1.2.2
[INFO] [stderr]     Checking crossbeam-deque v0.8.3
[INFO] [stderr]     Checking crossbeam-channel v0.5.8
[INFO] [stderr]     Checking hashbrown v0.9.1
[INFO] [stderr]     Checking dirs-sys-next v0.1.2
[INFO] [stderr]     Checking csv-core v0.1.11
[INFO] [stderr]     Checking getrandom v0.2.6
[INFO] [stderr]     Checking file-size v1.0.3
[INFO] [stderr]     Checking pathdiff v0.2.1
[INFO] [stderr]     Checking rand_core v0.6.3
[INFO] [stderr]     Checking hashlink v0.6.0
[INFO] [stderr]     Checking open v1.7.1
[INFO] [stderr]     Checking crossbeam v0.8.2
[INFO] [stderr]     Checking directories-next v2.0.0
[INFO] [stderr]    Compiling regex-automata v0.4.3
[INFO] [stderr]     Checking coolor v0.7.0
[INFO] [stderr]     Checking minimad v0.13.0
[INFO] [stderr]     Checking fallible-iterator v0.2.0
[INFO] [stderr]     Checking svg v0.13.1
[INFO] [stderr]     Checking fallible-streaming-iterator v0.1.9
[INFO] [stderr]     Checking rand_chacha v0.3.1
[INFO] [stderr]     Checking coolor v0.8.0 (/opt/rustwide/workdir)
[INFO] [stderr]     Checking rand v0.8.5
[INFO] [stderr]    Compiling libz-sys v1.1.12
[INFO] [stderr]    Compiling libsqlite3-sys v0.20.1
[INFO] [stderr]    Compiling libgit2-sys v0.13.5+1.4.5
[INFO] [stderr]     Checking tempfile v3.8.1
[INFO] [stderr]    Compiling serde_derive v1.0.190
[INFO] [stderr]    Compiling thiserror-impl v1.0.50
[INFO] [stderr]    Compiling regex v1.10.2
[INFO] [stderr]    Compiling lazy-regex-proc_macros v3.0.1
[INFO] [stderr]     Checking thiserror v1.0.50
[INFO] [stderr]     Checking proc-status v0.1.1
[INFO] [stderr]     Checking lazy-regex v3.0.2
[INFO] [stderr]     Checking chrono v0.4.31
[INFO] [stderr]     Checking argh_shared v0.1.12
[INFO] [stderr]     Checking csv v1.3.0
[INFO] [stderr]     Checking serde_json v1.0.108
[INFO] [stderr]     Checking termimad v0.25.5
[INFO] [stderr]    Compiling argh_derive v0.1.12
[INFO] [stderr]     Checking cli-log v2.0.0
[INFO] [stderr]     Checking rusqlite v0.24.2
[INFO] [stderr]     Checking argh v0.1.12
[INFO] [stderr]     Checking csv2svg v0.1.12
[INFO] [stderr]     Checking git2 v0.14.4
[INFO] [stderr]     Checking glassbench v0.3.6
[INFO] [stdout] error[E0433]: failed to resolve: use of undeclared crate or module `crossterm`
[INFO] [stdout]  --> examples/ansi-variations/main.rs:5:5
[INFO] [stdout]   |
[INFO] [stdout] 5 |     crossterm::style::{Color, Stylize},
[INFO] [stdout]   |     ^^^^^^^^^ use of undeclared crate or module `crossterm`
[INFO] [stdout] 
[INFO] [stdout] 
[INFO] [stdout] error[E0433]: failed to resolve: use of undeclared crate or module `crossterm`
[INFO] [stdout]  --> examples/rgb-to-ansi/main.rs:5:5
[INFO] [stdout]   |
[INFO] [stdout] 5 |     crossterm::style::{Color as CC, Stylize},
[INFO] [stdout]   |     ^^^^^^^^^ use of undeclared crate or module `crossterm`
[INFO] [stdout] 
[INFO] [stdout] 
[INFO] [stdout] error[E0433]: failed to resolve: use of undeclared crate or module `crossterm`
[INFO] [stdout]  --> examples/ansi-grey/main.rs:5:5
[INFO] [stdout]   |
[INFO] [stdout] 5 |     crossterm::style::{Color as CC, Stylize},
[INFO] [stdout]   |     ^^^^^^^^^ use of undeclared crate or module `crossterm`
[INFO] [stdout] 
[INFO] [stdout] 
[INFO] [stdout] error[E0599]: no method named `with` found for reference `&'static str` in the current scope
[INFO] [stdout]  --> examples/ansi-variations/main.rs:9:22
[INFO] [stdout]   |
[INFO] [stdout] 9 |     print!("{}", "█".with(Color::AnsiValue(ansi.code)));
[INFO] [stdout]   |                      ^^^^ method not found in `&str`
[INFO] [stdout] 
[INFO] [stdout] 
[INFO] [stdout] error: aborting due to 2 previous errors
[INFO] [stdout] 
[INFO] [stdout] 
[INFO] [stdout] error[E0599]: no method named `with` found for reference `&'static str` in the current scope
[INFO] [stdout]   --> examples/rgb-to-ansi/main.rs:16:27
[INFO] [stdout]    |
[INFO] [stdout] 16 |     print!("{}", "██████".with(cc));
[INFO] [stdout]    |                           ^^^^ method not found in `&str`
[INFO] [stdout] 
[INFO] [stdout] 
[INFO] [stdout] error[E0433]: failed to resolve: use of undeclared crate or module `crossterm`
[INFO] [stdout]  --> examples/ansi-mix/main.rs:5:5
[INFO] [stdout]   |
[INFO] [stdout] 5 |     crossterm::style::{self, Stylize},
[INFO] [stdout]   |     ^^^^^^^^^ use of undeclared crate or module `crossterm`
[INFO] [stdout] 
[INFO] [stdout] 
[INFO] [stdout] error[E0432]: unresolved import `crossterm`
[INFO] [stdout]  --> examples/ansi-mix/main.rs:5:5
[INFO] [stdout]   |
[INFO] [stdout] 5 |     crossterm::style::{self, Stylize},
[INFO] [stdout]   |     ^^^^^^^^^ use of undeclared crate or module `crossterm`
[INFO] [stdout] 
[INFO] [stdout] 
[INFO] [stdout] error: aborting due to 2 previous errors
[INFO] [stdout] 
[INFO] [stdout] 
[INFO] [stdout] Some errors have detailed explanations: E0433, E0599.
[INFO] [stdout] 
[INFO] [stdout] For more information about an error, try `rustc --explain E0433`.
[INFO] [stdout] 
[INFO] [stdout] error[E0599]: no method named `with` found for reference `&'static str` in the current scope
[INFO] [stdout]   --> examples/ansi-grey/main.rs:15:27
[INFO] [stdout]    |
[INFO] [stdout] 15 |     print!("{}", "██████".with(cc));
[INFO] [stdout]    |                           ^^^^ method not found in `&str`
[INFO] [stdout] 
[INFO] [stdout] 
[INFO] [stderr] error: could not compile `coolor` (example "rgb-to-ansi") due to 3 previous errors
[INFO] [stderr] warning: build failed, waiting for other jobs to finish...
[INFO] [stdout] Some errors have detailed explanations: E0433, E0599.
[INFO] [stdout] 
[INFO] [stdout] For more information about an error, try `rustc --explain E0433`.
[INFO] [stdout] 
[INFO] [stdout] error: aborting due to 2 previous errors
[INFO] [stdout] 
[INFO] [stdout] 
[INFO] [stdout] Some errors have detailed explanations: E0433, E0599.
[INFO] [stdout] 
[INFO] [stdout] For more information about an error, try `rustc --explain E0433`.
[INFO] [stdout] 
[INFO] [stderr] error: could not compile `coolor` (example "ansi-variations") due to 3 previous errors
[INFO] [stderr] error: could not compile `coolor` (example "ansi-grey") due to 3 previous errors
[INFO] [stdout] error[E0599]: no method named `with` found for reference `&'static str` in the current scope
[INFO] [stdout]   --> examples/ansi-mix/main.rs:17:22
[INFO] [stdout]    |
[INFO] [stdout] 17 |     print!("{}", "█".with(style::Color::AnsiValue(ansi.code)));
[INFO] [stdout]    |                      ^^^^ method not found in `&str`
[INFO] [stdout]    |
[INFO] [stdout]    = help: items from traits can only be used if the trait is in scope
[INFO] [stdout] help: the following trait is implemented but not in scope; perhaps add a `use` for it:
[INFO] [stdout]    |
[INFO] [stdout] 3  + use crossterm::style::Stylize;
[INFO] [stdout]    |
[INFO] [stdout] 
[INFO] [stdout] 
[INFO] [stdout] error: aborting due to 3 previous errors
[INFO] [stdout] 
[INFO] [stdout] 
[INFO] [stdout] Some errors have detailed explanations: E0432, E0433, E0599.
[INFO] [stdout] 
[INFO] [stdout] For more information about an error, try `rustc --explain E0432`.
[INFO] [stdout] 
[INFO] [stderr] error: could not compile `coolor` (example "ansi-mix") due to 4 previous errors
[INFO] running `Command { std: "docker" "inspect" "b5a5943961aefe1243408adae7f25bfcc72208e0fe6545ac9d579326bd5cce09", kill_on_drop: false }`
[INFO] running `Command { std: "docker" "rm" "-f" "b5a5943961aefe1243408adae7f25bfcc72208e0fe6545ac9d579326bd5cce09", kill_on_drop: false }`
[INFO] [stdout] b5a5943961aefe1243408adae7f25bfcc72208e0fe6545ac9d579326bd5cce09
[INFO] checking coolor-0.8.0 against nightly-2024-02-05+rustflags=-Dunexpected_cfgs+cargoflags=-Zcheck-cfg for check-cfg
[INFO] extracting crate coolor 0.8.0 into /workspace/builds/worker-3-tc2/source
[INFO] validating manifest of crates.io crate coolor 0.8.0 on toolchain nightly-2024-02-05
[INFO] running `Command { std: CARGO_HOME="/workspace/cargo-home" RUSTUP_HOME="/workspace/rustup-home" "/workspace/cargo-home/bin/cargo" "+nightly-2024-02-05" "metadata" "--manifest-path" "Cargo.toml" "--no-deps", kill_on_drop: false }`
[INFO] started tweaking crates.io crate coolor 0.8.0
[INFO] finished tweaking crates.io crate coolor 0.8.0
[INFO] tweaked toml for crates.io crate coolor 0.8.0 written to /workspace/builds/worker-3-tc2/source/Cargo.toml
[INFO] crate crates.io crate coolor 0.8.0 already has a lockfile, it will not be regenerated
[INFO] running `Command { std: CARGO_HOME="/workspace/cargo-home" RUSTUP_HOME="/workspace/rustup-home" "/workspace/cargo-home/bin/cargo" "+nightly-2024-02-05" "fetch" "--manifest-path" "Cargo.toml", kill_on_drop: false }`
[INFO] running `Command { std: "docker" "create" "-v" "/var/lib/crater-agent-workspace/builds/worker-3-tc2/target:/opt/rustwide/target:rw,Z" "-v" "/var/lib/crater-agent-workspace/builds/worker-3-tc2/source:/opt/rustwide/workdir:ro,Z" "-v" "/var/lib/crater-agent-workspace/cargo-home:/opt/rustwide/cargo-home:ro,Z" "-v" "/var/lib/crater-agent-workspace/rustup-home:/opt/rustwide/rustup-home:ro,Z" "-e" "SOURCE_DIR=/opt/rustwide/workdir" "-e" "CARGO_TARGET_DIR=/opt/rustwide/target" "-e" "CARGO_HOME=/opt/rustwide/cargo-home" "-e" "RUSTUP_HOME=/opt/rustwide/rustup-home" "-w" "/opt/rustwide/workdir" "-m" "1610612736" "--user" "0:0" "--network" "none" "ghcr.io/rust-lang/crates-build-env/linux@sha256:2788e3201cd34a07e3172128adcd8b3090168a8e3bcc40d7c032b9dda1df7d1c" "/opt/rustwide/cargo-home/bin/cargo" "+nightly-2024-02-05" "metadata" "--no-deps" "--format-version=1", kill_on_drop: false }`
[INFO] [stdout] b3d45a35510695308fac60f2f8cdc816b53ed16867abde3dae364fcd88f8b9cc
[INFO] running `Command { std: "docker" "start" "-a" "b3d45a35510695308fac60f2f8cdc816b53ed16867abde3dae364fcd88f8b9cc", kill_on_drop: false }`
[INFO] running `Command { std: "docker" "inspect" "b3d45a35510695308fac60f2f8cdc816b53ed16867abde3dae364fcd88f8b9cc", kill_on_drop: false }`
[INFO] running `Command { std: "docker" "rm" "-f" "b3d45a35510695308fac60f2f8cdc816b53ed16867abde3dae364fcd88f8b9cc", kill_on_drop: false }`
[INFO] [stdout] b3d45a35510695308fac60f2f8cdc816b53ed16867abde3dae364fcd88f8b9cc
[INFO] running `Command { std: "docker" "create" "-v" "/var/lib/crater-agent-workspace/builds/worker-3-tc2/target:/opt/rustwide/target:rw,Z" "-v" "/var/lib/crater-agent-workspace/builds/worker-3-tc2/source:/opt/rustwide/workdir:ro,Z" "-v" "/var/lib/crater-agent-workspace/cargo-home:/opt/rustwide/cargo-home:ro,Z" "-v" "/var/lib/crater-agent-workspace/rustup-home:/opt/rustwide/rustup-home:ro,Z" "-e" "SOURCE_DIR=/opt/rustwide/workdir" "-e" "CARGO_TARGET_DIR=/opt/rustwide/target" "-e" "CARGO_INCREMENTAL=0" "-e" "RUST_BACKTRACE=full" "-e" "RUSTFLAGS=--cap-lints=forbid -Dunexpected_cfgs" "-e" "RUSTDOCFLAGS=--cap-lints=forbid" "-e" "CARGO_HOME=/opt/rustwide/cargo-home" "-e" "RUSTUP_HOME=/opt/rustwide/rustup-home" "-w" "/opt/rustwide/workdir" "-m" "1610612736" "--user" "0:0" "--network" "none" "ghcr.io/rust-lang/crates-build-env/linux@sha256:2788e3201cd34a07e3172128adcd8b3090168a8e3bcc40d7c032b9dda1df7d1c" "/opt/rustwide/cargo-home/bin/cargo" "+nightly-2024-02-05" "check" "--frozen" "--all" "--all-targets" "--message-format=json" "-Zcheck-cfg", kill_on_drop: false }`
[INFO] [stdout] 134877f9acdce8e560c6cbb81751b09f5713d444e901653652401d4aaf140522
[INFO] running `Command { std: "docker" "start" "-a" "134877f9acdce8e560c6cbb81751b09f5713d444e901653652401d4aaf140522", kill_on_drop: false }`
[INFO] [stderr]    Compiling serde v1.0.190
[INFO] [stderr]    Compiling libc v0.2.149
[INFO] [stderr]    Compiling syn v2.0.38
[INFO] [stderr]     Checking signal-hook-registry v1.4.0
[INFO] [stderr]    Compiling memchr v2.6.4
[INFO] [stderr]     Checking parking_lot_core v0.9.3
[INFO] [stderr]     Checking mio v0.8.3
[INFO] [stderr]    Compiling crossbeam-epoch v0.9.15
[INFO] [stderr]     Checking signal-hook v0.3.14
[INFO] [stderr]     Checking parking_lot v0.12.1
[INFO] [stderr]    Compiling crossbeam-queue v0.3.8
[INFO] [stderr]     Checking signal-hook-mio v0.2.3
[INFO] [stderr]     Checking bytemuck v1.14.0
[INFO] [stderr]    Compiling rustix v0.38.21
[INFO] [stderr]    Compiling aho-corasick v1.1.2
[INFO] [stderr]     Checking crossterm v0.23.2
[INFO] [stderr]    Compiling jobserver v0.1.27
[INFO] [stderr]     Checking rgb v0.8.37
[INFO] [stderr]    Compiling cc v1.0.83
[INFO] [stderr]     Checking iana-time-zone v0.1.58
[INFO] [stderr]     Checking bitflags v2.4.1
[INFO] [stderr]     Checking linux-raw-sys v0.4.10
[INFO] [stderr]     Checking ahash v0.4.8
[INFO] [stderr]     Checking crossbeam-deque v0.8.3
[INFO] [stderr]     Checking ansi_colours v1.2.2
[INFO] [stderr]     Checking hashbrown v0.9.1
[INFO] [stderr]     Checking crossbeam-channel v0.5.8
[INFO] [stderr]     Checking csv-core v0.1.11
[INFO] [stderr]     Checking getrandom v0.2.6
[INFO] [stderr]     Checking dirs-sys-next v0.1.2
[INFO] [stderr]    Compiling regex-automata v0.4.3
[INFO] [stderr]     Checking file-size v1.0.3
[INFO] [stderr]     Checking pathdiff v0.2.1
[INFO] [stderr]     Checking crossbeam v0.8.2
[INFO] [stderr]     Checking hashlink v0.6.0
[INFO] [stderr]     Checking open v1.7.1
[INFO] [stderr]     Checking directories-next v2.0.0
[INFO] [stderr]     Checking rand_core v0.6.3
[INFO] [stderr]     Checking coolor v0.7.0
[INFO] [stderr]     Checking minimad v0.13.0
[INFO] [stderr]     Checking fallible-iterator v0.2.0
[INFO] [stderr]     Checking fallible-streaming-iterator v0.1.9
[INFO] [stderr]     Checking svg v0.13.1
[INFO] [stderr]     Checking rand_chacha v0.3.1
[INFO] [stderr]     Checking coolor v0.8.0 (/opt/rustwide/workdir)
[INFO] [stderr]     Checking rand v0.8.5
[INFO] [stderr]    Compiling libz-sys v1.1.12
[INFO] [stderr]    Compiling libgit2-sys v0.13.5+1.4.5
[INFO] [stderr]    Compiling libsqlite3-sys v0.20.1
[INFO] [stderr]     Checking tempfile v3.8.1
[INFO] [stderr]    Compiling serde_derive v1.0.190
[INFO] [stderr]    Compiling thiserror-impl v1.0.50
[INFO] [stderr]    Compiling regex v1.10.2
[INFO] [stderr]    Compiling lazy-regex-proc_macros v3.0.1
[INFO] [stderr]     Checking thiserror v1.0.50
[INFO] [stderr]     Checking proc-status v0.1.1
[INFO] [stderr]     Checking lazy-regex v3.0.2
[INFO] [stderr]     Checking argh_shared v0.1.12
[INFO] [stderr]     Checking chrono v0.4.31
[INFO] [stderr]     Checking csv v1.3.0
[INFO] [stderr]     Checking termimad v0.25.5
[INFO] [stderr]     Checking serde_json v1.0.108
[INFO] [stderr]    Compiling argh_derive v0.1.12
[INFO] [stderr]     Checking cli-log v2.0.0
[INFO] [stderr]     Checking rusqlite v0.24.2
[INFO] [stderr]     Checking argh v0.1.12
[INFO] [stderr]     Checking csv2svg v0.1.12
[INFO] [stderr]     Checking git2 v0.14.4
[INFO] [stderr]     Checking glassbench v0.3.6
[INFO] [stdout] error[E0433]: failed to resolve: use of undeclared crate or module `crossterm`
[INFO] [stdout]  --> examples/ansi-grey/main.rs:5:5
[INFO] [stdout]   |
[INFO] [stdout] 5 |     crossterm::style::{Color as CC, Stylize},
[INFO] [stdout]   |     ^^^^^^^^^ use of undeclared crate or module `crossterm`
[INFO] [stdout] 
[INFO] [stdout] 
[INFO] [stdout] error[E0433]: failed to resolve: use of undeclared crate or module `crossterm`
[INFO] [stdout]  --> examples/ansi-variations/main.rs:5:5
[INFO] [stdout]   |
[INFO] [stdout] 5 |     crossterm::style::{Color, Stylize},
[INFO] [stdout]   |     ^^^^^^^^^ use of undeclared crate or module `crossterm`
[INFO] [stdout] 
[INFO] [stdout] 
[INFO] [stdout] error[E0433]: failed to resolve: use of undeclared crate or module `crossterm`
[INFO] [stdout]  --> examples/rgb-to-ansi/main.rs:5:5
[INFO] [stdout]   |
[INFO] [stdout] 5 |     crossterm::style::{Color as CC, Stylize},
[INFO] [stdout]   |     ^^^^^^^^^ use of undeclared crate or module `crossterm`
[INFO] [stdout] 
[INFO] [stdout] 
[INFO] [stdout] error[E0433]: failed to resolve: use of undeclared crate or module `crossterm`
[INFO] [stdout]  --> examples/ansi-mix/main.rs:5:5
[INFO] [stdout]   |
[INFO] [stdout] 5 |     crossterm::style::{self, Stylize},
[INFO] [stdout]   |     ^^^^^^^^^ use of undeclared crate or module `crossterm`
[INFO] [stdout] 
[INFO] [stdout] 
[INFO] [stdout] error[E0432]: unresolved import `crossterm`
[INFO] [stdout]  --> examples/ansi-mix/main.rs:5:5
[INFO] [stdout]   |
[INFO] [stdout] 5 |     crossterm::style::{self, Stylize},
[INFO] [stdout]   |     ^^^^^^^^^ use of undeclared crate or module `crossterm`
[INFO] [stdout] 
[INFO] [stdout] 
[INFO] [stdout] error[E0599]: no method named `with` found for reference `&'static str` in the current scope
[INFO] [stdout]  --> examples/ansi-variations/main.rs:9:22
[INFO] [stdout]   |
[INFO] [stdout] 9 |     print!("{}", "█".with(Color::AnsiValue(ansi.code)));
[INFO] [stdout]   |                      ^^^^ method not found in `&str`
[INFO] [stdout] 
[INFO] [stdout] 
[INFO] [stdout] error[E0599]: no method named `with` found for reference `&'static str` in the current scope
[INFO] [stdout]   --> examples/ansi-grey/main.rs:15:27
[INFO] [stdout]    |
[INFO] [stdout] 15 |     print!("{}", "██████".with(cc));
[INFO] [stdout]    |                           ^^^^ method not found in `&str`
[INFO] [stdout] 
[INFO] [stdout] 
[INFO] [stdout] error: aborting due to 2 previous errors
[INFO] [stdout] 
[INFO] [stdout] 
[INFO] [stdout] Some errors have detailed explanations: E0433, E0599.
[INFO] [stdout] 
[INFO] [stdout] For more information about an error, try `rustc --explain E0433`.
[INFO] [stdout] 
[INFO] [stdout] error: aborting due to 2 previous errors
[INFO] [stdout] 
[INFO] [stdout] 
[INFO] [stdout] Some errors have detailed explanations: E0433, E0599.
[INFO] [stdout] 
[INFO] [stdout] For more information about an error, try `rustc --explain E0433`.
[INFO] [stdout] 
[INFO] [stderr] error: could not compile `coolor` (example "ansi-grey") due to 3 previous errors
[INFO] [stderr] warning: build failed, waiting for other jobs to finish...
[INFO] [stdout] error[E0599]: no method named `with` found for reference `&'static str` in the current scope
[INFO] [stdout]   --> examples/rgb-to-ansi/main.rs:16:27
[INFO] [stdout]    |
[INFO] [stdout] 16 |     print!("{}", "██████".with(cc));
[INFO] [stdout]    |                           ^^^^ method not found in `&str`
[INFO] [stdout] 
[INFO] [stdout] 
[INFO] [stderr] error: could not compile `coolor` (example "ansi-variations") due to 3 previous errors
[INFO] [stdout] error: aborting due to 2 previous errors
[INFO] [stdout] 
[INFO] [stdout] 
[INFO] [stdout] Some errors have detailed explanations: E0433, E0599.
[INFO] [stdout] 
[INFO] [stdout] For more information about an error, try `rustc --explain E0433`.
[INFO] [stdout] 
[INFO] [stderr] error: could not compile `coolor` (example "rgb-to-ansi") due to 3 previous errors
[INFO] [stdout] error[E0599]: no method named `with` found for reference `&'static str` in the current scope
[INFO] [stdout]   --> examples/ansi-mix/main.rs:17:22
[INFO] [stdout]    |
[INFO] [stdout] 17 |     print!("{}", "█".with(style::Color::AnsiValue(ansi.code)));
[INFO] [stdout]    |                      ^^^^ method not found in `&str`
[INFO] [stdout]    |
[INFO] [stdout]    = help: items from traits can only be used if the trait is in scope
[INFO] [stdout] help: the following trait is implemented but not in scope; perhaps add a `use` for it:
[INFO] [stdout]    |
[INFO] [stdout] 3  + use crossterm::style::Stylize;
[INFO] [stdout]    |
[INFO] [stdout] 
[INFO] [stdout] 
[INFO] [stdout] error: aborting due to 3 previous errors
[INFO] [stdout] 
[INFO] [stdout] 
[INFO] [stdout] Some errors have detailed explanations: E0432, E0433, E0599.
[INFO] [stdout] 
[INFO] [stdout] For more information about an error, try `rustc --explain E0432`.
[INFO] [stdout] 
[INFO] [stderr] error: could not compile `coolor` (example "ansi-mix") due to 4 previous errors
[INFO] running `Command { std: "docker" "inspect" "134877f9acdce8e560c6cbb81751b09f5713d444e901653652401d4aaf140522", kill_on_drop: false }`
[INFO] running `Command { std: "docker" "rm" "-f" "134877f9acdce8e560c6cbb81751b09f5713d444e901653652401d4aaf140522", kill_on_drop: false }`
[INFO] [stdout] 134877f9acdce8e560c6cbb81751b09f5713d444e901653652401d4aaf140522
