[INFO] fetching crate coolfindpattern 0.1.5...
[INFO] checking coolfindpattern-0.1.5 against nightly-2024-02-05 for check-cfg
[INFO] extracting crate coolfindpattern 0.1.5 into /workspace/builds/worker-3-tc1/source
[INFO] validating manifest of crates.io crate coolfindpattern 0.1.5 on toolchain nightly-2024-02-05
[INFO] running `Command { std: CARGO_HOME="/workspace/cargo-home" RUSTUP_HOME="/workspace/rustup-home" "/workspace/cargo-home/bin/cargo" "+nightly-2024-02-05" "metadata" "--manifest-path" "Cargo.toml" "--no-deps", kill_on_drop: false }`
[INFO] removed /workspace/builds/worker-3-tc1/source/.cargo/config.toml
[INFO] removed /workspace/builds/worker-3-tc1/source/rust-toolchain.toml
[INFO] started tweaking crates.io crate coolfindpattern 0.1.5
[INFO] finished tweaking crates.io crate coolfindpattern 0.1.5
[INFO] tweaked toml for crates.io crate coolfindpattern 0.1.5 written to /workspace/builds/worker-3-tc1/source/Cargo.toml
[INFO] running `Command { std: CARGO_HOME="/workspace/cargo-home" RUSTUP_HOME="/workspace/rustup-home" "/workspace/cargo-home/bin/cargo" "+nightly-2024-02-05" "generate-lockfile" "--manifest-path" "Cargo.toml", kill_on_drop: false }`
[INFO] [stderr]     Blocking waiting for file lock on package cache
[INFO] [stderr]     Updating crates.io index
[INFO] running `Command { std: CARGO_HOME="/workspace/cargo-home" RUSTUP_HOME="/workspace/rustup-home" "/workspace/cargo-home/bin/cargo" "+nightly-2024-02-05" "fetch" "--manifest-path" "Cargo.toml", kill_on_drop: false }`
[INFO] [stderr]  Downloading crates ...
[INFO] [stderr]   Downloaded getrandom v0.2.12
[INFO] running `Command { std: "docker" "create" "-v" "/var/lib/crater-agent-workspace/builds/worker-3-tc1/target:/opt/rustwide/target:rw,Z" "-v" "/var/lib/crater-agent-workspace/builds/worker-3-tc1/source:/opt/rustwide/workdir:ro,Z" "-v" "/var/lib/crater-agent-workspace/cargo-home:/opt/rustwide/cargo-home:ro,Z" "-v" "/var/lib/crater-agent-workspace/rustup-home:/opt/rustwide/rustup-home:ro,Z" "-e" "SOURCE_DIR=/opt/rustwide/workdir" "-e" "CARGO_TARGET_DIR=/opt/rustwide/target" "-e" "CARGO_HOME=/opt/rustwide/cargo-home" "-e" "RUSTUP_HOME=/opt/rustwide/rustup-home" "-w" "/opt/rustwide/workdir" "-m" "1610612736" "--user" "0:0" "--network" "none" "ghcr.io/rust-lang/crates-build-env/linux@sha256:2788e3201cd34a07e3172128adcd8b3090168a8e3bcc40d7c032b9dda1df7d1c" "/opt/rustwide/cargo-home/bin/cargo" "+nightly-2024-02-05" "metadata" "--no-deps" "--format-version=1", kill_on_drop: false }`
[INFO] [stdout] eac469855dd2b34e2d5bd3d33c85d6d6e5e0199b886e7a9450a95b18b7f50fa8
[INFO] running `Command { std: "docker" "start" "-a" "eac469855dd2b34e2d5bd3d33c85d6d6e5e0199b886e7a9450a95b18b7f50fa8", kill_on_drop: false }`
[INFO] running `Command { std: "docker" "inspect" "eac469855dd2b34e2d5bd3d33c85d6d6e5e0199b886e7a9450a95b18b7f50fa8", kill_on_drop: false }`
[INFO] running `Command { std: "docker" "rm" "-f" "eac469855dd2b34e2d5bd3d33c85d6d6e5e0199b886e7a9450a95b18b7f50fa8", kill_on_drop: false }`
[INFO] [stdout] eac469855dd2b34e2d5bd3d33c85d6d6e5e0199b886e7a9450a95b18b7f50fa8
[INFO] running `Command { std: "docker" "create" "-v" "/var/lib/crater-agent-workspace/builds/worker-3-tc1/target:/opt/rustwide/target:rw,Z" "-v" "/var/lib/crater-agent-workspace/builds/worker-3-tc1/source:/opt/rustwide/workdir:ro,Z" "-v" "/var/lib/crater-agent-workspace/cargo-home:/opt/rustwide/cargo-home:ro,Z" "-v" "/var/lib/crater-agent-workspace/rustup-home:/opt/rustwide/rustup-home:ro,Z" "-e" "SOURCE_DIR=/opt/rustwide/workdir" "-e" "CARGO_TARGET_DIR=/opt/rustwide/target" "-e" "CARGO_INCREMENTAL=0" "-e" "RUST_BACKTRACE=full" "-e" "RUSTFLAGS=--cap-lints=forbid" "-e" "RUSTDOCFLAGS=--cap-lints=forbid" "-e" "CARGO_HOME=/opt/rustwide/cargo-home" "-e" "RUSTUP_HOME=/opt/rustwide/rustup-home" "-w" "/opt/rustwide/workdir" "-m" "1610612736" "--user" "0:0" "--network" "none" "ghcr.io/rust-lang/crates-build-env/linux@sha256:2788e3201cd34a07e3172128adcd8b3090168a8e3bcc40d7c032b9dda1df7d1c" "/opt/rustwide/cargo-home/bin/cargo" "+nightly-2024-02-05" "check" "--frozen" "--all" "--all-targets" "--message-format=json", kill_on_drop: false }`
[INFO] [stdout] bda2c5616ad6f2566982fb5fb9f695bd20492e00875598929524cd501c5d08cf
[INFO] running `Command { std: "docker" "start" "-a" "bda2c5616ad6f2566982fb5fb9f695bd20492e00875598929524cd501c5d08cf", kill_on_drop: false }`
[INFO] [stderr]    Compiling libc v0.2.153
[INFO] [stderr]     Checking cfg-if v1.0.0
[INFO] [stderr]     Checking ppv-lite86 v0.2.17
[INFO] [stderr]     Checking coolfindpattern v0.1.5 (/opt/rustwide/workdir)
[INFO] [stdout] error[E0432]: unresolved imports `std::simd::SimdPartialEq`, `std::simd::ToBitMask`
[INFO] [stdout]  --> src/lib.rs:5:24
[INFO] [stdout]   |
[INFO] [stdout] 5 |     simd::{Mask, Simd, SimdPartialEq, ToBitMask},
[INFO] [stdout]   |                        ^^^^^^^^^^^^^  ^^^^^^^^^ no `ToBitMask` in `simd`
[INFO] [stdout]   |                        |
[INFO] [stdout]   |                        no `SimdPartialEq` in `simd`
[INFO] [stdout]   |
[INFO] [stdout]   = help: consider importing one of these items instead:
[INFO] [stdout]           core::simd::prelude::SimdPartialEq
[INFO] [stdout]           std::simd::prelude::SimdPartialEq
[INFO] [stdout] 
[INFO] [stdout] 
[INFO] [stdout] error[E0599]: no method named `simd_eq` found for struct `Simd` in the current scope
[INFO] [stdout]    --> src/lib.rs:189:41
[INFO] [stdout]     |
[INFO] [stdout] 189 |                 let first_byte = search.simd_eq(chunk.first_byte).to_bitmask();
[INFO] [stdout]     |                                         ^^^^^^^ method not found in `Simd<u8, _>`
[INFO] [stdout]    --> /rustc/268dbbbc4b3fd71c5f360a4d0728295252430b5b/library/core/src/../../portable-simd/crates/core_simd/src/simd/cmp/eq.rs:14:8
[INFO] [stdout]     |
[INFO] [stdout]     = note: the method is available for `Simd<u8, _>` here
[INFO] [stdout]     |
[INFO] [stdout]     = help: items from traits can only be used if the trait is in scope
[INFO] [stdout] help: the following trait is implemented but not in scope; perhaps add a `use` for it:
[INFO] [stdout]     |
[INFO] [stdout] 3   + use std::simd::cmp::SimdPartialEq;
[INFO] [stdout]     |
[INFO] [stdout] 
[INFO] [stdout] 
[INFO] [stdout] error[E0599]: no method named `simd_eq` found for struct `Simd` in the current scope
[INFO] [stdout]    --> src/lib.rs:221:37
[INFO] [stdout]     |
[INFO] [stdout] 221 |                 let result = search.simd_eq(chunk.bytes);
[INFO] [stdout]     |                                     ^^^^^^^ method not found in `Simd<u8, _>`
[INFO] [stdout]    --> /rustc/268dbbbc4b3fd71c5f360a4d0728295252430b5b/library/core/src/../../portable-simd/crates/core_simd/src/simd/cmp/eq.rs:14:8
[INFO] [stdout]     |
[INFO] [stdout]     = note: the method is available for `Simd<u8, _>` here
[INFO] [stdout]     |
[INFO] [stdout]     = help: items from traits can only be used if the trait is in scope
[INFO] [stdout] help: the following trait is implemented but not in scope; perhaps add a `use` for it:
[INFO] [stdout]     |
[INFO] [stdout] 3   + use std::simd::cmp::SimdPartialEq;
[INFO] [stdout]     |
[INFO] [stdout] 
[INFO] [stdout] 
[INFO] [stdout] warning: unused import: `ops::BitAnd`
[INFO] [stdout]  --> src/lib.rs:4:5
[INFO] [stdout]   |
[INFO] [stdout] 4 |     ops::BitAnd,
[INFO] [stdout]   |     ^^^^^^^^^^^
[INFO] [stdout]   |
[INFO] [stdout]   = note: `#[warn(unused_imports)]` on by default
[INFO] [stdout] 
[INFO] [stdout] 
[INFO] [stdout] error: aborting due to 3 previous errors; 1 warning emitted
[INFO] [stdout] 
[INFO] [stdout] 
[INFO] [stdout] Some errors have detailed explanations: E0432, E0599.
[INFO] [stdout] 
[INFO] [stdout] For more information about an error, try `rustc --explain E0432`.
[INFO] [stdout] 
[INFO] [stderr] error: could not compile `coolfindpattern` (lib) due to 4 previous errors; 1 warning emitted
[INFO] [stderr] warning: build failed, waiting for other jobs to finish...
[INFO] running `Command { std: "docker" "inspect" "bda2c5616ad6f2566982fb5fb9f695bd20492e00875598929524cd501c5d08cf", kill_on_drop: false }`
[INFO] running `Command { std: "docker" "rm" "-f" "bda2c5616ad6f2566982fb5fb9f695bd20492e00875598929524cd501c5d08cf", kill_on_drop: false }`
[INFO] [stdout] bda2c5616ad6f2566982fb5fb9f695bd20492e00875598929524cd501c5d08cf
[INFO] checking coolfindpattern-0.1.5 against nightly-2024-02-05+rustflags=-Dunexpected_cfgs+cargoflags=-Zcheck-cfg for check-cfg
[INFO] extracting crate coolfindpattern 0.1.5 into /workspace/builds/worker-3-tc2/source
[INFO] validating manifest of crates.io crate coolfindpattern 0.1.5 on toolchain nightly-2024-02-05
[INFO] running `Command { std: CARGO_HOME="/workspace/cargo-home" RUSTUP_HOME="/workspace/rustup-home" "/workspace/cargo-home/bin/cargo" "+nightly-2024-02-05" "metadata" "--manifest-path" "Cargo.toml" "--no-deps", kill_on_drop: false }`
[INFO] removed /workspace/builds/worker-3-tc2/source/.cargo/config.toml
[INFO] removed /workspace/builds/worker-3-tc2/source/rust-toolchain.toml
[INFO] started tweaking crates.io crate coolfindpattern 0.1.5
[INFO] finished tweaking crates.io crate coolfindpattern 0.1.5
[INFO] tweaked toml for crates.io crate coolfindpattern 0.1.5 written to /workspace/builds/worker-3-tc2/source/Cargo.toml
[INFO] running `Command { std: CARGO_HOME="/workspace/cargo-home" RUSTUP_HOME="/workspace/rustup-home" "/workspace/cargo-home/bin/cargo" "+nightly-2024-02-05" "generate-lockfile" "--manifest-path" "Cargo.toml", kill_on_drop: false }`
[INFO] [stderr]     Updating crates.io index
[INFO] running `Command { std: CARGO_HOME="/workspace/cargo-home" RUSTUP_HOME="/workspace/rustup-home" "/workspace/cargo-home/bin/cargo" "+nightly-2024-02-05" "fetch" "--manifest-path" "Cargo.toml", kill_on_drop: false }`
[INFO] [stderr]     Blocking waiting for file lock on package cache
[INFO] running `Command { std: "docker" "create" "-v" "/var/lib/crater-agent-workspace/builds/worker-3-tc2/target:/opt/rustwide/target:rw,Z" "-v" "/var/lib/crater-agent-workspace/builds/worker-3-tc2/source:/opt/rustwide/workdir:ro,Z" "-v" "/var/lib/crater-agent-workspace/cargo-home:/opt/rustwide/cargo-home:ro,Z" "-v" "/var/lib/crater-agent-workspace/rustup-home:/opt/rustwide/rustup-home:ro,Z" "-e" "SOURCE_DIR=/opt/rustwide/workdir" "-e" "CARGO_TARGET_DIR=/opt/rustwide/target" "-e" "CARGO_HOME=/opt/rustwide/cargo-home" "-e" "RUSTUP_HOME=/opt/rustwide/rustup-home" "-w" "/opt/rustwide/workdir" "-m" "1610612736" "--user" "0:0" "--network" "none" "ghcr.io/rust-lang/crates-build-env/linux@sha256:2788e3201cd34a07e3172128adcd8b3090168a8e3bcc40d7c032b9dda1df7d1c" "/opt/rustwide/cargo-home/bin/cargo" "+nightly-2024-02-05" "metadata" "--no-deps" "--format-version=1", kill_on_drop: false }`
[INFO] [stdout] 7ce2007e99c948eb9431cfcb117a55e3db83fbfe876a2d99d15f9c89071dcd51
[INFO] running `Command { std: "docker" "start" "-a" "7ce2007e99c948eb9431cfcb117a55e3db83fbfe876a2d99d15f9c89071dcd51", kill_on_drop: false }`
[INFO] running `Command { std: "docker" "inspect" "7ce2007e99c948eb9431cfcb117a55e3db83fbfe876a2d99d15f9c89071dcd51", kill_on_drop: false }`
[INFO] running `Command { std: "docker" "rm" "-f" "7ce2007e99c948eb9431cfcb117a55e3db83fbfe876a2d99d15f9c89071dcd51", kill_on_drop: false }`
[INFO] [stdout] 7ce2007e99c948eb9431cfcb117a55e3db83fbfe876a2d99d15f9c89071dcd51
[INFO] running `Command { std: "docker" "create" "-v" "/var/lib/crater-agent-workspace/builds/worker-3-tc2/target:/opt/rustwide/target:rw,Z" "-v" "/var/lib/crater-agent-workspace/builds/worker-3-tc2/source:/opt/rustwide/workdir:ro,Z" "-v" "/var/lib/crater-agent-workspace/cargo-home:/opt/rustwide/cargo-home:ro,Z" "-v" "/var/lib/crater-agent-workspace/rustup-home:/opt/rustwide/rustup-home:ro,Z" "-e" "SOURCE_DIR=/opt/rustwide/workdir" "-e" "CARGO_TARGET_DIR=/opt/rustwide/target" "-e" "CARGO_INCREMENTAL=0" "-e" "RUST_BACKTRACE=full" "-e" "RUSTFLAGS=--cap-lints=forbid -Dunexpected_cfgs" "-e" "RUSTDOCFLAGS=--cap-lints=forbid" "-e" "CARGO_HOME=/opt/rustwide/cargo-home" "-e" "RUSTUP_HOME=/opt/rustwide/rustup-home" "-w" "/opt/rustwide/workdir" "-m" "1610612736" "--user" "0:0" "--network" "none" "ghcr.io/rust-lang/crates-build-env/linux@sha256:2788e3201cd34a07e3172128adcd8b3090168a8e3bcc40d7c032b9dda1df7d1c" "/opt/rustwide/cargo-home/bin/cargo" "+nightly-2024-02-05" "check" "--frozen" "--all" "--all-targets" "--message-format=json" "-Zcheck-cfg", kill_on_drop: false }`
[INFO] [stdout] 59f90ccc14d4d2d53a370d2b7673207e3a69d2e2a7cddafa2be357807d5d2ad1
[INFO] running `Command { std: "docker" "start" "-a" "59f90ccc14d4d2d53a370d2b7673207e3a69d2e2a7cddafa2be357807d5d2ad1", kill_on_drop: false }`
[INFO] [stderr]    Compiling libc v0.2.153
[INFO] [stderr]     Checking cfg-if v1.0.0
[INFO] [stderr]     Checking ppv-lite86 v0.2.17
[INFO] [stderr]     Checking coolfindpattern v0.1.5 (/opt/rustwide/workdir)
[INFO] [stdout] error[E0432]: unresolved imports `std::simd::SimdPartialEq`, `std::simd::ToBitMask`
[INFO] [stdout]  --> src/lib.rs:5:24
[INFO] [stdout]   |
[INFO] [stdout] 5 |     simd::{Mask, Simd, SimdPartialEq, ToBitMask},
[INFO] [stdout]   |                        ^^^^^^^^^^^^^  ^^^^^^^^^ no `ToBitMask` in `simd`
[INFO] [stdout]   |                        |
[INFO] [stdout]   |                        no `SimdPartialEq` in `simd`
[INFO] [stdout]   |
[INFO] [stdout]   = help: consider importing one of these items instead:
[INFO] [stdout]           core::simd::prelude::SimdPartialEq
[INFO] [stdout]           std::simd::prelude::SimdPartialEq
[INFO] [stdout] 
[INFO] [stdout] 
[INFO] [stdout] error[E0599]: no method named `simd_eq` found for struct `Simd` in the current scope
[INFO] [stdout]    --> src/lib.rs:189:41
[INFO] [stdout]     |
[INFO] [stdout] 189 |                 let first_byte = search.simd_eq(chunk.first_byte).to_bitmask();
[INFO] [stdout]     |                                         ^^^^^^^ method not found in `Simd<u8, _>`
[INFO] [stdout]    --> /rustc/268dbbbc4b3fd71c5f360a4d0728295252430b5b/library/core/src/../../portable-simd/crates/core_simd/src/simd/cmp/eq.rs:14:8
[INFO] [stdout]     |
[INFO] [stdout]     = note: the method is available for `Simd<u8, _>` here
[INFO] [stdout]     |
[INFO] [stdout]     = help: items from traits can only be used if the trait is in scope
[INFO] [stdout] help: the following trait is implemented but not in scope; perhaps add a `use` for it:
[INFO] [stdout]     |
[INFO] [stdout] 3   + use std::simd::cmp::SimdPartialEq;
[INFO] [stdout]     |
[INFO] [stdout] 
[INFO] [stdout] 
[INFO] [stdout] error[E0599]: no method named `simd_eq` found for struct `Simd` in the current scope
[INFO] [stdout]    --> src/lib.rs:221:37
[INFO] [stdout]     |
[INFO] [stdout] 221 |                 let result = search.simd_eq(chunk.bytes);
[INFO] [stdout]     |                                     ^^^^^^^ method not found in `Simd<u8, _>`
[INFO] [stdout]    --> /rustc/268dbbbc4b3fd71c5f360a4d0728295252430b5b/library/core/src/../../portable-simd/crates/core_simd/src/simd/cmp/eq.rs:14:8
[INFO] [stdout]     |
[INFO] [stdout]     = note: the method is available for `Simd<u8, _>` here
[INFO] [stdout]     |
[INFO] [stdout]     = help: items from traits can only be used if the trait is in scope
[INFO] [stdout] help: the following trait is implemented but not in scope; perhaps add a `use` for it:
[INFO] [stdout]     |
[INFO] [stdout] 3   + use std::simd::cmp::SimdPartialEq;
[INFO] [stdout]     |
[INFO] [stdout] 
[INFO] [stdout] 
[INFO] [stdout] warning: unused import: `ops::BitAnd`
[INFO] [stdout]  --> src/lib.rs:4:5
[INFO] [stdout]   |
[INFO] [stdout] 4 |     ops::BitAnd,
[INFO] [stdout]   |     ^^^^^^^^^^^
[INFO] [stdout]   |
[INFO] [stdout]   = note: `#[warn(unused_imports)]` on by default
[INFO] [stdout] 
[INFO] [stdout] 
[INFO] [stdout] error: aborting due to 3 previous errors; 1 warning emitted
[INFO] [stdout] 
[INFO] [stdout] 
[INFO] [stdout] Some errors have detailed explanations: E0432, E0599.
[INFO] [stdout] 
[INFO] [stdout] For more information about an error, try `rustc --explain E0432`.
[INFO] [stdout] 
[INFO] [stderr] error: could not compile `coolfindpattern` (lib) due to 4 previous errors; 1 warning emitted
[INFO] [stderr] warning: build failed, waiting for other jobs to finish...
[INFO] running `Command { std: "docker" "inspect" "59f90ccc14d4d2d53a370d2b7673207e3a69d2e2a7cddafa2be357807d5d2ad1", kill_on_drop: false }`
[INFO] running `Command { std: "docker" "rm" "-f" "59f90ccc14d4d2d53a370d2b7673207e3a69d2e2a7cddafa2be357807d5d2ad1", kill_on_drop: false }`
[INFO] [stdout] 59f90ccc14d4d2d53a370d2b7673207e3a69d2e2a7cddafa2be357807d5d2ad1
