[INFO] fetching crate confql-data-resolver 0.5.0...
[INFO] checking confql-data-resolver-0.5.0 against nightly-2024-02-05 for check-cfg
[INFO] extracting crate confql-data-resolver 0.5.0 into /workspace/builds/worker-0-tc1/source
[INFO] validating manifest of crates.io crate confql-data-resolver 0.5.0 on toolchain nightly-2024-02-05
[INFO] running `Command { std: CARGO_HOME="/workspace/cargo-home" RUSTUP_HOME="/workspace/rustup-home" "/workspace/cargo-home/bin/cargo" "+nightly-2024-02-05" "metadata" "--manifest-path" "Cargo.toml" "--no-deps", kill_on_drop: false }`
[INFO] started tweaking crates.io crate confql-data-resolver 0.5.0
[INFO] finished tweaking crates.io crate confql-data-resolver 0.5.0
[INFO] tweaked toml for crates.io crate confql-data-resolver 0.5.0 written to /workspace/builds/worker-0-tc1/source/Cargo.toml
[INFO] running `Command { std: CARGO_HOME="/workspace/cargo-home" RUSTUP_HOME="/workspace/rustup-home" "/workspace/cargo-home/bin/cargo" "+nightly-2024-02-05" "generate-lockfile" "--manifest-path" "Cargo.toml", kill_on_drop: false }`
[INFO] [stderr]     Blocking waiting for file lock on package cache
[INFO] [stderr]     Updating crates.io index
[INFO] running `Command { std: CARGO_HOME="/workspace/cargo-home" RUSTUP_HOME="/workspace/rustup-home" "/workspace/cargo-home/bin/cargo" "+nightly-2024-02-05" "fetch" "--manifest-path" "Cargo.toml", kill_on_drop: false }`
[INFO] [stderr]     Blocking waiting for file lock on package cache
[INFO] [stderr]  Downloading crates ...
[INFO] [stderr]   Downloaded owo-colors v1.3.0
[INFO] [stderr]   Downloaded test-files v0.1.2
[INFO] [stderr]   Downloaded touch v0.0.1
[INFO] [stderr]   Downloaded derive_utils v0.11.2
[INFO] [stderr]   Downloaded futures-enum v0.1.17
[INFO] [stderr]   Downloaded tracing-error v0.1.2
[INFO] [stderr]   Downloaded juniper_codegen v0.15.9
[INFO] [stderr]   Downloaded graphql-parser v0.3.0
[INFO] [stderr]   Downloaded color-spantrace v0.1.6
[INFO] [stderr]   Downloaded juniper v0.15.12
[INFO] [stderr]   Downloaded color-eyre v0.5.11
[INFO] running `Command { std: "docker" "create" "-v" "/var/lib/crater-agent-workspace/builds/worker-0-tc1/target:/opt/rustwide/target:rw,Z" "-v" "/var/lib/crater-agent-workspace/builds/worker-0-tc1/source:/opt/rustwide/workdir:ro,Z" "-v" "/var/lib/crater-agent-workspace/cargo-home:/opt/rustwide/cargo-home:ro,Z" "-v" "/var/lib/crater-agent-workspace/rustup-home:/opt/rustwide/rustup-home:ro,Z" "-e" "SOURCE_DIR=/opt/rustwide/workdir" "-e" "CARGO_TARGET_DIR=/opt/rustwide/target" "-e" "CARGO_HOME=/opt/rustwide/cargo-home" "-e" "RUSTUP_HOME=/opt/rustwide/rustup-home" "-w" "/opt/rustwide/workdir" "-m" "1610612736" "--user" "0:0" "--network" "none" "ghcr.io/rust-lang/crates-build-env/linux@sha256:2788e3201cd34a07e3172128adcd8b3090168a8e3bcc40d7c032b9dda1df7d1c" "/opt/rustwide/cargo-home/bin/cargo" "+nightly-2024-02-05" "metadata" "--no-deps" "--format-version=1", kill_on_drop: false }`
[INFO] [stdout] d82ab4e1370c0adf3d3ef153fc108f0c8407da3cc7f7240dc397456786027ae5
[INFO] running `Command { std: "docker" "start" "-a" "d82ab4e1370c0adf3d3ef153fc108f0c8407da3cc7f7240dc397456786027ae5", kill_on_drop: false }`
[INFO] running `Command { std: "docker" "inspect" "d82ab4e1370c0adf3d3ef153fc108f0c8407da3cc7f7240dc397456786027ae5", kill_on_drop: false }`
[INFO] running `Command { std: "docker" "rm" "-f" "d82ab4e1370c0adf3d3ef153fc108f0c8407da3cc7f7240dc397456786027ae5", kill_on_drop: false }`
[INFO] [stdout] d82ab4e1370c0adf3d3ef153fc108f0c8407da3cc7f7240dc397456786027ae5
[INFO] running `Command { std: "docker" "create" "-v" "/var/lib/crater-agent-workspace/builds/worker-0-tc1/target:/opt/rustwide/target:rw,Z" "-v" "/var/lib/crater-agent-workspace/builds/worker-0-tc1/source:/opt/rustwide/workdir:ro,Z" "-v" "/var/lib/crater-agent-workspace/cargo-home:/opt/rustwide/cargo-home:ro,Z" "-v" "/var/lib/crater-agent-workspace/rustup-home:/opt/rustwide/rustup-home:ro,Z" "-e" "SOURCE_DIR=/opt/rustwide/workdir" "-e" "CARGO_TARGET_DIR=/opt/rustwide/target" "-e" "CARGO_INCREMENTAL=0" "-e" "RUST_BACKTRACE=full" "-e" "RUSTFLAGS=--cap-lints=forbid" "-e" "RUSTDOCFLAGS=--cap-lints=forbid" "-e" "CARGO_HOME=/opt/rustwide/cargo-home" "-e" "RUSTUP_HOME=/opt/rustwide/rustup-home" "-w" "/opt/rustwide/workdir" "-m" "1610612736" "--user" "0:0" "--network" "none" "ghcr.io/rust-lang/crates-build-env/linux@sha256:2788e3201cd34a07e3172128adcd8b3090168a8e3bcc40d7c032b9dda1df7d1c" "/opt/rustwide/cargo-home/bin/cargo" "+nightly-2024-02-05" "check" "--frozen" "--all" "--all-targets" "--message-format=json", kill_on_drop: false }`
[INFO] [stdout] 493171d1fb6f407296a7b4f45915ad7b2b306abaefa2821d0423f2d957379f3d
[INFO] running `Command { std: "docker" "start" "-a" "493171d1fb6f407296a7b4f45915ad7b2b306abaefa2821d0423f2d957379f3d", kill_on_drop: false }`
[INFO] [stderr]    Compiling getrandom v0.1.16
[INFO] [stderr]     Checking memchr v2.7.1
[INFO] [stderr]     Checking either v1.9.0
[INFO] [stderr]    Compiling proc-macro-error-attr v1.0.4
[INFO] [stderr]    Compiling proc-macro-error v1.0.4
[INFO] [stderr]    Compiling indexmap v1.9.3
[INFO] [stderr]     Checking tracing-core v0.1.32
[INFO] [stderr]     Checking linked-hash-map v0.5.6
[INFO] [stderr]     Checking futures-core v0.3.30
[INFO] [stderr]    Compiling libc v0.2.153
[INFO] [stderr]    Compiling syn v1.0.109
[INFO] [stderr]    Compiling serde_json v1.0.113
[INFO] [stderr]     Checking void v1.0.2
[INFO] [stderr]     Checking futures-sink v0.3.30
[INFO] [stderr]     Checking thread_local v1.1.7
[INFO] [stderr]    Compiling smartstring v1.0.1
[INFO] [stderr]     Checking sharded-slab v0.1.7
[INFO] [stderr]     Checking unreachable v1.0.0
[INFO] [stderr]     Checking futures-task v0.3.30
[INFO] [stderr]     Checking ascii v0.9.3
[INFO] [stderr]     Checking byteorder v1.5.0
[INFO] [stderr]    Compiling async-trait v0.1.77
[INFO] [stderr]     Checking chrono v0.4.33
[INFO] [stderr]     Checking futures-util v0.3.30
[INFO] [stderr]     Checking futures-channel v0.3.30
[INFO] [stderr]     Checking tracing v0.1.40
[INFO] [stderr]     Checking hex v0.4.3
[INFO] [stderr]     Checking base64 v0.13.1
[INFO] [stderr]     Checking static_assertions v1.1.0
[INFO] [stderr]     Checking adler v1.0.2
[INFO] [stderr]     Checking uuid v0.8.2
[INFO] [stderr]     Checking gimli v0.28.1
[INFO] [stderr]     Checking miniz_oxide v0.7.2
[INFO] [stderr]     Checking rand_core v0.5.1
[INFO] [stderr]     Checking combine v3.8.1
[INFO] [stderr]     Checking object v0.32.2
[INFO] [stderr]     Checking tracing-subscriber v0.2.25
[INFO] [stderr]     Checking rand_chacha v0.2.2
[INFO] [stderr]     Checking yaml-rust v0.4.5
[INFO] [stderr]     Checking rustc-demangle v0.1.23
[INFO] [stderr]     Checking owo-colors v1.3.0
[INFO] [stderr]     Checking rand v0.7.3
[INFO] [stderr]     Checking touch v0.0.1
[INFO] [stderr]     Checking itertools v0.10.5
[INFO] [stderr]     Checking test-files v0.1.2
[INFO] [stderr]    Compiling indoc v1.0.9
[INFO] [stderr]     Checking serde_yaml v0.8.26
[INFO] [stderr]     Checking bson v1.2.4
[INFO] [stderr]    Compiling cc v1.0.83
[INFO] [stderr]     Checking tracing-error v0.1.2
[INFO] [stderr]     Checking color-spantrace v0.1.6
[INFO] [stderr]    Compiling backtrace v0.3.69
[INFO] [stderr]     Checking futures v0.3.30
[INFO] [stderr]     Checking addr2line v0.21.0
[INFO] [stderr]    Compiling derive_utils v0.11.2
[INFO] [stderr]     Checking color-eyre v0.5.11
[INFO] [stderr]     Checking graphql-parser v0.3.0
[INFO] [stderr]    Compiling futures-enum v0.1.17
[INFO] [stderr]    Compiling juniper_codegen v0.15.9
[INFO] [stderr]     Checking juniper v0.15.12
[INFO] [stderr]     Checking confql-data-resolver v0.5.0 (/opt/rustwide/workdir)
[INFO] [stdout] error[E0432]: unresolved import `test_utils`
[INFO] [stdout]    --> src/data_path.rs:128:9
[INFO] [stdout]     |
[INFO] [stdout] 128 |     use test_utils::yaml;
[INFO] [stdout]     |         ^^^^^^^^^^ use of undeclared crate or module `test_utils`
[INFO] [stdout]     |
[INFO] [stdout] help: there is a crate or module with a similar name
[INFO] [stdout]     |
[INFO] [stdout] 128 |     use test_files::yaml;
[INFO] [stdout]     |         ~~~~~~~~~~
[INFO] [stdout] 
[INFO] [stdout] 
[INFO] [stdout] error[E0432]: unresolved import `test_utils`
[INFO] [stdout]    --> src/values.rs:137:9
[INFO] [stdout]     |
[INFO] [stdout] 137 |     use test_utils::yaml;
[INFO] [stdout]     |         ^^^^^^^^^^ use of undeclared crate or module `test_utils`
[INFO] [stdout]     |
[INFO] [stdout] help: there is a crate or module with a similar name
[INFO] [stdout]     |
[INFO] [stdout] 137 |     use test_files::yaml;
[INFO] [stdout]     |         ~~~~~~~~~~
[INFO] [stdout] 
[INFO] [stdout] 
[INFO] [stdout] error: aborting due to 2 previous errors
[INFO] [stdout] 
[INFO] [stdout] 
[INFO] [stdout] For more information about this error, try `rustc --explain E0432`.
[INFO] [stdout] 
[INFO] [stderr] error: could not compile `confql-data-resolver` (lib test) due to 3 previous errors
[INFO] running `Command { std: "docker" "inspect" "493171d1fb6f407296a7b4f45915ad7b2b306abaefa2821d0423f2d957379f3d", kill_on_drop: false }`
[INFO] running `Command { std: "docker" "rm" "-f" "493171d1fb6f407296a7b4f45915ad7b2b306abaefa2821d0423f2d957379f3d", kill_on_drop: false }`
[INFO] [stdout] 493171d1fb6f407296a7b4f45915ad7b2b306abaefa2821d0423f2d957379f3d
[INFO] checking confql-data-resolver-0.5.0 against nightly-2024-02-05+rustflags=-Dunexpected_cfgs+cargoflags=-Zcheck-cfg for check-cfg
[INFO] extracting crate confql-data-resolver 0.5.0 into /workspace/builds/worker-0-tc2/source
[INFO] validating manifest of crates.io crate confql-data-resolver 0.5.0 on toolchain nightly-2024-02-05
[INFO] running `Command { std: CARGO_HOME="/workspace/cargo-home" RUSTUP_HOME="/workspace/rustup-home" "/workspace/cargo-home/bin/cargo" "+nightly-2024-02-05" "metadata" "--manifest-path" "Cargo.toml" "--no-deps", kill_on_drop: false }`
[INFO] started tweaking crates.io crate confql-data-resolver 0.5.0
[INFO] finished tweaking crates.io crate confql-data-resolver 0.5.0
[INFO] tweaked toml for crates.io crate confql-data-resolver 0.5.0 written to /workspace/builds/worker-0-tc2/source/Cargo.toml
[INFO] running `Command { std: CARGO_HOME="/workspace/cargo-home" RUSTUP_HOME="/workspace/rustup-home" "/workspace/cargo-home/bin/cargo" "+nightly-2024-02-05" "generate-lockfile" "--manifest-path" "Cargo.toml", kill_on_drop: false }`
[INFO] [stderr]     Updating crates.io index
[INFO] running `Command { std: CARGO_HOME="/workspace/cargo-home" RUSTUP_HOME="/workspace/rustup-home" "/workspace/cargo-home/bin/cargo" "+nightly-2024-02-05" "fetch" "--manifest-path" "Cargo.toml", kill_on_drop: false }`
[INFO] running `Command { std: "docker" "create" "-v" "/var/lib/crater-agent-workspace/builds/worker-0-tc2/target:/opt/rustwide/target:rw,Z" "-v" "/var/lib/crater-agent-workspace/builds/worker-0-tc2/source:/opt/rustwide/workdir:ro,Z" "-v" "/var/lib/crater-agent-workspace/cargo-home:/opt/rustwide/cargo-home:ro,Z" "-v" "/var/lib/crater-agent-workspace/rustup-home:/opt/rustwide/rustup-home:ro,Z" "-e" "SOURCE_DIR=/opt/rustwide/workdir" "-e" "CARGO_TARGET_DIR=/opt/rustwide/target" "-e" "CARGO_HOME=/opt/rustwide/cargo-home" "-e" "RUSTUP_HOME=/opt/rustwide/rustup-home" "-w" "/opt/rustwide/workdir" "-m" "1610612736" "--user" "0:0" "--network" "none" "ghcr.io/rust-lang/crates-build-env/linux@sha256:2788e3201cd34a07e3172128adcd8b3090168a8e3bcc40d7c032b9dda1df7d1c" "/opt/rustwide/cargo-home/bin/cargo" "+nightly-2024-02-05" "metadata" "--no-deps" "--format-version=1", kill_on_drop: false }`
[INFO] [stdout] 75681bc512f1616043ae1cf5a4be6c26198fc3c0899ec67e7e057ed7ec1f95ce
[INFO] running `Command { std: "docker" "start" "-a" "75681bc512f1616043ae1cf5a4be6c26198fc3c0899ec67e7e057ed7ec1f95ce", kill_on_drop: false }`
[INFO] running `Command { std: "docker" "inspect" "75681bc512f1616043ae1cf5a4be6c26198fc3c0899ec67e7e057ed7ec1f95ce", kill_on_drop: false }`
[INFO] running `Command { std: "docker" "rm" "-f" "75681bc512f1616043ae1cf5a4be6c26198fc3c0899ec67e7e057ed7ec1f95ce", kill_on_drop: false }`
[INFO] [stdout] 75681bc512f1616043ae1cf5a4be6c26198fc3c0899ec67e7e057ed7ec1f95ce
[INFO] running `Command { std: "docker" "create" "-v" "/var/lib/crater-agent-workspace/builds/worker-0-tc2/target:/opt/rustwide/target:rw,Z" "-v" "/var/lib/crater-agent-workspace/builds/worker-0-tc2/source:/opt/rustwide/workdir:ro,Z" "-v" "/var/lib/crater-agent-workspace/cargo-home:/opt/rustwide/cargo-home:ro,Z" "-v" "/var/lib/crater-agent-workspace/rustup-home:/opt/rustwide/rustup-home:ro,Z" "-e" "SOURCE_DIR=/opt/rustwide/workdir" "-e" "CARGO_TARGET_DIR=/opt/rustwide/target" "-e" "CARGO_INCREMENTAL=0" "-e" "RUST_BACKTRACE=full" "-e" "RUSTFLAGS=--cap-lints=forbid -Dunexpected_cfgs" "-e" "RUSTDOCFLAGS=--cap-lints=forbid" "-e" "CARGO_HOME=/opt/rustwide/cargo-home" "-e" "RUSTUP_HOME=/opt/rustwide/rustup-home" "-w" "/opt/rustwide/workdir" "-m" "1610612736" "--user" "0:0" "--network" "none" "ghcr.io/rust-lang/crates-build-env/linux@sha256:2788e3201cd34a07e3172128adcd8b3090168a8e3bcc40d7c032b9dda1df7d1c" "/opt/rustwide/cargo-home/bin/cargo" "+nightly-2024-02-05" "check" "--frozen" "--all" "--all-targets" "--message-format=json" "-Zcheck-cfg", kill_on_drop: false }`
[INFO] [stdout] e909e27e2c9868fa1a502558130d9c460cdb62f11f3a650de91e4e9cc6942542
[INFO] running `Command { std: "docker" "start" "-a" "e909e27e2c9868fa1a502558130d9c460cdb62f11f3a650de91e4e9cc6942542", kill_on_drop: false }`
[INFO] [stderr]    Compiling getrandom v0.1.16
[INFO] [stderr]     Checking memchr v2.7.1
[INFO] [stderr]    Compiling proc-macro-error-attr v1.0.4
[INFO] [stderr]     Checking tracing-core v0.1.32
[INFO] [stderr]    Compiling proc-macro-error v1.0.4
[INFO] [stderr]    Compiling indexmap v1.9.3
[INFO] [stderr]     Checking linked-hash-map v0.5.6
[INFO] [stderr]    Compiling libc v0.2.153
[INFO] [stderr]     Checking either v1.9.0
[INFO] [stderr]     Checking futures-core v0.3.30
[INFO] [stderr]     Checking void v1.0.2
[INFO] [stderr]    Compiling serde_json v1.0.113
[INFO] [stderr]    Compiling syn v1.0.109
[INFO] [stderr]     Checking futures-sink v0.3.30
[INFO] [stderr]     Checking thread_local v1.1.7
[INFO] [stderr]     Checking sharded-slab v0.1.7
[INFO] [stderr]    Compiling smartstring v1.0.1
[INFO] [stderr]     Checking unreachable v1.0.0
[INFO] [stderr]     Checking futures-task v0.3.30
[INFO] [stderr]     Checking ascii v0.9.3
[INFO] [stderr]    Compiling async-trait v0.1.77
[INFO] [stderr]     Checking byteorder v1.5.0
[INFO] [stderr]     Checking chrono v0.4.33
[INFO] [stderr]     Checking futures-util v0.3.30
[INFO] [stderr]     Checking futures-channel v0.3.30
[INFO] [stderr]     Checking tracing v0.1.40
[INFO] [stderr]     Checking gimli v0.28.1
[INFO] [stderr]     Checking hex v0.4.3
[INFO] [stderr]     Checking base64 v0.13.1
[INFO] [stderr]     Checking rand_core v0.5.1
[INFO] [stderr]     Checking adler v1.0.2
[INFO] [stderr]     Checking static_assertions v1.1.0
[INFO] [stderr]     Checking combine v3.8.1
[INFO] [stderr]     Checking uuid v0.8.2
[INFO] [stderr]     Checking miniz_oxide v0.7.2
[INFO] [stderr]     Checking rand_chacha v0.2.2
[INFO] [stderr]     Checking object v0.32.2
[INFO] [stderr]     Checking tracing-subscriber v0.2.25
[INFO] [stderr]     Checking yaml-rust v0.4.5
[INFO] [stderr]     Checking rand v0.7.3
[INFO] [stderr]     Checking rustc-demangle v0.1.23
[INFO] [stderr]     Checking owo-colors v1.3.0
[INFO] [stderr]     Checking touch v0.0.1
[INFO] [stderr]     Checking itertools v0.10.5
[INFO] [stderr]     Checking test-files v0.1.2
[INFO] [stderr]    Compiling indoc v1.0.9
[INFO] [stderr]     Checking serde_yaml v0.8.26
[INFO] [stderr]    Compiling cc v1.0.83
[INFO] [stderr]     Checking bson v1.2.4
[INFO] [stderr]     Checking tracing-error v0.1.2
[INFO] [stderr]     Checking color-spantrace v0.1.6
[INFO] [stderr]    Compiling backtrace v0.3.69
[INFO] [stderr]     Checking futures v0.3.30
[INFO] [stderr]     Checking addr2line v0.21.0
[INFO] [stderr]    Compiling derive_utils v0.11.2
[INFO] [stderr]     Checking graphql-parser v0.3.0
[INFO] [stderr]    Compiling futures-enum v0.1.17
[INFO] [stderr]    Compiling juniper_codegen v0.15.9
[INFO] [stderr]     Checking color-eyre v0.5.11
[INFO] [stderr]     Checking juniper v0.15.12
[INFO] [stderr]     Checking confql-data-resolver v0.5.0 (/opt/rustwide/workdir)
[INFO] [stdout] error[E0432]: unresolved import `test_utils`
[INFO] [stdout]    --> src/data_path.rs:128:9
[INFO] [stdout]     |
[INFO] [stdout] 128 |     use test_utils::yaml;
[INFO] [stdout]     |         ^^^^^^^^^^ use of undeclared crate or module `test_utils`
[INFO] [stdout]     |
[INFO] [stdout] help: there is a crate or module with a similar name
[INFO] [stdout]     |
[INFO] [stdout] 128 |     use test_files::yaml;
[INFO] [stdout]     |         ~~~~~~~~~~
[INFO] [stdout] 
[INFO] [stdout] 
[INFO] [stdout] error[E0432]: unresolved import `test_utils`
[INFO] [stdout]    --> src/values.rs:137:9
[INFO] [stdout]     |
[INFO] [stdout] 137 |     use test_utils::yaml;
[INFO] [stdout]     |         ^^^^^^^^^^ use of undeclared crate or module `test_utils`
[INFO] [stdout]     |
[INFO] [stdout] help: there is a crate or module with a similar name
[INFO] [stdout]     |
[INFO] [stdout] 137 |     use test_files::yaml;
[INFO] [stdout]     |         ~~~~~~~~~~
[INFO] [stdout] 
[INFO] [stdout] 
[INFO] [stdout] error: aborting due to 2 previous errors
[INFO] [stdout] 
[INFO] [stdout] 
[INFO] [stdout] For more information about this error, try `rustc --explain E0432`.
[INFO] [stdout] 
[INFO] [stderr] error: could not compile `confql-data-resolver` (lib test) due to 3 previous errors
[INFO] running `Command { std: "docker" "inspect" "e909e27e2c9868fa1a502558130d9c460cdb62f11f3a650de91e4e9cc6942542", kill_on_drop: false }`
[INFO] running `Command { std: "docker" "rm" "-f" "e909e27e2c9868fa1a502558130d9c460cdb62f11f3a650de91e4e9cc6942542", kill_on_drop: false }`
[INFO] [stdout] e909e27e2c9868fa1a502558130d9c460cdb62f11f3a650de91e4e9cc6942542
