[INFO] fetching crate cojson 0.6.0...
[INFO] checking cojson-0.6.0 against nightly-2024-02-05 for check-cfg
[INFO] extracting crate cojson 0.6.0 into /workspace/builds/worker-1-tc1/source
[INFO] validating manifest of crates.io crate cojson 0.6.0 on toolchain nightly-2024-02-05
[INFO] running `Command { std: CARGO_HOME="/workspace/cargo-home" RUSTUP_HOME="/workspace/rustup-home" "/workspace/cargo-home/bin/cargo" "+nightly-2024-02-05" "metadata" "--manifest-path" "Cargo.toml" "--no-deps", kill_on_drop: false }`
[INFO] started tweaking crates.io crate cojson 0.6.0
[INFO] removed 0 missing tests
[INFO] finished tweaking crates.io crate cojson 0.6.0
[INFO] tweaked toml for crates.io crate cojson 0.6.0 written to /workspace/builds/worker-1-tc1/source/Cargo.toml
[INFO] running `Command { std: CARGO_HOME="/workspace/cargo-home" RUSTUP_HOME="/workspace/rustup-home" "/workspace/cargo-home/bin/cargo" "+nightly-2024-02-05" "generate-lockfile" "--manifest-path" "Cargo.toml", kill_on_drop: false }`
[INFO] [stderr]     Updating crates.io index
[INFO] running `Command { std: CARGO_HOME="/workspace/cargo-home" RUSTUP_HOME="/workspace/rustup-home" "/workspace/cargo-home/bin/cargo" "+nightly-2024-02-05" "fetch" "--manifest-path" "Cargo.toml", kill_on_drop: false }`
[INFO] [stderr]  Downloading crates ...
[INFO] [stderr]   Downloaded thousands v0.2.0
[INFO] [stderr]   Downloaded jemalloc-ctl v0.3.3
[INFO] [stderr]   Downloaded paste-impl v0.1.18
[INFO] [stderr]   Downloaded litl-val v0.2.0
[INFO] [stderr]   Downloaded ordered-float v3.9.2
[INFO] [stderr]   Downloaded deepsize_derive v0.1.2
[INFO] [stderr]   Downloaded paste v0.1.18
[INFO] [stderr]   Downloaded z-base-32 v0.1.3
[INFO] [stderr]   Downloaded imbl v1.0.1
[INFO] [stderr]   Downloaded jemallocator v0.3.2
[INFO] [stderr]   Downloaded litl v0.6.0
[INFO] [stderr]   Downloaded deepsize v0.2.0
[INFO] [stderr]   Downloaded tagged-box v0.1.1
[INFO] [stderr]   Downloaded lil v0.1.2
[INFO] [stderr]   Downloaded litl-nanval v0.2.0
[INFO] [stderr]   Downloaded jemalloc-sys v0.3.2
[INFO] [stderr]   Downloaded ti64 v0.1.5
[INFO] running `Command { std: "docker" "create" "-v" "/var/lib/crater-agent-workspace/builds/worker-1-tc1/target:/opt/rustwide/target:rw,Z" "-v" "/var/lib/crater-agent-workspace/builds/worker-1-tc1/source:/opt/rustwide/workdir:ro,Z" "-v" "/var/lib/crater-agent-workspace/cargo-home:/opt/rustwide/cargo-home:ro,Z" "-v" "/var/lib/crater-agent-workspace/rustup-home:/opt/rustwide/rustup-home:ro,Z" "-e" "SOURCE_DIR=/opt/rustwide/workdir" "-e" "CARGO_TARGET_DIR=/opt/rustwide/target" "-e" "CARGO_HOME=/opt/rustwide/cargo-home" "-e" "RUSTUP_HOME=/opt/rustwide/rustup-home" "-w" "/opt/rustwide/workdir" "-m" "1610612736" "--user" "0:0" "--network" "none" "ghcr.io/rust-lang/crates-build-env/linux@sha256:2788e3201cd34a07e3172128adcd8b3090168a8e3bcc40d7c032b9dda1df7d1c" "/opt/rustwide/cargo-home/bin/cargo" "+nightly-2024-02-05" "metadata" "--no-deps" "--format-version=1", kill_on_drop: false }`
[INFO] [stdout] 2a2a5be272cf9f750eea1b88946eaceea3ebd53b00f920295c788c7854e241b6
[INFO] running `Command { std: "docker" "start" "-a" "2a2a5be272cf9f750eea1b88946eaceea3ebd53b00f920295c788c7854e241b6", kill_on_drop: false }`
[INFO] running `Command { std: "docker" "inspect" "2a2a5be272cf9f750eea1b88946eaceea3ebd53b00f920295c788c7854e241b6", kill_on_drop: false }`
[INFO] running `Command { std: "docker" "rm" "-f" "2a2a5be272cf9f750eea1b88946eaceea3ebd53b00f920295c788c7854e241b6", kill_on_drop: false }`
[INFO] [stdout] 2a2a5be272cf9f750eea1b88946eaceea3ebd53b00f920295c788c7854e241b6
[INFO] running `Command { std: "docker" "create" "-v" "/var/lib/crater-agent-workspace/builds/worker-1-tc1/target:/opt/rustwide/target:rw,Z" "-v" "/var/lib/crater-agent-workspace/builds/worker-1-tc1/source:/opt/rustwide/workdir:ro,Z" "-v" "/var/lib/crater-agent-workspace/cargo-home:/opt/rustwide/cargo-home:ro,Z" "-v" "/var/lib/crater-agent-workspace/rustup-home:/opt/rustwide/rustup-home:ro,Z" "-e" "SOURCE_DIR=/opt/rustwide/workdir" "-e" "CARGO_TARGET_DIR=/opt/rustwide/target" "-e" "CARGO_INCREMENTAL=0" "-e" "RUST_BACKTRACE=full" "-e" "RUSTFLAGS=--cap-lints=forbid" "-e" "RUSTDOCFLAGS=--cap-lints=forbid" "-e" "CARGO_HOME=/opt/rustwide/cargo-home" "-e" "RUSTUP_HOME=/opt/rustwide/rustup-home" "-w" "/opt/rustwide/workdir" "-m" "1610612736" "--user" "0:0" "--network" "none" "ghcr.io/rust-lang/crates-build-env/linux@sha256:2788e3201cd34a07e3172128adcd8b3090168a8e3bcc40d7c032b9dda1df7d1c" "/opt/rustwide/cargo-home/bin/cargo" "+nightly-2024-02-05" "check" "--frozen" "--all" "--all-targets" "--message-format=json", kill_on_drop: false }`
[INFO] [stdout] 8802b6244de35cc83e47bfc72aae003050968bffeab15445d5836cd7cf7e1106
[INFO] running `Command { std: "docker" "start" "-a" "8802b6244de35cc83e47bfc72aae003050968bffeab15445d5836cd7cf7e1106", kill_on_drop: false }`
[INFO] [stderr]    Compiling libc v0.2.153
[INFO] [stderr]    Compiling libm v0.2.8
[INFO] [stderr]     Checking memchr v2.7.1
[INFO] [stderr]    Compiling syn v1.0.109
[INFO] [stderr]     Checking pin-project-lite v0.2.13
[INFO] [stderr]     Checking futures-core v0.3.30
[INFO] [stderr]    Compiling num-traits v0.2.17
[INFO] [stderr]    Compiling slab v0.4.9
[INFO] [stderr]    Compiling thiserror v1.0.56
[INFO] [stderr]     Checking futures-sink v0.3.30
[INFO] [stderr]    Compiling ahash v0.7.7
[INFO] [stderr]     Checking futures-task v0.3.30
[INFO] [stderr]     Checking serde_json v1.0.113
[INFO] [stderr]    Compiling rustix v0.38.31
[INFO] [stderr]    Compiling syn v2.0.48
[INFO] [stderr]    Compiling fs_extra v1.3.0
[INFO] [stderr]    Compiling pkg-config v0.3.29
[INFO] [stderr]     Checking futures-io v0.3.30
[INFO] [stderr]     Checking futures-channel v0.3.30
[INFO] [stderr]    Compiling proc-macro-hack v0.5.20+deprecated
[INFO] [stderr]     Checking bitflags v2.4.2
[INFO] [stderr]     Checking regex-syntax v0.8.2
[INFO] [stderr]     Checking linux-raw-sys v0.4.13
[INFO] [stderr]     Checking powerfmt v0.2.0
[INFO] [stderr]     Checking bitmaps v2.1.0
[INFO] [stderr]     Checking tracing-core v0.1.32
[INFO] [stderr]     Checking deranged v0.3.11
[INFO] [stderr]     Checking fastrand v2.0.1
[INFO] [stderr]     Checking num-conv v0.1.0
[INFO] [stderr]     Checking time-core v0.1.2
[INFO] [stderr]     Checking unicode-width v0.1.11
[INFO] [stderr]     Checking litl-nanval v0.2.0
[INFO] [stderr]     Checking miniz_oxide v0.7.2
[INFO] [stderr]     Checking textwrap v0.11.0
[INFO] [stderr]     Checking csv-core v0.1.11
[INFO] [stderr]     Checking serde_path_to_error v0.1.15
[INFO] [stderr]     Checking instant v0.1.12
[INFO] [stderr]     Checking tagged-box v0.1.1
[INFO] [stderr]     Checking sized-chunks v0.6.5
[INFO] [stderr]     Checking half v1.8.2
[INFO] [stderr]     Checking quick-error v1.2.3
[INFO] [stderr]     Checking z-base-32 v0.1.3
[INFO] [stderr]     Checking bit-vec v0.6.3
[INFO] [stderr]     Checking csv v1.3.0
[INFO] [stderr]     Checking criterion-plot v0.4.5
[INFO] [stderr]     Checking clap v2.34.0
[INFO] [stderr]     Checking serde_cbor v0.11.2
[INFO] [stderr]     Checking tinytemplate v1.2.1
[INFO] [stderr]     Checking bit-set v0.5.3
[INFO] [stderr]     Checking fxhash v0.2.1
[INFO] [stderr]     Checking flate2 v1.0.28
[INFO] [stderr]     Checking bytesize v1.3.0
[INFO] [stderr]     Checking time v0.3.34
[INFO] [stderr]     Checking yansi v0.5.1
[INFO] [stderr]     Checking thousands v0.2.0
[INFO] [stderr]    Compiling paste-impl v0.1.18
[INFO] [stderr]     Checking unarray v0.1.4
[INFO] [stderr]     Checking unicode-segmentation v1.10.1
[INFO] [stderr]     Checking diff v0.1.13
[INFO] [stderr]     Checking difference v2.0.0
[INFO] [stderr]     Checking lil v0.1.2
[INFO] [stderr]     Checking pretty_assertions v1.4.0
[INFO] [stderr]     Checking ordered-float v3.9.2
[INFO] [stderr]     Checking ordered-float v2.10.1
[INFO] [stderr]     Checking plotters v0.3.5
[INFO] [stderr]     Checking getrandom v0.2.12
[INFO] [stderr]     Checking wait-timeout v0.2.0
[INFO] [stderr]     Checking atty v0.2.14
[INFO] [stderr]     Checking time v0.1.45
[INFO] [stderr]     Checking paste v0.1.18
[INFO] [stderr]     Checking rand_core v0.6.4
[INFO] [stderr]    Compiling cc v1.0.83
[INFO] [stderr]     Checking rand_chacha v0.3.1
[INFO] [stderr]     Checking rand_xoshiro v0.6.0
[INFO] [stderr]     Checking hashbrown v0.12.3
[INFO] [stderr]     Checking rand_xorshift v0.3.0
[INFO] [stderr]     Checking regex-automata v0.4.5
[INFO] [stderr]     Checking imbl v1.0.1
[INFO] [stderr]     Checking rand v0.8.5
[INFO] [stderr]     Checking tempfile v3.10.0
[INFO] [stderr]     Checking rusty-fork v0.3.0
[INFO] [stderr]    Compiling deepsize_derive v0.1.2
[INFO] [stderr]     Checking proptest v1.4.0
[INFO] [stderr]    Compiling bzip2-sys v0.1.11+1.0.8
[INFO] [stderr]    Compiling jemalloc-sys v0.3.2
[INFO] [stderr]     Checking deepsize v0.2.0
[INFO] [stderr]     Checking regex v1.10.3
[INFO] [stderr]     Checking bzip2 v0.4.4
[INFO] [stderr]    Compiling thiserror-impl v1.0.56
[INFO] [stderr]    Compiling futures-macro v0.3.30
[INFO] [stderr]    Compiling tracing-attributes v0.1.27
[INFO] [stderr]    Compiling serde_derive v1.0.196
[INFO] [stderr]     Checking futures-util v0.3.30
[INFO] [stderr]     Checking litl-val v0.2.0
[INFO] [stderr]     Checking zip v0.5.13
[INFO] [stderr]     Checking tracing v0.1.40
[INFO] [stderr]     Checking ti64 v0.1.5
[INFO] [stderr]     Checking criterion v0.3.6
[INFO] [stderr]     Checking futures-executor v0.3.30
[INFO] [stderr]     Checking litl v0.6.0
[INFO] [stderr]     Checking futures v0.3.30
[INFO] [stderr]     Checking cojson v0.6.0 (/opt/rustwide/workdir)
[INFO] [stdout] warning: unused import: `borrow::Borrow`
[INFO] [stdout]  --> src/view/jmbl_view.rs:2:5
[INFO] [stdout]   |
[INFO] [stdout] 2 |     borrow::Borrow,
[INFO] [stdout]   |     ^^^^^^^^^^^^^^
[INFO] [stdout]   |
[INFO] [stdout]   = note: `#[warn(unused_imports)]` on by default
[INFO] [stdout] 
[INFO] [stdout] 
[INFO] [stdout] warning: 1 warning emitted
[INFO] [stdout] 
[INFO] [stdout] 
[INFO] [stderr]     Checking jemalloc-ctl v0.3.3
[INFO] [stderr]     Checking jemallocator v0.3.2
[INFO] [stdout] error[E0433]: failed to resolve: use of undeclared crate or module `jmbl`
[INFO] [stdout]  --> benches/../tests/automerge_paper_helpers.rs:3:5
[INFO] [stdout]   |
[INFO] [stdout] 3 | use jmbl::{
[INFO] [stdout]   |     ^^^^ use of undeclared crate or module `jmbl`
[INFO] [stdout] 
[INFO] [stdout] 
[INFO] [stdout] error[E0433]: failed to resolve: use of undeclared crate or module `jmbl`
[INFO] [stdout]  --> tests/props.rs:1:5
[INFO] [stdout]   |
[INFO] [stdout] 1 | use jmbl::{ops::OpWithTarget, Input, ReadableJMBL, OpOutput, JMBL};
[INFO] [stdout]   |     ^^^^ use of undeclared crate or module `jmbl`
[INFO] [stdout] 
[INFO] [stdout] 
[INFO] [stdout] error[E0433]: failed to resolve: use of undeclared crate or module `jmbl`
[INFO] [stdout]   --> benches/automerge_paper.rs:15:5
[INFO] [stdout]    |
[INFO] [stdout] 15 | use jmbl::stream_format::OpSerializer;
[INFO] [stdout]    |     ^^^^ use of undeclared crate or module `jmbl`
[INFO] [stdout] 
[INFO] [stdout] 
[INFO] [stdout] error[E0432]: unresolved import `jmbl`
[INFO] [stdout]  --> benches/../tests/automerge_paper_helpers.rs:3:5
[INFO] [stdout]   |
[INFO] [stdout] 3 | use jmbl::{
[INFO] [stdout]   |     ^^^^ use of undeclared crate or module `jmbl`
[INFO] [stdout] 
[INFO] [stdout] 
[INFO] [stdout] error[E0432]: unresolved import `jmbl`
[INFO] [stdout]  --> tests/map.rs:1:5
[INFO] [stdout]   |
[INFO] [stdout] 1 | use jmbl::{Value, OpOutput, JMBL};
[INFO] [stdout]   |     ^^^^ use of undeclared crate or module `jmbl`
[INFO] [stdout] 
[INFO] [stdout] 
[INFO] [stdout] error[E0433]: failed to resolve: use of undeclared crate or module `jmbl`
[INFO] [stdout]  --> tests/automerge_paper_helpers.rs:3:5
[INFO] [stdout]   |
[INFO] [stdout] 3 | use jmbl::{
[INFO] [stdout]   |     ^^^^ use of undeclared crate or module `jmbl`
[INFO] [stdout] 
[INFO] [stdout] 
[INFO] [stdout] error[E0432]: unresolved import `jmbl`
[INFO] [stdout]  --> tests/automerge_paper_helpers.rs:3:5
[INFO] [stdout]   |
[INFO] [stdout] 3 | use jmbl::{
[INFO] [stdout]   |     ^^^^ use of undeclared crate or module `jmbl`
[INFO] [stdout] 
[INFO] [stdout] 
[INFO] [stdout] error: aborting due to 3 previous errors
[INFO] [stdout] 
[INFO] [stdout] 
[INFO] [stdout] Some errors have detailed explanations: E0432, E0433.
[INFO] [stdout] 
[INFO] [stdout] For more information about an error, try `rustc --explain E0432`.
[INFO] [stdout] 
[INFO] [stdout] error[E0433]: failed to resolve: use of undeclared crate or module `jmbl`
[INFO] [stdout]  --> tests/automerge_paper_helpers.rs:3:5
[INFO] [stdout]   |
[INFO] [stdout] 3 | use jmbl::{
[INFO] [stdout]   |     ^^^^ use of undeclared crate or module `jmbl`
[INFO] [stdout] 
[INFO] [stdout] 
[INFO] [stderr] error: could not compile `cojson` (bench "automerge_paper") due to 4 previous errors
[INFO] [stderr] warning: build failed, waiting for other jobs to finish...
[INFO] [stdout] error[E0432]: unresolved import `jmbl`
[INFO] [stdout]  --> tests/props.rs:1:5
[INFO] [stdout]   |
[INFO] [stdout] 1 | use jmbl::{ops::OpWithTarget, Input, ReadableJMBL, OpOutput, JMBL};
[INFO] [stdout]   |     ^^^^ use of undeclared crate or module `jmbl`
[INFO] [stdout] 
[INFO] [stdout] 
[INFO] [stdout] error[E0432]: unresolved import `jmbl`
[INFO] [stdout]  --> tests/text.rs:1:5
[INFO] [stdout]   |
[INFO] [stdout] 1 | use jmbl::{OpOutput, TextNode, JMBL};
[INFO] [stdout]   |     ^^^^ use of undeclared crate or module `jmbl`
[INFO] [stdout] 
[INFO] [stdout] 
[INFO] [stdout] error: aborting due to 2 previous errors
[INFO] [stdout] 
[INFO] [stdout] 
[INFO] [stdout] Some errors have detailed explanations: E0432, E0433.
[INFO] [stdout] 
[INFO] [stdout] For more information about an error, try `rustc --explain E0432`.
[INFO] [stdout] 
[INFO] [stdout] error: aborting due to 1 previous error
[INFO] [stdout] 
[INFO] [stdout] 
[INFO] [stderr] error: could not compile `cojson` (test "x_automerge_paper") due to 3 previous errors
[INFO] [stdout] For more information about this error, try `rustc --explain E0432`.
[INFO] [stdout] 
[INFO] [stdout] error[E0432]: unresolved import `jmbl`
[INFO] [stdout]  --> tests/lists.rs:3:5
[INFO] [stdout]   |
[INFO] [stdout] 3 | use jmbl::{OpOutput, Value, JMBL};
[INFO] [stdout]   |     ^^^^ use of undeclared crate or module `jmbl`
[INFO] [stdout] 
[INFO] [stdout] 
[INFO] [stdout] error[E0432]: unresolved import `jmbl`
[INFO] [stdout]  --> tests/basic.rs:1:5
[INFO] [stdout]   |
[INFO] [stdout] 1 | use jmbl::{ Value, OpOutput, JMBL};
[INFO] [stdout]   |     ^^^^ use of undeclared crate or module `jmbl`
[INFO] [stdout] 
[INFO] [stdout] 
[INFO] [stdout] error[E0432]: unresolved import `jmbl`
[INFO] [stdout]  --> tests/automerge_paper_helpers.rs:3:5
[INFO] [stdout]   |
[INFO] [stdout] 3 | use jmbl::{
[INFO] [stdout]   |     ^^^^ use of undeclared crate or module `jmbl`
[INFO] [stdout] 
[INFO] [stdout] 
[INFO] [stderr] error: could not compile `cojson` (test "map") due to 2 previous errors
[INFO] [stdout] error: aborting due to 2 previous errors
[INFO] [stdout] 
[INFO] [stdout] 
[INFO] [stdout] Some errors have detailed explanations: E0432, E0433.
[INFO] [stdout] 
[INFO] [stdout] For more information about an error, try `rustc --explain E0432`.
[INFO] [stdout] 
[INFO] [stdout] error: aborting due to 1 previous error
[INFO] [stdout] 
[INFO] [stdout] 
[INFO] [stdout] For more information about this error, try `rustc --explain E0432`.
[INFO] [stdout] 
[INFO] [stderr] error: could not compile `cojson` (test "text") due to 2 previous errors
[INFO] [stdout] error: aborting due to 1 previous error
[INFO] [stdout] 
[INFO] [stdout] 
[INFO] [stdout] For more information about this error, try `rustc --explain E0432`.
[INFO] [stdout] 
[INFO] [stderr] error: could not compile `cojson` (test "automerge_paper_helpers") due to 3 previous errors
[INFO] [stdout] error: aborting due to 1 previous error
[INFO] [stdout] 
[INFO] [stdout] 
[INFO] [stderr] error: could not compile `cojson` (test "basic") due to 2 previous errors
[INFO] [stdout] For more information about this error, try `rustc --explain E0432`.
[INFO] [stdout] 
[INFO] [stderr] error: could not compile `cojson` (test "lists") due to 2 previous errors
[INFO] [stdout] error: aborting due to 2 previous errors
[INFO] [stdout] 
[INFO] [stdout] 
[INFO] [stdout] Some errors have detailed explanations: E0432, E0433.
[INFO] [stdout] 
[INFO] [stdout] For more information about an error, try `rustc --explain E0432`.
[INFO] [stdout] 
[INFO] [stderr] error: could not compile `cojson` (test "props") due to 3 previous errors
[INFO] [stdout] warning: unused import: `borrow::Borrow`
[INFO] [stdout]  --> src/view/jmbl_view.rs:2:5
[INFO] [stdout]   |
[INFO] [stdout] 2 |     borrow::Borrow,
[INFO] [stdout]   |     ^^^^^^^^^^^^^^
[INFO] [stdout]   |
[INFO] [stdout]   = note: `#[warn(unused_imports)]` on by default
[INFO] [stdout] 
[INFO] [stdout] 
[INFO] [stdout] warning: 1 warning emitted
[INFO] [stdout] 
[INFO] [stdout] 
[INFO] running `Command { std: "docker" "inspect" "8802b6244de35cc83e47bfc72aae003050968bffeab15445d5836cd7cf7e1106", kill_on_drop: false }`
[INFO] running `Command { std: "docker" "rm" "-f" "8802b6244de35cc83e47bfc72aae003050968bffeab15445d5836cd7cf7e1106", kill_on_drop: false }`
[INFO] [stdout] 8802b6244de35cc83e47bfc72aae003050968bffeab15445d5836cd7cf7e1106
[INFO] checking cojson-0.6.0 against nightly-2024-02-05+rustflags=-Dunexpected_cfgs+cargoflags=-Zcheck-cfg for check-cfg
[INFO] extracting crate cojson 0.6.0 into /workspace/builds/worker-1-tc2/source
[INFO] validating manifest of crates.io crate cojson 0.6.0 on toolchain nightly-2024-02-05
[INFO] running `Command { std: CARGO_HOME="/workspace/cargo-home" RUSTUP_HOME="/workspace/rustup-home" "/workspace/cargo-home/bin/cargo" "+nightly-2024-02-05" "metadata" "--manifest-path" "Cargo.toml" "--no-deps", kill_on_drop: false }`
[INFO] started tweaking crates.io crate cojson 0.6.0
[INFO] removed 0 missing tests
[INFO] finished tweaking crates.io crate cojson 0.6.0
[INFO] tweaked toml for crates.io crate cojson 0.6.0 written to /workspace/builds/worker-1-tc2/source/Cargo.toml
[INFO] running `Command { std: CARGO_HOME="/workspace/cargo-home" RUSTUP_HOME="/workspace/rustup-home" "/workspace/cargo-home/bin/cargo" "+nightly-2024-02-05" "generate-lockfile" "--manifest-path" "Cargo.toml", kill_on_drop: false }`
[INFO] [stderr]     Updating crates.io index
[INFO] running `Command { std: CARGO_HOME="/workspace/cargo-home" RUSTUP_HOME="/workspace/rustup-home" "/workspace/cargo-home/bin/cargo" "+nightly-2024-02-05" "fetch" "--manifest-path" "Cargo.toml", kill_on_drop: false }`
[INFO] running `Command { std: "docker" "create" "-v" "/var/lib/crater-agent-workspace/builds/worker-1-tc2/target:/opt/rustwide/target:rw,Z" "-v" "/var/lib/crater-agent-workspace/builds/worker-1-tc2/source:/opt/rustwide/workdir:ro,Z" "-v" "/var/lib/crater-agent-workspace/cargo-home:/opt/rustwide/cargo-home:ro,Z" "-v" "/var/lib/crater-agent-workspace/rustup-home:/opt/rustwide/rustup-home:ro,Z" "-e" "SOURCE_DIR=/opt/rustwide/workdir" "-e" "CARGO_TARGET_DIR=/opt/rustwide/target" "-e" "CARGO_HOME=/opt/rustwide/cargo-home" "-e" "RUSTUP_HOME=/opt/rustwide/rustup-home" "-w" "/opt/rustwide/workdir" "-m" "1610612736" "--user" "0:0" "--network" "none" "ghcr.io/rust-lang/crates-build-env/linux@sha256:2788e3201cd34a07e3172128adcd8b3090168a8e3bcc40d7c032b9dda1df7d1c" "/opt/rustwide/cargo-home/bin/cargo" "+nightly-2024-02-05" "metadata" "--no-deps" "--format-version=1", kill_on_drop: false }`
[INFO] [stdout] deb2478d1865f065f80b27f8e47470e66e62f621df26533d8008a4176ff285a5
[INFO] running `Command { std: "docker" "start" "-a" "deb2478d1865f065f80b27f8e47470e66e62f621df26533d8008a4176ff285a5", kill_on_drop: false }`
[INFO] running `Command { std: "docker" "inspect" "deb2478d1865f065f80b27f8e47470e66e62f621df26533d8008a4176ff285a5", kill_on_drop: false }`
[INFO] running `Command { std: "docker" "rm" "-f" "deb2478d1865f065f80b27f8e47470e66e62f621df26533d8008a4176ff285a5", kill_on_drop: false }`
[INFO] [stdout] deb2478d1865f065f80b27f8e47470e66e62f621df26533d8008a4176ff285a5
[INFO] running `Command { std: "docker" "create" "-v" "/var/lib/crater-agent-workspace/builds/worker-1-tc2/target:/opt/rustwide/target:rw,Z" "-v" "/var/lib/crater-agent-workspace/builds/worker-1-tc2/source:/opt/rustwide/workdir:ro,Z" "-v" "/var/lib/crater-agent-workspace/cargo-home:/opt/rustwide/cargo-home:ro,Z" "-v" "/var/lib/crater-agent-workspace/rustup-home:/opt/rustwide/rustup-home:ro,Z" "-e" "SOURCE_DIR=/opt/rustwide/workdir" "-e" "CARGO_TARGET_DIR=/opt/rustwide/target" "-e" "CARGO_INCREMENTAL=0" "-e" "RUST_BACKTRACE=full" "-e" "RUSTFLAGS=--cap-lints=forbid -Dunexpected_cfgs" "-e" "RUSTDOCFLAGS=--cap-lints=forbid" "-e" "CARGO_HOME=/opt/rustwide/cargo-home" "-e" "RUSTUP_HOME=/opt/rustwide/rustup-home" "-w" "/opt/rustwide/workdir" "-m" "1610612736" "--user" "0:0" "--network" "none" "ghcr.io/rust-lang/crates-build-env/linux@sha256:2788e3201cd34a07e3172128adcd8b3090168a8e3bcc40d7c032b9dda1df7d1c" "/opt/rustwide/cargo-home/bin/cargo" "+nightly-2024-02-05" "check" "--frozen" "--all" "--all-targets" "--message-format=json" "-Zcheck-cfg", kill_on_drop: false }`
[INFO] [stdout] 9511f39ccc8226f2a176dc62bf29634a2afb8f13e1384aa7b616a98339e15f3c
[INFO] running `Command { std: "docker" "start" "-a" "9511f39ccc8226f2a176dc62bf29634a2afb8f13e1384aa7b616a98339e15f3c", kill_on_drop: false }`
[INFO] [stderr]    Compiling libc v0.2.153
[INFO] [stderr]    Compiling libm v0.2.8
[INFO] [stderr]     Checking memchr v2.7.1
[INFO] [stderr]    Compiling syn v1.0.109
[INFO] [stderr]     Checking futures-core v0.3.30
[INFO] [stderr]    Compiling thiserror v1.0.56
[INFO] [stderr]    Compiling num-traits v0.2.17
[INFO] [stderr]    Compiling slab v0.4.9
[INFO] [stderr]     Checking futures-sink v0.3.30
[INFO] [stderr]     Checking pin-project-lite v0.2.13
[INFO] [stderr]    Compiling ahash v0.7.7
[INFO] [stderr]    Compiling rustix v0.38.31
[INFO] [stderr]     Checking serde_json v1.0.113
[INFO] [stderr]    Compiling fs_extra v1.3.0
[INFO] [stderr]     Checking futures-io v0.3.30
[INFO] [stderr]    Compiling syn v2.0.48
[INFO] [stderr]    Compiling proc-macro-hack v0.5.20+deprecated
[INFO] [stderr]     Checking futures-channel v0.3.30
[INFO] [stderr]     Checking futures-task v0.3.30
[INFO] [stderr]    Compiling pkg-config v0.3.29
[INFO] [stderr]     Checking linux-raw-sys v0.4.13
[INFO] [stderr]     Checking regex-syntax v0.8.2
[INFO] [stderr]     Checking bitflags v2.4.2
[INFO] [stderr]     Checking powerfmt v0.2.0
[INFO] [stderr]     Checking bitmaps v2.1.0
[INFO] [stderr]     Checking tracing-core v0.1.32
[INFO] [stderr]     Checking deranged v0.3.11
[INFO] [stderr]     Checking fastrand v2.0.1
[INFO] [stderr]     Checking time-core v0.1.2
[INFO] [stderr]     Checking num-conv v0.1.0
[INFO] [stderr]     Checking unicode-width v0.1.11
[INFO] [stderr]     Checking litl-nanval v0.2.0
[INFO] [stderr]     Checking textwrap v0.11.0
[INFO] [stderr]     Checking miniz_oxide v0.7.2
[INFO] [stderr]     Checking csv-core v0.1.11
[INFO] [stderr]     Checking crc32fast v1.3.2
[INFO] [stderr]     Checking serde_path_to_error v0.1.15
[INFO] [stderr]     Checking instant v0.1.12
[INFO] [stderr]     Checking bit-vec v0.6.3
[INFO] [stderr]     Checking half v1.8.2
[INFO] [stderr]     Checking z-base-32 v0.1.3
[INFO] [stderr]     Checking quick-error v1.2.3
[INFO] [stderr]     Checking tagged-box v0.1.1
[INFO] [stderr]     Checking csv v1.3.0
[INFO] [stderr]     Checking sized-chunks v0.6.5
[INFO] [stderr]     Checking clap v2.34.0
[INFO] [stderr]     Checking bit-set v0.5.3
[INFO] [stderr]     Checking serde_cbor v0.11.2
[INFO] [stderr]     Checking flate2 v1.0.28
[INFO] [stderr]     Checking criterion-plot v0.4.5
[INFO] [stderr]     Checking time v0.3.34
[INFO] [stderr]     Checking tinytemplate v1.2.1
[INFO] [stderr]     Checking fxhash v0.2.1
[INFO] [stderr]    Compiling paste-impl v0.1.18
[INFO] [stderr]     Checking bytesize v1.3.0
[INFO] [stderr]     Checking unarray v0.1.4
[INFO] [stderr]     Checking diff v0.1.13
[INFO] [stderr]     Checking thousands v0.2.0
[INFO] [stderr]     Checking unicode-segmentation v1.10.1
[INFO] [stderr]     Checking yansi v0.5.1
[INFO] [stderr]     Checking lil v0.1.2
[INFO] [stderr]     Checking difference v2.0.0
[INFO] [stderr]     Checking pretty_assertions v1.4.0
[INFO] [stderr]     Checking ordered-float v3.9.2
[INFO] [stderr]     Checking ordered-float v2.10.1
[INFO] [stderr]     Checking plotters v0.3.5
[INFO] [stderr]     Checking getrandom v0.2.12
[INFO] [stderr]     Checking wait-timeout v0.2.0
[INFO] [stderr]     Checking time v0.1.45
[INFO] [stderr]     Checking atty v0.2.14
[INFO] [stderr]     Checking paste v0.1.18
[INFO] [stderr]    Compiling cc v1.0.83
[INFO] [stderr]     Checking rand_core v0.6.4
[INFO] [stderr]     Checking rand_chacha v0.3.1
[INFO] [stderr]     Checking rand_xoshiro v0.6.0
[INFO] [stderr]     Checking rand_xorshift v0.3.0
[INFO] [stderr]     Checking hashbrown v0.12.3
[INFO] [stderr]     Checking regex-automata v0.4.5
[INFO] [stderr]     Checking rand v0.8.5
[INFO] [stderr]     Checking imbl v1.0.1
[INFO] [stderr]    Compiling deepsize_derive v0.1.2
[INFO] [stderr]     Checking tempfile v3.10.0
[INFO] [stderr]     Checking rusty-fork v0.3.0
[INFO] [stderr]    Compiling bzip2-sys v0.1.11+1.0.8
[INFO] [stderr]    Compiling jemalloc-sys v0.3.2
[INFO] [stderr]     Checking proptest v1.4.0
[INFO] [stderr]     Checking deepsize v0.2.0
[INFO] [stderr]     Checking regex v1.10.3
[INFO] [stderr]     Checking bzip2 v0.4.4
[INFO] [stderr]    Compiling futures-macro v0.3.30
[INFO] [stderr]    Compiling thiserror-impl v1.0.56
[INFO] [stderr]    Compiling serde_derive v1.0.196
[INFO] [stderr]    Compiling tracing-attributes v0.1.27
[INFO] [stderr]     Checking futures-util v0.3.30
[INFO] [stderr]     Checking litl-val v0.2.0
[INFO] [stderr]     Checking zip v0.5.13
[INFO] [stderr]     Checking tracing v0.1.40
[INFO] [stderr]     Checking ti64 v0.1.5
[INFO] [stderr]     Checking criterion v0.3.6
[INFO] [stderr]     Checking futures-executor v0.3.30
[INFO] [stderr]     Checking litl v0.6.0
[INFO] [stderr]     Checking futures v0.3.30
[INFO] [stderr]     Checking cojson v0.6.0 (/opt/rustwide/workdir)
[INFO] [stdout] warning: unused import: `borrow::Borrow`
[INFO] [stdout]  --> src/view/jmbl_view.rs:2:5
[INFO] [stdout]   |
[INFO] [stdout] 2 |     borrow::Borrow,
[INFO] [stdout]   |     ^^^^^^^^^^^^^^
[INFO] [stdout]   |
[INFO] [stdout]   = note: `#[warn(unused_imports)]` on by default
[INFO] [stdout] 
[INFO] [stdout] 
[INFO] [stdout] warning: 1 warning emitted
[INFO] [stdout] 
[INFO] [stdout] 
[INFO] [stderr]     Checking jemalloc-ctl v0.3.3
[INFO] [stderr]     Checking jemallocator v0.3.2
[INFO] [stdout] error[E0433]: failed to resolve: use of undeclared crate or module `jmbl`
[INFO] [stdout]  --> tests/automerge_paper_helpers.rs:3:5
[INFO] [stdout]   |
[INFO] [stdout] 3 | use jmbl::{
[INFO] [stdout]   |     ^^^^ use of undeclared crate or module `jmbl`
[INFO] [stdout] 
[INFO] [stdout] 
[INFO] [stdout] error[E0433]: failed to resolve: use of undeclared crate or module `jmbl`
[INFO] [stdout]  --> tests/automerge_paper_helpers.rs:3:5
[INFO] [stdout]   |
[INFO] [stdout] 3 | use jmbl::{
[INFO] [stdout]   |     ^^^^ use of undeclared crate or module `jmbl`
[INFO] [stdout] 
[INFO] [stdout] 
[INFO] [stdout] error[E0433]: failed to resolve: use of undeclared crate or module `jmbl`
[INFO] [stdout]  --> benches/../tests/automerge_paper_helpers.rs:3:5
[INFO] [stdout]   |
[INFO] [stdout] 3 | use jmbl::{
[INFO] [stdout]   |     ^^^^ use of undeclared crate or module `jmbl`
[INFO] [stdout] 
[INFO] [stdout] 
[INFO] [stdout] error[E0432]: unresolved import `jmbl`
[INFO] [stdout]  --> tests/automerge_paper_helpers.rs:3:5
[INFO] [stdout]   |
[INFO] [stdout] 3 | use jmbl::{
[INFO] [stdout]   |     ^^^^ use of undeclared crate or module `jmbl`
[INFO] [stdout] 
[INFO] [stdout] 
[INFO] [stdout] error[E0433]: failed to resolve: use of undeclared crate or module `jmbl`
[INFO] [stdout]   --> benches/automerge_paper.rs:15:5
[INFO] [stdout]    |
[INFO] [stdout] 15 | use jmbl::stream_format::OpSerializer;
[INFO] [stdout]    |     ^^^^ use of undeclared crate or module `jmbl`
[INFO] [stdout] 
[INFO] [stdout] 
[INFO] [stdout] error[E0432]: unresolved import `jmbl`
[INFO] [stdout]  --> benches/../tests/automerge_paper_helpers.rs:3:5
[INFO] [stdout]   |
[INFO] [stdout] 3 | use jmbl::{
[INFO] [stdout]   |     ^^^^ use of undeclared crate or module `jmbl`
[INFO] [stdout] 
[INFO] [stdout] 
[INFO] [stdout] error[E0432]: unresolved import `jmbl`
[INFO] [stdout]  --> tests/lists.rs:3:5
[INFO] [stdout]   |
[INFO] [stdout] 3 | use jmbl::{OpOutput, Value, JMBL};
[INFO] [stdout]   |     ^^^^ use of undeclared crate or module `jmbl`
[INFO] [stdout] 
[INFO] [stdout] 
[INFO] [stdout] error[E0432]: unresolved import `jmbl`
[INFO] [stdout]  --> tests/automerge_paper_helpers.rs:3:5
[INFO] [stdout]   |
[INFO] [stdout] 3 | use jmbl::{
[INFO] [stdout]   |     ^^^^ use of undeclared crate or module `jmbl`
[INFO] [stdout] 
[INFO] [stdout] 
[INFO] [stdout] error[E0432]: unresolved import `jmbl`
[INFO] [stdout]  --> tests/basic.rs:1:5
[INFO] [stdout]   |
[INFO] [stdout] 1 | use jmbl::{ Value, OpOutput, JMBL};
[INFO] [stdout]   |     ^^^^ use of undeclared crate or module `jmbl`
[INFO] [stdout] 
[INFO] [stdout] 
[INFO] [stdout] error[E0432]: unresolved import `jmbl`
[INFO] [stdout]  --> tests/map.rs:1:5
[INFO] [stdout]   |
[INFO] [stdout] 1 | use jmbl::{Value, OpOutput, JMBL};
[INFO] [stdout]   |     ^^^^ use of undeclared crate or module `jmbl`
[INFO] [stdout] 
[INFO] [stdout] 
[INFO] [stdout] error: aborting due to 2 previous errors
[INFO] [stdout] 
[INFO] [stdout] 
[INFO] [stdout] Some errors have detailed explanations: E0432, E0433.
[INFO] [stdout] 
[INFO] [stdout] For more information about an error, try `rustc --explain E0432`.
[INFO] [stdout] 
[INFO] [stdout] error[E0433]: failed to resolve: use of undeclared crate or module `jmbl`
[INFO] [stdout]  --> tests/props.rs:1:5
[INFO] [stdout]   |
[INFO] [stdout] 1 | use jmbl::{ops::OpWithTarget, Input, ReadableJMBL, OpOutput, JMBL};
[INFO] [stdout]   |     ^^^^ use of undeclared crate or module `jmbl`
[INFO] [stdout] 
[INFO] [stdout] 
[INFO] [stdout] error: aborting due to 2 previous errors
[INFO] [stdout] 
[INFO] [stdout] 
[INFO] [stdout] Some errors have detailed explanations: E0432, E0433.
[INFO] [stdout] 
[INFO] [stdout] For more information about an error, try `rustc --explain E0432`.
[INFO] [stdout] 
[INFO] [stdout] error: aborting due to 3 previous errors
[INFO] [stdout] 
[INFO] [stdout] 
[INFO] [stdout] Some errors have detailed explanations: E0432, E0433.
[INFO] [stdout] 
[INFO] [stdout] For more information about an error, try `rustc --explain E0432`.
[INFO] [stdout] 
[INFO] [stderr] error: could not compile `cojson` (test "x_automerge_paper") due to 3 previous errors
[INFO] [stderr] warning: build failed, waiting for other jobs to finish...
[INFO] [stderr] error: could not compile `cojson` (test "automerge_paper_helpers") due to 3 previous errors
[INFO] [stdout] error[E0432]: unresolved import `jmbl`
[INFO] [stdout]  --> tests/props.rs:1:5
[INFO] [stdout]   |
[INFO] [stdout] 1 | use jmbl::{ops::OpWithTarget, Input, ReadableJMBL, OpOutput, JMBL};
[INFO] [stdout]   |     ^^^^ use of undeclared crate or module `jmbl`
[INFO] [stdout] 
[INFO] [stdout] 
[INFO] [stdout] error: aborting due to 1 previous error
[INFO] [stdout] 
[INFO] [stdout] 
[INFO] [stdout] For more information about this error, try `rustc --explain E0432`.
[INFO] [stdout] 
[INFO] [stderr] error: could not compile `cojson` (bench "automerge_paper") due to 4 previous errors
[INFO] [stdout] error[E0432]: unresolved import `jmbl`
[INFO] [stdout]  --> tests/text.rs:1:5
[INFO] [stdout]   |
[INFO] [stdout] 1 | use jmbl::{OpOutput, TextNode, JMBL};
[INFO] [stdout]   |     ^^^^ use of undeclared crate or module `jmbl`
[INFO] [stdout] 
[INFO] [stdout] 
[INFO] [stdout] error: aborting due to 1 previous error
[INFO] [stdout] 
[INFO] [stdout] 
[INFO] [stdout] For more information about this error, try `rustc --explain E0432`.
[INFO] [stdout] 
[INFO] [stderr] error: could not compile `cojson` (test "map") due to 2 previous errors
[INFO] [stdout] error: aborting due to 1 previous error
[INFO] [stdout] 
[INFO] [stdout] 
[INFO] [stdout] For more information about this error, try `rustc --explain E0432`.
[INFO] [stdout] 
[INFO] [stderr] error: could not compile `cojson` (test "basic") due to 2 previous errors
[INFO] [stderr] error: could not compile `cojson` (test "lists") due to 2 previous errors
[INFO] [stdout] error: aborting due to 1 previous error
[INFO] [stdout] 
[INFO] [stdout] 
[INFO] [stdout] For more information about this error, try `rustc --explain E0432`.
[INFO] [stdout] 
[INFO] [stderr] error: could not compile `cojson` (test "text") due to 2 previous errors
[INFO] [stdout] error: aborting due to 2 previous errors
[INFO] [stdout] 
[INFO] [stdout] 
[INFO] [stdout] Some errors have detailed explanations: E0432, E0433.
[INFO] [stdout] 
[INFO] [stdout] For more information about an error, try `rustc --explain E0432`.
[INFO] [stdout] 
[INFO] [stderr] error: could not compile `cojson` (test "props") due to 3 previous errors
[INFO] [stdout] warning: unused import: `borrow::Borrow`
[INFO] [stdout]  --> src/view/jmbl_view.rs:2:5
[INFO] [stdout]   |
[INFO] [stdout] 2 |     borrow::Borrow,
[INFO] [stdout]   |     ^^^^^^^^^^^^^^
[INFO] [stdout]   |
[INFO] [stdout]   = note: `#[warn(unused_imports)]` on by default
[INFO] [stdout] 
[INFO] [stdout] 
[INFO] [stdout] warning: 1 warning emitted
[INFO] [stdout] 
[INFO] [stdout] 
[INFO] running `Command { std: "docker" "inspect" "9511f39ccc8226f2a176dc62bf29634a2afb8f13e1384aa7b616a98339e15f3c", kill_on_drop: false }`
[INFO] running `Command { std: "docker" "rm" "-f" "9511f39ccc8226f2a176dc62bf29634a2afb8f13e1384aa7b616a98339e15f3c", kill_on_drop: false }`
[INFO] [stdout] 9511f39ccc8226f2a176dc62bf29634a2afb8f13e1384aa7b616a98339e15f3c
