[INFO] fetching crate codesign-verify 0.1.2...
[INFO] checking codesign-verify-0.1.2 against nightly-2024-02-05 for check-cfg
[INFO] extracting crate codesign-verify 0.1.2 into /workspace/builds/worker-1-tc1/source
[INFO] validating manifest of crates.io crate codesign-verify 0.1.2 on toolchain nightly-2024-02-05
[INFO] running `Command { std: CARGO_HOME="/workspace/cargo-home" RUSTUP_HOME="/workspace/rustup-home" "/workspace/cargo-home/bin/cargo" "+nightly-2024-02-05" "metadata" "--manifest-path" "Cargo.toml" "--no-deps", kill_on_drop: false }`
[INFO] started tweaking crates.io crate codesign-verify 0.1.2
[INFO] finished tweaking crates.io crate codesign-verify 0.1.2
[INFO] tweaked toml for crates.io crate codesign-verify 0.1.2 written to /workspace/builds/worker-1-tc1/source/Cargo.toml
[INFO] running `Command { std: CARGO_HOME="/workspace/cargo-home" RUSTUP_HOME="/workspace/rustup-home" "/workspace/cargo-home/bin/cargo" "+nightly-2024-02-05" "generate-lockfile" "--manifest-path" "Cargo.toml", kill_on_drop: false }`
[INFO] [stderr]     Updating crates.io index
[INFO] running `Command { std: CARGO_HOME="/workspace/cargo-home" RUSTUP_HOME="/workspace/rustup-home" "/workspace/cargo-home/bin/cargo" "+nightly-2024-02-05" "fetch" "--manifest-path" "Cargo.toml", kill_on_drop: false }`
[INFO] running `Command { std: "docker" "create" "-v" "/var/lib/crater-agent-workspace/builds/worker-1-tc1/target:/opt/rustwide/target:rw,Z" "-v" "/var/lib/crater-agent-workspace/builds/worker-1-tc1/source:/opt/rustwide/workdir:ro,Z" "-v" "/var/lib/crater-agent-workspace/cargo-home:/opt/rustwide/cargo-home:ro,Z" "-v" "/var/lib/crater-agent-workspace/rustup-home:/opt/rustwide/rustup-home:ro,Z" "-e" "SOURCE_DIR=/opt/rustwide/workdir" "-e" "CARGO_TARGET_DIR=/opt/rustwide/target" "-e" "CARGO_HOME=/opt/rustwide/cargo-home" "-e" "RUSTUP_HOME=/opt/rustwide/rustup-home" "-w" "/opt/rustwide/workdir" "-m" "1610612736" "--user" "0:0" "--network" "none" "ghcr.io/rust-lang/crates-build-env/linux@sha256:2788e3201cd34a07e3172128adcd8b3090168a8e3bcc40d7c032b9dda1df7d1c" "/opt/rustwide/cargo-home/bin/cargo" "+nightly-2024-02-05" "metadata" "--no-deps" "--format-version=1", kill_on_drop: false }`
[INFO] [stdout] aa08fbe4d4c3fe2826d50da6da2b2a5655661721938f99709bcadfef4de40afc
[INFO] running `Command { std: "docker" "start" "-a" "aa08fbe4d4c3fe2826d50da6da2b2a5655661721938f99709bcadfef4de40afc", kill_on_drop: false }`
[INFO] running `Command { std: "docker" "inspect" "aa08fbe4d4c3fe2826d50da6da2b2a5655661721938f99709bcadfef4de40afc", kill_on_drop: false }`
[INFO] running `Command { std: "docker" "rm" "-f" "aa08fbe4d4c3fe2826d50da6da2b2a5655661721938f99709bcadfef4de40afc", kill_on_drop: false }`
[INFO] [stdout] aa08fbe4d4c3fe2826d50da6da2b2a5655661721938f99709bcadfef4de40afc
[INFO] running `Command { std: "docker" "create" "-v" "/var/lib/crater-agent-workspace/builds/worker-1-tc1/target:/opt/rustwide/target:rw,Z" "-v" "/var/lib/crater-agent-workspace/builds/worker-1-tc1/source:/opt/rustwide/workdir:ro,Z" "-v" "/var/lib/crater-agent-workspace/cargo-home:/opt/rustwide/cargo-home:ro,Z" "-v" "/var/lib/crater-agent-workspace/rustup-home:/opt/rustwide/rustup-home:ro,Z" "-e" "SOURCE_DIR=/opt/rustwide/workdir" "-e" "CARGO_TARGET_DIR=/opt/rustwide/target" "-e" "CARGO_INCREMENTAL=0" "-e" "RUST_BACKTRACE=full" "-e" "RUSTFLAGS=--cap-lints=forbid" "-e" "RUSTDOCFLAGS=--cap-lints=forbid" "-e" "CARGO_HOME=/opt/rustwide/cargo-home" "-e" "RUSTUP_HOME=/opt/rustwide/rustup-home" "-w" "/opt/rustwide/workdir" "-m" "1610612736" "--user" "0:0" "--network" "none" "ghcr.io/rust-lang/crates-build-env/linux@sha256:2788e3201cd34a07e3172128adcd8b3090168a8e3bcc40d7c032b9dda1df7d1c" "/opt/rustwide/cargo-home/bin/cargo" "+nightly-2024-02-05" "check" "--frozen" "--all" "--all-targets" "--message-format=json", kill_on_drop: false }`
[INFO] [stdout] f0fb2964df98bba40b1698977b3196421f02dd19eaadf496d4bcbbaa07522057
[INFO] running `Command { std: "docker" "start" "-a" "f0fb2964df98bba40b1698977b3196421f02dd19eaadf496d4bcbbaa07522057", kill_on_drop: false }`
[INFO] [stderr]    Compiling libc v0.2.153
[INFO] [stderr]    Compiling gcc v0.3.55
[INFO] [stderr]     Checking rustc-serialize v0.3.25
[INFO] [stderr]    Compiling rust-crypto v0.2.36
[INFO] [stderr]     Checking rand v0.4.6
[INFO] [stderr]     Checking time v0.1.45
[INFO] [stderr]     Checking rand v0.3.23
[INFO] [stderr]     Checking codesign-verify v0.1.2 (/opt/rustwide/workdir)
[INFO] [stdout] error[E0412]: cannot find type `Verifier` in this scope
[INFO] [stdout]   --> src/lib.rs:14:29
[INFO] [stdout]    |
[INFO] [stdout] 14 | pub struct CodeSignVerifier(Verifier);
[INFO] [stdout]    |                             ^^^^^^^^ not found in this scope
[INFO] [stdout] 
[INFO] [stdout] 
[INFO] [stdout] error[E0412]: cannot find type `Context` in this scope
[INFO] [stdout]   --> src/lib.rs:19:29
[INFO] [stdout]    |
[INFO] [stdout] 19 | pub struct SignatureContext(Context);
[INFO] [stdout]    |                             ^^^^^^^ not found in this scope
[INFO] [stdout]    |
[INFO] [stdout] help: consider importing one of these items
[INFO] [stdout]    |
[INFO] [stdout] 1  + use core::task::Context;
[INFO] [stdout]    |
[INFO] [stdout] 1  + use std::task::Context;
[INFO] [stdout]    |
[INFO] [stdout] 
[INFO] [stdout] 
[INFO] [stdout] error[E0412]: cannot find type `Verifier` in this scope
[INFO] [stdout]   --> src/lib.rs:14:29
[INFO] [stdout]    |
[INFO] [stdout] 14 | pub struct CodeSignVerifier(Verifier);
[INFO] [stdout]    |                             ^^^^^^^^ not found in this scope
[INFO] [stdout] 
[INFO] [stdout] 
[INFO] [stdout] error[E0412]: cannot find type `Context` in this scope
[INFO] [stdout]   --> src/lib.rs:19:29
[INFO] [stdout]    |
[INFO] [stdout] 19 | pub struct SignatureContext(Context);
[INFO] [stdout]    |                             ^^^^^^^ not found in this scope
[INFO] [stdout]    |
[INFO] [stdout] help: consider importing one of these items
[INFO] [stdout]    |
[INFO] [stdout] 1  + use core::task::Context;
[INFO] [stdout]    |
[INFO] [stdout] 1  + use std::task::Context;
[INFO] [stdout]    |
[INFO] [stdout] 
[INFO] [stdout] 
[INFO] [stdout] error[E0433]: failed to resolve: use of undeclared type `Verifier`
[INFO] [stdout]   --> src/lib.rs:58:9
[INFO] [stdout]    |
[INFO] [stdout] 58 |         Verifier::for_file(path).map(|v| CodeSignVerifier(v))
[INFO] [stdout]    |         ^^^^^^^^ use of undeclared type `Verifier`
[INFO] [stdout] 
[INFO] [stdout] 
[INFO] [stdout] error[E0433]: failed to resolve: use of undeclared type `Verifier`
[INFO] [stdout]   --> src/lib.rs:58:9
[INFO] [stdout]    |
[INFO] [stdout] 58 |         Verifier::for_file(path).map(|v| CodeSignVerifier(v))
[INFO] [stdout]    |         ^^^^^^^^ use of undeclared type `Verifier`
[INFO] [stdout] 
[INFO] [stdout] 
[INFO] [stdout] error[E0433]: failed to resolve: use of undeclared type `Verifier`
[INFO] [stdout]   --> src/lib.rs:65:9
[INFO] [stdout]    |
[INFO] [stdout] 65 |         Verifier::for_pid(pid).map(|v| CodeSignVerifier(v))
[INFO] [stdout]    |         ^^^^^^^^ use of undeclared type `Verifier`
[INFO] [stdout] 
[INFO] [stdout] 
[INFO] [stdout] error[E0433]: failed to resolve: use of undeclared type `Verifier`
[INFO] [stdout]   --> src/lib.rs:65:9
[INFO] [stdout]    |
[INFO] [stdout] 65 |         Verifier::for_pid(pid).map(|v| CodeSignVerifier(v))
[INFO] [stdout]    |         ^^^^^^^^ use of undeclared type `Verifier`
[INFO] [stdout] 
[INFO] [stdout] 
[INFO] [stdout] error: aborting due to 4 previous errors
[INFO] [stdout] 
[INFO] [stdout] 
[INFO] [stdout] Some errors have detailed explanations: E0412, E0433.
[INFO] [stdout] 
[INFO] [stdout] For more information about an error, try `rustc --explain E0412`.
[INFO] [stdout] 
[INFO] [stdout] error: aborting due to 4 previous errors
[INFO] [stdout] 
[INFO] [stdout] 
[INFO] [stdout] Some errors have detailed explanations: E0412, E0433.
[INFO] [stdout] 
[INFO] [stdout] For more information about an error, try `rustc --explain E0412`.
[INFO] [stdout] 
[INFO] [stderr] error: could not compile `codesign-verify` (lib) due to 5 previous errors
[INFO] [stderr] warning: build failed, waiting for other jobs to finish...
[INFO] [stderr] error: could not compile `codesign-verify` (lib test) due to 5 previous errors
[INFO] running `Command { std: "docker" "inspect" "f0fb2964df98bba40b1698977b3196421f02dd19eaadf496d4bcbbaa07522057", kill_on_drop: false }`
[INFO] running `Command { std: "docker" "rm" "-f" "f0fb2964df98bba40b1698977b3196421f02dd19eaadf496d4bcbbaa07522057", kill_on_drop: false }`
[INFO] [stdout] f0fb2964df98bba40b1698977b3196421f02dd19eaadf496d4bcbbaa07522057
[INFO] checking codesign-verify-0.1.2 against nightly-2024-02-05+rustflags=-Dunexpected_cfgs+cargoflags=-Zcheck-cfg for check-cfg
[INFO] extracting crate codesign-verify 0.1.2 into /workspace/builds/worker-1-tc2/source
[INFO] validating manifest of crates.io crate codesign-verify 0.1.2 on toolchain nightly-2024-02-05
[INFO] running `Command { std: CARGO_HOME="/workspace/cargo-home" RUSTUP_HOME="/workspace/rustup-home" "/workspace/cargo-home/bin/cargo" "+nightly-2024-02-05" "metadata" "--manifest-path" "Cargo.toml" "--no-deps", kill_on_drop: false }`
[INFO] started tweaking crates.io crate codesign-verify 0.1.2
[INFO] finished tweaking crates.io crate codesign-verify 0.1.2
[INFO] tweaked toml for crates.io crate codesign-verify 0.1.2 written to /workspace/builds/worker-1-tc2/source/Cargo.toml
[INFO] running `Command { std: CARGO_HOME="/workspace/cargo-home" RUSTUP_HOME="/workspace/rustup-home" "/workspace/cargo-home/bin/cargo" "+nightly-2024-02-05" "generate-lockfile" "--manifest-path" "Cargo.toml", kill_on_drop: false }`
[INFO] [stderr]     Updating crates.io index
[INFO] running `Command { std: CARGO_HOME="/workspace/cargo-home" RUSTUP_HOME="/workspace/rustup-home" "/workspace/cargo-home/bin/cargo" "+nightly-2024-02-05" "fetch" "--manifest-path" "Cargo.toml", kill_on_drop: false }`
[INFO] running `Command { std: "docker" "create" "-v" "/var/lib/crater-agent-workspace/builds/worker-1-tc2/target:/opt/rustwide/target:rw,Z" "-v" "/var/lib/crater-agent-workspace/builds/worker-1-tc2/source:/opt/rustwide/workdir:ro,Z" "-v" "/var/lib/crater-agent-workspace/cargo-home:/opt/rustwide/cargo-home:ro,Z" "-v" "/var/lib/crater-agent-workspace/rustup-home:/opt/rustwide/rustup-home:ro,Z" "-e" "SOURCE_DIR=/opt/rustwide/workdir" "-e" "CARGO_TARGET_DIR=/opt/rustwide/target" "-e" "CARGO_HOME=/opt/rustwide/cargo-home" "-e" "RUSTUP_HOME=/opt/rustwide/rustup-home" "-w" "/opt/rustwide/workdir" "-m" "1610612736" "--user" "0:0" "--network" "none" "ghcr.io/rust-lang/crates-build-env/linux@sha256:2788e3201cd34a07e3172128adcd8b3090168a8e3bcc40d7c032b9dda1df7d1c" "/opt/rustwide/cargo-home/bin/cargo" "+nightly-2024-02-05" "metadata" "--no-deps" "--format-version=1", kill_on_drop: false }`
[INFO] [stdout] 3c4b653c7fb90d673ce8c118ad89c0d698b29813c67c0904693d75da338a4455
[INFO] running `Command { std: "docker" "start" "-a" "3c4b653c7fb90d673ce8c118ad89c0d698b29813c67c0904693d75da338a4455", kill_on_drop: false }`
[INFO] running `Command { std: "docker" "inspect" "3c4b653c7fb90d673ce8c118ad89c0d698b29813c67c0904693d75da338a4455", kill_on_drop: false }`
[INFO] running `Command { std: "docker" "rm" "-f" "3c4b653c7fb90d673ce8c118ad89c0d698b29813c67c0904693d75da338a4455", kill_on_drop: false }`
[INFO] [stdout] 3c4b653c7fb90d673ce8c118ad89c0d698b29813c67c0904693d75da338a4455
[INFO] running `Command { std: "docker" "create" "-v" "/var/lib/crater-agent-workspace/builds/worker-1-tc2/target:/opt/rustwide/target:rw,Z" "-v" "/var/lib/crater-agent-workspace/builds/worker-1-tc2/source:/opt/rustwide/workdir:ro,Z" "-v" "/var/lib/crater-agent-workspace/cargo-home:/opt/rustwide/cargo-home:ro,Z" "-v" "/var/lib/crater-agent-workspace/rustup-home:/opt/rustwide/rustup-home:ro,Z" "-e" "SOURCE_DIR=/opt/rustwide/workdir" "-e" "CARGO_TARGET_DIR=/opt/rustwide/target" "-e" "CARGO_INCREMENTAL=0" "-e" "RUST_BACKTRACE=full" "-e" "RUSTFLAGS=--cap-lints=forbid -Dunexpected_cfgs" "-e" "RUSTDOCFLAGS=--cap-lints=forbid" "-e" "CARGO_HOME=/opt/rustwide/cargo-home" "-e" "RUSTUP_HOME=/opt/rustwide/rustup-home" "-w" "/opt/rustwide/workdir" "-m" "1610612736" "--user" "0:0" "--network" "none" "ghcr.io/rust-lang/crates-build-env/linux@sha256:2788e3201cd34a07e3172128adcd8b3090168a8e3bcc40d7c032b9dda1df7d1c" "/opt/rustwide/cargo-home/bin/cargo" "+nightly-2024-02-05" "check" "--frozen" "--all" "--all-targets" "--message-format=json" "-Zcheck-cfg", kill_on_drop: false }`
[INFO] [stdout] 647529841b6d1764571eb568e8a0c31fc14098ac9236aec326ba71d3c598bcf4
[INFO] running `Command { std: "docker" "start" "-a" "647529841b6d1764571eb568e8a0c31fc14098ac9236aec326ba71d3c598bcf4", kill_on_drop: false }`
[INFO] [stderr]    Compiling libc v0.2.153
[INFO] [stderr]    Compiling gcc v0.3.55
[INFO] [stderr]     Checking rustc-serialize v0.3.25
[INFO] [stderr]    Compiling rust-crypto v0.2.36
[INFO] [stderr]     Checking rand v0.4.6
[INFO] [stderr]     Checking time v0.1.45
[INFO] [stderr]     Checking rand v0.3.23
[INFO] [stderr]     Checking codesign-verify v0.1.2 (/opt/rustwide/workdir)
[INFO] [stdout] error[E0412]: cannot find type `Verifier` in this scope
[INFO] [stdout]   --> src/lib.rs:14:29
[INFO] [stdout]    |
[INFO] [stdout] 14 | pub struct CodeSignVerifier(Verifier);
[INFO] [stdout]    |                             ^^^^^^^^ not found in this scope
[INFO] [stdout] 
[INFO] [stdout] 
[INFO] [stdout] error[E0412]: cannot find type `Context` in this scope
[INFO] [stdout]   --> src/lib.rs:19:29
[INFO] [stdout]    |
[INFO] [stdout] 19 | pub struct SignatureContext(Context);
[INFO] [stdout]    |                             ^^^^^^^ not found in this scope
[INFO] [stdout]    |
[INFO] [stdout] help: consider importing one of these items
[INFO] [stdout]    |
[INFO] [stdout] 1  + use core::task::Context;
[INFO] [stdout]    |
[INFO] [stdout] 1  + use std::task::Context;
[INFO] [stdout]    |
[INFO] [stdout] 
[INFO] [stdout] 
[INFO] [stdout] error[E0412]: cannot find type `Verifier` in this scope
[INFO] [stdout]   --> src/lib.rs:14:29
[INFO] [stdout]    |
[INFO] [stdout] 14 | pub struct CodeSignVerifier(Verifier);
[INFO] [stdout]    |                             ^^^^^^^^ not found in this scope
[INFO] [stdout] 
[INFO] [stdout] 
[INFO] [stdout] error[E0412]: cannot find type `Context` in this scope
[INFO] [stdout]   --> src/lib.rs:19:29
[INFO] [stdout]    |
[INFO] [stdout] 19 | pub struct SignatureContext(Context);
[INFO] [stdout]    |                             ^^^^^^^ not found in this scope
[INFO] [stdout]    |
[INFO] [stdout] help: consider importing one of these items
[INFO] [stdout]    |
[INFO] [stdout] 1  + use core::task::Context;
[INFO] [stdout]    |
[INFO] [stdout] 1  + use std::task::Context;
[INFO] [stdout]    |
[INFO] [stdout] 
[INFO] [stdout] 
[INFO] [stdout] error[E0433]: failed to resolve: use of undeclared type `Verifier`
[INFO] [stdout]   --> src/lib.rs:58:9
[INFO] [stdout]    |
[INFO] [stdout] 58 |         Verifier::for_file(path).map(|v| CodeSignVerifier(v))
[INFO] [stdout]    |         ^^^^^^^^ use of undeclared type `Verifier`
[INFO] [stdout] 
[INFO] [stdout] 
[INFO] [stdout] error[E0433]: failed to resolve: use of undeclared type `Verifier`
[INFO] [stdout]   --> src/lib.rs:65:9
[INFO] [stdout]    |
[INFO] [stdout] 65 |         Verifier::for_pid(pid).map(|v| CodeSignVerifier(v))
[INFO] [stdout]    |         ^^^^^^^^ use of undeclared type `Verifier`
[INFO] [stdout] 
[INFO] [stdout] 
[INFO] [stdout] error[E0433]: failed to resolve: use of undeclared type `Verifier`
[INFO] [stdout]   --> src/lib.rs:58:9
[INFO] [stdout]    |
[INFO] [stdout] 58 |         Verifier::for_file(path).map(|v| CodeSignVerifier(v))
[INFO] [stdout]    |         ^^^^^^^^ use of undeclared type `Verifier`
[INFO] [stdout] 
[INFO] [stdout] 
[INFO] [stdout] error[E0433]: failed to resolve: use of undeclared type `Verifier`
[INFO] [stdout]   --> src/lib.rs:65:9
[INFO] [stdout]    |
[INFO] [stdout] 65 |         Verifier::for_pid(pid).map(|v| CodeSignVerifier(v))
[INFO] [stdout]    |         ^^^^^^^^ use of undeclared type `Verifier`
[INFO] [stdout] 
[INFO] [stdout] 
[INFO] [stdout] error: aborting due to 4 previous errors
[INFO] [stdout] 
[INFO] [stdout] 
[INFO] [stdout] Some errors have detailed explanations: E0412, E0433.
[INFO] [stdout] 
[INFO] [stdout] For more information about an error, try `rustc --explain E0412`.
[INFO] [stdout] 
[INFO] [stdout] error: aborting due to 4 previous errors
[INFO] [stdout] 
[INFO] [stdout] 
[INFO] [stdout] Some errors have detailed explanations: E0412, E0433.
[INFO] [stdout] 
[INFO] [stdout] For more information about an error, try `rustc --explain E0412`.
[INFO] [stdout] 
[INFO] [stderr] error: could not compile `codesign-verify` (lib) due to 5 previous errors
[INFO] [stderr] warning: build failed, waiting for other jobs to finish...
[INFO] [stderr] error: could not compile `codesign-verify` (lib test) due to 5 previous errors
[INFO] running `Command { std: "docker" "inspect" "647529841b6d1764571eb568e8a0c31fc14098ac9236aec326ba71d3c598bcf4", kill_on_drop: false }`
[INFO] running `Command { std: "docker" "rm" "-f" "647529841b6d1764571eb568e8a0c31fc14098ac9236aec326ba71d3c598bcf4", kill_on_drop: false }`
[INFO] [stdout] 647529841b6d1764571eb568e8a0c31fc14098ac9236aec326ba71d3c598bcf4
