[INFO] fetching crate coaster 0.2.0...
[INFO] checking coaster-0.2.0 against nightly-2024-02-05 for check-cfg
[INFO] extracting crate coaster 0.2.0 into /workspace/builds/worker-2-tc1/source
[INFO] validating manifest of crates.io crate coaster 0.2.0 on toolchain nightly-2024-02-05
[INFO] running `Command { std: CARGO_HOME="/workspace/cargo-home" RUSTUP_HOME="/workspace/rustup-home" "/workspace/cargo-home/bin/cargo" "+nightly-2024-02-05" "metadata" "--manifest-path" "Cargo.toml" "--no-deps", kill_on_drop: false }`
[INFO] started tweaking crates.io crate coaster 0.2.0
[INFO] finished tweaking crates.io crate coaster 0.2.0
[INFO] tweaked toml for crates.io crate coaster 0.2.0 written to /workspace/builds/worker-2-tc1/source/Cargo.toml
[INFO] crate crates.io crate coaster 0.2.0 already has a lockfile, it will not be regenerated
[INFO] running `Command { std: CARGO_HOME="/workspace/cargo-home" RUSTUP_HOME="/workspace/rustup-home" "/workspace/cargo-home/bin/cargo" "+nightly-2024-02-05" "fetch" "--manifest-path" "Cargo.toml", kill_on_drop: false }`
[INFO] [stderr]     Updating crates.io index
[INFO] [stderr]  Downloading crates ...
[INFO] [stderr]   Downloaded pkg-config v0.3.22
[INFO] [stderr]   Downloaded num-complex v0.4.0
[INFO] [stderr]   Downloaded rcublas-sys v0.5.0
[INFO] [stderr]   Downloaded rcublas v0.6.0
[INFO] [stderr]   Downloaded rcudnn v1.8.0
[INFO] [stderr]   Downloaded rcudnn-sys v0.5.0
[INFO] running `Command { std: "docker" "create" "-v" "/var/lib/crater-agent-workspace/builds/worker-2-tc1/target:/opt/rustwide/target:rw,Z" "-v" "/var/lib/crater-agent-workspace/builds/worker-2-tc1/source:/opt/rustwide/workdir:ro,Z" "-v" "/var/lib/crater-agent-workspace/cargo-home:/opt/rustwide/cargo-home:ro,Z" "-v" "/var/lib/crater-agent-workspace/rustup-home:/opt/rustwide/rustup-home:ro,Z" "-e" "SOURCE_DIR=/opt/rustwide/workdir" "-e" "CARGO_TARGET_DIR=/opt/rustwide/target" "-e" "CARGO_HOME=/opt/rustwide/cargo-home" "-e" "RUSTUP_HOME=/opt/rustwide/rustup-home" "-w" "/opt/rustwide/workdir" "-m" "1610612736" "--user" "0:0" "--network" "none" "ghcr.io/rust-lang/crates-build-env/linux@sha256:2788e3201cd34a07e3172128adcd8b3090168a8e3bcc40d7c032b9dda1df7d1c" "/opt/rustwide/cargo-home/bin/cargo" "+nightly-2024-02-05" "metadata" "--no-deps" "--format-version=1", kill_on_drop: false }`
[INFO] [stdout] d556495139d3bf655e9647c00fe878296311c2c540c4151aa7303798ad31d3b9
[INFO] running `Command { std: "docker" "start" "-a" "d556495139d3bf655e9647c00fe878296311c2c540c4151aa7303798ad31d3b9", kill_on_drop: false }`
[INFO] running `Command { std: "docker" "inspect" "d556495139d3bf655e9647c00fe878296311c2c540c4151aa7303798ad31d3b9", kill_on_drop: false }`
[INFO] running `Command { std: "docker" "rm" "-f" "d556495139d3bf655e9647c00fe878296311c2c540c4151aa7303798ad31d3b9", kill_on_drop: false }`
[INFO] [stdout] d556495139d3bf655e9647c00fe878296311c2c540c4151aa7303798ad31d3b9
[INFO] running `Command { std: "docker" "create" "-v" "/var/lib/crater-agent-workspace/builds/worker-2-tc1/target:/opt/rustwide/target:rw,Z" "-v" "/var/lib/crater-agent-workspace/builds/worker-2-tc1/source:/opt/rustwide/workdir:ro,Z" "-v" "/var/lib/crater-agent-workspace/cargo-home:/opt/rustwide/cargo-home:ro,Z" "-v" "/var/lib/crater-agent-workspace/rustup-home:/opt/rustwide/rustup-home:ro,Z" "-e" "SOURCE_DIR=/opt/rustwide/workdir" "-e" "CARGO_TARGET_DIR=/opt/rustwide/target" "-e" "CARGO_INCREMENTAL=0" "-e" "RUST_BACKTRACE=full" "-e" "RUSTFLAGS=--cap-lints=forbid" "-e" "RUSTDOCFLAGS=--cap-lints=forbid" "-e" "CARGO_HOME=/opt/rustwide/cargo-home" "-e" "RUSTUP_HOME=/opt/rustwide/rustup-home" "-w" "/opt/rustwide/workdir" "-m" "1610612736" "--user" "0:0" "--network" "none" "ghcr.io/rust-lang/crates-build-env/linux@sha256:2788e3201cd34a07e3172128adcd8b3090168a8e3bcc40d7c032b9dda1df7d1c" "/opt/rustwide/cargo-home/bin/cargo" "+nightly-2024-02-05" "check" "--frozen" "--all" "--all-targets" "--message-format=json", kill_on_drop: false }`
[INFO] [stdout] afc1be9908afdeae63d07de3c4735d4a7854e4623b8a8368b11a868cda6085e4
[INFO] running `Command { std: "docker" "start" "-a" "afc1be9908afdeae63d07de3c4735d4a7854e4623b8a8368b11a868cda6085e4", kill_on_drop: false }`
[INFO] [stderr]    Compiling proc-macro2 v1.0.32
[INFO] [stderr]    Compiling num-bigint v0.4.3
[INFO] [stderr]    Compiling syn v1.0.81
[INFO] [stderr]    Compiling num-rational v0.4.0
[INFO] [stderr]    Compiling num-iter v0.1.42
[INFO] [stderr]    Compiling libc v0.2.108
[INFO] [stderr]     Checking num-traits v0.1.43
[INFO] [stderr]     Checking num-complex v0.4.0
[INFO] [stderr]     Checking enum_primitive v0.1.1
[INFO] [stderr]    Compiling quote v1.0.10
[INFO] [stderr]     Checking num v0.4.0
[INFO] [stderr]    Compiling thiserror-impl v1.0.30
[INFO] [stderr]     Checking thiserror v1.0.30
[INFO] [stderr]     Checking coaster v0.2.0 (/opt/rustwide/workdir)
[INFO] [stdout] warning: unused return value of `Box::<T>::from_raw` that must be used
[INFO] [stdout]   --> src/frameworks/native/flatbox.rs:46:13
[INFO] [stdout]    |
[INFO] [stdout] 46 |             Box::from_raw(self.raw_box);
[INFO] [stdout]    |             ^^^^^^^^^^^^^^^^^^^^^^^^^^^
[INFO] [stdout]    |
[INFO] [stdout]    = note: call `drop(Box::from_raw(ptr))` if you intend to drop the `Box`
[INFO] [stdout]    = note: `#[warn(unused_must_use)]` on by default
[INFO] [stdout] help: use `let _ = ...` to ignore the resulting value
[INFO] [stdout]    |
[INFO] [stdout] 46 |             let _ = Box::from_raw(self.raw_box);
[INFO] [stdout]    |             +++++++
[INFO] [stdout] 
[INFO] [stdout] 
[INFO] [stdout] warning: unused return value of `Box::<T>::from_raw` that must be used
[INFO] [stdout]   --> src/frameworks/native/flatbox.rs:46:13
[INFO] [stdout]    |
[INFO] [stdout] 46 |             Box::from_raw(self.raw_box);
[INFO] [stdout]    |             ^^^^^^^^^^^^^^^^^^^^^^^^^^^
[INFO] [stdout]    |
[INFO] [stdout]    = note: call `drop(Box::from_raw(ptr))` if you intend to drop the `Box`
[INFO] [stdout]    = note: `#[warn(unused_must_use)]` on by default
[INFO] [stdout] help: use `let _ = ...` to ignore the resulting value
[INFO] [stdout]    |
[INFO] [stdout] 46 |             let _ = Box::from_raw(self.raw_box);
[INFO] [stdout]    |             +++++++
[INFO] [stdout] 
[INFO] [stdout] 
[INFO] [stdout] warning: 1 warning emitted
[INFO] [stdout] 
[INFO] [stdout] 
[INFO] [stdout] warning: 1 warning emitted
[INFO] [stdout] 
[INFO] [stdout] 
[INFO] [stdout] error[E0432]: unresolved import `nn`
[INFO] [stdout]   --> examples/readme.rs:12:5
[INFO] [stdout]    |
[INFO] [stdout] 12 | use nn::*;
[INFO] [stdout]    |     ^^ use of undeclared crate or module `nn`
[INFO] [stdout] 
[INFO] [stdout] 
[INFO] [stdout] error[E0432]: unresolved import `coaster_nn`
[INFO] [stdout]  --> examples/readme.rs:2:5
[INFO] [stdout]   |
[INFO] [stdout] 2 | use coaster_nn as nn;
[INFO] [stdout]   |     ^^^^^^^^^^^^^^^^ no external crate `coaster_nn`
[INFO] [stdout] 
[INFO] [stdout] 
[INFO] [stdout] error: aborting due to 2 previous errors
[INFO] [stdout] 
[INFO] [stdout] 
[INFO] [stdout] error[E0433]: failed to resolve: use of undeclared crate or module `trybuild`
[INFO] [stdout]  --> tests/ui.rs:3:13
[INFO] [stdout]   |
[INFO] [stdout] 3 |     let t = trybuild::TestCases::new();
[INFO] [stdout]   |             ^^^^^^^^ use of undeclared crate or module `trybuild`
[INFO] [stdout] 
[INFO] [stdout] 
[INFO] [stderr] error: could not compile `coaster` (example "readme") due to 3 previous errors
[INFO] [stdout] For more information about this error, try `rustc --explain E0432`.
[INFO] [stdout] 
[INFO] [stderr] warning: build failed, waiting for other jobs to finish...
[INFO] [stdout] error: aborting due to 1 previous error
[INFO] [stdout] 
[INFO] [stdout] 
[INFO] [stdout] For more information about this error, try `rustc --explain E0433`.
[INFO] [stdout] 
[INFO] [stdout] error[E0432]: unresolved import `test`
[INFO] [stdout]  --> benches/shared_tensor.rs:8:5
[INFO] [stdout]   |
[INFO] [stdout] 8 | use test::Bencher;
[INFO] [stdout]   |     ^^^^ use of undeclared crate or module `test`
[INFO] [stdout] 
[INFO] [stdout] 
[INFO] [stderr] error: could not compile `coaster` (test "ui") due to 2 previous errors
[INFO] [stdout] warning: unused import: `co::device::IDevice`
[INFO] [stdout]  --> benches/shared_tensor.rs:4:5
[INFO] [stdout]   |
[INFO] [stdout] 4 | use co::device::IDevice;
[INFO] [stdout]   |     ^^^^^^^^^^^^^^^^^^^
[INFO] [stdout]   |
[INFO] [stdout]   = note: `#[warn(unused_imports)]` on by default
[INFO] [stdout] 
[INFO] [stdout] 
[INFO] [stdout] error: aborting due to 1 previous error; 1 warning emitted
[INFO] [stdout] 
[INFO] [stdout] 
[INFO] [stdout] For more information about this error, try `rustc --explain E0432`.
[INFO] [stdout] 
[INFO] [stderr] error: could not compile `coaster` (bench "shared_tensor") due to 2 previous errors; 1 warning emitted
[INFO] running `Command { std: "docker" "inspect" "afc1be9908afdeae63d07de3c4735d4a7854e4623b8a8368b11a868cda6085e4", kill_on_drop: false }`
[INFO] running `Command { std: "docker" "rm" "-f" "afc1be9908afdeae63d07de3c4735d4a7854e4623b8a8368b11a868cda6085e4", kill_on_drop: false }`
[INFO] [stdout] afc1be9908afdeae63d07de3c4735d4a7854e4623b8a8368b11a868cda6085e4
[INFO] checking coaster-0.2.0 against nightly-2024-02-05+rustflags=-Dunexpected_cfgs+cargoflags=-Zcheck-cfg for check-cfg
[INFO] extracting crate coaster 0.2.0 into /workspace/builds/worker-2-tc2/source
[INFO] validating manifest of crates.io crate coaster 0.2.0 on toolchain nightly-2024-02-05
[INFO] running `Command { std: CARGO_HOME="/workspace/cargo-home" RUSTUP_HOME="/workspace/rustup-home" "/workspace/cargo-home/bin/cargo" "+nightly-2024-02-05" "metadata" "--manifest-path" "Cargo.toml" "--no-deps", kill_on_drop: false }`
[INFO] started tweaking crates.io crate coaster 0.2.0
[INFO] finished tweaking crates.io crate coaster 0.2.0
[INFO] tweaked toml for crates.io crate coaster 0.2.0 written to /workspace/builds/worker-2-tc2/source/Cargo.toml
[INFO] crate crates.io crate coaster 0.2.0 already has a lockfile, it will not be regenerated
[INFO] running `Command { std: CARGO_HOME="/workspace/cargo-home" RUSTUP_HOME="/workspace/rustup-home" "/workspace/cargo-home/bin/cargo" "+nightly-2024-02-05" "fetch" "--manifest-path" "Cargo.toml", kill_on_drop: false }`
[INFO] running `Command { std: "docker" "create" "-v" "/var/lib/crater-agent-workspace/builds/worker-2-tc2/target:/opt/rustwide/target:rw,Z" "-v" "/var/lib/crater-agent-workspace/builds/worker-2-tc2/source:/opt/rustwide/workdir:ro,Z" "-v" "/var/lib/crater-agent-workspace/cargo-home:/opt/rustwide/cargo-home:ro,Z" "-v" "/var/lib/crater-agent-workspace/rustup-home:/opt/rustwide/rustup-home:ro,Z" "-e" "SOURCE_DIR=/opt/rustwide/workdir" "-e" "CARGO_TARGET_DIR=/opt/rustwide/target" "-e" "CARGO_HOME=/opt/rustwide/cargo-home" "-e" "RUSTUP_HOME=/opt/rustwide/rustup-home" "-w" "/opt/rustwide/workdir" "-m" "1610612736" "--user" "0:0" "--network" "none" "ghcr.io/rust-lang/crates-build-env/linux@sha256:2788e3201cd34a07e3172128adcd8b3090168a8e3bcc40d7c032b9dda1df7d1c" "/opt/rustwide/cargo-home/bin/cargo" "+nightly-2024-02-05" "metadata" "--no-deps" "--format-version=1", kill_on_drop: false }`
[INFO] [stdout] 8df466bcffe0b15ff3240314a98a205a0cce1bee82281b611a6dda92410f404a
[INFO] running `Command { std: "docker" "start" "-a" "8df466bcffe0b15ff3240314a98a205a0cce1bee82281b611a6dda92410f404a", kill_on_drop: false }`
[INFO] running `Command { std: "docker" "inspect" "8df466bcffe0b15ff3240314a98a205a0cce1bee82281b611a6dda92410f404a", kill_on_drop: false }`
[INFO] running `Command { std: "docker" "rm" "-f" "8df466bcffe0b15ff3240314a98a205a0cce1bee82281b611a6dda92410f404a", kill_on_drop: false }`
[INFO] [stdout] 8df466bcffe0b15ff3240314a98a205a0cce1bee82281b611a6dda92410f404a
[INFO] running `Command { std: "docker" "create" "-v" "/var/lib/crater-agent-workspace/builds/worker-2-tc2/target:/opt/rustwide/target:rw,Z" "-v" "/var/lib/crater-agent-workspace/builds/worker-2-tc2/source:/opt/rustwide/workdir:ro,Z" "-v" "/var/lib/crater-agent-workspace/cargo-home:/opt/rustwide/cargo-home:ro,Z" "-v" "/var/lib/crater-agent-workspace/rustup-home:/opt/rustwide/rustup-home:ro,Z" "-e" "SOURCE_DIR=/opt/rustwide/workdir" "-e" "CARGO_TARGET_DIR=/opt/rustwide/target" "-e" "CARGO_INCREMENTAL=0" "-e" "RUST_BACKTRACE=full" "-e" "RUSTFLAGS=--cap-lints=forbid -Dunexpected_cfgs" "-e" "RUSTDOCFLAGS=--cap-lints=forbid" "-e" "CARGO_HOME=/opt/rustwide/cargo-home" "-e" "RUSTUP_HOME=/opt/rustwide/rustup-home" "-w" "/opt/rustwide/workdir" "-m" "1610612736" "--user" "0:0" "--network" "none" "ghcr.io/rust-lang/crates-build-env/linux@sha256:2788e3201cd34a07e3172128adcd8b3090168a8e3bcc40d7c032b9dda1df7d1c" "/opt/rustwide/cargo-home/bin/cargo" "+nightly-2024-02-05" "check" "--frozen" "--all" "--all-targets" "--message-format=json" "-Zcheck-cfg", kill_on_drop: false }`
[INFO] [stdout] 097ecdcff3cd5c254faeb7ebcdf3c8d5725b72a8c2f18290e98dbad9e90201b6
[INFO] running `Command { std: "docker" "start" "-a" "097ecdcff3cd5c254faeb7ebcdf3c8d5725b72a8c2f18290e98dbad9e90201b6", kill_on_drop: false }`
[INFO] [stderr]    Compiling proc-macro2 v1.0.32
[INFO] [stderr]    Compiling num-bigint v0.4.3
[INFO] [stderr]    Compiling syn v1.0.81
[INFO] [stderr]    Compiling num-rational v0.4.0
[INFO] [stderr]    Compiling num-iter v0.1.42
[INFO] [stderr]    Compiling libc v0.2.108
[INFO] [stderr]     Checking num-traits v0.1.43
[INFO] [stderr]     Checking num-complex v0.4.0
[INFO] [stderr]     Checking enum_primitive v0.1.1
[INFO] [stderr]    Compiling quote v1.0.10
[INFO] [stderr]     Checking num v0.4.0
[INFO] [stderr]    Compiling thiserror-impl v1.0.30
[INFO] [stderr]     Checking thiserror v1.0.30
[INFO] [stderr]     Checking coaster v0.2.0 (/opt/rustwide/workdir)
[INFO] [stdout] warning: unused return value of `Box::<T>::from_raw` that must be used
[INFO] [stdout]   --> src/frameworks/native/flatbox.rs:46:13
[INFO] [stdout]    |
[INFO] [stdout] 46 |             Box::from_raw(self.raw_box);
[INFO] [stdout]    |             ^^^^^^^^^^^^^^^^^^^^^^^^^^^
[INFO] [stdout]    |
[INFO] [stdout]    = note: call `drop(Box::from_raw(ptr))` if you intend to drop the `Box`
[INFO] [stdout]    = note: `#[warn(unused_must_use)]` on by default
[INFO] [stdout] help: use `let _ = ...` to ignore the resulting value
[INFO] [stdout]    |
[INFO] [stdout] 46 |             let _ = Box::from_raw(self.raw_box);
[INFO] [stdout]    |             +++++++
[INFO] [stdout] 
[INFO] [stdout] 
[INFO] [stdout] warning: unused return value of `Box::<T>::from_raw` that must be used
[INFO] [stdout]   --> src/frameworks/native/flatbox.rs:46:13
[INFO] [stdout]    |
[INFO] [stdout] 46 |             Box::from_raw(self.raw_box);
[INFO] [stdout]    |             ^^^^^^^^^^^^^^^^^^^^^^^^^^^
[INFO] [stdout]    |
[INFO] [stdout]    = note: call `drop(Box::from_raw(ptr))` if you intend to drop the `Box`
[INFO] [stdout]    = note: `#[warn(unused_must_use)]` on by default
[INFO] [stdout] help: use `let _ = ...` to ignore the resulting value
[INFO] [stdout]    |
[INFO] [stdout] 46 |             let _ = Box::from_raw(self.raw_box);
[INFO] [stdout]    |             +++++++
[INFO] [stdout] 
[INFO] [stdout] 
[INFO] [stdout] warning: 1 warning emitted
[INFO] [stdout] 
[INFO] [stdout] 
[INFO] [stdout] warning: 1 warning emitted
[INFO] [stdout] 
[INFO] [stdout] 
[INFO] [stdout] error[E0432]: unresolved import `test`
[INFO] [stdout]  --> benches/shared_tensor.rs:8:5
[INFO] [stdout]   |
[INFO] [stdout] 8 | use test::Bencher;
[INFO] [stdout]   |     ^^^^ use of undeclared crate or module `test`
[INFO] [stdout] 
[INFO] [stdout] 
[INFO] [stdout] error[E0433]: failed to resolve: use of undeclared crate or module `trybuild`
[INFO] [stdout]  --> tests/ui.rs:3:13
[INFO] [stdout]   |
[INFO] [stdout] 3 |     let t = trybuild::TestCases::new();
[INFO] [stdout]   |             ^^^^^^^^ use of undeclared crate or module `trybuild`
[INFO] [stdout] 
[INFO] [stdout] 
[INFO] [stdout] warning: unused import: `co::device::IDevice`
[INFO] [stdout]  --> benches/shared_tensor.rs:4:5
[INFO] [stdout]   |
[INFO] [stdout] 4 | use co::device::IDevice;
[INFO] [stdout]   |     ^^^^^^^^^^^^^^^^^^^
[INFO] [stdout]   |
[INFO] [stdout]   = note: `#[warn(unused_imports)]` on by default
[INFO] [stdout] 
[INFO] [stdout] 
[INFO] [stdout] error: aborting due to 1 previous error
[INFO] [stdout] 
[INFO] [stdout] 
[INFO] [stdout] For more information about this error, try `rustc --explain E0433`.
[INFO] [stdout] 
[INFO] [stdout] error: unexpected `cfg` condition name: `features`
[INFO] [stdout]  --> tests/shared_memory_specs.rs:7:11
[INFO] [stdout]   |
[INFO] [stdout] 7 |     #[cfg(features = "cuda")]
[INFO] [stdout]   |           ^^^^^^^^^^^^^^^^^
[INFO] [stdout]   |
[INFO] [stdout]   = note: see <https://doc.rust-lang.org/nightly/cargo/reference/unstable.html#check-cfg> for more information about checking conditional configuration
[INFO] [stdout]   = note: requested on the command line with `-D unexpected-cfgs`
[INFO] [stdout] help: there is a config with a similar name and value
[INFO] [stdout]   |
[INFO] [stdout] 7 |     #[cfg(feature = "cuda")]
[INFO] [stdout]   |           ~~~~~~~
[INFO] [stdout] 
[INFO] [stdout] 
[INFO] [stdout] error: aborting due to 1 previous error; 1 warning emitted
[INFO] [stdout] 
[INFO] [stdout] 
[INFO] [stdout] error: unexpected `cfg` condition name: `features`
[INFO] [stdout]   --> tests/shared_memory_specs.rs:10:11
[INFO] [stdout]    |
[INFO] [stdout] 10 |     #[cfg(features = "cuda")]
[INFO] [stdout]    |           ^^^^^^^^^^^^^^^^^
[INFO] [stdout]    |
[INFO] [stdout]    = note: see <https://doc.rust-lang.org/nightly/cargo/reference/unstable.html#check-cfg> for more information about checking conditional configuration
[INFO] [stdout] help: there is a config with a similar name and value
[INFO] [stdout]    |
[INFO] [stdout] 10 |     #[cfg(feature = "cuda")]
[INFO] [stdout]    |           ~~~~~~~
[INFO] [stdout] 
[INFO] [stdout] 
[INFO] [stdout] error: unexpected `cfg` condition name: `features`
[INFO] [stdout]   --> tests/shared_memory_specs.rs:71:11
[INFO] [stdout]    |
[INFO] [stdout] 71 |     #[cfg(features = "cuda")]
[INFO] [stdout]    |           ^^^^^^^^^^^^^^^^^
[INFO] [stdout]    |
[INFO] [stdout]    = note: see <https://doc.rust-lang.org/nightly/cargo/reference/unstable.html#check-cfg> for more information about checking conditional configuration
[INFO] [stdout] help: there is a config with a similar name and value
[INFO] [stdout]    |
[INFO] [stdout] 71 |     #[cfg(feature = "cuda")]
[INFO] [stdout]    |           ~~~~~~~
[INFO] [stdout] 
[INFO] [stdout] 
[INFO] [stdout] For more information about this error, try `rustc --explain E0432`.
[INFO] [stdout] 
[INFO] [stderr] error: could not compile `coaster` (test "ui") due to 2 previous errors
[INFO] [stderr] warning: build failed, waiting for other jobs to finish...
[INFO] [stdout] error: aborting due to 3 previous errors
[INFO] [stdout] 
[INFO] [stdout] 
[INFO] [stderr] error: could not compile `coaster` (bench "shared_tensor") due to 2 previous errors; 1 warning emitted
[INFO] [stderr] error: could not compile `coaster` (test "shared_memory_specs") due to 4 previous errors
[INFO] [stdout] error[E0432]: unresolved import `nn`
[INFO] [stdout]   --> examples/readme.rs:12:5
[INFO] [stdout]    |
[INFO] [stdout] 12 | use nn::*;
[INFO] [stdout]    |     ^^ use of undeclared crate or module `nn`
[INFO] [stdout] 
[INFO] [stdout] 
[INFO] [stdout] error[E0432]: unresolved import `coaster_nn`
[INFO] [stdout]  --> examples/readme.rs:2:5
[INFO] [stdout]   |
[INFO] [stdout] 2 | use coaster_nn as nn;
[INFO] [stdout]   |     ^^^^^^^^^^^^^^^^ no external crate `coaster_nn`
[INFO] [stdout] 
[INFO] [stdout] 
[INFO] [stdout] error: aborting due to 2 previous errors
[INFO] [stdout] 
[INFO] [stdout] 
[INFO] [stdout] For more information about this error, try `rustc --explain E0432`.
[INFO] [stdout] 
[INFO] [stderr] error: could not compile `coaster` (example "readme") due to 3 previous errors
[INFO] running `Command { std: "docker" "inspect" "097ecdcff3cd5c254faeb7ebcdf3c8d5725b72a8c2f18290e98dbad9e90201b6", kill_on_drop: false }`
[INFO] running `Command { std: "docker" "rm" "-f" "097ecdcff3cd5c254faeb7ebcdf3c8d5725b72a8c2f18290e98dbad9e90201b6", kill_on_drop: false }`
[INFO] [stdout] 097ecdcff3cd5c254faeb7ebcdf3c8d5725b72a8c2f18290e98dbad9e90201b6
