[INFO] fetching crate co-author 0.1.1...
[INFO] checking co-author-0.1.1 against nightly-2024-02-05 for check-cfg
[INFO] extracting crate co-author 0.1.1 into /workspace/builds/worker-4-tc1/source
[INFO] validating manifest of crates.io crate co-author 0.1.1 on toolchain nightly-2024-02-05
[INFO] running `Command { std: CARGO_HOME="/workspace/cargo-home" RUSTUP_HOME="/workspace/rustup-home" "/workspace/cargo-home/bin/cargo" "+nightly-2024-02-05" "metadata" "--manifest-path" "Cargo.toml" "--no-deps", kill_on_drop: false }`
[INFO] started tweaking crates.io crate co-author 0.1.1
[INFO] finished tweaking crates.io crate co-author 0.1.1
[INFO] tweaked toml for crates.io crate co-author 0.1.1 written to /workspace/builds/worker-4-tc1/source/Cargo.toml
[INFO] crate crates.io crate co-author 0.1.1 already has a lockfile, it will not be regenerated
[INFO] running `Command { std: CARGO_HOME="/workspace/cargo-home" RUSTUP_HOME="/workspace/rustup-home" "/workspace/cargo-home/bin/cargo" "+nightly-2024-02-05" "fetch" "--manifest-path" "Cargo.toml", kill_on_drop: false }`
[INFO] [stderr]  Downloading crates ...
[INFO] [stderr]   Downloaded pest_generator v2.7.4
[INFO] [stderr]   Downloaded pest_meta v2.7.4
[INFO] [stderr]   Downloaded pest_derive v2.7.4
[INFO] [stderr]   Downloaded serde v1.0.179
[INFO] [stderr]   Downloaded syn v2.0.27
[INFO] [stderr]   Downloaded pest v2.7.4
[INFO] [stderr]   Downloaded git2 v0.18.1
[INFO] [stderr]   Downloaded libgit2-sys v0.16.1+1.7.1
[INFO] [stderr]   Downloaded rustix v0.38.3
[INFO] [stderr]   Downloaded libssh2-sys v0.3.0
[INFO] [stderr]   Downloaded linux-raw-sys v0.4.3
[INFO] [stderr]   Downloaded serde_derive v1.0.179
[INFO] running `Command { std: "docker" "create" "-v" "/var/lib/crater-agent-workspace/builds/worker-4-tc1/target:/opt/rustwide/target:rw,Z" "-v" "/var/lib/crater-agent-workspace/builds/worker-4-tc1/source:/opt/rustwide/workdir:ro,Z" "-v" "/var/lib/crater-agent-workspace/cargo-home:/opt/rustwide/cargo-home:ro,Z" "-v" "/var/lib/crater-agent-workspace/rustup-home:/opt/rustwide/rustup-home:ro,Z" "-e" "SOURCE_DIR=/opt/rustwide/workdir" "-e" "CARGO_TARGET_DIR=/opt/rustwide/target" "-e" "CARGO_HOME=/opt/rustwide/cargo-home" "-e" "RUSTUP_HOME=/opt/rustwide/rustup-home" "-w" "/opt/rustwide/workdir" "-m" "1610612736" "--user" "0:0" "--network" "none" "ghcr.io/rust-lang/crates-build-env/linux@sha256:2788e3201cd34a07e3172128adcd8b3090168a8e3bcc40d7c032b9dda1df7d1c" "/opt/rustwide/cargo-home/bin/cargo" "+nightly-2024-02-05" "metadata" "--no-deps" "--format-version=1", kill_on_drop: false }`
[INFO] [stdout] 5e38b18c064bed02d7f469575e0316309122d1788dcca8bda6350ce5cfc40ba1
[INFO] running `Command { std: "docker" "start" "-a" "5e38b18c064bed02d7f469575e0316309122d1788dcca8bda6350ce5cfc40ba1", kill_on_drop: false }`
[INFO] running `Command { std: "docker" "inspect" "5e38b18c064bed02d7f469575e0316309122d1788dcca8bda6350ce5cfc40ba1", kill_on_drop: false }`
[INFO] running `Command { std: "docker" "rm" "-f" "5e38b18c064bed02d7f469575e0316309122d1788dcca8bda6350ce5cfc40ba1", kill_on_drop: false }`
[INFO] [stdout] 5e38b18c064bed02d7f469575e0316309122d1788dcca8bda6350ce5cfc40ba1
[INFO] running `Command { std: "docker" "create" "-v" "/var/lib/crater-agent-workspace/builds/worker-4-tc1/target:/opt/rustwide/target:rw,Z" "-v" "/var/lib/crater-agent-workspace/builds/worker-4-tc1/source:/opt/rustwide/workdir:ro,Z" "-v" "/var/lib/crater-agent-workspace/cargo-home:/opt/rustwide/cargo-home:ro,Z" "-v" "/var/lib/crater-agent-workspace/rustup-home:/opt/rustwide/rustup-home:ro,Z" "-e" "SOURCE_DIR=/opt/rustwide/workdir" "-e" "CARGO_TARGET_DIR=/opt/rustwide/target" "-e" "CARGO_INCREMENTAL=0" "-e" "RUST_BACKTRACE=full" "-e" "RUSTFLAGS=--cap-lints=forbid" "-e" "RUSTDOCFLAGS=--cap-lints=forbid" "-e" "CARGO_HOME=/opt/rustwide/cargo-home" "-e" "RUSTUP_HOME=/opt/rustwide/rustup-home" "-w" "/opt/rustwide/workdir" "-m" "1610612736" "--user" "0:0" "--network" "none" "ghcr.io/rust-lang/crates-build-env/linux@sha256:2788e3201cd34a07e3172128adcd8b3090168a8e3bcc40d7c032b9dda1df7d1c" "/opt/rustwide/cargo-home/bin/cargo" "+nightly-2024-02-05" "check" "--frozen" "--all" "--all-targets" "--message-format=json", kill_on_drop: false }`
[INFO] [stdout] f0749819e7cb19659304083c2298318e12fdf833757637b22a114f37abc41309
[INFO] running `Command { std: "docker" "start" "-a" "f0749819e7cb19659304083c2298318e12fdf833757637b22a114f37abc41309", kill_on_drop: false }`
[INFO] [stderr]    Compiling proc-macro2 v1.0.66
[INFO] [stderr]    Compiling libc v0.2.147
[INFO] [stderr]    Compiling unicode-ident v1.0.11
[INFO] [stderr]    Compiling thiserror v1.0.49
[INFO] [stderr]    Compiling rustix v0.38.3
[INFO] [stderr]     Checking bitflags v2.3.3
[INFO] [stderr]     Checking linux-raw-sys v0.4.3
[INFO] [stderr]    Compiling serde v1.0.179
[INFO] [stderr]     Checking smallvec v1.11.0
[INFO] [stderr]    Compiling ahash v0.7.6
[INFO] [stderr]    Compiling memchr v2.5.0
[INFO] [stderr]    Compiling serde_derive v1.0.179
[INFO] [stderr]    Compiling futures-core v0.3.28
[INFO] [stderr]    Compiling once_cell v1.18.0
[INFO] [stderr]     Checking bitflags v1.2.1
[INFO] [stderr]    Compiling jobserver v0.1.27
[INFO] [stderr]    Compiling quote v1.0.32
[INFO] [stderr]    Compiling futures-channel v0.3.28
[INFO] [stderr]    Compiling syn v2.0.27
[INFO] [stderr]    Compiling cc v1.0.79
[INFO] [stderr]     Checking anstyle-parse v0.2.1
[INFO] [stderr]     Checking futures-sink v0.3.28
[INFO] [stderr]     Checking anstyle v1.0.1
[INFO] [stderr]     Checking log v0.4.19
[INFO] [stderr]    Compiling async-trait v0.1.74
[INFO] [stderr]    Compiling futures-util v0.3.28
[INFO] [stderr]    Compiling serde_json v1.0.107
[INFO] [stderr]     Checking dlv-list v0.3.0
[INFO] [stderr]     Checking getrandom v0.2.10
[INFO] [stderr]     Checking nibble_vec v0.1.0
[INFO] [stderr]     Checking endian-type v0.1.2
[INFO] [stderr]     Checking linked-hash-map v0.5.6
[INFO] [stderr]     Checking nom v7.1.3
[INFO] [stderr]     Checking hashbrown v0.12.3
[INFO] [stderr]     Checking yaml-rust v0.4.5
[INFO] [stderr]     Checking radix_trie v0.2.1
[INFO] [stderr]     Checking is-terminal v0.4.9
[INFO] [stderr]     Checking ordered-multimap v0.4.3
[INFO] [stderr]     Checking anstream v0.3.2
[INFO] [stderr]    Compiling openssl-sys v0.9.93
[INFO] [stderr]    Compiling libz-sys v1.1.12
[INFO] [stderr]    Compiling libssh2-sys v0.3.0
[INFO] [stderr]    Compiling libgit2-sys v0.16.1+1.7.1
[INFO] [stderr]     Checking rust-ini v0.18.0
[INFO] [stderr]     Checking clap_builder v4.3.19
[INFO] [stderr]     Checking fd-lock v3.0.13
[INFO] [stderr]     Checking lock_api v0.4.10
[INFO] [stderr]     Checking url v2.4.1
[INFO] [stderr]     Checking parking_lot_core v0.9.8
[INFO] [stderr]     Checking nix v0.26.4
[INFO] [stderr]     Checking ron v0.7.1
[INFO] [stderr]     Checking toml v0.5.11
[INFO] [stderr]     Checking unicode-width v0.1.10
[INFO] [stderr]     Checking pathdiff v0.2.1
[INFO] [stderr]     Checking home v0.5.5
[INFO] [stderr]     Checking colored v2.0.4
[INFO] [stderr]     Checking hashbrown v0.14.1
[INFO] [stderr]     Checking parking_lot v0.12.1
[INFO] [stderr]     Checking futures-executor v0.3.28
[INFO] [stderr]     Checking futures v0.3.28
[INFO] [stderr]     Checking rustyline v12.0.0
[INFO] [stderr]     Checking dashmap v5.5.3
[INFO] [stderr]    Compiling thiserror-impl v1.0.49
[INFO] [stderr]    Compiling clap_derive v4.3.12
[INFO] [stderr]    Compiling serial_test_derive v2.0.0
[INFO] [stderr]     Checking serial_test v2.0.0
[INFO] [stderr]    Compiling pest v2.7.4
[INFO] [stderr]     Checking clap v4.3.19
[INFO] [stderr]    Compiling pest_meta v2.7.4
[INFO] [stderr]    Compiling pest_generator v2.7.4
[INFO] [stderr]    Compiling pest_derive v2.7.4
[INFO] [stderr]     Checking json5 v0.4.1
[INFO] [stderr]     Checking config v0.13.3
[INFO] [stderr]     Checking git2 v0.18.1
[INFO] [stderr]     Checking co-author v0.1.1 (/opt/rustwide/workdir)
[INFO] [stdout] error[E0583]: file not found for module `test`
[INFO] [stdout]  --> src/conf/mod.rs:8:1
[INFO] [stdout]   |
[INFO] [stdout] 8 | mod test;
[INFO] [stdout]   | ^^^^^^^^^
[INFO] [stdout]   |
[INFO] [stdout]   = help: to create the module `test`, create file "src/conf/test.rs" or "src/conf/test/mod.rs"
[INFO] [stdout]   = note: if there is a `mod test` elsewhere in the crate already, import it with `use crate::...` instead
[INFO] [stdout] 
[INFO] [stdout] 
[INFO] [stdout] error[E0583]: file not found for module `test`
[INFO] [stdout]   --> src/cli/mod.rs:97:1
[INFO] [stdout]    |
[INFO] [stdout] 97 | mod test;
[INFO] [stdout]    | ^^^^^^^^^
[INFO] [stdout]    |
[INFO] [stdout]    = help: to create the module `test`, create file "src/cli/test.rs" or "src/cli/test/mod.rs"
[INFO] [stdout]    = note: if there is a `mod test` elsewhere in the crate already, import it with `use crate::...` instead
[INFO] [stdout] 
[INFO] [stdout] 
[INFO] [stdout] error: aborting due to 2 previous errors
[INFO] [stdout] 
[INFO] [stdout] 
[INFO] [stdout] For more information about this error, try `rustc --explain E0583`.
[INFO] [stdout] 
[INFO] [stderr] error: could not compile `co-author` (lib test) due to 3 previous errors
[INFO] [stderr] warning: build failed, waiting for other jobs to finish...
[INFO] running `Command { std: "docker" "inspect" "f0749819e7cb19659304083c2298318e12fdf833757637b22a114f37abc41309", kill_on_drop: false }`
[INFO] running `Command { std: "docker" "rm" "-f" "f0749819e7cb19659304083c2298318e12fdf833757637b22a114f37abc41309", kill_on_drop: false }`
[INFO] [stdout] f0749819e7cb19659304083c2298318e12fdf833757637b22a114f37abc41309
[INFO] checking co-author-0.1.1 against nightly-2024-02-05+rustflags=-Dunexpected_cfgs+cargoflags=-Zcheck-cfg for check-cfg
[INFO] extracting crate co-author 0.1.1 into /workspace/builds/worker-4-tc2/source
[INFO] validating manifest of crates.io crate co-author 0.1.1 on toolchain nightly-2024-02-05
[INFO] running `Command { std: CARGO_HOME="/workspace/cargo-home" RUSTUP_HOME="/workspace/rustup-home" "/workspace/cargo-home/bin/cargo" "+nightly-2024-02-05" "metadata" "--manifest-path" "Cargo.toml" "--no-deps", kill_on_drop: false }`
[INFO] started tweaking crates.io crate co-author 0.1.1
[INFO] finished tweaking crates.io crate co-author 0.1.1
[INFO] tweaked toml for crates.io crate co-author 0.1.1 written to /workspace/builds/worker-4-tc2/source/Cargo.toml
[INFO] crate crates.io crate co-author 0.1.1 already has a lockfile, it will not be regenerated
[INFO] running `Command { std: CARGO_HOME="/workspace/cargo-home" RUSTUP_HOME="/workspace/rustup-home" "/workspace/cargo-home/bin/cargo" "+nightly-2024-02-05" "fetch" "--manifest-path" "Cargo.toml", kill_on_drop: false }`
[INFO] running `Command { std: "docker" "create" "-v" "/var/lib/crater-agent-workspace/builds/worker-4-tc2/target:/opt/rustwide/target:rw,Z" "-v" "/var/lib/crater-agent-workspace/builds/worker-4-tc2/source:/opt/rustwide/workdir:ro,Z" "-v" "/var/lib/crater-agent-workspace/cargo-home:/opt/rustwide/cargo-home:ro,Z" "-v" "/var/lib/crater-agent-workspace/rustup-home:/opt/rustwide/rustup-home:ro,Z" "-e" "SOURCE_DIR=/opt/rustwide/workdir" "-e" "CARGO_TARGET_DIR=/opt/rustwide/target" "-e" "CARGO_HOME=/opt/rustwide/cargo-home" "-e" "RUSTUP_HOME=/opt/rustwide/rustup-home" "-w" "/opt/rustwide/workdir" "-m" "1610612736" "--user" "0:0" "--network" "none" "ghcr.io/rust-lang/crates-build-env/linux@sha256:2788e3201cd34a07e3172128adcd8b3090168a8e3bcc40d7c032b9dda1df7d1c" "/opt/rustwide/cargo-home/bin/cargo" "+nightly-2024-02-05" "metadata" "--no-deps" "--format-version=1", kill_on_drop: false }`
[INFO] [stdout] 766d48381979475be4fead824bffa89d4eca9d5ca4e208d329bb3877bfa215ec
[INFO] running `Command { std: "docker" "start" "-a" "766d48381979475be4fead824bffa89d4eca9d5ca4e208d329bb3877bfa215ec", kill_on_drop: false }`
[INFO] running `Command { std: "docker" "inspect" "766d48381979475be4fead824bffa89d4eca9d5ca4e208d329bb3877bfa215ec", kill_on_drop: false }`
[INFO] running `Command { std: "docker" "rm" "-f" "766d48381979475be4fead824bffa89d4eca9d5ca4e208d329bb3877bfa215ec", kill_on_drop: false }`
[INFO] [stdout] 766d48381979475be4fead824bffa89d4eca9d5ca4e208d329bb3877bfa215ec
[INFO] running `Command { std: "docker" "create" "-v" "/var/lib/crater-agent-workspace/builds/worker-4-tc2/target:/opt/rustwide/target:rw,Z" "-v" "/var/lib/crater-agent-workspace/builds/worker-4-tc2/source:/opt/rustwide/workdir:ro,Z" "-v" "/var/lib/crater-agent-workspace/cargo-home:/opt/rustwide/cargo-home:ro,Z" "-v" "/var/lib/crater-agent-workspace/rustup-home:/opt/rustwide/rustup-home:ro,Z" "-e" "SOURCE_DIR=/opt/rustwide/workdir" "-e" "CARGO_TARGET_DIR=/opt/rustwide/target" "-e" "CARGO_INCREMENTAL=0" "-e" "RUST_BACKTRACE=full" "-e" "RUSTFLAGS=--cap-lints=forbid -Dunexpected_cfgs" "-e" "RUSTDOCFLAGS=--cap-lints=forbid" "-e" "CARGO_HOME=/opt/rustwide/cargo-home" "-e" "RUSTUP_HOME=/opt/rustwide/rustup-home" "-w" "/opt/rustwide/workdir" "-m" "1610612736" "--user" "0:0" "--network" "none" "ghcr.io/rust-lang/crates-build-env/linux@sha256:2788e3201cd34a07e3172128adcd8b3090168a8e3bcc40d7c032b9dda1df7d1c" "/opt/rustwide/cargo-home/bin/cargo" "+nightly-2024-02-05" "check" "--frozen" "--all" "--all-targets" "--message-format=json" "-Zcheck-cfg", kill_on_drop: false }`
[INFO] [stdout] 67160d98ecc6da6d0e1e1f50d75a288ed05afb160d6287a9596241bbd0710ab0
[INFO] running `Command { std: "docker" "start" "-a" "67160d98ecc6da6d0e1e1f50d75a288ed05afb160d6287a9596241bbd0710ab0", kill_on_drop: false }`
[INFO] [stderr]    Compiling proc-macro2 v1.0.66
[INFO] [stderr]    Compiling libc v0.2.147
[INFO] [stderr]    Compiling unicode-ident v1.0.11
[INFO] [stderr]    Compiling thiserror v1.0.49
[INFO] [stderr]    Compiling rustix v0.38.3
[INFO] [stderr]     Checking bitflags v2.3.3
[INFO] [stderr]     Checking linux-raw-sys v0.4.3
[INFO] [stderr]     Checking smallvec v1.11.0
[INFO] [stderr]    Compiling serde v1.0.179
[INFO] [stderr]    Compiling ahash v0.7.6
[INFO] [stderr]    Compiling memchr v2.5.0
[INFO] [stderr]    Compiling serde_derive v1.0.179
[INFO] [stderr]    Compiling futures-core v0.3.28
[INFO] [stderr]    Compiling once_cell v1.18.0
[INFO] [stderr]    Compiling quote v1.0.32
[INFO] [stderr]    Compiling jobserver v0.1.27
[INFO] [stderr]     Checking bitflags v1.2.1
[INFO] [stderr]    Compiling futures-channel v0.3.28
[INFO] [stderr]    Compiling syn v2.0.27
[INFO] [stderr]    Compiling cc v1.0.79
[INFO] [stderr]     Checking anstyle-parse v0.2.1
[INFO] [stderr]    Compiling futures-util v0.3.28
[INFO] [stderr]     Checking anstyle v1.0.1
[INFO] [stderr]    Compiling async-trait v0.1.74
[INFO] [stderr]     Checking dlv-list v0.3.0
[INFO] [stderr]     Checking log v0.4.19
[INFO] [stderr]    Compiling serde_json v1.0.107
[INFO] [stderr]     Checking futures-sink v0.3.28
[INFO] [stderr]     Checking getrandom v0.2.10
[INFO] [stderr]     Checking nibble_vec v0.1.0
[INFO] [stderr]     Checking linked-hash-map v0.5.6
[INFO] [stderr]     Checking endian-type v0.1.2
[INFO] [stderr]     Checking yaml-rust v0.4.5
[INFO] [stderr]     Checking radix_trie v0.2.1
[INFO] [stderr]     Checking hashbrown v0.12.3
[INFO] [stderr]     Checking is-terminal v0.4.9
[INFO] [stderr]     Checking anstream v0.3.2
[INFO] [stderr]     Checking fd-lock v3.0.13
[INFO] [stderr]    Compiling libz-sys v1.1.12
[INFO] [stderr]    Compiling openssl-sys v0.9.93
[INFO] [stderr]    Compiling libssh2-sys v0.3.0
[INFO] [stderr]    Compiling libgit2-sys v0.16.1+1.7.1
[INFO] [stderr]     Checking ordered-multimap v0.4.3
[INFO] [stderr]     Checking clap_builder v4.3.19
[INFO] [stderr]     Checking nom v7.1.3
[INFO] [stderr]     Checking rust-ini v0.18.0
[INFO] [stderr]     Checking lock_api v0.4.10
[INFO] [stderr]     Checking url v2.4.1
[INFO] [stderr]     Checking parking_lot_core v0.9.8
[INFO] [stderr]     Checking ron v0.7.1
[INFO] [stderr]     Checking toml v0.5.11
[INFO] [stderr]     Checking nix v0.26.4
[INFO] [stderr]     Checking unicode-width v0.1.10
[INFO] [stderr]     Checking home v0.5.5
[INFO] [stderr]     Checking pathdiff v0.2.1
[INFO] [stderr]     Checking colored v2.0.4
[INFO] [stderr]     Checking futures-executor v0.3.28
[INFO] [stderr]     Checking hashbrown v0.14.1
[INFO] [stderr]     Checking parking_lot v0.12.1
[INFO] [stderr]     Checking futures v0.3.28
[INFO] [stderr]     Checking dashmap v5.5.3
[INFO] [stderr]    Compiling thiserror-impl v1.0.49
[INFO] [stderr]    Compiling clap_derive v4.3.12
[INFO] [stderr]    Compiling serial_test_derive v2.0.0
[INFO] [stderr]     Checking rustyline v12.0.0
[INFO] [stderr]     Checking serial_test v2.0.0
[INFO] [stderr]    Compiling pest v2.7.4
[INFO] [stderr]     Checking clap v4.3.19
[INFO] [stderr]    Compiling pest_meta v2.7.4
[INFO] [stderr]    Compiling pest_generator v2.7.4
[INFO] [stderr]    Compiling pest_derive v2.7.4
[INFO] [stderr]     Checking json5 v0.4.1
[INFO] [stderr]     Checking config v0.13.3
[INFO] [stderr]     Checking git2 v0.18.1
[INFO] [stderr]     Checking co-author v0.1.1 (/opt/rustwide/workdir)
[INFO] [stdout] error[E0583]: file not found for module `test`
[INFO] [stdout]  --> src/conf/mod.rs:8:1
[INFO] [stdout]   |
[INFO] [stdout] 8 | mod test;
[INFO] [stdout]   | ^^^^^^^^^
[INFO] [stdout]   |
[INFO] [stdout]   = help: to create the module `test`, create file "src/conf/test.rs" or "src/conf/test/mod.rs"
[INFO] [stdout]   = note: if there is a `mod test` elsewhere in the crate already, import it with `use crate::...` instead
[INFO] [stdout] 
[INFO] [stdout] 
[INFO] [stdout] error[E0583]: file not found for module `test`
[INFO] [stdout]   --> src/cli/mod.rs:97:1
[INFO] [stdout]    |
[INFO] [stdout] 97 | mod test;
[INFO] [stdout]    | ^^^^^^^^^
[INFO] [stdout]    |
[INFO] [stdout]    = help: to create the module `test`, create file "src/cli/test.rs" or "src/cli/test/mod.rs"
[INFO] [stdout]    = note: if there is a `mod test` elsewhere in the crate already, import it with `use crate::...` instead
[INFO] [stdout] 
[INFO] [stdout] 
[INFO] [stdout] error: aborting due to 2 previous errors
[INFO] [stdout] 
[INFO] [stdout] 
[INFO] [stdout] For more information about this error, try `rustc --explain E0583`.
[INFO] [stdout] 
[INFO] [stdout] error[E0583]: file not found for module `test`
[INFO] [stdout]   --> src/git/hook_runner/mod.rs:53:1
[INFO] [stdout]    |
[INFO] [stdout] 53 | mod test;
[INFO] [stdout]    | ^^^^^^^^^
[INFO] [stdout]    |
[INFO] [stdout]    = help: to create the module `test`, create file "src/git/hook_runner/test.rs" or "src/git/hook_runner/test/mod.rs"
[INFO] [stdout]    = note: if there is a `mod test` elsewhere in the crate already, import it with `use crate::...` instead
[INFO] [stdout] 
[INFO] [stdout] 
[INFO] [stderr] error: could not compile `co-author` (lib test) due to 3 previous errors
[INFO] [stderr] warning: build failed, waiting for other jobs to finish...
[INFO] [stdout] error: aborting due to 1 previous error
[INFO] [stdout] 
[INFO] [stdout] 
[INFO] [stdout] For more information about this error, try `rustc --explain E0583`.
[INFO] [stdout] 
[INFO] [stderr] error: could not compile `co-author` (bin "co-author" test) due to 2 previous errors
[INFO] running `Command { std: "docker" "inspect" "67160d98ecc6da6d0e1e1f50d75a288ed05afb160d6287a9596241bbd0710ab0", kill_on_drop: false }`
[INFO] running `Command { std: "docker" "rm" "-f" "67160d98ecc6da6d0e1e1f50d75a288ed05afb160d6287a9596241bbd0710ab0", kill_on_drop: false }`
[INFO] [stdout] 67160d98ecc6da6d0e1e1f50d75a288ed05afb160d6287a9596241bbd0710ab0
