[INFO] fetching crate clia-ntex-files-mod 0.3.0...
[INFO] checking clia-ntex-files-mod-0.3.0 against nightly-2024-02-05 for check-cfg
[INFO] extracting crate clia-ntex-files-mod 0.3.0 into /workspace/builds/worker-0-tc1/source
[INFO] validating manifest of crates.io crate clia-ntex-files-mod 0.3.0 on toolchain nightly-2024-02-05
[INFO] running `Command { std: CARGO_HOME="/workspace/cargo-home" RUSTUP_HOME="/workspace/rustup-home" "/workspace/cargo-home/bin/cargo" "+nightly-2024-02-05" "metadata" "--manifest-path" "Cargo.toml" "--no-deps", kill_on_drop: false }`
[INFO] started tweaking crates.io crate clia-ntex-files-mod 0.3.0
[INFO] finished tweaking crates.io crate clia-ntex-files-mod 0.3.0
[INFO] tweaked toml for crates.io crate clia-ntex-files-mod 0.3.0 written to /workspace/builds/worker-0-tc1/source/Cargo.toml
[INFO] running `Command { std: CARGO_HOME="/workspace/cargo-home" RUSTUP_HOME="/workspace/rustup-home" "/workspace/cargo-home/bin/cargo" "+nightly-2024-02-05" "generate-lockfile" "--manifest-path" "Cargo.toml", kill_on_drop: false }`
[INFO] [stderr]     Updating crates.io index
[INFO] running `Command { std: CARGO_HOME="/workspace/cargo-home" RUSTUP_HOME="/workspace/rustup-home" "/workspace/cargo-home/bin/cargo" "+nightly-2024-02-05" "fetch" "--manifest-path" "Cargo.toml", kill_on_drop: false }`
[INFO] [stderr]  Downloading crates ...
[INFO] [stderr]   Downloaded ntex-codec v0.6.2
[INFO] [stderr]   Downloaded ntex-rt v0.4.11
[INFO] [stderr]   Downloaded oneshot v0.1.6
[INFO] [stderr]   Downloaded ntex-bytes v0.1.24
[INFO] [stderr]   Downloaded sha-1 v0.10.1
[INFO] [stderr]   Downloaded ntex-tls v0.3.3
[INFO] [stderr]   Downloaded ntex-service v1.2.7
[INFO] [stderr]   Downloaded ntex-router v0.5.3
[INFO] [stderr]   Downloaded v_htmlescape v0.15.8
[INFO] [stderr]   Downloaded ntex-macros v0.1.3
[INFO] [stderr]   Downloaded ntex-tokio v0.3.1
[INFO] [stderr]   Downloaded ntex-http v0.1.12
[INFO] [stderr]   Downloaded ntex-connect v0.3.4
[INFO] [stderr]   Downloaded ntex-io v0.3.17
[INFO] [stderr]   Downloaded ntex-util v0.3.4
[INFO] [stderr]   Downloaded ntex-h2 v0.4.4
[INFO] [stderr]   Downloaded ntex v0.7.17
[INFO] running `Command { std: "docker" "create" "-v" "/var/lib/crater-agent-workspace/builds/worker-0-tc1/target:/opt/rustwide/target:rw,Z" "-v" "/var/lib/crater-agent-workspace/builds/worker-0-tc1/source:/opt/rustwide/workdir:ro,Z" "-v" "/var/lib/crater-agent-workspace/cargo-home:/opt/rustwide/cargo-home:ro,Z" "-v" "/var/lib/crater-agent-workspace/rustup-home:/opt/rustwide/rustup-home:ro,Z" "-e" "SOURCE_DIR=/opt/rustwide/workdir" "-e" "CARGO_TARGET_DIR=/opt/rustwide/target" "-e" "CARGO_HOME=/opt/rustwide/cargo-home" "-e" "RUSTUP_HOME=/opt/rustwide/rustup-home" "-w" "/opt/rustwide/workdir" "-m" "1610612736" "--user" "0:0" "--network" "none" "ghcr.io/rust-lang/crates-build-env/linux@sha256:2788e3201cd34a07e3172128adcd8b3090168a8e3bcc40d7c032b9dda1df7d1c" "/opt/rustwide/cargo-home/bin/cargo" "+nightly-2024-02-05" "metadata" "--no-deps" "--format-version=1", kill_on_drop: false }`
[INFO] [stdout] 5a6c422a10d95bd66b884ac5e692e2ff75e2f6ef9b9213ea5fd18d60e7ce9066
[INFO] running `Command { std: "docker" "start" "-a" "5a6c422a10d95bd66b884ac5e692e2ff75e2f6ef9b9213ea5fd18d60e7ce9066", kill_on_drop: false }`
[INFO] running `Command { std: "docker" "inspect" "5a6c422a10d95bd66b884ac5e692e2ff75e2f6ef9b9213ea5fd18d60e7ce9066", kill_on_drop: false }`
[INFO] running `Command { std: "docker" "rm" "-f" "5a6c422a10d95bd66b884ac5e692e2ff75e2f6ef9b9213ea5fd18d60e7ce9066", kill_on_drop: false }`
[INFO] [stdout] 5a6c422a10d95bd66b884ac5e692e2ff75e2f6ef9b9213ea5fd18d60e7ce9066
[INFO] running `Command { std: "docker" "create" "-v" "/var/lib/crater-agent-workspace/builds/worker-0-tc1/target:/opt/rustwide/target:rw,Z" "-v" "/var/lib/crater-agent-workspace/builds/worker-0-tc1/source:/opt/rustwide/workdir:ro,Z" "-v" "/var/lib/crater-agent-workspace/cargo-home:/opt/rustwide/cargo-home:ro,Z" "-v" "/var/lib/crater-agent-workspace/rustup-home:/opt/rustwide/rustup-home:ro,Z" "-e" "SOURCE_DIR=/opt/rustwide/workdir" "-e" "CARGO_TARGET_DIR=/opt/rustwide/target" "-e" "CARGO_INCREMENTAL=0" "-e" "RUST_BACKTRACE=full" "-e" "RUSTFLAGS=--cap-lints=forbid" "-e" "RUSTDOCFLAGS=--cap-lints=forbid" "-e" "CARGO_HOME=/opt/rustwide/cargo-home" "-e" "RUSTUP_HOME=/opt/rustwide/rustup-home" "-w" "/opt/rustwide/workdir" "-m" "1610612736" "--user" "0:0" "--network" "none" "ghcr.io/rust-lang/crates-build-env/linux@sha256:2788e3201cd34a07e3172128adcd8b3090168a8e3bcc40d7c032b9dda1df7d1c" "/opt/rustwide/cargo-home/bin/cargo" "+nightly-2024-02-05" "check" "--frozen" "--all" "--all-targets" "--message-format=json", kill_on_drop: false }`
[INFO] [stdout] bcddacf6081b2d8eb0fb5f003aa0842bfb9db24868dc5ead1b902e417e5d71d2
[INFO] running `Command { std: "docker" "start" "-a" "bcddacf6081b2d8eb0fb5f003aa0842bfb9db24868dc5ead1b902e417e5d71d2", kill_on_drop: false }`
[INFO] [stderr]    Compiling libc v0.2.153
[INFO] [stderr]     Checking bitflags v2.4.2
[INFO] [stderr]    Compiling crossbeam-utils v0.8.19
[INFO] [stderr]     Checking parking v2.2.0
[INFO] [stderr]     Checking oneshot v0.1.6
[INFO] [stderr]     Checking ntex-service v1.2.7
[INFO] [stderr]     Checking futures-timer v3.0.2
[INFO] [stderr]    Compiling unicase v2.7.0
[INFO] [stderr]    Compiling openssl v0.10.63
[INFO] [stderr]     Checking ntex-bytes v0.1.24
[INFO] [stderr]     Checking http v1.0.0
[INFO] [stderr]    Compiling openssl-macros v0.1.1
[INFO] [stderr]     Checking regex-syntax v0.8.2
[INFO] [stderr]    Compiling rustix v0.38.31
[INFO] [stderr]     Checking ntex-codec v0.6.2
[INFO] [stderr]     Checking concurrent-queue v2.4.0
[INFO] [stderr]     Checking futures-channel v0.3.30
[INFO] [stderr]     Checking event-listener v4.0.3
[INFO] [stderr]     Checking linux-raw-sys v0.4.13
[INFO] [stderr]     Checking futures-util v0.3.30
[INFO] [stderr]     Checking miniz_oxide v0.7.2
[INFO] [stderr]     Checking event-listener-strategy v0.4.0
[INFO] [stderr]     Checking ntex-http v0.1.12
[INFO] [stderr]     Checking async-channel v2.1.1
[INFO] [stderr]    Compiling mime_guess v2.0.4
[INFO] [stderr]     Checking tracing v0.1.40
[INFO] [stderr]    Compiling v_htmlescape v0.15.8
[INFO] [stderr]     Checking nanorand v0.7.0
[INFO] [stderr]     Checking regex-automata v0.4.5
[INFO] [stderr]     Checking sha-1 v0.10.1
[INFO] [stderr]     Checking flate2 v1.0.28
[INFO] [stderr]    Compiling cc v1.0.83
[INFO] [stderr]     Checking socket2 v0.5.5
[INFO] [stderr]     Checking signal-hook-registry v1.4.1
[INFO] [stderr]     Checking mio v0.8.10
[INFO] [stderr]     Checking serde_urlencoded v0.7.1
[INFO] [stderr]    Compiling ntex-macros v0.1.3
[INFO] [stderr]    Compiling derive_more v0.99.17
[INFO] [stderr]     Checking tokio v1.36.0
[INFO] [stderr]     Checking regex v1.10.3
[INFO] [stderr]     Checking language-tags v0.3.2
[INFO] [stderr]    Compiling openssl-sys v0.9.99
[INFO] [stderr]    Compiling brotli-sys v0.3.2
[INFO] [stderr]     Checking ntex-router v0.5.3
[INFO] [stderr]     Checking futures-executor v0.3.30
[INFO] [stderr]     Checking futures v0.3.30
[INFO] [stderr]     Checking polling v3.4.0
[INFO] [stderr]     Checking ntex-rt v0.4.11
[INFO] [stderr]     Checking ntex-util v0.3.4
[INFO] [stderr]     Checking ntex-io v0.3.17
[INFO] [stderr]     Checking ntex-tokio v0.3.1
[INFO] [stderr]     Checking ntex-tls v0.3.3
[INFO] [stderr]     Checking brotli2 v0.3.2
[INFO] [stderr]     Checking ntex-connect v0.3.4
[INFO] [stderr]     Checking ntex-h2 v0.4.4
[INFO] [stderr]     Checking ntex v0.7.17
[INFO] [stderr]     Checking clia-ntex-files-mod v0.3.0 (/opt/rustwide/workdir)
[INFO] [stdout] error[E0277]: the trait bound `http::HeaderValue: From<&ntex::http::header::HeaderValue>` is not satisfied
[INFO] [stdout]    --> src/named.rs:436:19
[INFO] [stdout]     |
[INFO] [stdout] 436 |         let hdr = ::http::HeaderValue::from(val);
[INFO] [stdout]     |                   ^^^^^^^^^^^^^^^^^^^ the trait `From<&ntex::http::header::HeaderValue>` is not implemented for `http::HeaderValue`
[INFO] [stdout]     |
[INFO] [stdout]     = help: the following other types implement trait `From<T>`:
[INFO] [stdout]               <http::HeaderValue as From<isize>>
[INFO] [stdout]               <http::HeaderValue as From<i16>>
[INFO] [stdout]               <http::HeaderValue as From<i32>>
[INFO] [stdout]               <http::HeaderValue as From<i64>>
[INFO] [stdout]               <http::HeaderValue as From<usize>>
[INFO] [stdout]               <http::HeaderValue as From<u16>>
[INFO] [stdout]               <http::HeaderValue as From<u32>>
[INFO] [stdout]               <http::HeaderValue as From<u64>>
[INFO] [stdout]             and 2 others
[INFO] [stdout] 
[INFO] [stdout] 
[INFO] [stdout] error[E0277]: the trait bound `http::HeaderValue: From<&ntex::http::header::HeaderValue>` is not satisfied
[INFO] [stdout]    --> src/named.rs:436:19
[INFO] [stdout]     |
[INFO] [stdout] 436 |         let hdr = ::http::HeaderValue::from(val);
[INFO] [stdout]     |                   ^^^^^^^^^^^^^^^^^^^ the trait `From<&ntex::http::header::HeaderValue>` is not implemented for `http::HeaderValue`
[INFO] [stdout]     |
[INFO] [stdout]     = help: the following other types implement trait `From<T>`:
[INFO] [stdout]               <http::HeaderValue as From<isize>>
[INFO] [stdout]               <http::HeaderValue as From<i16>>
[INFO] [stdout]               <http::HeaderValue as From<i32>>
[INFO] [stdout]               <http::HeaderValue as From<i64>>
[INFO] [stdout]               <http::HeaderValue as From<usize>>
[INFO] [stdout]               <http::HeaderValue as From<u16>>
[INFO] [stdout]               <http::HeaderValue as From<u32>>
[INFO] [stdout]               <http::HeaderValue as From<u64>>
[INFO] [stdout]             and 2 others
[INFO] [stdout] 
[INFO] [stdout] 
[INFO] [stdout] error[E0277]: the trait bound `http::HeaderValue: From<&ntex::http::header::HeaderValue>` is not satisfied
[INFO] [stdout]    --> src/named.rs:459:19
[INFO] [stdout]     |
[INFO] [stdout] 459 |         let hdr = ::http::HeaderValue::from(val);
[INFO] [stdout]     |                   ^^^^^^^^^^^^^^^^^^^ the trait `From<&ntex::http::header::HeaderValue>` is not implemented for `http::HeaderValue`
[INFO] [stdout]     |
[INFO] [stdout]     = help: the following other types implement trait `From<T>`:
[INFO] [stdout]               <http::HeaderValue as From<isize>>
[INFO] [stdout]               <http::HeaderValue as From<i16>>
[INFO] [stdout]               <http::HeaderValue as From<i32>>
[INFO] [stdout]               <http::HeaderValue as From<i64>>
[INFO] [stdout]               <http::HeaderValue as From<usize>>
[INFO] [stdout]               <http::HeaderValue as From<u16>>
[INFO] [stdout]               <http::HeaderValue as From<u32>>
[INFO] [stdout]               <http::HeaderValue as From<u64>>
[INFO] [stdout]             and 2 others
[INFO] [stdout] 
[INFO] [stdout] 
[INFO] [stdout] error[E0277]: the trait bound `http::HeaderValue: From<&ntex::http::header::HeaderValue>` is not satisfied
[INFO] [stdout]    --> src/named.rs:459:19
[INFO] [stdout]     |
[INFO] [stdout] 459 |         let hdr = ::http::HeaderValue::from(val);
[INFO] [stdout]     |                   ^^^^^^^^^^^^^^^^^^^ the trait `From<&ntex::http::header::HeaderValue>` is not implemented for `http::HeaderValue`
[INFO] [stdout]     |
[INFO] [stdout]     = help: the following other types implement trait `From<T>`:
[INFO] [stdout]               <http::HeaderValue as From<isize>>
[INFO] [stdout]               <http::HeaderValue as From<i16>>
[INFO] [stdout]               <http::HeaderValue as From<i32>>
[INFO] [stdout]               <http::HeaderValue as From<i64>>
[INFO] [stdout]               <http::HeaderValue as From<usize>>
[INFO] [stdout]               <http::HeaderValue as From<u16>>
[INFO] [stdout]               <http::HeaderValue as From<u32>>
[INFO] [stdout]               <http::HeaderValue as From<u64>>
[INFO] [stdout]             and 2 others
[INFO] [stdout] 
[INFO] [stdout] 
[INFO] [stdout] error: aborting due to 2 previous errors
[INFO] [stdout] 
[INFO] [stdout] 
[INFO] [stdout] For more information about this error, try `rustc --explain E0277`.
[INFO] [stdout] 
[INFO] [stderr] error: could not compile `clia-ntex-files-mod` (lib) due to 3 previous errors
[INFO] [stderr] warning: build failed, waiting for other jobs to finish...
[INFO] [stdout] error: aborting due to 2 previous errors
[INFO] [stdout] 
[INFO] [stdout] 
[INFO] [stdout] For more information about this error, try `rustc --explain E0277`.
[INFO] [stdout] 
[INFO] [stderr] error: could not compile `clia-ntex-files-mod` (lib test) due to 3 previous errors
[INFO] running `Command { std: "docker" "inspect" "bcddacf6081b2d8eb0fb5f003aa0842bfb9db24868dc5ead1b902e417e5d71d2", kill_on_drop: false }`
[INFO] running `Command { std: "docker" "rm" "-f" "bcddacf6081b2d8eb0fb5f003aa0842bfb9db24868dc5ead1b902e417e5d71d2", kill_on_drop: false }`
[INFO] [stdout] bcddacf6081b2d8eb0fb5f003aa0842bfb9db24868dc5ead1b902e417e5d71d2
