[INFO] fetching crate ckb-stop-handler 0.112.1...
[INFO] checking ckb-stop-handler-0.112.1 against nightly-2024-02-05 for check-cfg
[INFO] extracting crate ckb-stop-handler 0.112.1 into /workspace/builds/worker-0-tc1/source
[INFO] validating manifest of crates.io crate ckb-stop-handler 0.112.1 on toolchain nightly-2024-02-05
[INFO] running `Command { std: CARGO_HOME="/workspace/cargo-home" RUSTUP_HOME="/workspace/rustup-home" "/workspace/cargo-home/bin/cargo" "+nightly-2024-02-05" "metadata" "--manifest-path" "Cargo.toml" "--no-deps", kill_on_drop: false }`
[INFO] started tweaking crates.io crate ckb-stop-handler 0.112.1
[INFO] finished tweaking crates.io crate ckb-stop-handler 0.112.1
[INFO] tweaked toml for crates.io crate ckb-stop-handler 0.112.1 written to /workspace/builds/worker-0-tc1/source/Cargo.toml
[INFO] running `Command { std: CARGO_HOME="/workspace/cargo-home" RUSTUP_HOME="/workspace/rustup-home" "/workspace/cargo-home/bin/cargo" "+nightly-2024-02-05" "generate-lockfile" "--manifest-path" "Cargo.toml", kill_on_drop: false }`
[INFO] [stderr]     Blocking waiting for file lock on package cache
[INFO] [stderr]     Updating crates.io index
[INFO] running `Command { std: CARGO_HOME="/workspace/cargo-home" RUSTUP_HOME="/workspace/rustup-home" "/workspace/cargo-home/bin/cargo" "+nightly-2024-02-05" "fetch" "--manifest-path" "Cargo.toml", kill_on_drop: false }`
[INFO] running `Command { std: "docker" "create" "-v" "/var/lib/crater-agent-workspace/builds/worker-0-tc1/target:/opt/rustwide/target:rw,Z" "-v" "/var/lib/crater-agent-workspace/builds/worker-0-tc1/source:/opt/rustwide/workdir:ro,Z" "-v" "/var/lib/crater-agent-workspace/cargo-home:/opt/rustwide/cargo-home:ro,Z" "-v" "/var/lib/crater-agent-workspace/rustup-home:/opt/rustwide/rustup-home:ro,Z" "-e" "SOURCE_DIR=/opt/rustwide/workdir" "-e" "CARGO_TARGET_DIR=/opt/rustwide/target" "-e" "CARGO_HOME=/opt/rustwide/cargo-home" "-e" "RUSTUP_HOME=/opt/rustwide/rustup-home" "-w" "/opt/rustwide/workdir" "-m" "1610612736" "--user" "0:0" "--network" "none" "ghcr.io/rust-lang/crates-build-env/linux@sha256:2788e3201cd34a07e3172128adcd8b3090168a8e3bcc40d7c032b9dda1df7d1c" "/opt/rustwide/cargo-home/bin/cargo" "+nightly-2024-02-05" "metadata" "--no-deps" "--format-version=1", kill_on_drop: false }`
[INFO] [stdout] ef7c0876b087f7be4db8e681d5d94802b516e343902ef09e9d668b9ee44e9891
[INFO] running `Command { std: "docker" "start" "-a" "ef7c0876b087f7be4db8e681d5d94802b516e343902ef09e9d668b9ee44e9891", kill_on_drop: false }`
[INFO] running `Command { std: "docker" "inspect" "ef7c0876b087f7be4db8e681d5d94802b516e343902ef09e9d668b9ee44e9891", kill_on_drop: false }`
[INFO] running `Command { std: "docker" "rm" "-f" "ef7c0876b087f7be4db8e681d5d94802b516e343902ef09e9d668b9ee44e9891", kill_on_drop: false }`
[INFO] [stdout] ef7c0876b087f7be4db8e681d5d94802b516e343902ef09e9d668b9ee44e9891
[INFO] running `Command { std: "docker" "create" "-v" "/var/lib/crater-agent-workspace/builds/worker-0-tc1/target:/opt/rustwide/target:rw,Z" "-v" "/var/lib/crater-agent-workspace/builds/worker-0-tc1/source:/opt/rustwide/workdir:ro,Z" "-v" "/var/lib/crater-agent-workspace/cargo-home:/opt/rustwide/cargo-home:ro,Z" "-v" "/var/lib/crater-agent-workspace/rustup-home:/opt/rustwide/rustup-home:ro,Z" "-e" "SOURCE_DIR=/opt/rustwide/workdir" "-e" "CARGO_TARGET_DIR=/opt/rustwide/target" "-e" "CARGO_INCREMENTAL=0" "-e" "RUST_BACKTRACE=full" "-e" "RUSTFLAGS=--cap-lints=forbid" "-e" "RUSTDOCFLAGS=--cap-lints=forbid" "-e" "CARGO_HOME=/opt/rustwide/cargo-home" "-e" "RUSTUP_HOME=/opt/rustwide/rustup-home" "-w" "/opt/rustwide/workdir" "-m" "1610612736" "--user" "0:0" "--network" "none" "ghcr.io/rust-lang/crates-build-env/linux@sha256:2788e3201cd34a07e3172128adcd8b3090168a8e3bcc40d7c032b9dda1df7d1c" "/opt/rustwide/cargo-home/bin/cargo" "+nightly-2024-02-05" "check" "--frozen" "--all" "--all-targets" "--message-format=json", kill_on_drop: false }`
[INFO] [stdout] 2bacb0210ec5449c28e42f59bb67e61880f722d1e2c8378c255ffa0524cc700d
[INFO] running `Command { std: "docker" "start" "-a" "2bacb0210ec5449c28e42f59bb67e61880f722d1e2c8378c255ffa0524cc700d", kill_on_drop: false }`
[INFO] [stderr]    Compiling libc v0.2.153
[INFO] [stderr]    Compiling lock_api v0.4.11
[INFO] [stderr]    Compiling unicode-ident v1.0.12
[INFO] [stderr]    Compiling parking_lot_core v0.9.9
[INFO] [stderr]     Checking smallvec v1.13.1
[INFO] [stderr]     Checking scopeguard v1.2.0
[INFO] [stderr]    Compiling serde v1.0.196
[INFO] [stderr]     Checking memchr v2.7.1
[INFO] [stderr]    Compiling crossbeam-utils v0.8.19
[INFO] [stderr]     Checking pin-project-lite v0.2.13
[INFO] [stderr]     Checking bytes v1.5.0
[INFO] [stderr]     Checking regex-syntax v0.8.2
[INFO] [stderr]     Checking log v0.4.20
[INFO] [stderr]     Checking once_cell v1.19.0
[INFO] [stderr]     Checking futures-core v0.3.30
[INFO] [stderr]     Checking futures-sink v0.3.30
[INFO] [stderr]    Compiling proc-macro2 v1.0.78
[INFO] [stderr]     Checking ckb-spawn v0.112.1
[INFO] [stderr]     Checking ckb-logger v0.112.1
[INFO] [stderr]    Compiling quote v1.0.35
[INFO] [stderr]     Checking aho-corasick v1.1.2
[INFO] [stderr]    Compiling syn v2.0.48
[INFO] [stderr]     Checking crossbeam-channel v0.5.11
[INFO] [stderr]     Checking signal-hook-registry v1.4.1
[INFO] [stderr]     Checking mio v0.8.10
[INFO] [stderr]     Checking num_cpus v1.16.0
[INFO] [stderr]     Checking socket2 v0.5.5
[INFO] [stderr]     Checking ckb-channel v0.112.1
[INFO] [stderr]     Checking parking_lot v0.12.1
[INFO] [stderr]     Checking regex-automata v0.4.5
[INFO] [stderr]     Checking linked-hash-map v0.5.6
[INFO] [stderr]    Compiling tokio-macros v2.2.0
[INFO] [stderr]     Checking regex v1.10.3
[INFO] [stderr]     Checking ckb-util v0.112.1
[INFO] [stderr]     Checking tokio v1.36.0
[INFO] [stderr]     Checking ckb-async-runtime v0.112.1
[INFO] [stderr]     Checking tokio-util v0.7.10
[INFO] [stderr]     Checking ckb-stop-handler v0.112.1 (/opt/rustwide/workdir)
[INFO] [stdout] error[E0432]: unresolved import `rand`
[INFO] [stdout]  --> src/tests.rs:7:5
[INFO] [stdout]   |
[INFO] [stdout] 7 | use rand::Rng;
[INFO] [stdout]   |     ^^^^ use of undeclared crate or module `rand`
[INFO] [stdout] 
[INFO] [stdout] 
[INFO] [stdout] error[E0433]: failed to resolve: use of undeclared crate or module `libc`
[INFO] [stdout]   --> src/tests.rs:19:13
[INFO] [stdout]    |
[INFO] [stdout] 19 |             libc::raise(libc::SIGINT);
[INFO] [stdout]    |             ^^^^ use of undeclared crate or module `libc`
[INFO] [stdout] 
[INFO] [stdout] 
[INFO] [stdout] error[E0433]: failed to resolve: use of undeclared crate or module `libc`
[INFO] [stdout]   --> src/tests.rs:19:25
[INFO] [stdout]    |
[INFO] [stdout] 19 |             libc::raise(libc::SIGINT);
[INFO] [stdout]    |                         ^^^^ use of undeclared crate or module `libc`
[INFO] [stdout] 
[INFO] [stdout] 
[INFO] [stdout] error[E0433]: failed to resolve: use of undeclared crate or module `rand`
[INFO] [stdout]   --> src/tests.rs:36:21
[INFO] [stdout]    |
[INFO] [stdout] 36 |         for i in 0..rand::thread_rng().gen_range(3..7) {
[INFO] [stdout]    |                     ^^^^ use of undeclared crate or module `rand`
[INFO] [stdout] 
[INFO] [stdout] 
[INFO] [stdout] error[E0433]: failed to resolve: use of undeclared crate or module `rand`
[INFO] [stdout]   --> src/tests.rs:42:26
[INFO] [stdout]    |
[INFO] [stdout] 42 |                         (rand::thread_rng().gen_range(1.0..5.0) * 1000.0) as u64,
[INFO] [stdout]    |                          ^^^^ use of undeclared crate or module `rand`
[INFO] [stdout] 
[INFO] [stdout] 
[INFO] [stdout] error[E0433]: failed to resolve: use of undeclared crate or module `rand`
[INFO] [stdout]   --> src/tests.rs:73:21
[INFO] [stdout]    |
[INFO] [stdout] 73 |         for i in 0..rand::thread_rng().gen_range(3..7) {
[INFO] [stdout]    |                     ^^^^ use of undeclared crate or module `rand`
[INFO] [stdout] 
[INFO] [stdout] 
[INFO] [stdout] error[E0433]: failed to resolve: use of undeclared crate or module `rand`
[INFO] [stdout]   --> src/tests.rs:85:26
[INFO] [stdout]    |
[INFO] [stdout] 85 |                         (rand::thread_rng().gen_range(1.0..5.0) * 1000.0) as u64,
[INFO] [stdout]    |                          ^^^^ use of undeclared crate or module `rand`
[INFO] [stdout] 
[INFO] [stdout] 
[INFO] [stdout] error[E0433]: failed to resolve: use of undeclared crate or module `ctrlc`
[INFO] [stdout]    --> src/tests.rs:118:5
[INFO] [stdout]     |
[INFO] [stdout] 118 |     ctrlc::set_handler(move || {
[INFO] [stdout]     |     ^^^^^ use of undeclared crate or module `ctrlc`
[INFO] [stdout] 
[INFO] [stdout] 
[INFO] [stdout] error: aborting due to 8 previous errors
[INFO] [stdout] 
[INFO] [stdout] 
[INFO] [stdout] Some errors have detailed explanations: E0432, E0433.
[INFO] [stdout] 
[INFO] [stdout] For more information about an error, try `rustc --explain E0432`.
[INFO] [stdout] 
[INFO] [stderr] error: could not compile `ckb-stop-handler` (lib test) due to 9 previous errors
[INFO] running `Command { std: "docker" "inspect" "2bacb0210ec5449c28e42f59bb67e61880f722d1e2c8378c255ffa0524cc700d", kill_on_drop: false }`
[INFO] running `Command { std: "docker" "rm" "-f" "2bacb0210ec5449c28e42f59bb67e61880f722d1e2c8378c255ffa0524cc700d", kill_on_drop: false }`
[INFO] [stdout] 2bacb0210ec5449c28e42f59bb67e61880f722d1e2c8378c255ffa0524cc700d
[INFO] checking ckb-stop-handler-0.112.1 against nightly-2024-02-05+rustflags=-Dunexpected_cfgs+cargoflags=-Zcheck-cfg for check-cfg
[INFO] extracting crate ckb-stop-handler 0.112.1 into /workspace/builds/worker-0-tc2/source
[INFO] validating manifest of crates.io crate ckb-stop-handler 0.112.1 on toolchain nightly-2024-02-05
[INFO] running `Command { std: CARGO_HOME="/workspace/cargo-home" RUSTUP_HOME="/workspace/rustup-home" "/workspace/cargo-home/bin/cargo" "+nightly-2024-02-05" "metadata" "--manifest-path" "Cargo.toml" "--no-deps", kill_on_drop: false }`
[INFO] started tweaking crates.io crate ckb-stop-handler 0.112.1
[INFO] finished tweaking crates.io crate ckb-stop-handler 0.112.1
[INFO] tweaked toml for crates.io crate ckb-stop-handler 0.112.1 written to /workspace/builds/worker-0-tc2/source/Cargo.toml
[INFO] running `Command { std: CARGO_HOME="/workspace/cargo-home" RUSTUP_HOME="/workspace/rustup-home" "/workspace/cargo-home/bin/cargo" "+nightly-2024-02-05" "generate-lockfile" "--manifest-path" "Cargo.toml", kill_on_drop: false }`
[INFO] [stderr]     Updating crates.io index
[INFO] running `Command { std: CARGO_HOME="/workspace/cargo-home" RUSTUP_HOME="/workspace/rustup-home" "/workspace/cargo-home/bin/cargo" "+nightly-2024-02-05" "fetch" "--manifest-path" "Cargo.toml", kill_on_drop: false }`
[INFO] running `Command { std: "docker" "create" "-v" "/var/lib/crater-agent-workspace/builds/worker-0-tc2/target:/opt/rustwide/target:rw,Z" "-v" "/var/lib/crater-agent-workspace/builds/worker-0-tc2/source:/opt/rustwide/workdir:ro,Z" "-v" "/var/lib/crater-agent-workspace/cargo-home:/opt/rustwide/cargo-home:ro,Z" "-v" "/var/lib/crater-agent-workspace/rustup-home:/opt/rustwide/rustup-home:ro,Z" "-e" "SOURCE_DIR=/opt/rustwide/workdir" "-e" "CARGO_TARGET_DIR=/opt/rustwide/target" "-e" "CARGO_HOME=/opt/rustwide/cargo-home" "-e" "RUSTUP_HOME=/opt/rustwide/rustup-home" "-w" "/opt/rustwide/workdir" "-m" "1610612736" "--user" "0:0" "--network" "none" "ghcr.io/rust-lang/crates-build-env/linux@sha256:2788e3201cd34a07e3172128adcd8b3090168a8e3bcc40d7c032b9dda1df7d1c" "/opt/rustwide/cargo-home/bin/cargo" "+nightly-2024-02-05" "metadata" "--no-deps" "--format-version=1", kill_on_drop: false }`
[INFO] [stdout] 5459c935955c5396aef5ca42a5c0429213e8a6010be05297094f0ff67e5a5e67
[INFO] running `Command { std: "docker" "start" "-a" "5459c935955c5396aef5ca42a5c0429213e8a6010be05297094f0ff67e5a5e67", kill_on_drop: false }`
[INFO] running `Command { std: "docker" "inspect" "5459c935955c5396aef5ca42a5c0429213e8a6010be05297094f0ff67e5a5e67", kill_on_drop: false }`
[INFO] running `Command { std: "docker" "rm" "-f" "5459c935955c5396aef5ca42a5c0429213e8a6010be05297094f0ff67e5a5e67", kill_on_drop: false }`
[INFO] [stdout] 5459c935955c5396aef5ca42a5c0429213e8a6010be05297094f0ff67e5a5e67
[INFO] running `Command { std: "docker" "create" "-v" "/var/lib/crater-agent-workspace/builds/worker-0-tc2/target:/opt/rustwide/target:rw,Z" "-v" "/var/lib/crater-agent-workspace/builds/worker-0-tc2/source:/opt/rustwide/workdir:ro,Z" "-v" "/var/lib/crater-agent-workspace/cargo-home:/opt/rustwide/cargo-home:ro,Z" "-v" "/var/lib/crater-agent-workspace/rustup-home:/opt/rustwide/rustup-home:ro,Z" "-e" "SOURCE_DIR=/opt/rustwide/workdir" "-e" "CARGO_TARGET_DIR=/opt/rustwide/target" "-e" "CARGO_INCREMENTAL=0" "-e" "RUST_BACKTRACE=full" "-e" "RUSTFLAGS=--cap-lints=forbid -Dunexpected_cfgs" "-e" "RUSTDOCFLAGS=--cap-lints=forbid" "-e" "CARGO_HOME=/opt/rustwide/cargo-home" "-e" "RUSTUP_HOME=/opt/rustwide/rustup-home" "-w" "/opt/rustwide/workdir" "-m" "1610612736" "--user" "0:0" "--network" "none" "ghcr.io/rust-lang/crates-build-env/linux@sha256:2788e3201cd34a07e3172128adcd8b3090168a8e3bcc40d7c032b9dda1df7d1c" "/opt/rustwide/cargo-home/bin/cargo" "+nightly-2024-02-05" "check" "--frozen" "--all" "--all-targets" "--message-format=json" "-Zcheck-cfg", kill_on_drop: false }`
[INFO] [stdout] ebf31a8a626bc3fd3245063463916842f189f49ee84ea27b6fdd382876e5c663
[INFO] running `Command { std: "docker" "start" "-a" "ebf31a8a626bc3fd3245063463916842f189f49ee84ea27b6fdd382876e5c663", kill_on_drop: false }`
[INFO] [stderr]    Compiling libc v0.2.153
[INFO] [stderr]    Compiling lock_api v0.4.11
[INFO] [stderr]    Compiling unicode-ident v1.0.12
[INFO] [stderr]    Compiling parking_lot_core v0.9.9
[INFO] [stderr]     Checking smallvec v1.13.1
[INFO] [stderr]     Checking scopeguard v1.2.0
[INFO] [stderr]    Compiling crossbeam-utils v0.8.19
[INFO] [stderr]     Checking memchr v2.7.1
[INFO] [stderr]    Compiling serde v1.0.196
[INFO] [stderr]     Checking pin-project-lite v0.2.13
[INFO] [stderr]     Checking regex-syntax v0.8.2
[INFO] [stderr]     Checking bytes v1.5.0
[INFO] [stderr]     Checking log v0.4.20
[INFO] [stderr]     Checking futures-core v0.3.30
[INFO] [stderr]     Checking ckb-spawn v0.112.1
[INFO] [stderr]     Checking once_cell v1.19.0
[INFO] [stderr]    Compiling proc-macro2 v1.0.78
[INFO] [stderr]     Checking futures-sink v0.3.30
[INFO] [stderr]     Checking ckb-logger v0.112.1
[INFO] [stderr]     Checking aho-corasick v1.1.2
[INFO] [stderr]    Compiling quote v1.0.35
[INFO] [stderr]    Compiling syn v2.0.48
[INFO] [stderr]     Checking crossbeam-channel v0.5.11
[INFO] [stderr]     Checking num_cpus v1.16.0
[INFO] [stderr]     Checking mio v0.8.10
[INFO] [stderr]     Checking signal-hook-registry v1.4.1
[INFO] [stderr]     Checking socket2 v0.5.5
[INFO] [stderr]     Checking parking_lot v0.12.1
[INFO] [stderr]     Checking ckb-channel v0.112.1
[INFO] [stderr]     Checking regex-automata v0.4.5
[INFO] [stderr]     Checking linked-hash-map v0.5.6
[INFO] [stderr]    Compiling tokio-macros v2.2.0
[INFO] [stderr]     Checking regex v1.10.3
[INFO] [stderr]     Checking ckb-util v0.112.1
[INFO] [stderr]     Checking tokio v1.36.0
[INFO] [stderr]     Checking ckb-async-runtime v0.112.1
[INFO] [stderr]     Checking tokio-util v0.7.10
[INFO] [stderr]     Checking ckb-stop-handler v0.112.1 (/opt/rustwide/workdir)
[INFO] [stdout] error[E0432]: unresolved import `rand`
[INFO] [stdout]  --> src/tests.rs:7:5
[INFO] [stdout]   |
[INFO] [stdout] 7 | use rand::Rng;
[INFO] [stdout]   |     ^^^^ use of undeclared crate or module `rand`
[INFO] [stdout] 
[INFO] [stdout] 
[INFO] [stdout] error[E0433]: failed to resolve: use of undeclared crate or module `libc`
[INFO] [stdout]   --> src/tests.rs:19:13
[INFO] [stdout]    |
[INFO] [stdout] 19 |             libc::raise(libc::SIGINT);
[INFO] [stdout]    |             ^^^^ use of undeclared crate or module `libc`
[INFO] [stdout] 
[INFO] [stdout] 
[INFO] [stdout] error[E0433]: failed to resolve: use of undeclared crate or module `libc`
[INFO] [stdout]   --> src/tests.rs:19:25
[INFO] [stdout]    |
[INFO] [stdout] 19 |             libc::raise(libc::SIGINT);
[INFO] [stdout]    |                         ^^^^ use of undeclared crate or module `libc`
[INFO] [stdout] 
[INFO] [stdout] 
[INFO] [stdout] error[E0433]: failed to resolve: use of undeclared crate or module `rand`
[INFO] [stdout]   --> src/tests.rs:36:21
[INFO] [stdout]    |
[INFO] [stdout] 36 |         for i in 0..rand::thread_rng().gen_range(3..7) {
[INFO] [stdout]    |                     ^^^^ use of undeclared crate or module `rand`
[INFO] [stdout] 
[INFO] [stdout] 
[INFO] [stdout] error[E0433]: failed to resolve: use of undeclared crate or module `rand`
[INFO] [stdout]   --> src/tests.rs:42:26
[INFO] [stdout]    |
[INFO] [stdout] 42 |                         (rand::thread_rng().gen_range(1.0..5.0) * 1000.0) as u64,
[INFO] [stdout]    |                          ^^^^ use of undeclared crate or module `rand`
[INFO] [stdout] 
[INFO] [stdout] 
[INFO] [stdout] error[E0433]: failed to resolve: use of undeclared crate or module `rand`
[INFO] [stdout]   --> src/tests.rs:73:21
[INFO] [stdout]    |
[INFO] [stdout] 73 |         for i in 0..rand::thread_rng().gen_range(3..7) {
[INFO] [stdout]    |                     ^^^^ use of undeclared crate or module `rand`
[INFO] [stdout] 
[INFO] [stdout] 
[INFO] [stdout] error[E0433]: failed to resolve: use of undeclared crate or module `rand`
[INFO] [stdout]   --> src/tests.rs:85:26
[INFO] [stdout]    |
[INFO] [stdout] 85 |                         (rand::thread_rng().gen_range(1.0..5.0) * 1000.0) as u64,
[INFO] [stdout]    |                          ^^^^ use of undeclared crate or module `rand`
[INFO] [stdout] 
[INFO] [stdout] 
[INFO] [stdout] error[E0433]: failed to resolve: use of undeclared crate or module `ctrlc`
[INFO] [stdout]    --> src/tests.rs:118:5
[INFO] [stdout]     |
[INFO] [stdout] 118 |     ctrlc::set_handler(move || {
[INFO] [stdout]     |     ^^^^^ use of undeclared crate or module `ctrlc`
[INFO] [stdout] 
[INFO] [stdout] 
[INFO] [stdout] error: aborting due to 8 previous errors
[INFO] [stdout] 
[INFO] [stdout] 
[INFO] [stdout] Some errors have detailed explanations: E0432, E0433.
[INFO] [stdout] 
[INFO] [stdout] For more information about an error, try `rustc --explain E0432`.
[INFO] [stdout] 
[INFO] [stderr] error: could not compile `ckb-stop-handler` (lib test) due to 9 previous errors
[INFO] running `Command { std: "docker" "inspect" "ebf31a8a626bc3fd3245063463916842f189f49ee84ea27b6fdd382876e5c663", kill_on_drop: false }`
[INFO] running `Command { std: "docker" "rm" "-f" "ebf31a8a626bc3fd3245063463916842f189f49ee84ea27b6fdd382876e5c663", kill_on_drop: false }`
[INFO] [stdout] ebf31a8a626bc3fd3245063463916842f189f49ee84ea27b6fdd382876e5c663
