[INFO] fetching crate ckb-sentry-core 0.21.0...
[INFO] checking ckb-sentry-core-0.21.0 against nightly-2024-02-05 for check-cfg
[INFO] extracting crate ckb-sentry-core 0.21.0 into /workspace/builds/worker-4-tc1/source
[INFO] validating manifest of crates.io crate ckb-sentry-core 0.21.0 on toolchain nightly-2024-02-05
[INFO] running `Command { std: CARGO_HOME="/workspace/cargo-home" RUSTUP_HOME="/workspace/rustup-home" "/workspace/cargo-home/bin/cargo" "+nightly-2024-02-05" "metadata" "--manifest-path" "Cargo.toml" "--no-deps", kill_on_drop: false }`
[INFO] started tweaking crates.io crate ckb-sentry-core 0.21.0
[INFO] finished tweaking crates.io crate ckb-sentry-core 0.21.0
[INFO] tweaked toml for crates.io crate ckb-sentry-core 0.21.0 written to /workspace/builds/worker-4-tc1/source/Cargo.toml
[INFO] running `Command { std: CARGO_HOME="/workspace/cargo-home" RUSTUP_HOME="/workspace/rustup-home" "/workspace/cargo-home/bin/cargo" "+nightly-2024-02-05" "generate-lockfile" "--manifest-path" "Cargo.toml", kill_on_drop: false }`
[INFO] [stderr]     Updating crates.io index
[INFO] running `Command { std: CARGO_HOME="/workspace/cargo-home" RUSTUP_HOME="/workspace/rustup-home" "/workspace/cargo-home/bin/cargo" "+nightly-2024-02-05" "fetch" "--manifest-path" "Cargo.toml", kill_on_drop: false }`
[INFO] [stderr]  Downloading crates ...
[INFO] [stderr]   Downloaded debugid v0.7.3
[INFO] [stderr]   Downloaded ckb-sentry-types v0.21.0
[INFO] running `Command { std: "docker" "create" "-v" "/var/lib/crater-agent-workspace/builds/worker-4-tc1/target:/opt/rustwide/target:rw,Z" "-v" "/var/lib/crater-agent-workspace/builds/worker-4-tc1/source:/opt/rustwide/workdir:ro,Z" "-v" "/var/lib/crater-agent-workspace/cargo-home:/opt/rustwide/cargo-home:ro,Z" "-v" "/var/lib/crater-agent-workspace/rustup-home:/opt/rustwide/rustup-home:ro,Z" "-e" "SOURCE_DIR=/opt/rustwide/workdir" "-e" "CARGO_TARGET_DIR=/opt/rustwide/target" "-e" "CARGO_HOME=/opt/rustwide/cargo-home" "-e" "RUSTUP_HOME=/opt/rustwide/rustup-home" "-w" "/opt/rustwide/workdir" "-m" "1610612736" "--user" "0:0" "--network" "none" "ghcr.io/rust-lang/crates-build-env/linux@sha256:2788e3201cd34a07e3172128adcd8b3090168a8e3bcc40d7c032b9dda1df7d1c" "/opt/rustwide/cargo-home/bin/cargo" "+nightly-2024-02-05" "metadata" "--no-deps" "--format-version=1", kill_on_drop: false }`
[INFO] [stdout] 676dd76977f88af4a043ca0836b023f179deff43380cdc049d4e25b97bb96383
[INFO] running `Command { std: "docker" "start" "-a" "676dd76977f88af4a043ca0836b023f179deff43380cdc049d4e25b97bb96383", kill_on_drop: false }`
[INFO] running `Command { std: "docker" "inspect" "676dd76977f88af4a043ca0836b023f179deff43380cdc049d4e25b97bb96383", kill_on_drop: false }`
[INFO] running `Command { std: "docker" "rm" "-f" "676dd76977f88af4a043ca0836b023f179deff43380cdc049d4e25b97bb96383", kill_on_drop: false }`
[INFO] [stdout] 676dd76977f88af4a043ca0836b023f179deff43380cdc049d4e25b97bb96383
[INFO] running `Command { std: "docker" "create" "-v" "/var/lib/crater-agent-workspace/builds/worker-4-tc1/target:/opt/rustwide/target:rw,Z" "-v" "/var/lib/crater-agent-workspace/builds/worker-4-tc1/source:/opt/rustwide/workdir:ro,Z" "-v" "/var/lib/crater-agent-workspace/cargo-home:/opt/rustwide/cargo-home:ro,Z" "-v" "/var/lib/crater-agent-workspace/rustup-home:/opt/rustwide/rustup-home:ro,Z" "-e" "SOURCE_DIR=/opt/rustwide/workdir" "-e" "CARGO_TARGET_DIR=/opt/rustwide/target" "-e" "CARGO_INCREMENTAL=0" "-e" "RUST_BACKTRACE=full" "-e" "RUSTFLAGS=--cap-lints=forbid" "-e" "RUSTDOCFLAGS=--cap-lints=forbid" "-e" "CARGO_HOME=/opt/rustwide/cargo-home" "-e" "RUSTUP_HOME=/opt/rustwide/rustup-home" "-w" "/opt/rustwide/workdir" "-m" "1610612736" "--user" "0:0" "--network" "none" "ghcr.io/rust-lang/crates-build-env/linux@sha256:2788e3201cd34a07e3172128adcd8b3090168a8e3bcc40d7c032b9dda1df7d1c" "/opt/rustwide/cargo-home/bin/cargo" "+nightly-2024-02-05" "check" "--frozen" "--all" "--all-targets" "--message-format=json", kill_on_drop: false }`
[INFO] [stdout] 44fb2581a28a714be879e66794968956d8fcdbff9d5de34cab1746e726ac3e03
[INFO] running `Command { std: "docker" "start" "-a" "44fb2581a28a714be879e66794968956d8fcdbff9d5de34cab1746e726ac3e03", kill_on_drop: false }`
[INFO] [stderr]    Compiling unicode-ident v1.0.12
[INFO] [stderr]    Compiling serde v1.0.196
[INFO] [stderr]    Compiling thiserror v1.0.56
[INFO] [stderr]     Checking unicode-bidi v0.3.15
[INFO] [stderr]    Compiling serde_json v1.0.113
[INFO] [stderr]     Checking percent-encoding v2.3.1
[INFO] [stderr]     Checking iana-time-zone v0.1.60
[INFO] [stderr]     Checking ryu v1.0.16
[INFO] [stderr]     Checking itoa v1.0.10
[INFO] [stderr]    Compiling num-traits v0.2.17
[INFO] [stderr]     Checking tinyvec v1.6.0
[INFO] [stderr]     Checking getrandom v0.2.12
[INFO] [stderr]    Compiling proc-macro2 v1.0.78
[INFO] [stderr]     Checking form_urlencoded v1.2.1
[INFO] [stderr]    Compiling quote v1.0.35
[INFO] [stderr]    Compiling syn v2.0.48
[INFO] [stderr]     Checking unicode-normalization v0.1.22
[INFO] [stderr]     Checking idna v0.5.0
[INFO] [stderr]    Compiling serde_derive v1.0.196
[INFO] [stderr]    Compiling thiserror-impl v1.0.56
[INFO] [stderr]     Checking uuid v0.8.2
[INFO] [stderr]     Checking url v2.5.0
[INFO] [stderr]     Checking chrono v0.4.33
[INFO] [stderr]     Checking debugid v0.7.3
[INFO] [stderr]     Checking ckb-sentry-types v0.21.0
[INFO] [stderr]     Checking ckb-sentry-core v0.21.0 (/opt/rustwide/workdir)
[INFO] [stdout] error[E0433]: failed to resolve: use of undeclared crate or module `anyhow`
[INFO] [stdout]    --> src/error.rs:145:9
[INFO] [stdout]     |
[INFO] [stdout] 145 |         anyhow::Error::from("NaN".parse::<usize>().unwrap_err())
[INFO] [stdout]     |         ^^^^^^ use of undeclared crate or module `anyhow`
[INFO] [stdout]     |
[INFO] [stdout] help: consider importing one of these items
[INFO] [stdout]     |
[INFO] [stdout] 1   + use core::error::Error;
[INFO] [stdout]     |
[INFO] [stdout] 1   + use core::fmt::Error;
[INFO] [stdout]     |
[INFO] [stdout] 1   + use crate::error::Error;
[INFO] [stdout]     |
[INFO] [stdout] 1   + use serde::de::Error;
[INFO] [stdout]     |
[INFO] [stdout]       and 6 other candidates
[INFO] [stdout] help: if you import `Error`, refer to it directly
[INFO] [stdout]     |
[INFO] [stdout] 145 -         anyhow::Error::from("NaN".parse::<usize>().unwrap_err())
[INFO] [stdout] 145 +         Error::from("NaN".parse::<usize>().unwrap_err())
[INFO] [stdout]     |
[INFO] [stdout] 
[INFO] [stdout] 
[INFO] [stdout] error[E0433]: failed to resolve: use of undeclared crate or module `failure`
[INFO] [stdout]    --> src/error.rs:152:9
[INFO] [stdout]     |
[INFO] [stdout] 152 |         failure::Error::from("NaN".parse::<usize>().unwrap_err())
[INFO] [stdout]     |         ^^^^^^^ use of undeclared crate or module `failure`
[INFO] [stdout]     |
[INFO] [stdout] help: consider importing one of these items
[INFO] [stdout]     |
[INFO] [stdout] 1   + use core::error::Error;
[INFO] [stdout]     |
[INFO] [stdout] 1   + use core::fmt::Error;
[INFO] [stdout]     |
[INFO] [stdout] 1   + use crate::error::Error;
[INFO] [stdout]     |
[INFO] [stdout] 1   + use serde::de::Error;
[INFO] [stdout]     |
[INFO] [stdout]       and 6 other candidates
[INFO] [stdout] help: if you import `Error`, refer to it directly
[INFO] [stdout]     |
[INFO] [stdout] 152 -         failure::Error::from("NaN".parse::<usize>().unwrap_err())
[INFO] [stdout] 152 +         Error::from("NaN".parse::<usize>().unwrap_err())
[INFO] [stdout]     |
[INFO] [stdout] 
[INFO] [stdout] 
[INFO] [stdout] error: aborting due to 2 previous errors
[INFO] [stdout] 
[INFO] [stdout] 
[INFO] [stdout] For more information about this error, try `rustc --explain E0433`.
[INFO] [stdout] 
[INFO] [stderr] error: could not compile `ckb-sentry-core` (lib test) due to 3 previous errors
[INFO] [stderr] warning: build failed, waiting for other jobs to finish...
[INFO] running `Command { std: "docker" "inspect" "44fb2581a28a714be879e66794968956d8fcdbff9d5de34cab1746e726ac3e03", kill_on_drop: false }`
[INFO] running `Command { std: "docker" "rm" "-f" "44fb2581a28a714be879e66794968956d8fcdbff9d5de34cab1746e726ac3e03", kill_on_drop: false }`
[INFO] [stdout] 44fb2581a28a714be879e66794968956d8fcdbff9d5de34cab1746e726ac3e03
[INFO] checking ckb-sentry-core-0.21.0 against nightly-2024-02-05+rustflags=-Dunexpected_cfgs+cargoflags=-Zcheck-cfg for check-cfg
[INFO] extracting crate ckb-sentry-core 0.21.0 into /workspace/builds/worker-4-tc2/source
[INFO] validating manifest of crates.io crate ckb-sentry-core 0.21.0 on toolchain nightly-2024-02-05
[INFO] running `Command { std: CARGO_HOME="/workspace/cargo-home" RUSTUP_HOME="/workspace/rustup-home" "/workspace/cargo-home/bin/cargo" "+nightly-2024-02-05" "metadata" "--manifest-path" "Cargo.toml" "--no-deps", kill_on_drop: false }`
[INFO] started tweaking crates.io crate ckb-sentry-core 0.21.0
[INFO] finished tweaking crates.io crate ckb-sentry-core 0.21.0
[INFO] tweaked toml for crates.io crate ckb-sentry-core 0.21.0 written to /workspace/builds/worker-4-tc2/source/Cargo.toml
[INFO] running `Command { std: CARGO_HOME="/workspace/cargo-home" RUSTUP_HOME="/workspace/rustup-home" "/workspace/cargo-home/bin/cargo" "+nightly-2024-02-05" "generate-lockfile" "--manifest-path" "Cargo.toml", kill_on_drop: false }`
[INFO] [stderr]     Updating crates.io index
[INFO] running `Command { std: CARGO_HOME="/workspace/cargo-home" RUSTUP_HOME="/workspace/rustup-home" "/workspace/cargo-home/bin/cargo" "+nightly-2024-02-05" "fetch" "--manifest-path" "Cargo.toml", kill_on_drop: false }`
[INFO] running `Command { std: "docker" "create" "-v" "/var/lib/crater-agent-workspace/builds/worker-4-tc2/target:/opt/rustwide/target:rw,Z" "-v" "/var/lib/crater-agent-workspace/builds/worker-4-tc2/source:/opt/rustwide/workdir:ro,Z" "-v" "/var/lib/crater-agent-workspace/cargo-home:/opt/rustwide/cargo-home:ro,Z" "-v" "/var/lib/crater-agent-workspace/rustup-home:/opt/rustwide/rustup-home:ro,Z" "-e" "SOURCE_DIR=/opt/rustwide/workdir" "-e" "CARGO_TARGET_DIR=/opt/rustwide/target" "-e" "CARGO_HOME=/opt/rustwide/cargo-home" "-e" "RUSTUP_HOME=/opt/rustwide/rustup-home" "-w" "/opt/rustwide/workdir" "-m" "1610612736" "--user" "0:0" "--network" "none" "ghcr.io/rust-lang/crates-build-env/linux@sha256:2788e3201cd34a07e3172128adcd8b3090168a8e3bcc40d7c032b9dda1df7d1c" "/opt/rustwide/cargo-home/bin/cargo" "+nightly-2024-02-05" "metadata" "--no-deps" "--format-version=1", kill_on_drop: false }`
[INFO] [stdout] 7e4dd788616f9601a495f39055c98027156a5bdfa4686ff95871e909fa5cdae6
[INFO] running `Command { std: "docker" "start" "-a" "7e4dd788616f9601a495f39055c98027156a5bdfa4686ff95871e909fa5cdae6", kill_on_drop: false }`
[INFO] running `Command { std: "docker" "inspect" "7e4dd788616f9601a495f39055c98027156a5bdfa4686ff95871e909fa5cdae6", kill_on_drop: false }`
[INFO] running `Command { std: "docker" "rm" "-f" "7e4dd788616f9601a495f39055c98027156a5bdfa4686ff95871e909fa5cdae6", kill_on_drop: false }`
[INFO] [stdout] 7e4dd788616f9601a495f39055c98027156a5bdfa4686ff95871e909fa5cdae6
[INFO] running `Command { std: "docker" "create" "-v" "/var/lib/crater-agent-workspace/builds/worker-4-tc2/target:/opt/rustwide/target:rw,Z" "-v" "/var/lib/crater-agent-workspace/builds/worker-4-tc2/source:/opt/rustwide/workdir:ro,Z" "-v" "/var/lib/crater-agent-workspace/cargo-home:/opt/rustwide/cargo-home:ro,Z" "-v" "/var/lib/crater-agent-workspace/rustup-home:/opt/rustwide/rustup-home:ro,Z" "-e" "SOURCE_DIR=/opt/rustwide/workdir" "-e" "CARGO_TARGET_DIR=/opt/rustwide/target" "-e" "CARGO_INCREMENTAL=0" "-e" "RUST_BACKTRACE=full" "-e" "RUSTFLAGS=--cap-lints=forbid -Dunexpected_cfgs" "-e" "RUSTDOCFLAGS=--cap-lints=forbid" "-e" "CARGO_HOME=/opt/rustwide/cargo-home" "-e" "RUSTUP_HOME=/opt/rustwide/rustup-home" "-w" "/opt/rustwide/workdir" "-m" "1610612736" "--user" "0:0" "--network" "none" "ghcr.io/rust-lang/crates-build-env/linux@sha256:2788e3201cd34a07e3172128adcd8b3090168a8e3bcc40d7c032b9dda1df7d1c" "/opt/rustwide/cargo-home/bin/cargo" "+nightly-2024-02-05" "check" "--frozen" "--all" "--all-targets" "--message-format=json" "-Zcheck-cfg", kill_on_drop: false }`
[INFO] [stdout] 735fc509cabd5e228072676d734fded260dc341fd6a8aa650c05443690c0376c
[INFO] running `Command { std: "docker" "start" "-a" "735fc509cabd5e228072676d734fded260dc341fd6a8aa650c05443690c0376c", kill_on_drop: false }`
[INFO] [stderr]    Compiling unicode-ident v1.0.12
[INFO] [stderr]    Compiling serde v1.0.196
[INFO] [stderr]     Checking percent-encoding v2.3.1
[INFO] [stderr]    Compiling serde_json v1.0.113
[INFO] [stderr]     Checking unicode-bidi v0.3.15
[INFO] [stderr]    Compiling thiserror v1.0.56
[INFO] [stderr]     Checking iana-time-zone v0.1.60
[INFO] [stderr]     Checking itoa v1.0.10
[INFO] [stderr]     Checking ryu v1.0.16
[INFO] [stderr]    Compiling num-traits v0.2.17
[INFO] [stderr]     Checking tinyvec v1.6.0
[INFO] [stderr]     Checking getrandom v0.2.12
[INFO] [stderr]    Compiling proc-macro2 v1.0.78
[INFO] [stderr]     Checking form_urlencoded v1.2.1
[INFO] [stderr]    Compiling quote v1.0.35
[INFO] [stderr]    Compiling syn v2.0.48
[INFO] [stderr]     Checking unicode-normalization v0.1.22
[INFO] [stderr]     Checking idna v0.5.0
[INFO] [stderr]    Compiling serde_derive v1.0.196
[INFO] [stderr]    Compiling thiserror-impl v1.0.56
[INFO] [stderr]     Checking uuid v0.8.2
[INFO] [stderr]     Checking chrono v0.4.33
[INFO] [stderr]     Checking url v2.5.0
[INFO] [stderr]     Checking debugid v0.7.3
[INFO] [stderr]     Checking ckb-sentry-types v0.21.0
[INFO] [stderr]     Checking ckb-sentry-core v0.21.0 (/opt/rustwide/workdir)
[INFO] [stdout] error[E0433]: failed to resolve: use of undeclared crate or module `anyhow`
[INFO] [stdout]    --> src/error.rs:145:9
[INFO] [stdout]     |
[INFO] [stdout] 145 |         anyhow::Error::from("NaN".parse::<usize>().unwrap_err())
[INFO] [stdout]     |         ^^^^^^ use of undeclared crate or module `anyhow`
[INFO] [stdout]     |
[INFO] [stdout] help: consider importing one of these items
[INFO] [stdout]     |
[INFO] [stdout] 1   + use core::error::Error;
[INFO] [stdout]     |
[INFO] [stdout] 1   + use core::fmt::Error;
[INFO] [stdout]     |
[INFO] [stdout] 1   + use crate::error::Error;
[INFO] [stdout]     |
[INFO] [stdout] 1   + use serde::de::Error;
[INFO] [stdout]     |
[INFO] [stdout]       and 6 other candidates
[INFO] [stdout] help: if you import `Error`, refer to it directly
[INFO] [stdout]     |
[INFO] [stdout] 145 -         anyhow::Error::from("NaN".parse::<usize>().unwrap_err())
[INFO] [stdout] 145 +         Error::from("NaN".parse::<usize>().unwrap_err())
[INFO] [stdout]     |
[INFO] [stdout] 
[INFO] [stdout] 
[INFO] [stdout] error[E0433]: failed to resolve: use of undeclared crate or module `failure`
[INFO] [stdout]    --> src/error.rs:152:9
[INFO] [stdout]     |
[INFO] [stdout] 152 |         failure::Error::from("NaN".parse::<usize>().unwrap_err())
[INFO] [stdout]     |         ^^^^^^^ use of undeclared crate or module `failure`
[INFO] [stdout]     |
[INFO] [stdout] help: consider importing one of these items
[INFO] [stdout]     |
[INFO] [stdout] 1   + use core::error::Error;
[INFO] [stdout]     |
[INFO] [stdout] 1   + use core::fmt::Error;
[INFO] [stdout]     |
[INFO] [stdout] 1   + use crate::error::Error;
[INFO] [stdout]     |
[INFO] [stdout] 1   + use serde::de::Error;
[INFO] [stdout]     |
[INFO] [stdout]       and 6 other candidates
[INFO] [stdout] help: if you import `Error`, refer to it directly
[INFO] [stdout]     |
[INFO] [stdout] 152 -         failure::Error::from("NaN".parse::<usize>().unwrap_err())
[INFO] [stdout] 152 +         Error::from("NaN".parse::<usize>().unwrap_err())
[INFO] [stdout]     |
[INFO] [stdout] 
[INFO] [stdout] 
[INFO] [stdout] error: aborting due to 2 previous errors
[INFO] [stdout] 
[INFO] [stdout] 
[INFO] [stdout] For more information about this error, try `rustc --explain E0433`.
[INFO] [stdout] 
[INFO] [stderr] error: could not compile `ckb-sentry-core` (lib test) due to 3 previous errors
[INFO] [stderr] warning: build failed, waiting for other jobs to finish...
[INFO] running `Command { std: "docker" "inspect" "735fc509cabd5e228072676d734fded260dc341fd6a8aa650c05443690c0376c", kill_on_drop: false }`
[INFO] running `Command { std: "docker" "rm" "-f" "735fc509cabd5e228072676d734fded260dc341fd6a8aa650c05443690c0376c", kill_on_drop: false }`
[INFO] [stdout] 735fc509cabd5e228072676d734fded260dc341fd6a8aa650c05443690c0376c
