[INFO] fetching crate citadel_pqcrypto 0.7.0...
[INFO] checking citadel_pqcrypto-0.7.0 against nightly-2024-02-05 for check-cfg
[INFO] extracting crate citadel_pqcrypto 0.7.0 into /workspace/builds/worker-7-tc1/source
[INFO] validating manifest of crates.io crate citadel_pqcrypto 0.7.0 on toolchain nightly-2024-02-05
[INFO] running `Command { std: CARGO_HOME="/workspace/cargo-home" RUSTUP_HOME="/workspace/rustup-home" "/workspace/cargo-home/bin/cargo" "+nightly-2024-02-05" "metadata" "--manifest-path" "Cargo.toml" "--no-deps", kill_on_drop: false }`
[INFO] started tweaking crates.io crate citadel_pqcrypto 0.7.0
[INFO] finished tweaking crates.io crate citadel_pqcrypto 0.7.0
[INFO] tweaked toml for crates.io crate citadel_pqcrypto 0.7.0 written to /workspace/builds/worker-7-tc1/source/Cargo.toml
[INFO] running `Command { std: CARGO_HOME="/workspace/cargo-home" RUSTUP_HOME="/workspace/rustup-home" "/workspace/cargo-home/bin/cargo" "+nightly-2024-02-05" "generate-lockfile" "--manifest-path" "Cargo.toml", kill_on_drop: false }`
[INFO] [stderr]     Updating crates.io index
[INFO] running `Command { std: CARGO_HOME="/workspace/cargo-home" RUSTUP_HOME="/workspace/rustup-home" "/workspace/cargo-home/bin/cargo" "+nightly-2024-02-05" "fetch" "--manifest-path" "Cargo.toml", kill_on_drop: false }`
[INFO] [stderr]  Downloading crates ...
[INFO] [stderr]   Downloaded ascon v0.3.1
[INFO] [stderr]   Downloaded packed_struct v0.10.1
[INFO] [stderr]   Downloaded serde-big-array v0.5.1
[INFO] [stderr]   Downloaded pqcrypto-traits-wasi v0.3.4
[INFO] [stderr]   Downloaded serde-big-array v0.3.3
[INFO] [stderr]   Downloaded packed_struct_codegen v0.10.1
[INFO] [stderr]   Downloaded build-deps v0.1.4
[INFO] [stderr]   Downloaded bincode2 v2.0.1
[INFO] [stderr]   Downloaded ascon-aead v0.4.2
[INFO] [stderr]   Downloaded bindgen v0.65.1
[INFO] [stderr]   Downloaded oqs-sys v0.8.0
[INFO] [stderr]   Downloaded oqs v0.8.0
[INFO] [stderr]   Downloaded pqcrypto-falcon-wasi v0.2.14
[INFO] [stderr]   Downloaded pqc_kyber v0.7.1
[INFO] [stderr]   Downloaded pqcrypto-internals-wasi v0.2.5
[INFO] [stderr]   Downloaded kyber-pke v0.4.0
[INFO] running `Command { std: "docker" "create" "-v" "/var/lib/crater-agent-workspace/builds/worker-7-tc1/target:/opt/rustwide/target:rw,Z" "-v" "/var/lib/crater-agent-workspace/builds/worker-7-tc1/source:/opt/rustwide/workdir:ro,Z" "-v" "/var/lib/crater-agent-workspace/cargo-home:/opt/rustwide/cargo-home:ro,Z" "-v" "/var/lib/crater-agent-workspace/rustup-home:/opt/rustwide/rustup-home:ro,Z" "-e" "SOURCE_DIR=/opt/rustwide/workdir" "-e" "CARGO_TARGET_DIR=/opt/rustwide/target" "-e" "CARGO_HOME=/opt/rustwide/cargo-home" "-e" "RUSTUP_HOME=/opt/rustwide/rustup-home" "-w" "/opt/rustwide/workdir" "-m" "1610612736" "--user" "0:0" "--network" "none" "ghcr.io/rust-lang/crates-build-env/linux@sha256:2788e3201cd34a07e3172128adcd8b3090168a8e3bcc40d7c032b9dda1df7d1c" "/opt/rustwide/cargo-home/bin/cargo" "+nightly-2024-02-05" "metadata" "--no-deps" "--format-version=1", kill_on_drop: false }`
[INFO] [stdout] ce1c764b9c8bae08cc088ea410df99190cfda994a3c6dcefbf5fc6b5a3882799
[INFO] running `Command { std: "docker" "start" "-a" "ce1c764b9c8bae08cc088ea410df99190cfda994a3c6dcefbf5fc6b5a3882799", kill_on_drop: false }`
[INFO] running `Command { std: "docker" "inspect" "ce1c764b9c8bae08cc088ea410df99190cfda994a3c6dcefbf5fc6b5a3882799", kill_on_drop: false }`
[INFO] running `Command { std: "docker" "rm" "-f" "ce1c764b9c8bae08cc088ea410df99190cfda994a3c6dcefbf5fc6b5a3882799", kill_on_drop: false }`
[INFO] [stdout] ce1c764b9c8bae08cc088ea410df99190cfda994a3c6dcefbf5fc6b5a3882799
[INFO] running `Command { std: "docker" "create" "-v" "/var/lib/crater-agent-workspace/builds/worker-7-tc1/target:/opt/rustwide/target:rw,Z" "-v" "/var/lib/crater-agent-workspace/builds/worker-7-tc1/source:/opt/rustwide/workdir:ro,Z" "-v" "/var/lib/crater-agent-workspace/cargo-home:/opt/rustwide/cargo-home:ro,Z" "-v" "/var/lib/crater-agent-workspace/rustup-home:/opt/rustwide/rustup-home:ro,Z" "-e" "SOURCE_DIR=/opt/rustwide/workdir" "-e" "CARGO_TARGET_DIR=/opt/rustwide/target" "-e" "CARGO_INCREMENTAL=0" "-e" "RUST_BACKTRACE=full" "-e" "RUSTFLAGS=--cap-lints=forbid" "-e" "RUSTDOCFLAGS=--cap-lints=forbid" "-e" "CARGO_HOME=/opt/rustwide/cargo-home" "-e" "RUSTUP_HOME=/opt/rustwide/rustup-home" "-w" "/opt/rustwide/workdir" "-m" "1610612736" "--user" "0:0" "--network" "none" "ghcr.io/rust-lang/crates-build-env/linux@sha256:2788e3201cd34a07e3172128adcd8b3090168a8e3bcc40d7c032b9dda1df7d1c" "/opt/rustwide/cargo-home/bin/cargo" "+nightly-2024-02-05" "check" "--frozen" "--all" "--all-targets" "--message-format=json", kill_on_drop: false }`
[INFO] [stdout] 512b3418014681a2d582dafb36490e11e2a2476efb7d6a169c3bd7caf548baea
[INFO] running `Command { std: "docker" "start" "-a" "512b3418014681a2d582dafb36490e11e2a2476efb7d6a169c3bd7caf548baea", kill_on_drop: false }`
[INFO] [stderr]    Compiling generic-array v0.14.7
[INFO] [stderr]    Compiling lock_api v0.4.11
[INFO] [stderr]    Compiling syn v2.0.48
[INFO] [stderr]    Compiling prettyplease v0.2.16
[INFO] [stderr]    Compiling regex-syntax v0.8.2
[INFO] [stderr]    Compiling bindgen v0.65.1
[INFO] [stderr]    Compiling heapless v0.7.17
[INFO] [stderr]    Compiling clang-sys v1.7.0
[INFO] [stderr]    Compiling log v0.4.20
[INFO] [stderr]    Compiling cmake v0.1.50
[INFO] [stderr]     Checking hash32 v0.2.1
[INFO] [stderr]    Compiling build-deps v0.1.4
[INFO] [stderr]     Checking stable_deref_trait v1.2.0
[INFO] [stderr]    Compiling num-traits v0.2.17
[INFO] [stderr]    Compiling syn v1.0.109
[INFO] [stderr]    Compiling radium v0.7.0
[INFO] [stderr]     Checking tap v1.0.1
[INFO] [stderr]    Compiling pqc_kyber v0.7.1
[INFO] [stderr]     Checking wyz v0.5.1
[INFO] [stderr]     Checking funty v2.0.0
[INFO] [stderr]    Compiling packed_struct v0.10.1
[INFO] [stderr]     Checking memchr v2.7.1
[INFO] [stderr]    Compiling oqs v0.8.0
[INFO] [stderr]     Checking bitvec v1.0.1
[INFO] [stderr]     Checking ascon v0.3.1
[INFO] [stderr]     Checking cstr_core v0.2.6
[INFO] [stderr]     Checking keccak v0.1.5
[INFO] [stderr]     Checking bytes v1.5.0
[INFO] [stderr]     Checking num-traits v0.1.43
[INFO] [stderr]     Checking enum_primitive v0.1.1
[INFO] [stderr]    Compiling regex-automata v0.4.5
[INFO] [stderr]    Compiling regex v1.10.3
[INFO] [stderr]    Compiling packed_struct_codegen v0.10.1
[INFO] [stderr]    Compiling serde_derive v1.0.196
[INFO] [stderr]    Compiling zeroize_derive v1.4.2
[INFO] [stderr]    Compiling strum_macros v0.25.3
[INFO] [stderr]     Checking strum v0.25.0
[INFO] [stderr]     Checking serde v1.0.196
[INFO] [stderr]    Compiling oqs-sys v0.8.0
[INFO] [stderr]     Checking zeroize v1.7.0
[INFO] [stderr]     Checking serde-big-array v0.5.1
[INFO] [stderr]     Checking bincode2 v2.0.1
[INFO] [stderr]     Checking spin v0.9.8
[INFO] [stderr]     Checking parking_lot v0.12.1
[INFO] [stderr]     Checking crypto-common v0.1.6
[INFO] [stderr]     Checking inout v0.1.3
[INFO] [stderr]     Checking block-buffer v0.10.4
[INFO] [stderr]     Checking universal-hash v0.5.1
[INFO] [stderr]     Checking aead v0.5.2
[INFO] [stderr]     Checking cipher v0.4.4
[INFO] [stderr]     Checking digest v0.10.7
[INFO] [stderr]     Checking polyval v0.6.1
[INFO] [stderr]     Checking poly1305 v0.8.0
[INFO] [stderr]     Checking ascon-aead v0.4.2
[INFO] [stderr]     Checking sha2 v0.10.8
[INFO] [stderr]     Checking sha3 v0.10.8
[INFO] [stderr]     Checking aes v0.8.3
[INFO] [stderr]     Checking ghash v0.5.0
[INFO] [stderr]     Checking chacha20 v0.9.1
[INFO] [stderr]     Checking ctr v0.9.2
[INFO] [stderr]     Checking chacha20poly1305 v0.10.1
[INFO] [stderr]     Checking aes-gcm v0.10.3
[INFO] [stderr]     Checking kyber-pke v0.4.0
[INFO] [stderr]     Checking citadel_pqcrypto v0.7.0 (/opt/rustwide/workdir)
[INFO] [stdout] error[E0432]: unresolved import `citadel_logging`
[INFO] [stdout]  --> tests/primary.rs:7:9
[INFO] [stdout]   |
[INFO] [stdout] 7 |     use citadel_logging::setup_log;
[INFO] [stdout]   |         ^^^^^^^^^^^^^^^ use of undeclared crate or module `citadel_logging`
[INFO] [stdout] 
[INFO] [stdout] 
[INFO] [stdout] error[E0433]: failed to resolve: use of undeclared crate or module `citadel_logging`
[INFO] [stdout]    --> tests/primary.rs:302:9
[INFO] [stdout]     |
[INFO] [stdout] 302 |         citadel_logging::setup_log();
[INFO] [stdout]     |         ^^^^^^^^^^^^^^^ use of undeclared crate or module `citadel_logging`
[INFO] [stdout] 
[INFO] [stdout] 
[INFO] [stdout] error[E0433]: failed to resolve: use of undeclared crate or module `citadel_logging`
[INFO] [stdout]    --> tests/primary.rs:337:9
[INFO] [stdout]     |
[INFO] [stdout] 337 |         citadel_logging::setup_log();
[INFO] [stdout]     |         ^^^^^^^^^^^^^^^ use of undeclared crate or module `citadel_logging`
[INFO] [stdout] 
[INFO] [stdout] 
[INFO] [stdout] error[E0433]: failed to resolve: use of undeclared crate or module `citadel_logging`
[INFO] [stdout]    --> tests/primary.rs:369:9
[INFO] [stdout]     |
[INFO] [stdout] 369 |         citadel_logging::setup_log();
[INFO] [stdout]     |         ^^^^^^^^^^^^^^^ use of undeclared crate or module `citadel_logging`
[INFO] [stdout] 
[INFO] [stdout] 
[INFO] [stdout] error[E0433]: failed to resolve: use of undeclared crate or module `citadel_logging`
[INFO] [stdout]    --> tests/primary.rs:395:9
[INFO] [stdout]     |
[INFO] [stdout] 395 |         citadel_logging::setup_log();
[INFO] [stdout]     |         ^^^^^^^^^^^^^^^ use of undeclared crate or module `citadel_logging`
[INFO] [stdout] 
[INFO] [stdout] 
[INFO] [stdout] error: aborting due to 5 previous errors
[INFO] [stdout] 
[INFO] [stdout] 
[INFO] [stdout] Some errors have detailed explanations: E0432, E0433.
[INFO] [stdout] 
[INFO] [stdout] For more information about an error, try `rustc --explain E0432`.
[INFO] [stdout] 
[INFO] [stderr] error: could not compile `citadel_pqcrypto` (test "primary") due to 6 previous errors
[INFO] running `Command { std: "docker" "inspect" "512b3418014681a2d582dafb36490e11e2a2476efb7d6a169c3bd7caf548baea", kill_on_drop: false }`
[INFO] running `Command { std: "docker" "rm" "-f" "512b3418014681a2d582dafb36490e11e2a2476efb7d6a169c3bd7caf548baea", kill_on_drop: false }`
[INFO] [stdout] 512b3418014681a2d582dafb36490e11e2a2476efb7d6a169c3bd7caf548baea
[INFO] checking citadel_pqcrypto-0.7.0 against nightly-2024-02-05+rustflags=-Dunexpected_cfgs+cargoflags=-Zcheck-cfg for check-cfg
[INFO] extracting crate citadel_pqcrypto 0.7.0 into /workspace/builds/worker-7-tc2/source
[INFO] validating manifest of crates.io crate citadel_pqcrypto 0.7.0 on toolchain nightly-2024-02-05
[INFO] running `Command { std: CARGO_HOME="/workspace/cargo-home" RUSTUP_HOME="/workspace/rustup-home" "/workspace/cargo-home/bin/cargo" "+nightly-2024-02-05" "metadata" "--manifest-path" "Cargo.toml" "--no-deps", kill_on_drop: false }`
[INFO] started tweaking crates.io crate citadel_pqcrypto 0.7.0
[INFO] finished tweaking crates.io crate citadel_pqcrypto 0.7.0
[INFO] tweaked toml for crates.io crate citadel_pqcrypto 0.7.0 written to /workspace/builds/worker-7-tc2/source/Cargo.toml
[INFO] running `Command { std: CARGO_HOME="/workspace/cargo-home" RUSTUP_HOME="/workspace/rustup-home" "/workspace/cargo-home/bin/cargo" "+nightly-2024-02-05" "generate-lockfile" "--manifest-path" "Cargo.toml", kill_on_drop: false }`
[INFO] [stderr]     Updating crates.io index
[INFO] running `Command { std: CARGO_HOME="/workspace/cargo-home" RUSTUP_HOME="/workspace/rustup-home" "/workspace/cargo-home/bin/cargo" "+nightly-2024-02-05" "fetch" "--manifest-path" "Cargo.toml", kill_on_drop: false }`
[INFO] running `Command { std: "docker" "create" "-v" "/var/lib/crater-agent-workspace/builds/worker-7-tc2/target:/opt/rustwide/target:rw,Z" "-v" "/var/lib/crater-agent-workspace/builds/worker-7-tc2/source:/opt/rustwide/workdir:ro,Z" "-v" "/var/lib/crater-agent-workspace/cargo-home:/opt/rustwide/cargo-home:ro,Z" "-v" "/var/lib/crater-agent-workspace/rustup-home:/opt/rustwide/rustup-home:ro,Z" "-e" "SOURCE_DIR=/opt/rustwide/workdir" "-e" "CARGO_TARGET_DIR=/opt/rustwide/target" "-e" "CARGO_HOME=/opt/rustwide/cargo-home" "-e" "RUSTUP_HOME=/opt/rustwide/rustup-home" "-w" "/opt/rustwide/workdir" "-m" "1610612736" "--user" "0:0" "--network" "none" "ghcr.io/rust-lang/crates-build-env/linux@sha256:2788e3201cd34a07e3172128adcd8b3090168a8e3bcc40d7c032b9dda1df7d1c" "/opt/rustwide/cargo-home/bin/cargo" "+nightly-2024-02-05" "metadata" "--no-deps" "--format-version=1", kill_on_drop: false }`
[INFO] [stdout] a756a2297a30950060aeb4841cc3dba6e7ac311c3bc76631f6e2879e29e8e75f
[INFO] running `Command { std: "docker" "start" "-a" "a756a2297a30950060aeb4841cc3dba6e7ac311c3bc76631f6e2879e29e8e75f", kill_on_drop: false }`
[INFO] running `Command { std: "docker" "inspect" "a756a2297a30950060aeb4841cc3dba6e7ac311c3bc76631f6e2879e29e8e75f", kill_on_drop: false }`
[INFO] running `Command { std: "docker" "rm" "-f" "a756a2297a30950060aeb4841cc3dba6e7ac311c3bc76631f6e2879e29e8e75f", kill_on_drop: false }`
[INFO] [stdout] a756a2297a30950060aeb4841cc3dba6e7ac311c3bc76631f6e2879e29e8e75f
[INFO] running `Command { std: "docker" "create" "-v" "/var/lib/crater-agent-workspace/builds/worker-7-tc2/target:/opt/rustwide/target:rw,Z" "-v" "/var/lib/crater-agent-workspace/builds/worker-7-tc2/source:/opt/rustwide/workdir:ro,Z" "-v" "/var/lib/crater-agent-workspace/cargo-home:/opt/rustwide/cargo-home:ro,Z" "-v" "/var/lib/crater-agent-workspace/rustup-home:/opt/rustwide/rustup-home:ro,Z" "-e" "SOURCE_DIR=/opt/rustwide/workdir" "-e" "CARGO_TARGET_DIR=/opt/rustwide/target" "-e" "CARGO_INCREMENTAL=0" "-e" "RUST_BACKTRACE=full" "-e" "RUSTFLAGS=--cap-lints=forbid -Dunexpected_cfgs" "-e" "RUSTDOCFLAGS=--cap-lints=forbid" "-e" "CARGO_HOME=/opt/rustwide/cargo-home" "-e" "RUSTUP_HOME=/opt/rustwide/rustup-home" "-w" "/opt/rustwide/workdir" "-m" "1610612736" "--user" "0:0" "--network" "none" "ghcr.io/rust-lang/crates-build-env/linux@sha256:2788e3201cd34a07e3172128adcd8b3090168a8e3bcc40d7c032b9dda1df7d1c" "/opt/rustwide/cargo-home/bin/cargo" "+nightly-2024-02-05" "check" "--frozen" "--all" "--all-targets" "--message-format=json" "-Zcheck-cfg", kill_on_drop: false }`
[INFO] [stdout] c8fd1d8cb7eeb7c9636656b483e3fcef8fe60b5da982ceac5d350a373187e8e2
[INFO] running `Command { std: "docker" "start" "-a" "c8fd1d8cb7eeb7c9636656b483e3fcef8fe60b5da982ceac5d350a373187e8e2", kill_on_drop: false }`
[INFO] [stderr]    Compiling generic-array v0.14.7
[INFO] [stderr]    Compiling lock_api v0.4.11
[INFO] [stderr]    Compiling syn v2.0.48
[INFO] [stderr]    Compiling prettyplease v0.2.16
[INFO] [stderr]    Compiling regex-syntax v0.8.2
[INFO] [stderr]    Compiling bindgen v0.65.1
[INFO] [stderr]    Compiling heapless v0.7.17
[INFO] [stderr]    Compiling clang-sys v1.7.0
[INFO] [stderr]    Compiling log v0.4.20
[INFO] [stderr]    Compiling cmake v0.1.50
[INFO] [stderr]     Checking hash32 v0.2.1
[INFO] [stderr]    Compiling build-deps v0.1.4
[INFO] [stderr]     Checking stable_deref_trait v1.2.0
[INFO] [stderr]    Compiling num-traits v0.2.17
[INFO] [stderr]    Compiling syn v1.0.109
[INFO] [stderr]    Compiling radium v0.7.0
[INFO] [stderr]     Checking tap v1.0.1
[INFO] [stderr]    Compiling pqc_kyber v0.7.1
[INFO] [stderr]     Checking wyz v0.5.1
[INFO] [stderr]    Compiling oqs v0.8.0
[INFO] [stderr]     Checking memchr v2.7.1
[INFO] [stderr]    Compiling packed_struct v0.10.1
[INFO] [stderr]     Checking funty v2.0.0
[INFO] [stderr]     Checking keccak v0.1.5
[INFO] [stderr]     Checking cstr_core v0.2.6
[INFO] [stderr]     Checking ascon v0.3.1
[INFO] [stderr]     Checking bytes v1.5.0
[INFO] [stderr]     Checking bitvec v1.0.1
[INFO] [stderr]     Checking num-traits v0.1.43
[INFO] [stderr]    Compiling regex-automata v0.4.5
[INFO] [stderr]     Checking enum_primitive v0.1.1
[INFO] [stderr]    Compiling regex v1.10.3
[INFO] [stderr]    Compiling packed_struct_codegen v0.10.1
[INFO] [stderr]    Compiling serde_derive v1.0.196
[INFO] [stderr]    Compiling zeroize_derive v1.4.2
[INFO] [stderr]    Compiling strum_macros v0.25.3
[INFO] [stderr]     Checking strum v0.25.0
[INFO] [stderr]     Checking serde v1.0.196
[INFO] [stderr]    Compiling oqs-sys v0.8.0
[INFO] [stderr]     Checking zeroize v1.7.0
[INFO] [stderr]     Checking serde-big-array v0.5.1
[INFO] [stderr]     Checking bincode2 v2.0.1
[INFO] [stderr]     Checking spin v0.9.8
[INFO] [stderr]     Checking parking_lot v0.12.1
[INFO] [stderr]     Checking crypto-common v0.1.6
[INFO] [stderr]     Checking inout v0.1.3
[INFO] [stderr]     Checking block-buffer v0.10.4
[INFO] [stderr]     Checking universal-hash v0.5.1
[INFO] [stderr]     Checking digest v0.10.7
[INFO] [stderr]     Checking cipher v0.4.4
[INFO] [stderr]     Checking aead v0.5.2
[INFO] [stderr]     Checking polyval v0.6.1
[INFO] [stderr]     Checking poly1305 v0.8.0
[INFO] [stderr]     Checking ascon-aead v0.4.2
[INFO] [stderr]     Checking sha2 v0.10.8
[INFO] [stderr]     Checking sha3 v0.10.8
[INFO] [stderr]     Checking ctr v0.9.2
[INFO] [stderr]     Checking aes v0.8.3
[INFO] [stderr]     Checking ghash v0.5.0
[INFO] [stderr]     Checking chacha20 v0.9.1
[INFO] [stderr]     Checking chacha20poly1305 v0.10.1
[INFO] [stderr]     Checking aes-gcm v0.10.3
[INFO] [stderr]     Checking kyber-pke v0.4.0
[INFO] [stderr]     Checking citadel_pqcrypto v0.7.0 (/opt/rustwide/workdir)
[INFO] [stdout] error: unexpected `cfg` condition value: `unordered`
[INFO] [stdout]   --> src/lib.rs:58:11
[INFO] [stdout]    |
[INFO] [stdout] 58 | #[cfg(not(feature = "unordered"))]
[INFO] [stdout]    |           ^^^^^^^^^^^^^^^^^^^^^
[INFO] [stdout]    |
[INFO] [stdout]    = note: expected values for `feature` are: `default`, `getrandom`, `std`, `wasm`
[INFO] [stdout]    = help: consider adding `unordered` as a feature in `Cargo.toml`
[INFO] [stdout]    = note: see <https://doc.rust-lang.org/nightly/cargo/reference/unstable.html#check-cfg> for more information about checking conditional configuration
[INFO] [stdout]    = note: requested on the command line with `-D unexpected-cfgs`
[INFO] [stdout] 
[INFO] [stdout] 
[INFO] [stdout] error: unexpected `cfg` condition value: `unordered`
[INFO] [stdout]   --> src/lib.rs:64:7
[INFO] [stdout]    |
[INFO] [stdout] 64 | #[cfg(feature = "unordered")]
[INFO] [stdout]    |       ^^^^^^^^^^^^^^^^^^^^^
[INFO] [stdout]    |
[INFO] [stdout]    = note: expected values for `feature` are: `default`, `getrandom`, `std`, `wasm`
[INFO] [stdout]    = help: consider adding `unordered` as a feature in `Cargo.toml`
[INFO] [stdout]    = note: see <https://doc.rust-lang.org/nightly/cargo/reference/unstable.html#check-cfg> for more information about checking conditional configuration
[INFO] [stdout] 
[INFO] [stdout] 
[INFO] [stdout] error: unexpected `cfg` condition value: `unordered`
[INFO] [stdout]   --> src/lib.rs:58:11
[INFO] [stdout]    |
[INFO] [stdout] 58 | #[cfg(not(feature = "unordered"))]
[INFO] [stdout]    |           ^^^^^^^^^^^^^^^^^^^^^
[INFO] [stdout]    |
[INFO] [stdout]    = note: expected values for `feature` are: `default`, `getrandom`, `std`, `wasm`
[INFO] [stdout]    = help: consider adding `unordered` as a feature in `Cargo.toml`
[INFO] [stdout]    = note: see <https://doc.rust-lang.org/nightly/cargo/reference/unstable.html#check-cfg> for more information about checking conditional configuration
[INFO] [stdout]    = note: requested on the command line with `-D unexpected-cfgs`
[INFO] [stdout] 
[INFO] [stdout] 
[INFO] [stdout] error: unexpected `cfg` condition value: `unordered`
[INFO] [stdout]   --> src/lib.rs:64:7
[INFO] [stdout]    |
[INFO] [stdout] 64 | #[cfg(feature = "unordered")]
[INFO] [stdout]    |       ^^^^^^^^^^^^^^^^^^^^^
[INFO] [stdout]    |
[INFO] [stdout]    = note: expected values for `feature` are: `default`, `getrandom`, `std`, `wasm`
[INFO] [stdout]    = help: consider adding `unordered` as a feature in `Cargo.toml`
[INFO] [stdout]    = note: see <https://doc.rust-lang.org/nightly/cargo/reference/unstable.html#check-cfg> for more information about checking conditional configuration
[INFO] [stdout] 
[INFO] [stdout] 
[INFO] [stdout] error: aborting due to 2 previous errors
[INFO] [stdout] 
[INFO] [stdout] 
[INFO] [stderr] error: could not compile `citadel_pqcrypto` (lib) due to 3 previous errors
[INFO] [stderr] warning: build failed, waiting for other jobs to finish...
[INFO] [stdout] error: aborting due to 2 previous errors
[INFO] [stdout] 
[INFO] [stdout] 
[INFO] [stderr] error: could not compile `citadel_pqcrypto` (lib test) due to 3 previous errors
[INFO] running `Command { std: "docker" "inspect" "c8fd1d8cb7eeb7c9636656b483e3fcef8fe60b5da982ceac5d350a373187e8e2", kill_on_drop: false }`
[INFO] running `Command { std: "docker" "rm" "-f" "c8fd1d8cb7eeb7c9636656b483e3fcef8fe60b5da982ceac5d350a373187e8e2", kill_on_drop: false }`
[INFO] [stdout] c8fd1d8cb7eeb7c9636656b483e3fcef8fe60b5da982ceac5d350a373187e8e2
