[INFO] fetching crate chunky 0.3.7...
[INFO] checking chunky-0.3.7 against nightly-2024-02-05 for check-cfg
[INFO] extracting crate chunky 0.3.7 into /workspace/builds/worker-6-tc1/source
[INFO] validating manifest of crates.io crate chunky 0.3.7 on toolchain nightly-2024-02-05
[INFO] running `Command { std: CARGO_HOME="/workspace/cargo-home" RUSTUP_HOME="/workspace/rustup-home" "/workspace/cargo-home/bin/cargo" "+nightly-2024-02-05" "metadata" "--manifest-path" "Cargo.toml" "--no-deps", kill_on_drop: false }`
[INFO] started tweaking crates.io crate chunky 0.3.7
[INFO] finished tweaking crates.io crate chunky 0.3.7
[INFO] tweaked toml for crates.io crate chunky 0.3.7 written to /workspace/builds/worker-6-tc1/source/Cargo.toml
[INFO] running `Command { std: CARGO_HOME="/workspace/cargo-home" RUSTUP_HOME="/workspace/rustup-home" "/workspace/cargo-home/bin/cargo" "+nightly-2024-02-05" "generate-lockfile" "--manifest-path" "Cargo.toml", kill_on_drop: false }`
[INFO] [stderr]     Updating crates.io index
[INFO] running `Command { std: CARGO_HOME="/workspace/cargo-home" RUSTUP_HOME="/workspace/rustup-home" "/workspace/cargo-home/bin/cargo" "+nightly-2024-02-05" "fetch" "--manifest-path" "Cargo.toml", kill_on_drop: false }`
[INFO] running `Command { std: "docker" "create" "-v" "/var/lib/crater-agent-workspace/builds/worker-6-tc1/target:/opt/rustwide/target:rw,Z" "-v" "/var/lib/crater-agent-workspace/builds/worker-6-tc1/source:/opt/rustwide/workdir:ro,Z" "-v" "/var/lib/crater-agent-workspace/cargo-home:/opt/rustwide/cargo-home:ro,Z" "-v" "/var/lib/crater-agent-workspace/rustup-home:/opt/rustwide/rustup-home:ro,Z" "-e" "SOURCE_DIR=/opt/rustwide/workdir" "-e" "CARGO_TARGET_DIR=/opt/rustwide/target" "-e" "CARGO_HOME=/opt/rustwide/cargo-home" "-e" "RUSTUP_HOME=/opt/rustwide/rustup-home" "-w" "/opt/rustwide/workdir" "-m" "1610612736" "--user" "0:0" "--network" "none" "ghcr.io/rust-lang/crates-build-env/linux@sha256:2788e3201cd34a07e3172128adcd8b3090168a8e3bcc40d7c032b9dda1df7d1c" "/opt/rustwide/cargo-home/bin/cargo" "+nightly-2024-02-05" "metadata" "--no-deps" "--format-version=1", kill_on_drop: false }`
[INFO] [stdout] 048039fdab4bd4f40131dd79e7cabadde09ac53455313cd5dc06765c85644611
[INFO] running `Command { std: "docker" "start" "-a" "048039fdab4bd4f40131dd79e7cabadde09ac53455313cd5dc06765c85644611", kill_on_drop: false }`
[INFO] running `Command { std: "docker" "inspect" "048039fdab4bd4f40131dd79e7cabadde09ac53455313cd5dc06765c85644611", kill_on_drop: false }`
[INFO] running `Command { std: "docker" "rm" "-f" "048039fdab4bd4f40131dd79e7cabadde09ac53455313cd5dc06765c85644611", kill_on_drop: false }`
[INFO] [stdout] 048039fdab4bd4f40131dd79e7cabadde09ac53455313cd5dc06765c85644611
[INFO] running `Command { std: "docker" "create" "-v" "/var/lib/crater-agent-workspace/builds/worker-6-tc1/target:/opt/rustwide/target:rw,Z" "-v" "/var/lib/crater-agent-workspace/builds/worker-6-tc1/source:/opt/rustwide/workdir:ro,Z" "-v" "/var/lib/crater-agent-workspace/cargo-home:/opt/rustwide/cargo-home:ro,Z" "-v" "/var/lib/crater-agent-workspace/rustup-home:/opt/rustwide/rustup-home:ro,Z" "-e" "SOURCE_DIR=/opt/rustwide/workdir" "-e" "CARGO_TARGET_DIR=/opt/rustwide/target" "-e" "CARGO_INCREMENTAL=0" "-e" "RUST_BACKTRACE=full" "-e" "RUSTFLAGS=--cap-lints=forbid" "-e" "RUSTDOCFLAGS=--cap-lints=forbid" "-e" "CARGO_HOME=/opt/rustwide/cargo-home" "-e" "RUSTUP_HOME=/opt/rustwide/rustup-home" "-w" "/opt/rustwide/workdir" "-m" "1610612736" "--user" "0:0" "--network" "none" "ghcr.io/rust-lang/crates-build-env/linux@sha256:2788e3201cd34a07e3172128adcd8b3090168a8e3bcc40d7c032b9dda1df7d1c" "/opt/rustwide/cargo-home/bin/cargo" "+nightly-2024-02-05" "check" "--frozen" "--all" "--all-targets" "--message-format=json", kill_on_drop: false }`
[INFO] [stdout] 60b1b00b8c906c5f66b1b7198bc2da4e8493ef417d3fa113f116aca1c7750c82
[INFO] running `Command { std: "docker" "start" "-a" "60b1b00b8c906c5f66b1b7198bc2da4e8493ef417d3fa113f116aca1c7750c82", kill_on_drop: false }`
[INFO] [stderr]     Checking chunky v0.3.7 (/opt/rustwide/workdir)
[INFO] [stdout] warning: unnecessary trailing semicolon
[INFO] [stdout]   --> src/queue.rs:79:10
[INFO] [stdout]    |
[INFO] [stdout] 79 |         };
[INFO] [stdout]    |          ^ help: remove this semicolon
[INFO] [stdout]    |
[INFO] [stdout]    = note: `#[warn(redundant_semicolons)]` on by default
[INFO] [stdout] 
[INFO] [stdout] 
[INFO] [stdout] warning: unnecessary trailing semicolon
[INFO] [stdout]    --> src/queue.rs:135:10
[INFO] [stdout]     |
[INFO] [stdout] 135 |         };
[INFO] [stdout]     |          ^ help: remove this semicolon
[INFO] [stdout] 
[INFO] [stdout] 
[INFO] [stdout] warning: unnecessary trailing semicolon
[INFO] [stdout]   --> src/queue.rs:79:10
[INFO] [stdout]    |
[INFO] [stdout] 79 |         };
[INFO] [stdout]    |          ^ help: remove this semicolon
[INFO] [stdout]    |
[INFO] [stdout]    = note: `#[warn(redundant_semicolons)]` on by default
[INFO] [stdout] 
[INFO] [stdout] 
[INFO] [stdout] warning: unnecessary trailing semicolon
[INFO] [stdout]    --> src/queue.rs:135:10
[INFO] [stdout]     |
[INFO] [stdout] 135 |         };
[INFO] [stdout]     |          ^ help: remove this semicolon
[INFO] [stdout] 
[INFO] [stdout] 
[INFO] [stdout] error[E0635]: unknown feature `vec_resize_default`
[INFO] [stdout]   --> src/lib.rs:10:12
[INFO] [stdout]    |
[INFO] [stdout] 10 | #![feature(vec_resize_default)]
[INFO] [stdout]    |            ^^^^^^^^^^^^^^^^^^
[INFO] [stdout] 
[INFO] [stdout] 
[INFO] [stdout] error[E0635]: unknown feature `vec_resize_default`
[INFO] [stdout]   --> src/lib.rs:10:12
[INFO] [stdout]    |
[INFO] [stdout] 10 | #![feature(vec_resize_default)]
[INFO] [stdout]    |            ^^^^^^^^^^^^^^^^^^
[INFO] [stdout] 
[INFO] [stdout] 
[INFO] [stdout] error: aborting due to 1 previous error; 2 warnings emitted
[INFO] [stdout] 
[INFO] [stdout] 
[INFO] [stdout] For more information about this error, try `rustc --explain E0635`.
[INFO] [stdout] 
[INFO] [stdout] error: aborting due to 1 previous error; 2 warnings emitted
[INFO] [stdout] 
[INFO] [stdout] 
[INFO] [stdout] For more information about this error, try `rustc --explain E0635`.
[INFO] [stdout] 
[INFO] [stderr] error: could not compile `chunky` (lib) due to 2 previous errors; 2 warnings emitted
[INFO] [stderr] warning: build failed, waiting for other jobs to finish...
[INFO] [stderr] error: could not compile `chunky` (lib test) due to 2 previous errors; 2 warnings emitted
[INFO] running `Command { std: "docker" "inspect" "60b1b00b8c906c5f66b1b7198bc2da4e8493ef417d3fa113f116aca1c7750c82", kill_on_drop: false }`
[INFO] running `Command { std: "docker" "rm" "-f" "60b1b00b8c906c5f66b1b7198bc2da4e8493ef417d3fa113f116aca1c7750c82", kill_on_drop: false }`
[INFO] [stdout] 60b1b00b8c906c5f66b1b7198bc2da4e8493ef417d3fa113f116aca1c7750c82
[INFO] checking chunky-0.3.7 against nightly-2024-02-05+rustflags=-Dunexpected_cfgs+cargoflags=-Zcheck-cfg for check-cfg
[INFO] extracting crate chunky 0.3.7 into /workspace/builds/worker-6-tc2/source
[INFO] validating manifest of crates.io crate chunky 0.3.7 on toolchain nightly-2024-02-05
[INFO] running `Command { std: CARGO_HOME="/workspace/cargo-home" RUSTUP_HOME="/workspace/rustup-home" "/workspace/cargo-home/bin/cargo" "+nightly-2024-02-05" "metadata" "--manifest-path" "Cargo.toml" "--no-deps", kill_on_drop: false }`
[INFO] started tweaking crates.io crate chunky 0.3.7
[INFO] finished tweaking crates.io crate chunky 0.3.7
[INFO] tweaked toml for crates.io crate chunky 0.3.7 written to /workspace/builds/worker-6-tc2/source/Cargo.toml
[INFO] running `Command { std: CARGO_HOME="/workspace/cargo-home" RUSTUP_HOME="/workspace/rustup-home" "/workspace/cargo-home/bin/cargo" "+nightly-2024-02-05" "generate-lockfile" "--manifest-path" "Cargo.toml", kill_on_drop: false }`
[INFO] [stderr]     Updating crates.io index
[INFO] running `Command { std: CARGO_HOME="/workspace/cargo-home" RUSTUP_HOME="/workspace/rustup-home" "/workspace/cargo-home/bin/cargo" "+nightly-2024-02-05" "fetch" "--manifest-path" "Cargo.toml", kill_on_drop: false }`
[INFO] running `Command { std: "docker" "create" "-v" "/var/lib/crater-agent-workspace/builds/worker-6-tc2/target:/opt/rustwide/target:rw,Z" "-v" "/var/lib/crater-agent-workspace/builds/worker-6-tc2/source:/opt/rustwide/workdir:ro,Z" "-v" "/var/lib/crater-agent-workspace/cargo-home:/opt/rustwide/cargo-home:ro,Z" "-v" "/var/lib/crater-agent-workspace/rustup-home:/opt/rustwide/rustup-home:ro,Z" "-e" "SOURCE_DIR=/opt/rustwide/workdir" "-e" "CARGO_TARGET_DIR=/opt/rustwide/target" "-e" "CARGO_HOME=/opt/rustwide/cargo-home" "-e" "RUSTUP_HOME=/opt/rustwide/rustup-home" "-w" "/opt/rustwide/workdir" "-m" "1610612736" "--user" "0:0" "--network" "none" "ghcr.io/rust-lang/crates-build-env/linux@sha256:2788e3201cd34a07e3172128adcd8b3090168a8e3bcc40d7c032b9dda1df7d1c" "/opt/rustwide/cargo-home/bin/cargo" "+nightly-2024-02-05" "metadata" "--no-deps" "--format-version=1", kill_on_drop: false }`
[INFO] [stdout] 785ee43c22b6ef5b6ece4bb05304bc00a6fda523a851fc123d784f2b7e37594a
[INFO] running `Command { std: "docker" "start" "-a" "785ee43c22b6ef5b6ece4bb05304bc00a6fda523a851fc123d784f2b7e37594a", kill_on_drop: false }`
[INFO] running `Command { std: "docker" "inspect" "785ee43c22b6ef5b6ece4bb05304bc00a6fda523a851fc123d784f2b7e37594a", kill_on_drop: false }`
[INFO] running `Command { std: "docker" "rm" "-f" "785ee43c22b6ef5b6ece4bb05304bc00a6fda523a851fc123d784f2b7e37594a", kill_on_drop: false }`
[INFO] [stdout] 785ee43c22b6ef5b6ece4bb05304bc00a6fda523a851fc123d784f2b7e37594a
[INFO] running `Command { std: "docker" "create" "-v" "/var/lib/crater-agent-workspace/builds/worker-6-tc2/target:/opt/rustwide/target:rw,Z" "-v" "/var/lib/crater-agent-workspace/builds/worker-6-tc2/source:/opt/rustwide/workdir:ro,Z" "-v" "/var/lib/crater-agent-workspace/cargo-home:/opt/rustwide/cargo-home:ro,Z" "-v" "/var/lib/crater-agent-workspace/rustup-home:/opt/rustwide/rustup-home:ro,Z" "-e" "SOURCE_DIR=/opt/rustwide/workdir" "-e" "CARGO_TARGET_DIR=/opt/rustwide/target" "-e" "CARGO_INCREMENTAL=0" "-e" "RUST_BACKTRACE=full" "-e" "RUSTFLAGS=--cap-lints=forbid -Dunexpected_cfgs" "-e" "RUSTDOCFLAGS=--cap-lints=forbid" "-e" "CARGO_HOME=/opt/rustwide/cargo-home" "-e" "RUSTUP_HOME=/opt/rustwide/rustup-home" "-w" "/opt/rustwide/workdir" "-m" "1610612736" "--user" "0:0" "--network" "none" "ghcr.io/rust-lang/crates-build-env/linux@sha256:2788e3201cd34a07e3172128adcd8b3090168a8e3bcc40d7c032b9dda1df7d1c" "/opt/rustwide/cargo-home/bin/cargo" "+nightly-2024-02-05" "check" "--frozen" "--all" "--all-targets" "--message-format=json" "-Zcheck-cfg", kill_on_drop: false }`
[INFO] [stdout] bc21052032762ecd9029c92050276866ebca57ff008e8f9d3ac67dfcf0c3ffba
[INFO] running `Command { std: "docker" "start" "-a" "bc21052032762ecd9029c92050276866ebca57ff008e8f9d3ac67dfcf0c3ffba", kill_on_drop: false }`
[INFO] [stderr]     Checking chunky v0.3.7 (/opt/rustwide/workdir)
[INFO] [stdout] warning: unnecessary trailing semicolon
[INFO] [stdout]   --> src/queue.rs:79:10
[INFO] [stdout]    |
[INFO] [stdout] 79 |         };
[INFO] [stdout]    |          ^ help: remove this semicolon
[INFO] [stdout]    |
[INFO] [stdout]    = note: `#[warn(redundant_semicolons)]` on by default
[INFO] [stdout] 
[INFO] [stdout] 
[INFO] [stdout] warning: unnecessary trailing semicolon
[INFO] [stdout]    --> src/queue.rs:135:10
[INFO] [stdout]     |
[INFO] [stdout] 135 |         };
[INFO] [stdout]     |          ^ help: remove this semicolon
[INFO] [stdout] 
[INFO] [stdout] 
[INFO] [stdout] warning: unnecessary trailing semicolon
[INFO] [stdout]   --> src/queue.rs:79:10
[INFO] [stdout]    |
[INFO] [stdout] 79 |         };
[INFO] [stdout]    |          ^ help: remove this semicolon
[INFO] [stdout]    |
[INFO] [stdout]    = note: `#[warn(redundant_semicolons)]` on by default
[INFO] [stdout] 
[INFO] [stdout] 
[INFO] [stdout] warning: unnecessary trailing semicolon
[INFO] [stdout]    --> src/queue.rs:135:10
[INFO] [stdout]     |
[INFO] [stdout] 135 |         };
[INFO] [stdout]     |          ^ help: remove this semicolon
[INFO] [stdout] 
[INFO] [stdout] 
[INFO] [stdout] error[E0635]: unknown feature `vec_resize_default`
[INFO] [stdout]   --> src/lib.rs:10:12
[INFO] [stdout]    |
[INFO] [stdout] 10 | #![feature(vec_resize_default)]
[INFO] [stdout]    |            ^^^^^^^^^^^^^^^^^^
[INFO] [stdout] 
[INFO] [stdout] 
[INFO] [stdout] error[E0635]: unknown feature `vec_resize_default`
[INFO] [stdout]   --> src/lib.rs:10:12
[INFO] [stdout]    |
[INFO] [stdout] 10 | #![feature(vec_resize_default)]
[INFO] [stdout]    |            ^^^^^^^^^^^^^^^^^^
[INFO] [stdout] 
[INFO] [stdout] 
[INFO] [stdout] error: aborting due to 1 previous error; 2 warnings emitted
[INFO] [stdout] 
[INFO] [stdout] 
[INFO] [stdout] For more information about this error, try `rustc --explain E0635`.
[INFO] [stdout] 
[INFO] [stderr] error: could not compile `chunky` (lib) due to 2 previous errors; 2 warnings emitted
[INFO] [stderr] warning: build failed, waiting for other jobs to finish...
[INFO] [stdout] error: aborting due to 1 previous error; 2 warnings emitted
[INFO] [stdout] 
[INFO] [stdout] 
[INFO] [stdout] For more information about this error, try `rustc --explain E0635`.
[INFO] [stdout] 
[INFO] [stderr] error: could not compile `chunky` (lib test) due to 2 previous errors; 2 warnings emitted
[INFO] running `Command { std: "docker" "inspect" "bc21052032762ecd9029c92050276866ebca57ff008e8f9d3ac67dfcf0c3ffba", kill_on_drop: false }`
[INFO] running `Command { std: "docker" "rm" "-f" "bc21052032762ecd9029c92050276866ebca57ff008e8f9d3ac67dfcf0c3ffba", kill_on_drop: false }`
[INFO] [stdout] bc21052032762ecd9029c92050276866ebca57ff008e8f9d3ac67dfcf0c3ffba
