[INFO] fetching crate chttp 0.5.5...
[INFO] checking chttp-0.5.5 against nightly-2024-02-05 for check-cfg
[INFO] extracting crate chttp 0.5.5 into /workspace/builds/worker-3-tc1/source
[INFO] validating manifest of crates.io crate chttp 0.5.5 on toolchain nightly-2024-02-05
[INFO] running `Command { std: CARGO_HOME="/workspace/cargo-home" RUSTUP_HOME="/workspace/rustup-home" "/workspace/cargo-home/bin/cargo" "+nightly-2024-02-05" "metadata" "--manifest-path" "Cargo.toml" "--no-deps", kill_on_drop: false }`
[INFO] started tweaking crates.io crate chttp 0.5.5
[INFO] removed 0 missing examples
[INFO] finished tweaking crates.io crate chttp 0.5.5
[INFO] tweaked toml for crates.io crate chttp 0.5.5 written to /workspace/builds/worker-3-tc1/source/Cargo.toml
[INFO] running `Command { std: CARGO_HOME="/workspace/cargo-home" RUSTUP_HOME="/workspace/rustup-home" "/workspace/cargo-home/bin/cargo" "+nightly-2024-02-05" "generate-lockfile" "--manifest-path" "Cargo.toml", kill_on_drop: false }`
[INFO] [stderr]     Updating crates.io index
[INFO] running `Command { std: CARGO_HOME="/workspace/cargo-home" RUSTUP_HOME="/workspace/rustup-home" "/workspace/cargo-home/bin/cargo" "+nightly-2024-02-05" "fetch" "--manifest-path" "Cargo.toml", kill_on_drop: false }`
[INFO] [stderr]  Downloading crates ...
[INFO] [stderr]   Downloaded speculate v0.1.2
[INFO] [stderr]   Downloaded colored v1.9.4
[INFO] [stderr]   Downloaded libnghttp2-sys v0.1.9+1.58.0
[INFO] [stderr]   Downloaded sluice v0.4.1
[INFO] [stderr]   Downloaded mockito v0.20.0
[INFO] running `Command { std: "docker" "create" "-v" "/var/lib/crater-agent-workspace/builds/worker-3-tc1/target:/opt/rustwide/target:rw,Z" "-v" "/var/lib/crater-agent-workspace/builds/worker-3-tc1/source:/opt/rustwide/workdir:ro,Z" "-v" "/var/lib/crater-agent-workspace/cargo-home:/opt/rustwide/cargo-home:ro,Z" "-v" "/var/lib/crater-agent-workspace/rustup-home:/opt/rustwide/rustup-home:ro,Z" "-e" "SOURCE_DIR=/opt/rustwide/workdir" "-e" "CARGO_TARGET_DIR=/opt/rustwide/target" "-e" "CARGO_HOME=/opt/rustwide/cargo-home" "-e" "RUSTUP_HOME=/opt/rustwide/rustup-home" "-w" "/opt/rustwide/workdir" "-m" "1610612736" "--user" "0:0" "--network" "none" "ghcr.io/rust-lang/crates-build-env/linux@sha256:2788e3201cd34a07e3172128adcd8b3090168a8e3bcc40d7c032b9dda1df7d1c" "/opt/rustwide/cargo-home/bin/cargo" "+nightly-2024-02-05" "metadata" "--no-deps" "--format-version=1", kill_on_drop: false }`
[INFO] [stdout] 42351e72dafb15f47b3db35ddd619ecf601fc4c8f7c76f712f5207f031042438
[INFO] running `Command { std: "docker" "start" "-a" "42351e72dafb15f47b3db35ddd619ecf601fc4c8f7c76f712f5207f031042438", kill_on_drop: false }`
[INFO] running `Command { std: "docker" "inspect" "42351e72dafb15f47b3db35ddd619ecf601fc4c8f7c76f712f5207f031042438", kill_on_drop: false }`
[INFO] running `Command { std: "docker" "rm" "-f" "42351e72dafb15f47b3db35ddd619ecf601fc4c8f7c76f712f5207f031042438", kill_on_drop: false }`
[INFO] [stdout] 42351e72dafb15f47b3db35ddd619ecf601fc4c8f7c76f712f5207f031042438
[INFO] running `Command { std: "docker" "create" "-v" "/var/lib/crater-agent-workspace/builds/worker-3-tc1/target:/opt/rustwide/target:rw,Z" "-v" "/var/lib/crater-agent-workspace/builds/worker-3-tc1/source:/opt/rustwide/workdir:ro,Z" "-v" "/var/lib/crater-agent-workspace/cargo-home:/opt/rustwide/cargo-home:ro,Z" "-v" "/var/lib/crater-agent-workspace/rustup-home:/opt/rustwide/rustup-home:ro,Z" "-e" "SOURCE_DIR=/opt/rustwide/workdir" "-e" "CARGO_TARGET_DIR=/opt/rustwide/target" "-e" "CARGO_INCREMENTAL=0" "-e" "RUST_BACKTRACE=full" "-e" "RUSTFLAGS=--cap-lints=forbid" "-e" "RUSTDOCFLAGS=--cap-lints=forbid" "-e" "CARGO_HOME=/opt/rustwide/cargo-home" "-e" "RUSTUP_HOME=/opt/rustwide/rustup-home" "-w" "/opt/rustwide/workdir" "-m" "1610612736" "--user" "0:0" "--network" "none" "ghcr.io/rust-lang/crates-build-env/linux@sha256:2788e3201cd34a07e3172128adcd8b3090168a8e3bcc40d7c032b9dda1df7d1c" "/opt/rustwide/cargo-home/bin/cargo" "+nightly-2024-02-05" "check" "--frozen" "--all" "--all-targets" "--message-format=json", kill_on_drop: false }`
[INFO] [stdout] b0d40ad0990055a7f6ee64875f7ffcb988e0dfebd7fce4b54d73b9c8ef724048
[INFO] running `Command { std: "docker" "start" "-a" "b0d40ad0990055a7f6ee64875f7ffcb988e0dfebd7fce4b54d73b9c8ef724048", kill_on_drop: false }`
[INFO] [stderr]    Compiling libc v0.2.153
[INFO] [stderr]    Compiling vcpkg v0.2.15
[INFO] [stderr]    Compiling autocfg v1.1.0
[INFO] [stderr]     Checking memchr v2.7.1
[INFO] [stderr]    Compiling version_check v0.9.4
[INFO] [stderr]    Compiling proc-macro2 v1.0.78
[INFO] [stderr]    Compiling unicode-ident v1.0.12
[INFO] [stderr]     Checking futures-core-preview v0.3.0-alpha.17
[INFO] [stderr]    Compiling crossbeam-utils v0.8.19
[INFO] [stderr]    Compiling getrandom v0.1.16
[INFO] [stderr]    Compiling syn v1.0.109
[INFO] [stderr]     Checking futures-io-preview v0.3.0-alpha.17
[INFO] [stderr]     Checking cfg-if v1.0.0
[INFO] [stderr]    Compiling proc-macro2 v0.4.30
[INFO] [stderr]    Compiling serde v1.0.196
[INFO] [stderr]    Compiling rustix v0.38.31
[INFO] [stderr]    Compiling serde_json v1.0.113
[INFO] [stderr]     Checking pin-utils v0.1.0
[INFO] [stderr]     Checking regex-syntax v0.8.2
[INFO] [stderr]     Checking bitflags v2.4.2
[INFO] [stderr]     Checking futures-sink-preview v0.3.0-alpha.17
[INFO] [stderr]     Checking futures-channel-preview v0.3.0-alpha.17
[INFO] [stderr]     Checking linux-raw-sys v0.4.13
[INFO] [stderr]    Compiling rayon-core v1.12.1
[INFO] [stderr]     Checking ppv-lite86 v0.2.17
[INFO] [stderr]    Compiling proc-macro-error-attr v1.0.4
[INFO] [stderr]    Compiling slab v0.4.9
[INFO] [stderr]    Compiling proc-macro-error v1.0.4
[INFO] [stderr]    Compiling num-traits v0.2.17
[INFO] [stderr]     Checking aho-corasick v1.1.2
[INFO] [stderr]     Checking byteorder v1.5.0
[INFO] [stderr]     Checking ryu v1.0.16
[INFO] [stderr]     Checking log v0.4.20
[INFO] [stderr]     Checking itoa v1.0.10
[INFO] [stderr]    Compiling httparse v1.8.0
[INFO] [stderr]     Checking crossbeam-epoch v0.9.18
[INFO] [stderr]    Compiling curl v0.4.44
[INFO] [stderr]    Compiling quote v0.6.13
[INFO] [stderr]    Compiling quote v1.0.35
[INFO] [stderr]     Checking futures-util-preview v0.3.0-alpha.17
[INFO] [stderr]     Checking crossbeam-utils v0.6.6
[INFO] [stderr]     Checking crossbeam-deque v0.8.5
[INFO] [stderr]     Checking openssl-probe v0.1.5
[INFO] [stderr]     Checking quick-error v1.2.3
[INFO] [stderr]     Checking iana-time-zone v0.1.60
[INFO] [stderr]    Compiling chttp v0.5.5 (/opt/rustwide/workdir)
[INFO] [stderr]     Checking itoa v0.4.8
[INFO] [stderr]     Checking humantime v1.3.0
[INFO] [stderr]     Checking crossbeam-channel v0.3.9
[INFO] [stderr]    Compiling syn v0.14.9
[INFO] [stderr]     Checking sluice v0.4.1
[INFO] [stderr]     Checking termcolor v1.4.1
[INFO] [stderr]     Checking difference v2.0.0
[INFO] [stderr]     Checking percent-encoding v1.0.1
[INFO] [stderr]     Checking either v1.9.0
[INFO] [stderr]     Checking is-terminal v0.4.10
[INFO] [stderr]     Checking rayon v1.8.1
[INFO] [stderr]     Checking colored v1.9.4
[INFO] [stderr]     Checking chrono v0.4.33
[INFO] [stderr]     Checking regex-automata v0.4.5
[INFO] [stderr]    Compiling cc v1.0.83
[INFO] [stderr]     Checking iovec v0.1.4
[INFO] [stderr]     Checking num_cpus v1.16.0
[INFO] [stderr]     Checking socket2 v0.4.10
[INFO] [stderr]     Checking atty v0.2.14
[INFO] [stderr]     Checking bytes v0.4.12
[INFO] [stderr]     Checking rand_core v0.5.1
[INFO] [stderr]     Checking rand_chacha v0.2.2
[INFO] [stderr]     Checking http v0.1.21
[INFO] [stderr]     Checking rand v0.7.3
[INFO] [stderr]     Checking futures-executor-preview v0.3.0-alpha.17
[INFO] [stderr]     Checking futures-preview v0.3.0-alpha.17
[INFO] [stderr]    Compiling openssl-sys v0.9.99
[INFO] [stderr]    Compiling libz-sys v1.1.15
[INFO] [stderr]    Compiling libnghttp2-sys v0.1.9+1.58.0
[INFO] [stderr]    Compiling curl-sys v0.4.71+curl-8.6.0
[INFO] [stderr]     Checking regex v1.10.3
[INFO] [stderr]    Compiling speculate v0.1.2
[INFO] [stderr]     Checking env_logger v0.6.2
[INFO] [stderr]    Compiling extend v0.1.2
[INFO] [stderr]     Checking assert-json-diff v1.1.0
[INFO] [stderr]     Checking mockito v0.20.0
[INFO] [stdout] error[E0432]: unresolved imports `assert_json_diff::Comparison`, `assert_json_diff::Actual`, `assert_json_diff::Expected`
[INFO] [stdout]    --> /opt/rustwide/cargo-home/registry/src/index.crates.io-6f17d22bba15001f/mockito-0.20.0/src/lib.rs:524:24
[INFO] [stdout]     |
[INFO] [stdout] 524 | use assert_json_diff::{Comparison, assert_json_no_panic, Actual, Expected};
[INFO] [stdout]     |                        ^^^^^^^^^^                        ^^^^^^  ^^^^^^^^ no `Expected` in the root
[INFO] [stdout]     |                        |                                 |
[INFO] [stdout]     |                        |                                 no `Actual` in the root
[INFO] [stdout]     |                        no `Comparison` in the root
[INFO] [stdout] 
[INFO] [stdout] 
[INFO] [stdout] error[E0603]: function `assert_json_no_panic` is private
[INFO] [stdout]    --> /opt/rustwide/cargo-home/registry/src/index.crates.io-6f17d22bba15001f/mockito-0.20.0/src/lib.rs:524:36
[INFO] [stdout]     |
[INFO] [stdout] 524 | use assert_json_diff::{Comparison, assert_json_no_panic, Actual, Expected};
[INFO] [stdout]     |                                    ^^^^^^^^^^^^^^^^^^^^ private function
[INFO] [stdout]     |
[INFO] [stdout] note: the function `assert_json_no_panic` is defined here
[INFO] [stdout]    --> /opt/rustwide/cargo-home/registry/src/index.crates.io-6f17d22bba15001f/assert-json-diff-1.1.0/src/lib.rs:240:1
[INFO] [stdout]     |
[INFO] [stdout] 240 | / fn assert_json_no_panic<Lhs, Rhs>(lhs: &Lhs, rhs: &Rhs, mode: Mode) -> Result<(), String>
[INFO] [stdout] 241 | | where
[INFO] [stdout] 242 | |     Lhs: Serialize,
[INFO] [stdout] 243 | |     Rhs: Serialize,
[INFO] [stdout]     | |___________________^
[INFO] [stdout] 
[INFO] [stdout] 
[INFO] [stdout] error: aborting due to 2 previous errors
[INFO] [stdout] 
[INFO] [stdout] 
[INFO] [stdout] Some errors have detailed explanations: E0432, E0603.
[INFO] [stdout] 
[INFO] [stdout] For more information about an error, try `rustc --explain E0432`.
[INFO] [stdout] 
[INFO] [stderr] error: could not compile `mockito` (lib) due to 3 previous errors
[INFO] [stderr] warning: build failed, waiting for other jobs to finish...
[INFO] running `Command { std: "docker" "inspect" "b0d40ad0990055a7f6ee64875f7ffcb988e0dfebd7fce4b54d73b9c8ef724048", kill_on_drop: false }`
[INFO] running `Command { std: "docker" "rm" "-f" "b0d40ad0990055a7f6ee64875f7ffcb988e0dfebd7fce4b54d73b9c8ef724048", kill_on_drop: false }`
[INFO] [stdout] b0d40ad0990055a7f6ee64875f7ffcb988e0dfebd7fce4b54d73b9c8ef724048
[INFO] checking chttp-0.5.5 against nightly-2024-02-05+rustflags=-Dunexpected_cfgs+cargoflags=-Zcheck-cfg for check-cfg
[INFO] extracting crate chttp 0.5.5 into /workspace/builds/worker-3-tc2/source
[INFO] validating manifest of crates.io crate chttp 0.5.5 on toolchain nightly-2024-02-05
[INFO] running `Command { std: CARGO_HOME="/workspace/cargo-home" RUSTUP_HOME="/workspace/rustup-home" "/workspace/cargo-home/bin/cargo" "+nightly-2024-02-05" "metadata" "--manifest-path" "Cargo.toml" "--no-deps", kill_on_drop: false }`
[INFO] started tweaking crates.io crate chttp 0.5.5
[INFO] removed 0 missing examples
[INFO] finished tweaking crates.io crate chttp 0.5.5
[INFO] tweaked toml for crates.io crate chttp 0.5.5 written to /workspace/builds/worker-3-tc2/source/Cargo.toml
[INFO] running `Command { std: CARGO_HOME="/workspace/cargo-home" RUSTUP_HOME="/workspace/rustup-home" "/workspace/cargo-home/bin/cargo" "+nightly-2024-02-05" "generate-lockfile" "--manifest-path" "Cargo.toml", kill_on_drop: false }`
[INFO] [stderr]     Updating crates.io index
[INFO] running `Command { std: CARGO_HOME="/workspace/cargo-home" RUSTUP_HOME="/workspace/rustup-home" "/workspace/cargo-home/bin/cargo" "+nightly-2024-02-05" "fetch" "--manifest-path" "Cargo.toml", kill_on_drop: false }`
[INFO] running `Command { std: "docker" "create" "-v" "/var/lib/crater-agent-workspace/builds/worker-3-tc2/target:/opt/rustwide/target:rw,Z" "-v" "/var/lib/crater-agent-workspace/builds/worker-3-tc2/source:/opt/rustwide/workdir:ro,Z" "-v" "/var/lib/crater-agent-workspace/cargo-home:/opt/rustwide/cargo-home:ro,Z" "-v" "/var/lib/crater-agent-workspace/rustup-home:/opt/rustwide/rustup-home:ro,Z" "-e" "SOURCE_DIR=/opt/rustwide/workdir" "-e" "CARGO_TARGET_DIR=/opt/rustwide/target" "-e" "CARGO_HOME=/opt/rustwide/cargo-home" "-e" "RUSTUP_HOME=/opt/rustwide/rustup-home" "-w" "/opt/rustwide/workdir" "-m" "1610612736" "--user" "0:0" "--network" "none" "ghcr.io/rust-lang/crates-build-env/linux@sha256:2788e3201cd34a07e3172128adcd8b3090168a8e3bcc40d7c032b9dda1df7d1c" "/opt/rustwide/cargo-home/bin/cargo" "+nightly-2024-02-05" "metadata" "--no-deps" "--format-version=1", kill_on_drop: false }`
[INFO] [stdout] 98ed46c826499cad1c555104a1f100a1a01d6eb9a7ab00419012666220bfc4e0
[INFO] running `Command { std: "docker" "start" "-a" "98ed46c826499cad1c555104a1f100a1a01d6eb9a7ab00419012666220bfc4e0", kill_on_drop: false }`
[INFO] running `Command { std: "docker" "inspect" "98ed46c826499cad1c555104a1f100a1a01d6eb9a7ab00419012666220bfc4e0", kill_on_drop: false }`
[INFO] running `Command { std: "docker" "rm" "-f" "98ed46c826499cad1c555104a1f100a1a01d6eb9a7ab00419012666220bfc4e0", kill_on_drop: false }`
[INFO] [stdout] 98ed46c826499cad1c555104a1f100a1a01d6eb9a7ab00419012666220bfc4e0
[INFO] running `Command { std: "docker" "create" "-v" "/var/lib/crater-agent-workspace/builds/worker-3-tc2/target:/opt/rustwide/target:rw,Z" "-v" "/var/lib/crater-agent-workspace/builds/worker-3-tc2/source:/opt/rustwide/workdir:ro,Z" "-v" "/var/lib/crater-agent-workspace/cargo-home:/opt/rustwide/cargo-home:ro,Z" "-v" "/var/lib/crater-agent-workspace/rustup-home:/opt/rustwide/rustup-home:ro,Z" "-e" "SOURCE_DIR=/opt/rustwide/workdir" "-e" "CARGO_TARGET_DIR=/opt/rustwide/target" "-e" "CARGO_INCREMENTAL=0" "-e" "RUST_BACKTRACE=full" "-e" "RUSTFLAGS=--cap-lints=forbid -Dunexpected_cfgs" "-e" "RUSTDOCFLAGS=--cap-lints=forbid" "-e" "CARGO_HOME=/opt/rustwide/cargo-home" "-e" "RUSTUP_HOME=/opt/rustwide/rustup-home" "-w" "/opt/rustwide/workdir" "-m" "1610612736" "--user" "0:0" "--network" "none" "ghcr.io/rust-lang/crates-build-env/linux@sha256:2788e3201cd34a07e3172128adcd8b3090168a8e3bcc40d7c032b9dda1df7d1c" "/opt/rustwide/cargo-home/bin/cargo" "+nightly-2024-02-05" "check" "--frozen" "--all" "--all-targets" "--message-format=json" "-Zcheck-cfg", kill_on_drop: false }`
[INFO] [stdout] ac589fda2e32d5d0c4274a3366b96e17e4f57ecdd6fee895209da1270ff4ad77
[INFO] running `Command { std: "docker" "start" "-a" "ac589fda2e32d5d0c4274a3366b96e17e4f57ecdd6fee895209da1270ff4ad77", kill_on_drop: false }`
[INFO] [stderr]    Compiling libc v0.2.153
[INFO] [stderr]    Compiling vcpkg v0.2.15
[INFO] [stderr]    Compiling autocfg v1.1.0
[INFO] [stderr]     Checking memchr v2.7.1
[INFO] [stderr]    Compiling proc-macro2 v1.0.78
[INFO] [stderr]    Compiling version_check v0.9.4
[INFO] [stderr]    Compiling unicode-ident v1.0.12
[INFO] [stderr]     Checking futures-core-preview v0.3.0-alpha.17
[INFO] [stderr]    Compiling crossbeam-utils v0.8.19
[INFO] [stderr]    Compiling syn v1.0.109
[INFO] [stderr]    Compiling getrandom v0.1.16
[INFO] [stderr]    Compiling serde v1.0.196
[INFO] [stderr]     Checking cfg-if v1.0.0
[INFO] [stderr]    Compiling rustix v0.38.31
[INFO] [stderr]    Compiling proc-macro2 v0.4.30
[INFO] [stderr]     Checking futures-io-preview v0.3.0-alpha.17
[INFO] [stderr]     Checking pin-utils v0.1.0
[INFO] [stderr]    Compiling serde_json v1.0.113
[INFO] [stderr]     Checking futures-sink-preview v0.3.0-alpha.17
[INFO] [stderr]     Checking bitflags v2.4.2
[INFO] [stderr]     Checking regex-syntax v0.8.2
[INFO] [stderr]     Checking futures-channel-preview v0.3.0-alpha.17
[INFO] [stderr]     Checking linux-raw-sys v0.4.13
[INFO] [stderr]     Checking itoa v1.0.10
[INFO] [stderr]    Compiling proc-macro-error-attr v1.0.4
[INFO] [stderr]    Compiling proc-macro-error v1.0.4
[INFO] [stderr]    Compiling slab v0.4.9
[INFO] [stderr]    Compiling num-traits v0.2.17
[INFO] [stderr]     Checking byteorder v1.5.0
[INFO] [stderr]     Checking ppv-lite86 v0.2.17
[INFO] [stderr]     Checking aho-corasick v1.1.2
[INFO] [stderr]    Compiling httparse v1.8.0
[INFO] [stderr]    Compiling curl v0.4.44
[INFO] [stderr]     Checking log v0.4.20
[INFO] [stderr]    Compiling rayon-core v1.12.1
[INFO] [stderr]     Checking ryu v1.0.16
[INFO] [stderr]     Checking crossbeam-epoch v0.9.18
[INFO] [stderr]    Compiling quote v1.0.35
[INFO] [stderr]     Checking futures-util-preview v0.3.0-alpha.17
[INFO] [stderr]     Checking crossbeam-utils v0.6.6
[INFO] [stderr]    Compiling quote v0.6.13
[INFO] [stderr]    Compiling chttp v0.5.5 (/opt/rustwide/workdir)
[INFO] [stderr]     Checking crossbeam-deque v0.8.5
[INFO] [stderr]     Checking openssl-probe v0.1.5
[INFO] [stderr]     Checking itoa v0.4.8
[INFO] [stderr]     Checking iana-time-zone v0.1.60
[INFO] [stderr]     Checking quick-error v1.2.3
[INFO] [stderr]     Checking crossbeam-channel v0.3.9
[INFO] [stderr]    Compiling syn v0.14.9
[INFO] [stderr]     Checking humantime v1.3.0
[INFO] [stderr]     Checking is-terminal v0.4.10
[INFO] [stderr]     Checking colored v1.9.4
[INFO] [stderr]     Checking sluice v0.4.1
[INFO] [stderr]     Checking either v1.9.0
[INFO] [stderr]     Checking termcolor v1.4.1
[INFO] [stderr]     Checking percent-encoding v1.0.1
[INFO] [stderr]     Checking difference v2.0.0
[INFO] [stderr]     Checking rayon v1.8.1
[INFO] [stderr]     Checking chrono v0.4.33
[INFO] [stderr]    Compiling cc v1.0.83
[INFO] [stderr]     Checking iovec v0.1.4
[INFO] [stderr]     Checking num_cpus v1.16.0
[INFO] [stderr]     Checking socket2 v0.4.10
[INFO] [stderr]     Checking atty v0.2.14
[INFO] [stderr]     Checking bytes v0.4.12
[INFO] [stderr]     Checking rand_core v0.5.1
[INFO] [stderr]     Checking regex-automata v0.4.5
[INFO] [stderr]     Checking rand_chacha v0.2.2
[INFO] [stderr]     Checking http v0.1.21
[INFO] [stderr]     Checking rand v0.7.3
[INFO] [stderr]     Checking futures-executor-preview v0.3.0-alpha.17
[INFO] [stderr]    Compiling openssl-sys v0.9.99
[INFO] [stderr]    Compiling libnghttp2-sys v0.1.9+1.58.0
[INFO] [stderr]    Compiling libz-sys v1.1.15
[INFO] [stderr]    Compiling curl-sys v0.4.71+curl-8.6.0
[INFO] [stderr]     Checking futures-preview v0.3.0-alpha.17
[INFO] [stderr]     Checking regex v1.10.3
[INFO] [stderr]    Compiling speculate v0.1.2
[INFO] [stderr]     Checking env_logger v0.6.2
[INFO] [stderr]    Compiling extend v0.1.2
[INFO] [stderr]     Checking assert-json-diff v1.1.0
[INFO] [stderr]     Checking mockito v0.20.0
[INFO] [stdout] error[E0432]: unresolved imports `assert_json_diff::Comparison`, `assert_json_diff::Actual`, `assert_json_diff::Expected`
[INFO] [stdout]    --> /opt/rustwide/cargo-home/registry/src/index.crates.io-6f17d22bba15001f/mockito-0.20.0/src/lib.rs:524:24
[INFO] [stdout]     |
[INFO] [stdout] 524 | use assert_json_diff::{Comparison, assert_json_no_panic, Actual, Expected};
[INFO] [stdout]     |                        ^^^^^^^^^^                        ^^^^^^  ^^^^^^^^ no `Expected` in the root
[INFO] [stdout]     |                        |                                 |
[INFO] [stdout]     |                        |                                 no `Actual` in the root
[INFO] [stdout]     |                        no `Comparison` in the root
[INFO] [stdout] 
[INFO] [stdout] 
[INFO] [stdout] error[E0603]: function `assert_json_no_panic` is private
[INFO] [stdout]    --> /opt/rustwide/cargo-home/registry/src/index.crates.io-6f17d22bba15001f/mockito-0.20.0/src/lib.rs:524:36
[INFO] [stdout]     |
[INFO] [stdout] 524 | use assert_json_diff::{Comparison, assert_json_no_panic, Actual, Expected};
[INFO] [stdout]     |                                    ^^^^^^^^^^^^^^^^^^^^ private function
[INFO] [stdout]     |
[INFO] [stdout] note: the function `assert_json_no_panic` is defined here
[INFO] [stdout]    --> /opt/rustwide/cargo-home/registry/src/index.crates.io-6f17d22bba15001f/assert-json-diff-1.1.0/src/lib.rs:240:1
[INFO] [stdout]     |
[INFO] [stdout] 240 | / fn assert_json_no_panic<Lhs, Rhs>(lhs: &Lhs, rhs: &Rhs, mode: Mode) -> Result<(), String>
[INFO] [stdout] 241 | | where
[INFO] [stdout] 242 | |     Lhs: Serialize,
[INFO] [stdout] 243 | |     Rhs: Serialize,
[INFO] [stdout]     | |___________________^
[INFO] [stdout] 
[INFO] [stdout] 
[INFO] [stdout] error: aborting due to 2 previous errors
[INFO] [stdout] 
[INFO] [stdout] 
[INFO] [stdout] Some errors have detailed explanations: E0432, E0603.
[INFO] [stdout] 
[INFO] [stdout] For more information about an error, try `rustc --explain E0432`.
[INFO] [stdout] 
[INFO] [stderr] error: could not compile `mockito` (lib) due to 3 previous errors
[INFO] [stderr] warning: build failed, waiting for other jobs to finish...
[INFO] running `Command { std: "docker" "inspect" "ac589fda2e32d5d0c4274a3366b96e17e4f57ecdd6fee895209da1270ff4ad77", kill_on_drop: false }`
[INFO] running `Command { std: "docker" "rm" "-f" "ac589fda2e32d5d0c4274a3366b96e17e4f57ecdd6fee895209da1270ff4ad77", kill_on_drop: false }`
[INFO] [stdout] ac589fda2e32d5d0c4274a3366b96e17e4f57ecdd6fee895209da1270ff4ad77
