[INFO] fetching crate chia-bls 0.2.13...
[INFO] checking chia-bls-0.2.13 against nightly-2024-02-05 for check-cfg
[INFO] extracting crate chia-bls 0.2.13 into /workspace/builds/worker-4-tc1/source
[INFO] validating manifest of crates.io crate chia-bls 0.2.13 on toolchain nightly-2024-02-05
[INFO] running `Command { std: CARGO_HOME="/workspace/cargo-home" RUSTUP_HOME="/workspace/rustup-home" "/workspace/cargo-home/bin/cargo" "+nightly-2024-02-05" "metadata" "--manifest-path" "Cargo.toml" "--no-deps", kill_on_drop: false }`
[INFO] started tweaking crates.io crate chia-bls 0.2.13
[INFO] finished tweaking crates.io crate chia-bls 0.2.13
[INFO] tweaked toml for crates.io crate chia-bls 0.2.13 written to /workspace/builds/worker-4-tc1/source/Cargo.toml
[INFO] running `Command { std: CARGO_HOME="/workspace/cargo-home" RUSTUP_HOME="/workspace/rustup-home" "/workspace/cargo-home/bin/cargo" "+nightly-2024-02-05" "generate-lockfile" "--manifest-path" "Cargo.toml", kill_on_drop: false }`
[INFO] [stderr]     Updating crates.io index
[INFO] running `Command { std: CARGO_HOME="/workspace/cargo-home" RUSTUP_HOME="/workspace/rustup-home" "/workspace/cargo-home/bin/cargo" "+nightly-2024-02-05" "fetch" "--manifest-path" "Cargo.toml", kill_on_drop: false }`
[INFO] [stderr]  Downloading crates ...
[INFO] [stderr]   Downloaded pyo3-ffi v0.19.2
[INFO] [stderr]   Downloaded pyo3-macros v0.19.2
[INFO] [stderr]   Downloaded k256 v0.13.3
[INFO] [stderr]   Downloaded inventory v0.3.15
[INFO] [stderr]   Downloaded pairing v0.23.0
[INFO] [stderr]   Downloaded arbitrary v1.3.0
[INFO] [stderr]   Downloaded pyo3-macros-backend v0.19.2
[INFO] [stderr]   Downloaded tiny-bip39 v1.0.0
[INFO] [stderr]   Downloaded pyo3-build-config v0.19.2
[INFO] [stderr]   Downloaded blst v0.3.11
[INFO] [stderr]   Downloaded bls12_381 v0.8.0
[INFO] [stderr]   Downloaded pyo3 v0.19.2
[INFO] [stderr]   Downloaded clvm-traits v0.2.14
[INFO] [stderr]   Downloaded chia_streamable_macro v0.2.14
[INFO] [stderr]   Downloaded clvm-derive v0.2.14
[INFO] [stderr]   Downloaded chia-traits v0.2.14
[INFO] [stderr]   Downloaded chia_py_streamable_macro v0.2.14
[INFO] [stderr]   Downloaded clvmr v0.3.0
[INFO] running `Command { std: "docker" "create" "-v" "/var/lib/crater-agent-workspace/builds/worker-4-tc1/target:/opt/rustwide/target:rw,Z" "-v" "/var/lib/crater-agent-workspace/builds/worker-4-tc1/source:/opt/rustwide/workdir:ro,Z" "-v" "/var/lib/crater-agent-workspace/cargo-home:/opt/rustwide/cargo-home:ro,Z" "-v" "/var/lib/crater-agent-workspace/rustup-home:/opt/rustwide/rustup-home:ro,Z" "-e" "SOURCE_DIR=/opt/rustwide/workdir" "-e" "CARGO_TARGET_DIR=/opt/rustwide/target" "-e" "CARGO_HOME=/opt/rustwide/cargo-home" "-e" "RUSTUP_HOME=/opt/rustwide/rustup-home" "-w" "/opt/rustwide/workdir" "-m" "1610612736" "--user" "0:0" "--network" "none" "ghcr.io/rust-lang/crates-build-env/linux@sha256:2788e3201cd34a07e3172128adcd8b3090168a8e3bcc40d7c032b9dda1df7d1c" "/opt/rustwide/cargo-home/bin/cargo" "+nightly-2024-02-05" "metadata" "--no-deps" "--format-version=1", kill_on_drop: false }`
[INFO] [stdout] 53086ad0a6ab633dc8dc9b78b427e4033b4fa32e0a38ee8d7ac7b4b65aef5c81
[INFO] running `Command { std: "docker" "start" "-a" "53086ad0a6ab633dc8dc9b78b427e4033b4fa32e0a38ee8d7ac7b4b65aef5c81", kill_on_drop: false }`
[INFO] running `Command { std: "docker" "inspect" "53086ad0a6ab633dc8dc9b78b427e4033b4fa32e0a38ee8d7ac7b4b65aef5c81", kill_on_drop: false }`
[INFO] running `Command { std: "docker" "rm" "-f" "53086ad0a6ab633dc8dc9b78b427e4033b4fa32e0a38ee8d7ac7b4b65aef5c81", kill_on_drop: false }`
[INFO] [stdout] 53086ad0a6ab633dc8dc9b78b427e4033b4fa32e0a38ee8d7ac7b4b65aef5c81
[INFO] running `Command { std: "docker" "create" "-v" "/var/lib/crater-agent-workspace/builds/worker-4-tc1/target:/opt/rustwide/target:rw,Z" "-v" "/var/lib/crater-agent-workspace/builds/worker-4-tc1/source:/opt/rustwide/workdir:ro,Z" "-v" "/var/lib/crater-agent-workspace/cargo-home:/opt/rustwide/cargo-home:ro,Z" "-v" "/var/lib/crater-agent-workspace/rustup-home:/opt/rustwide/rustup-home:ro,Z" "-e" "SOURCE_DIR=/opt/rustwide/workdir" "-e" "CARGO_TARGET_DIR=/opt/rustwide/target" "-e" "CARGO_INCREMENTAL=0" "-e" "RUST_BACKTRACE=full" "-e" "RUSTFLAGS=--cap-lints=forbid" "-e" "RUSTDOCFLAGS=--cap-lints=forbid" "-e" "CARGO_HOME=/opt/rustwide/cargo-home" "-e" "RUSTUP_HOME=/opt/rustwide/rustup-home" "-w" "/opt/rustwide/workdir" "-m" "1610612736" "--user" "0:0" "--network" "none" "ghcr.io/rust-lang/crates-build-env/linux@sha256:2788e3201cd34a07e3172128adcd8b3090168a8e3bcc40d7c032b9dda1df7d1c" "/opt/rustwide/cargo-home/bin/cargo" "+nightly-2024-02-05" "check" "--frozen" "--all" "--all-targets" "--message-format=json", kill_on_drop: false }`
[INFO] [stdout] 7ef5a378f47166220c1a6fad062de1f2bf9ed5158aff97d68fe6a321f51e31a3
[INFO] running `Command { std: "docker" "start" "-a" "7ef5a378f47166220c1a6fad062de1f2bf9ed5158aff97d68fe6a321f51e31a3", kill_on_drop: false }`
[INFO] [stderr]    Compiling proc-macro2 v1.0.78
[INFO] [stderr]    Compiling version_check v0.9.4
[INFO] [stderr]    Compiling typenum v1.17.0
[INFO] [stderr]     Checking subtle v2.4.1
[INFO] [stderr]    Compiling libc v0.2.153
[INFO] [stderr]     Checking const-oid v0.9.6
[INFO] [stderr]    Compiling radium v0.7.0
[INFO] [stderr]     Checking tap v1.0.1
[INFO] [stderr]     Checking funty v2.0.0
[INFO] [stderr]     Checking base64ct v1.6.0
[INFO] [stderr]     Checking base16ct v0.2.0
[INFO] [stderr]     Checking cpufeatures v0.2.12
[INFO] [stderr]    Compiling semver v1.0.21
[INFO] [stderr]    Compiling num-traits v0.2.15
[INFO] [stderr]    Compiling crossbeam-utils v0.8.19
[INFO] [stderr]     Checking wyz v0.5.1
[INFO] [stderr]    Compiling hashbrown v0.14.3
[INFO] [stderr]    Compiling thiserror v1.0.56
[INFO] [stderr]     Checking once_cell v1.19.0
[INFO] [stderr]    Compiling serde v1.0.196
[INFO] [stderr]     Checking pem-rfc7468 v0.7.0
[INFO] [stderr]    Compiling num-bigint v0.4.3
[INFO] [stderr]     Checking futures-core v0.3.30
[INFO] [stderr]    Compiling generic-array v0.14.7
[INFO] [stderr]    Compiling winnow v0.5.37
[INFO] [stderr]     Checking futures-sink v0.3.30
[INFO] [stderr]     Checking futures-io v0.3.30
[INFO] [stderr]     Checking futures-channel v0.3.30
[INFO] [stderr]     Checking hex v0.4.3
[INFO] [stderr]     Checking bitvec v1.0.1
[INFO] [stderr]    Compiling rustc_version v0.4.0
[INFO] [stderr]     Checking tinyvec_macros v0.1.1
[INFO] [stderr]    Compiling serde_json v1.0.113
[INFO] [stderr]     Checking opaque-debug v0.3.0
[INFO] [stderr]    Compiling anyhow v1.0.79
[INFO] [stderr]     Checking futures-task v0.3.30
[INFO] [stderr]     Checking memchr v2.7.1
[INFO] [stderr]    Compiling rustix v0.38.31
[INFO] [stderr]    Compiling syn v1.0.109
[INFO] [stderr]    Compiling indexmap v2.2.2
[INFO] [stderr]     Checking crossbeam-epoch v0.9.18
[INFO] [stderr]    Compiling quote v1.0.35
[INFO] [stderr]    Compiling rayon-core v1.12.1
[INFO] [stderr]    Compiling rstest_macros v0.17.0
[INFO] [stderr]    Compiling syn v2.0.48
[INFO] [stderr]     Checking crossbeam-deque v0.8.5
[INFO] [stderr]     Checking tinyvec v1.6.0
[INFO] [stderr]     Checking getrandom v0.2.9
[INFO] [stderr]     Checking num_cpus v1.16.0
[INFO] [stderr]    Compiling cc v1.0.83
[INFO] [stderr]     Checking half v2.3.1
[INFO] [stderr]     Checking linux-raw-sys v0.4.13
[INFO] [stderr]     Checking bitflags v2.4.2
[INFO] [stderr]     Checking ciborium-io v0.2.2
[INFO] [stderr]     Checking plotters-backend v0.3.5
[INFO] [stderr]     Checking ryu v1.0.16
[INFO] [stderr]     Checking regex-syntax v0.8.2
[INFO] [stderr]     Checking itoa v1.0.10
[INFO] [stderr]     Checking rand_core v0.6.4
[INFO] [stderr]     Checking anstyle v1.0.6
[INFO] [stderr]     Checking threadpool v1.8.1
[INFO] [stderr]     Checking num-integer v0.1.45
[INFO] [stderr]     Checking rand_chacha v0.3.1
[INFO] [stderr]     Checking plotters-svg v0.3.5
[INFO] [stderr]     Checking ciborium-ll v0.2.2
[INFO] [stderr]     Checking clap_builder v4.4.18
[INFO] [stderr]     Checking itertools v0.10.5
[INFO] [stderr]     Checking cast v0.3.0
[INFO] [stderr]    Compiling cfg-if v1.0.0
[INFO] [stderr]     Checking rand v0.8.5
[INFO] [stderr]     Checking rustc-hash v1.1.0
[INFO] [stderr]     Checking plotters v0.3.5
[INFO] [stderr]     Checking anes v0.1.6
[INFO] [stderr]     Checking oorandom v11.1.3
[INFO] [stderr]     Checking rayon v1.8.1
[INFO] [stderr]     Checking futures-timer v3.0.2
[INFO] [stderr]     Checking arbitrary v1.3.0
[INFO] [stderr]     Checking unicode-normalization v0.1.22
[INFO] [stderr]     Checking is-terminal v0.4.10
[INFO] [stderr]    Compiling blst v0.3.11
[INFO] [stderr]     Checking regex-automata v0.4.5
[INFO] [stderr]    Compiling toml_edit v0.19.15
[INFO] [stderr]     Checking ff v0.13.0
[INFO] [stderr]     Checking group v0.13.0
[INFO] [stderr]     Checking pairing v0.23.0
[INFO] [stderr]     Checking criterion-plot v0.5.0
[INFO] [stderr]     Checking clap v4.4.18
[INFO] [stderr]     Checking regex v1.10.3
[INFO] [stderr]    Compiling proc-macro-crate v1.3.1
[INFO] [stderr]    Compiling zeroize_derive v1.4.2
[INFO] [stderr]    Compiling thiserror-impl v1.0.56
[INFO] [stderr]    Compiling serde_derive v1.0.196
[INFO] [stderr]    Compiling futures-macro v0.3.30
[INFO] [stderr]    Compiling chia_streamable_macro v0.2.14
[INFO] [stderr]    Compiling clvm-derive v0.2.14
[INFO] [stderr]     Checking zeroize v1.7.0
[INFO] [stderr]     Checking der v0.7.8
[INFO] [stderr]     Checking futures-util v0.3.30
[INFO] [stderr]     Checking crypto-common v0.1.6
[INFO] [stderr]     Checking block-buffer v0.10.4
[INFO] [stderr]     Checking crypto-bigint v0.5.5
[INFO] [stderr]     Checking digest v0.9.0
[INFO] [stderr]     Checking block-buffer v0.9.0
[INFO] [stderr]     Checking crypto-mac v0.11.1
[INFO] [stderr]     Checking digest v0.10.7
[INFO] [stderr]     Checking sha2 v0.9.9
[INFO] [stderr]     Checking bls12_381 v0.8.0
[INFO] [stderr]     Checking hmac v0.11.0
[INFO] [stderr]     Checking hkdf v0.11.0
[INFO] [stderr]     Checking hmac v0.12.1
[INFO] [stderr]     Checking sha2 v0.10.8
[INFO] [stderr]     Checking signature v2.2.0
[INFO] [stderr]     Checking pbkdf2 v0.11.0
[INFO] [stderr]     Checking rfc6979 v0.4.0
[INFO] [stderr]     Checking spki v0.7.3
[INFO] [stderr]     Checking tiny-bip39 v1.0.0
[INFO] [stderr]     Checking chia-traits v0.2.14
[INFO] [stderr]     Checking pkcs8 v0.10.2
[INFO] [stderr]     Checking sec1 v0.7.3
[INFO] [stderr]     Checking elliptic-curve v0.13.8
[INFO] [stderr]     Checking ecdsa v0.16.9
[INFO] [stderr]     Checking primeorder v0.13.6
[INFO] [stderr]     Checking k256 v0.13.3
[INFO] [stderr]     Checking p256 v0.13.2
[INFO] [stderr]     Checking futures-executor v0.3.30
[INFO] [stderr]     Checking futures v0.3.30
[INFO] [stderr]     Checking rstest v0.17.0
[INFO] [stderr]     Checking clvmr v0.3.0
[INFO] [stderr]     Checking clvm-traits v0.2.14
[INFO] [stderr]     Checking chia-bls v0.2.13 (/opt/rustwide/workdir)
[INFO] [stdout] error[E0412]: cannot find type `Result` in crate `clvm_traits`
[INFO] [stdout]    --> src/public_key.rs:389:63
[INFO] [stdout]     |
[INFO] [stdout] 389 |     fn from_clvm(a: &Allocator, ptr: NodePtr) -> clvm_traits::Result<Self> {
[INFO] [stdout]     |                                                               ^^^^^^ not found in `clvm_traits`
[INFO] [stdout]     |
[INFO] [stdout] help: consider importing one of these items
[INFO] [stdout]     |
[INFO] [stdout] 1   + use anyhow::Result;
[INFO] [stdout]     |
[INFO] [stdout] 1   + use arbitrary::Result;
[INFO] [stdout]     |
[INFO] [stdout] 1   + use chia_traits::Result;
[INFO] [stdout]     |
[INFO] [stdout] 1   + use core::fmt::Result;
[INFO] [stdout]     |
[INFO] [stdout]       and 7 other candidates
[INFO] [stdout] help: if you import `Result`, refer to it directly
[INFO] [stdout]     |
[INFO] [stdout] 389 -     fn from_clvm(a: &Allocator, ptr: NodePtr) -> clvm_traits::Result<Self> {
[INFO] [stdout] 389 +     fn from_clvm(a: &Allocator, ptr: NodePtr) -> Result<Self> {
[INFO] [stdout]     |
[INFO] [stdout] 
[INFO] [stdout] 
[INFO] [stdout] error[E0433]: failed to resolve: could not find `Error` in `clvm_traits`
[INFO] [stdout]    --> src/public_key.rs:393:41
[INFO] [stdout]     |
[INFO] [stdout] 393 |                 return Err(clvm_traits::Error::ExpectedAtom(ptr));
[INFO] [stdout]     |                                         ^^^^^ could not find `Error` in `clvm_traits`
[INFO] [stdout]     |
[INFO] [stdout] help: consider importing one of these items
[INFO] [stdout]     |
[INFO] [stdout] 1   + use anyhow::Error;
[INFO] [stdout]     |
[INFO] [stdout] 1   + use arbitrary::Error;
[INFO] [stdout]     |
[INFO] [stdout] 1   + use chia_traits::Error;
[INFO] [stdout]     |
[INFO] [stdout] 1   + use core::error::Error;
[INFO] [stdout]     |
[INFO] [stdout]       and 6 other candidates
[INFO] [stdout] help: if you import `Error`, refer to it directly
[INFO] [stdout]     |
[INFO] [stdout] 393 -                 return Err(clvm_traits::Error::ExpectedAtom(ptr));
[INFO] [stdout] 393 +                 return Err(Error::ExpectedAtom(ptr));
[INFO] [stdout]     |
[INFO] [stdout] 
[INFO] [stdout] 
[INFO] [stdout] error[E0433]: failed to resolve: could not find `Error` in `clvm_traits`
[INFO] [stdout]    --> src/public_key.rs:398:48
[INFO] [stdout]     |
[INFO] [stdout] 398 |                 .map_err(|_error| clvm_traits::Error::Custom("invalid size".to_string()))?,
[INFO] [stdout]     |                                                ^^^^^ could not find `Error` in `clvm_traits`
[INFO] [stdout]     |
[INFO] [stdout] help: consider importing one of these items
[INFO] [stdout]     |
[INFO] [stdout] 1   + use anyhow::Error;
[INFO] [stdout]     |
[INFO] [stdout] 1   + use arbitrary::Error;
[INFO] [stdout]     |
[INFO] [stdout] 1   + use chia_traits::Error;
[INFO] [stdout]     |
[INFO] [stdout] 1   + use core::error::Error;
[INFO] [stdout]     |
[INFO] [stdout]       and 6 other candidates
[INFO] [stdout] help: if you import `Error`, refer to it directly
[INFO] [stdout]     |
[INFO] [stdout] 398 -                 .map_err(|_error| clvm_traits::Error::Custom("invalid size".to_string()))?,
[INFO] [stdout] 398 +                 .map_err(|_error| Error::Custom("invalid size".to_string()))?,
[INFO] [stdout]     |
[INFO] [stdout] 
[INFO] [stdout] 
[INFO] [stdout] error[E0433]: failed to resolve: could not find `Error` in `clvm_traits`
[INFO] [stdout]    --> src/public_key.rs:400:39
[INFO] [stdout]     |
[INFO] [stdout] 400 |         .map_err(|error| clvm_traits::Error::Custom(error.to_string()))
[INFO] [stdout]     |                                       ^^^^^ could not find `Error` in `clvm_traits`
[INFO] [stdout]     |
[INFO] [stdout] help: consider importing one of these items
[INFO] [stdout]     |
[INFO] [stdout] 1   + use anyhow::Error;
[INFO] [stdout]     |
[INFO] [stdout] 1   + use arbitrary::Error;
[INFO] [stdout]     |
[INFO] [stdout] 1   + use chia_traits::Error;
[INFO] [stdout]     |
[INFO] [stdout] 1   + use core::error::Error;
[INFO] [stdout]     |
[INFO] [stdout]       and 6 other candidates
[INFO] [stdout] help: if you import `Error`, refer to it directly
[INFO] [stdout]     |
[INFO] [stdout] 400 -         .map_err(|error| clvm_traits::Error::Custom(error.to_string()))
[INFO] [stdout] 400 +         .map_err(|error| Error::Custom(error.to_string()))
[INFO] [stdout]     |
[INFO] [stdout] 
[INFO] [stdout] 
[INFO] [stdout] error[E0412]: cannot find type `Result` in crate `clvm_traits`
[INFO] [stdout]    --> src/public_key.rs:405:58
[INFO] [stdout]     |
[INFO] [stdout] 405 |     fn to_clvm(&self, a: &mut Allocator) -> clvm_traits::Result<NodePtr> {
[INFO] [stdout]     |                                                          ^^^^^^ not found in `clvm_traits`
[INFO] [stdout]     |
[INFO] [stdout] help: consider importing one of these items
[INFO] [stdout]     |
[INFO] [stdout] 1   + use anyhow::Result;
[INFO] [stdout]     |
[INFO] [stdout] 1   + use arbitrary::Result;
[INFO] [stdout]     |
[INFO] [stdout] 1   + use chia_traits::Result;
[INFO] [stdout]     |
[INFO] [stdout] 1   + use core::fmt::Result;
[INFO] [stdout]     |
[INFO] [stdout]       and 7 other candidates
[INFO] [stdout] help: if you import `Result`, refer to it directly
[INFO] [stdout]     |
[INFO] [stdout] 405 -     fn to_clvm(&self, a: &mut Allocator) -> clvm_traits::Result<NodePtr> {
[INFO] [stdout] 405 +     fn to_clvm(&self, a: &mut Allocator) -> Result<NodePtr> {
[INFO] [stdout]     |
[INFO] [stdout] 
[INFO] [stdout] 
[INFO] [stdout] error[E0412]: cannot find type `Result` in crate `clvm_traits`
[INFO] [stdout]    --> src/signature.rs:252:63
[INFO] [stdout]     |
[INFO] [stdout] 252 |     fn from_clvm(a: &Allocator, ptr: NodePtr) -> clvm_traits::Result<Self> {
[INFO] [stdout]     |                                                               ^^^^^^ not found in `clvm_traits`
[INFO] [stdout]     |
[INFO] [stdout] help: consider importing one of these items
[INFO] [stdout]     |
[INFO] [stdout] 1   + use anyhow::Result;
[INFO] [stdout]     |
[INFO] [stdout] 1   + use arbitrary::Result;
[INFO] [stdout]     |
[INFO] [stdout] 1   + use chia_traits::Result;
[INFO] [stdout]     |
[INFO] [stdout] 1   + use core::fmt::Result;
[INFO] [stdout]     |
[INFO] [stdout]       and 7 other candidates
[INFO] [stdout] help: if you import `Result`, refer to it directly
[INFO] [stdout]     |
[INFO] [stdout] 252 -     fn from_clvm(a: &Allocator, ptr: NodePtr) -> clvm_traits::Result<Self> {
[INFO] [stdout] 252 +     fn from_clvm(a: &Allocator, ptr: NodePtr) -> Result<Self> {
[INFO] [stdout]     |
[INFO] [stdout] 
[INFO] [stdout] 
[INFO] [stdout] error[E0433]: failed to resolve: could not find `Error` in `clvm_traits`
[INFO] [stdout]    --> src/signature.rs:256:41
[INFO] [stdout]     |
[INFO] [stdout] 256 |                 return Err(clvm_traits::Error::ExpectedAtom(ptr));
[INFO] [stdout]     |                                         ^^^^^ could not find `Error` in `clvm_traits`
[INFO] [stdout]     |
[INFO] [stdout] help: consider importing one of these items
[INFO] [stdout]     |
[INFO] [stdout] 1   + use anyhow::Error;
[INFO] [stdout]     |
[INFO] [stdout] 1   + use arbitrary::Error;
[INFO] [stdout]     |
[INFO] [stdout] 1   + use chia_traits::Error;
[INFO] [stdout]     |
[INFO] [stdout] 1   + use core::error::Error;
[INFO] [stdout]     |
[INFO] [stdout]       and 6 other candidates
[INFO] [stdout] help: if you import `Error`, refer to it directly
[INFO] [stdout]     |
[INFO] [stdout] 256 -                 return Err(clvm_traits::Error::ExpectedAtom(ptr));
[INFO] [stdout] 256 +                 return Err(Error::ExpectedAtom(ptr));
[INFO] [stdout]     |
[INFO] [stdout] 
[INFO] [stdout] 
[INFO] [stdout] error[E0433]: failed to resolve: could not find `Error` in `clvm_traits`
[INFO] [stdout]    --> src/signature.rs:261:48
[INFO] [stdout]     |
[INFO] [stdout] 261 |                 .map_err(|_error| clvm_traits::Error::Custom("invalid size".to_string()))?,
[INFO] [stdout]     |                                                ^^^^^ could not find `Error` in `clvm_traits`
[INFO] [stdout]     |
[INFO] [stdout] help: consider importing one of these items
[INFO] [stdout]     |
[INFO] [stdout] 1   + use anyhow::Error;
[INFO] [stdout]     |
[INFO] [stdout] 1   + use arbitrary::Error;
[INFO] [stdout]     |
[INFO] [stdout] 1   + use chia_traits::Error;
[INFO] [stdout]     |
[INFO] [stdout] 1   + use core::error::Error;
[INFO] [stdout]     |
[INFO] [stdout]       and 6 other candidates
[INFO] [stdout] help: if you import `Error`, refer to it directly
[INFO] [stdout]     |
[INFO] [stdout] 261 -                 .map_err(|_error| clvm_traits::Error::Custom("invalid size".to_string()))?,
[INFO] [stdout] 261 +                 .map_err(|_error| Error::Custom("invalid size".to_string()))?,
[INFO] [stdout]     |
[INFO] [stdout] 
[INFO] [stdout] 
[INFO] [stdout] error[E0433]: failed to resolve: could not find `Error` in `clvm_traits`
[INFO] [stdout]    --> src/signature.rs:263:39
[INFO] [stdout]     |
[INFO] [stdout] 263 |         .map_err(|error| clvm_traits::Error::Custom(error.to_string()))
[INFO] [stdout]     |                                       ^^^^^ could not find `Error` in `clvm_traits`
[INFO] [stdout]     |
[INFO] [stdout] help: consider importing one of these items
[INFO] [stdout]     |
[INFO] [stdout] 1   + use anyhow::Error;
[INFO] [stdout]     |
[INFO] [stdout] 1   + use arbitrary::Error;
[INFO] [stdout]     |
[INFO] [stdout] 1   + use chia_traits::Error;
[INFO] [stdout]     |
[INFO] [stdout] 1   + use core::error::Error;
[INFO] [stdout]     |
[INFO] [stdout]       and 6 other candidates
[INFO] [stdout] help: if you import `Error`, refer to it directly
[INFO] [stdout]     |
[INFO] [stdout] 263 -         .map_err(|error| clvm_traits::Error::Custom(error.to_string()))
[INFO] [stdout] 263 +         .map_err(|error| Error::Custom(error.to_string()))
[INFO] [stdout]     |
[INFO] [stdout] 
[INFO] [stdout] 
[INFO] [stdout] error[E0412]: cannot find type `Result` in crate `clvm_traits`
[INFO] [stdout]    --> src/signature.rs:268:58
[INFO] [stdout]     |
[INFO] [stdout] 268 |     fn to_clvm(&self, a: &mut Allocator) -> clvm_traits::Result<NodePtr> {
[INFO] [stdout]     |                                                          ^^^^^^ not found in `clvm_traits`
[INFO] [stdout]     |
[INFO] [stdout] help: consider importing one of these items
[INFO] [stdout]     |
[INFO] [stdout] 1   + use anyhow::Result;
[INFO] [stdout]     |
[INFO] [stdout] 1   + use arbitrary::Result;
[INFO] [stdout]     |
[INFO] [stdout] 1   + use chia_traits::Result;
[INFO] [stdout]     |
[INFO] [stdout] 1   + use core::fmt::Result;
[INFO] [stdout]     |
[INFO] [stdout]       and 7 other candidates
[INFO] [stdout] help: if you import `Result`, refer to it directly
[INFO] [stdout]     |
[INFO] [stdout] 268 -     fn to_clvm(&self, a: &mut Allocator) -> clvm_traits::Result<NodePtr> {
[INFO] [stdout] 268 +     fn to_clvm(&self, a: &mut Allocator) -> Result<NodePtr> {
[INFO] [stdout]     |
[INFO] [stdout] 
[INFO] [stdout] 
[INFO] [stdout] error[E0107]: missing generics for trait `FromClvm`
[INFO] [stdout]    --> src/public_key.rs:388:6
[INFO] [stdout]     |
[INFO] [stdout] 388 | impl FromClvm for PublicKey {
[INFO] [stdout]     |      ^^^^^^^^ expected 1 generic argument
[INFO] [stdout]     |
[INFO] [stdout] note: trait defined here, with 1 generic parameter: `N`
[INFO] [stdout]    --> /opt/rustwide/cargo-home/registry/src/index.crates.io-6f17d22bba15001f/clvm-traits-0.2.14/src/from_clvm.rs:6:11
[INFO] [stdout]     |
[INFO] [stdout] 6   | pub trait FromClvm<N>: Sized {
[INFO] [stdout]     |           ^^^^^^^^ -
[INFO] [stdout] help: add missing generic argument
[INFO] [stdout]     |
[INFO] [stdout] 388 | impl FromClvm<N> for PublicKey {
[INFO] [stdout]     |              +++
[INFO] [stdout] 
[INFO] [stdout] 
[INFO] [stdout] error[E0107]: missing generics for trait `ToClvm`
[INFO] [stdout]    --> src/public_key.rs:404:6
[INFO] [stdout]     |
[INFO] [stdout] 404 | impl ToClvm for PublicKey {
[INFO] [stdout]     |      ^^^^^^ expected 1 generic argument
[INFO] [stdout]     |
[INFO] [stdout] note: trait defined here, with 1 generic parameter: `N`
[INFO] [stdout]    --> /opt/rustwide/cargo-home/registry/src/index.crates.io-6f17d22bba15001f/clvm-traits-0.2.14/src/to_clvm.rs:6:11
[INFO] [stdout]     |
[INFO] [stdout] 6   | pub trait ToClvm<N> {
[INFO] [stdout]     |           ^^^^^^ -
[INFO] [stdout] help: add missing generic argument
[INFO] [stdout]     |
[INFO] [stdout] 404 | impl ToClvm<N> for PublicKey {
[INFO] [stdout]     |            +++
[INFO] [stdout] 
[INFO] [stdout] 
[INFO] [stdout] error[E0107]: missing generics for trait `FromClvm`
[INFO] [stdout]    --> src/signature.rs:251:6
[INFO] [stdout]     |
[INFO] [stdout] 251 | impl FromClvm for Signature {
[INFO] [stdout]     |      ^^^^^^^^ expected 1 generic argument
[INFO] [stdout]     |
[INFO] [stdout] note: trait defined here, with 1 generic parameter: `N`
[INFO] [stdout]    --> /opt/rustwide/cargo-home/registry/src/index.crates.io-6f17d22bba15001f/clvm-traits-0.2.14/src/from_clvm.rs:6:11
[INFO] [stdout]     |
[INFO] [stdout] 6   | pub trait FromClvm<N>: Sized {
[INFO] [stdout]     |           ^^^^^^^^ -
[INFO] [stdout] help: add missing generic argument
[INFO] [stdout]     |
[INFO] [stdout] 251 | impl FromClvm<N> for Signature {
[INFO] [stdout]     |              +++
[INFO] [stdout] 
[INFO] [stdout] 
[INFO] [stdout] error[E0107]: missing generics for trait `ToClvm`
[INFO] [stdout]    --> src/signature.rs:267:6
[INFO] [stdout]     |
[INFO] [stdout] 267 | impl ToClvm for Signature {
[INFO] [stdout]     |      ^^^^^^ expected 1 generic argument
[INFO] [stdout]     |
[INFO] [stdout] note: trait defined here, with 1 generic parameter: `N`
[INFO] [stdout]    --> /opt/rustwide/cargo-home/registry/src/index.crates.io-6f17d22bba15001f/clvm-traits-0.2.14/src/to_clvm.rs:6:11
[INFO] [stdout]     |
[INFO] [stdout] 6   | pub trait ToClvm<N> {
[INFO] [stdout]     |           ^^^^^^ -
[INFO] [stdout] help: add missing generic argument
[INFO] [stdout]     |
[INFO] [stdout] 267 | impl ToClvm<N> for Signature {
[INFO] [stdout]     |            +++
[INFO] [stdout] 
[INFO] [stdout] 
[INFO] [stdout] error: aborting due to 14 previous errors
[INFO] [stdout] 
[INFO] [stdout] 
[INFO] [stdout] Some errors have detailed explanations: E0107, E0412, E0433.
[INFO] [stdout] 
[INFO] [stdout] For more information about an error, try `rustc --explain E0107`.
[INFO] [stdout] 
[INFO] [stderr] error: could not compile `chia-bls` (lib) due to 15 previous errors
[INFO] [stderr] warning: build failed, waiting for other jobs to finish...
[INFO] running `Command { std: "docker" "inspect" "7ef5a378f47166220c1a6fad062de1f2bf9ed5158aff97d68fe6a321f51e31a3", kill_on_drop: false }`
[INFO] running `Command { std: "docker" "rm" "-f" "7ef5a378f47166220c1a6fad062de1f2bf9ed5158aff97d68fe6a321f51e31a3", kill_on_drop: false }`
[INFO] [stdout] 7ef5a378f47166220c1a6fad062de1f2bf9ed5158aff97d68fe6a321f51e31a3
[INFO] checking chia-bls-0.2.13 against nightly-2024-02-05+rustflags=-Dunexpected_cfgs+cargoflags=-Zcheck-cfg for check-cfg
[INFO] extracting crate chia-bls 0.2.13 into /workspace/builds/worker-4-tc2/source
[INFO] validating manifest of crates.io crate chia-bls 0.2.13 on toolchain nightly-2024-02-05
[INFO] running `Command { std: CARGO_HOME="/workspace/cargo-home" RUSTUP_HOME="/workspace/rustup-home" "/workspace/cargo-home/bin/cargo" "+nightly-2024-02-05" "metadata" "--manifest-path" "Cargo.toml" "--no-deps", kill_on_drop: false }`
[INFO] started tweaking crates.io crate chia-bls 0.2.13
[INFO] finished tweaking crates.io crate chia-bls 0.2.13
[INFO] tweaked toml for crates.io crate chia-bls 0.2.13 written to /workspace/builds/worker-4-tc2/source/Cargo.toml
[INFO] running `Command { std: CARGO_HOME="/workspace/cargo-home" RUSTUP_HOME="/workspace/rustup-home" "/workspace/cargo-home/bin/cargo" "+nightly-2024-02-05" "generate-lockfile" "--manifest-path" "Cargo.toml", kill_on_drop: false }`
[INFO] [stderr]     Updating crates.io index
[INFO] running `Command { std: CARGO_HOME="/workspace/cargo-home" RUSTUP_HOME="/workspace/rustup-home" "/workspace/cargo-home/bin/cargo" "+nightly-2024-02-05" "fetch" "--manifest-path" "Cargo.toml", kill_on_drop: false }`
[INFO] running `Command { std: "docker" "create" "-v" "/var/lib/crater-agent-workspace/builds/worker-4-tc2/target:/opt/rustwide/target:rw,Z" "-v" "/var/lib/crater-agent-workspace/builds/worker-4-tc2/source:/opt/rustwide/workdir:ro,Z" "-v" "/var/lib/crater-agent-workspace/cargo-home:/opt/rustwide/cargo-home:ro,Z" "-v" "/var/lib/crater-agent-workspace/rustup-home:/opt/rustwide/rustup-home:ro,Z" "-e" "SOURCE_DIR=/opt/rustwide/workdir" "-e" "CARGO_TARGET_DIR=/opt/rustwide/target" "-e" "CARGO_HOME=/opt/rustwide/cargo-home" "-e" "RUSTUP_HOME=/opt/rustwide/rustup-home" "-w" "/opt/rustwide/workdir" "-m" "1610612736" "--user" "0:0" "--network" "none" "ghcr.io/rust-lang/crates-build-env/linux@sha256:2788e3201cd34a07e3172128adcd8b3090168a8e3bcc40d7c032b9dda1df7d1c" "/opt/rustwide/cargo-home/bin/cargo" "+nightly-2024-02-05" "metadata" "--no-deps" "--format-version=1", kill_on_drop: false }`
[INFO] [stdout] e14220dc0307fa22b59199cd2f44f0e60ce717ab56f96d74de1f59c7640a2e99
[INFO] running `Command { std: "docker" "start" "-a" "e14220dc0307fa22b59199cd2f44f0e60ce717ab56f96d74de1f59c7640a2e99", kill_on_drop: false }`
[INFO] running `Command { std: "docker" "inspect" "e14220dc0307fa22b59199cd2f44f0e60ce717ab56f96d74de1f59c7640a2e99", kill_on_drop: false }`
[INFO] running `Command { std: "docker" "rm" "-f" "e14220dc0307fa22b59199cd2f44f0e60ce717ab56f96d74de1f59c7640a2e99", kill_on_drop: false }`
[INFO] [stdout] e14220dc0307fa22b59199cd2f44f0e60ce717ab56f96d74de1f59c7640a2e99
[INFO] running `Command { std: "docker" "create" "-v" "/var/lib/crater-agent-workspace/builds/worker-4-tc2/target:/opt/rustwide/target:rw,Z" "-v" "/var/lib/crater-agent-workspace/builds/worker-4-tc2/source:/opt/rustwide/workdir:ro,Z" "-v" "/var/lib/crater-agent-workspace/cargo-home:/opt/rustwide/cargo-home:ro,Z" "-v" "/var/lib/crater-agent-workspace/rustup-home:/opt/rustwide/rustup-home:ro,Z" "-e" "SOURCE_DIR=/opt/rustwide/workdir" "-e" "CARGO_TARGET_DIR=/opt/rustwide/target" "-e" "CARGO_INCREMENTAL=0" "-e" "RUST_BACKTRACE=full" "-e" "RUSTFLAGS=--cap-lints=forbid -Dunexpected_cfgs" "-e" "RUSTDOCFLAGS=--cap-lints=forbid" "-e" "CARGO_HOME=/opt/rustwide/cargo-home" "-e" "RUSTUP_HOME=/opt/rustwide/rustup-home" "-w" "/opt/rustwide/workdir" "-m" "1610612736" "--user" "0:0" "--network" "none" "ghcr.io/rust-lang/crates-build-env/linux@sha256:2788e3201cd34a07e3172128adcd8b3090168a8e3bcc40d7c032b9dda1df7d1c" "/opt/rustwide/cargo-home/bin/cargo" "+nightly-2024-02-05" "check" "--frozen" "--all" "--all-targets" "--message-format=json" "-Zcheck-cfg", kill_on_drop: false }`
[INFO] [stdout] d099be031f0064ab01e98a78409359a476ccdbfcd7703900f3a168d002e6142c
[INFO] running `Command { std: "docker" "start" "-a" "d099be031f0064ab01e98a78409359a476ccdbfcd7703900f3a168d002e6142c", kill_on_drop: false }`
[INFO] [stderr]    Compiling proc-macro2 v1.0.78
[INFO] [stderr]    Compiling typenum v1.17.0
[INFO] [stderr]    Compiling version_check v0.9.4
[INFO] [stderr]     Checking subtle v2.4.1
[INFO] [stderr]    Compiling libc v0.2.153
[INFO] [stderr]     Checking const-oid v0.9.6
[INFO] [stderr]    Compiling radium v0.7.0
[INFO] [stderr]     Checking tap v1.0.1
[INFO] [stderr]     Checking funty v2.0.0
[INFO] [stderr]     Checking base64ct v1.6.0
[INFO] [stderr]     Checking cpufeatures v0.2.12
[INFO] [stderr]     Checking base16ct v0.2.0
[INFO] [stderr]    Compiling semver v1.0.21
[INFO] [stderr]    Compiling num-traits v0.2.15
[INFO] [stderr]    Compiling crossbeam-utils v0.8.19
[INFO] [stderr]    Compiling hashbrown v0.14.3
[INFO] [stderr]     Checking wyz v0.5.1
[INFO] [stderr]     Checking once_cell v1.19.0
[INFO] [stderr]    Compiling serde v1.0.196
[INFO] [stderr]    Compiling thiserror v1.0.56
[INFO] [stderr]     Checking pem-rfc7468 v0.7.0
[INFO] [stderr]    Compiling num-bigint v0.4.3
[INFO] [stderr]    Compiling winnow v0.5.37
[INFO] [stderr]    Compiling generic-array v0.14.7
[INFO] [stderr]     Checking futures-core v0.3.30
[INFO] [stderr]     Checking futures-sink v0.3.30
[INFO] [stderr]    Compiling rayon-core v1.12.1
[INFO] [stderr]     Checking futures-channel v0.3.30
[INFO] [stderr]    Compiling syn v1.0.109
[INFO] [stderr]     Checking bitvec v1.0.1
[INFO] [stderr]     Checking opaque-debug v0.3.0
[INFO] [stderr]     Checking futures-task v0.3.30
[INFO] [stderr]    Compiling rustc_version v0.4.0
[INFO] [stderr]    Compiling anyhow v1.0.79
[INFO] [stderr]     Checking tinyvec_macros v0.1.1
[INFO] [stderr]     Checking hex v0.4.3
[INFO] [stderr]    Compiling indexmap v2.2.2
[INFO] [stderr]     Checking crossbeam-epoch v0.9.18
[INFO] [stderr]    Compiling serde_json v1.0.113
[INFO] [stderr]    Compiling rustix v0.38.31
[INFO] [stderr]    Compiling quote v1.0.35
[INFO] [stderr]     Checking futures-io v0.3.30
[INFO] [stderr]     Checking memchr v2.7.1
[INFO] [stderr]    Compiling rstest_macros v0.17.0
[INFO] [stderr]     Checking tinyvec v1.6.0
[INFO] [stderr]     Checking crossbeam-deque v0.8.5
[INFO] [stderr]    Compiling syn v2.0.48
[INFO] [stderr]     Checking half v2.3.1
[INFO] [stderr]     Checking getrandom v0.2.9
[INFO] [stderr]    Compiling cc v1.0.83
[INFO] [stderr]     Checking num_cpus v1.16.0
[INFO] [stderr]     Checking itoa v1.0.10
[INFO] [stderr]     Checking ciborium-io v0.2.2
[INFO] [stderr]     Checking regex-syntax v0.8.2
[INFO] [stderr]     Checking rand_core v0.6.4
[INFO] [stderr]     Checking ryu v1.0.16
[INFO] [stderr]     Checking plotters-backend v0.3.5
[INFO] [stderr]     Checking anstyle v1.0.6
[INFO] [stderr]     Checking linux-raw-sys v0.4.13
[INFO] [stderr]     Checking bitflags v2.4.2
[INFO] [stderr]     Checking rand_chacha v0.3.1
[INFO] [stderr]     Checking num-integer v0.1.45
[INFO] [stderr]     Checking ciborium-ll v0.2.2
[INFO] [stderr]     Checking threadpool v1.8.1
[INFO] [stderr]     Checking clap_builder v4.4.18
[INFO] [stderr]     Checking plotters-svg v0.3.5
[INFO] [stderr]     Checking itertools v0.10.5
[INFO] [stderr]     Checking cast v0.3.0
[INFO] [stderr]     Checking rand v0.8.5
[INFO] [stderr]     Checking rustc-hash v1.1.0
[INFO] [stderr]    Compiling cfg-if v1.0.0
[INFO] [stderr]     Checking plotters v0.3.5
[INFO] [stderr]     Checking oorandom v11.1.3
[INFO] [stderr]     Checking arbitrary v1.3.0
[INFO] [stderr]     Checking anes v0.1.6
[INFO] [stderr]     Checking rayon v1.8.1
[INFO] [stderr]     Checking unicode-normalization v0.1.22
[INFO] [stderr]     Checking futures-timer v3.0.2
[INFO] [stderr]    Compiling toml_edit v0.19.15
[INFO] [stderr]    Compiling blst v0.3.11
[INFO] [stderr]     Checking regex-automata v0.4.5
[INFO] [stderr]     Checking is-terminal v0.4.10
[INFO] [stderr]     Checking ff v0.13.0
[INFO] [stderr]     Checking group v0.13.0
[INFO] [stderr]     Checking criterion-plot v0.5.0
[INFO] [stderr]     Checking pairing v0.23.0
[INFO] [stderr]     Checking clap v4.4.18
[INFO] [stderr]     Checking regex v1.10.3
[INFO] [stderr]    Compiling proc-macro-crate v1.3.1
[INFO] [stderr]    Compiling zeroize_derive v1.4.2
[INFO] [stderr]    Compiling serde_derive v1.0.196
[INFO] [stderr]    Compiling thiserror-impl v1.0.56
[INFO] [stderr]    Compiling futures-macro v0.3.30
[INFO] [stderr]    Compiling chia_streamable_macro v0.2.14
[INFO] [stderr]    Compiling clvm-derive v0.2.14
[INFO] [stderr]     Checking zeroize v1.7.0
[INFO] [stderr]     Checking futures-util v0.3.30
[INFO] [stderr]     Checking der v0.7.8
[INFO] [stderr]     Checking crypto-common v0.1.6
[INFO] [stderr]     Checking block-buffer v0.10.4
[INFO] [stderr]     Checking crypto-bigint v0.5.5
[INFO] [stderr]     Checking digest v0.9.0
[INFO] [stderr]     Checking block-buffer v0.9.0
[INFO] [stderr]     Checking crypto-mac v0.11.1
[INFO] [stderr]     Checking bls12_381 v0.8.0
[INFO] [stderr]     Checking hmac v0.11.0
[INFO] [stderr]     Checking sha2 v0.9.9
[INFO] [stderr]     Checking digest v0.10.7
[INFO] [stderr]     Checking hkdf v0.11.0
[INFO] [stderr]     Checking hmac v0.12.1
[INFO] [stderr]     Checking sha2 v0.10.8
[INFO] [stderr]     Checking signature v2.2.0
[INFO] [stderr]     Checking pbkdf2 v0.11.0
[INFO] [stderr]     Checking rfc6979 v0.4.0
[INFO] [stderr]     Checking spki v0.7.3
[INFO] [stderr]     Checking chia-traits v0.2.14
[INFO] [stderr]     Checking tiny-bip39 v1.0.0
[INFO] [stderr]     Checking pkcs8 v0.10.2
[INFO] [stderr]     Checking sec1 v0.7.3
[INFO] [stderr]     Checking elliptic-curve v0.13.8
[INFO] [stderr]     Checking ecdsa v0.16.9
[INFO] [stderr]     Checking primeorder v0.13.6
[INFO] [stderr]     Checking futures-executor v0.3.30
[INFO] [stderr]     Checking k256 v0.13.3
[INFO] [stderr]     Checking p256 v0.13.2
[INFO] [stderr]     Checking futures v0.3.30
[INFO] [stderr]     Checking rstest v0.17.0
[INFO] [stderr]     Checking clvmr v0.3.0
[INFO] [stderr]     Checking clvm-traits v0.2.14
[INFO] [stderr]     Checking chia-bls v0.2.13 (/opt/rustwide/workdir)
[INFO] [stdout] error[E0412]: cannot find type `Result` in crate `clvm_traits`
[INFO] [stdout]    --> src/public_key.rs:389:63
[INFO] [stdout]     |
[INFO] [stdout] 389 |     fn from_clvm(a: &Allocator, ptr: NodePtr) -> clvm_traits::Result<Self> {
[INFO] [stdout]     |                                                               ^^^^^^ not found in `clvm_traits`
[INFO] [stdout]     |
[INFO] [stdout] help: consider importing one of these items
[INFO] [stdout]     |
[INFO] [stdout] 1   + use anyhow::Result;
[INFO] [stdout]     |
[INFO] [stdout] 1   + use arbitrary::Result;
[INFO] [stdout]     |
[INFO] [stdout] 1   + use chia_traits::Result;
[INFO] [stdout]     |
[INFO] [stdout] 1   + use core::fmt::Result;
[INFO] [stdout]     |
[INFO] [stdout]       and 7 other candidates
[INFO] [stdout] help: if you import `Result`, refer to it directly
[INFO] [stdout]     |
[INFO] [stdout] 389 -     fn from_clvm(a: &Allocator, ptr: NodePtr) -> clvm_traits::Result<Self> {
[INFO] [stdout] 389 +     fn from_clvm(a: &Allocator, ptr: NodePtr) -> Result<Self> {
[INFO] [stdout]     |
[INFO] [stdout] 
[INFO] [stdout] 
[INFO] [stdout] error[E0433]: failed to resolve: could not find `Error` in `clvm_traits`
[INFO] [stdout]    --> src/public_key.rs:393:41
[INFO] [stdout]     |
[INFO] [stdout] 393 |                 return Err(clvm_traits::Error::ExpectedAtom(ptr));
[INFO] [stdout]     |                                         ^^^^^ could not find `Error` in `clvm_traits`
[INFO] [stdout]     |
[INFO] [stdout] help: consider importing one of these items
[INFO] [stdout]     |
[INFO] [stdout] 1   + use anyhow::Error;
[INFO] [stdout]     |
[INFO] [stdout] 1   + use arbitrary::Error;
[INFO] [stdout]     |
[INFO] [stdout] 1   + use chia_traits::Error;
[INFO] [stdout]     |
[INFO] [stdout] 1   + use core::error::Error;
[INFO] [stdout]     |
[INFO] [stdout]       and 6 other candidates
[INFO] [stdout] help: if you import `Error`, refer to it directly
[INFO] [stdout]     |
[INFO] [stdout] 393 -                 return Err(clvm_traits::Error::ExpectedAtom(ptr));
[INFO] [stdout] 393 +                 return Err(Error::ExpectedAtom(ptr));
[INFO] [stdout]     |
[INFO] [stdout] 
[INFO] [stdout] 
[INFO] [stdout] error[E0433]: failed to resolve: could not find `Error` in `clvm_traits`
[INFO] [stdout]    --> src/public_key.rs:398:48
[INFO] [stdout]     |
[INFO] [stdout] 398 |                 .map_err(|_error| clvm_traits::Error::Custom("invalid size".to_string()))?,
[INFO] [stdout]     |                                                ^^^^^ could not find `Error` in `clvm_traits`
[INFO] [stdout]     |
[INFO] [stdout] help: consider importing one of these items
[INFO] [stdout]     |
[INFO] [stdout] 1   + use anyhow::Error;
[INFO] [stdout]     |
[INFO] [stdout] 1   + use arbitrary::Error;
[INFO] [stdout]     |
[INFO] [stdout] 1   + use chia_traits::Error;
[INFO] [stdout]     |
[INFO] [stdout] 1   + use core::error::Error;
[INFO] [stdout]     |
[INFO] [stdout]       and 6 other candidates
[INFO] [stdout] help: if you import `Error`, refer to it directly
[INFO] [stdout]     |
[INFO] [stdout] 398 -                 .map_err(|_error| clvm_traits::Error::Custom("invalid size".to_string()))?,
[INFO] [stdout] 398 +                 .map_err(|_error| Error::Custom("invalid size".to_string()))?,
[INFO] [stdout]     |
[INFO] [stdout] 
[INFO] [stdout] 
[INFO] [stdout] error[E0433]: failed to resolve: could not find `Error` in `clvm_traits`
[INFO] [stdout]    --> src/public_key.rs:400:39
[INFO] [stdout]     |
[INFO] [stdout] 400 |         .map_err(|error| clvm_traits::Error::Custom(error.to_string()))
[INFO] [stdout]     |                                       ^^^^^ could not find `Error` in `clvm_traits`
[INFO] [stdout]     |
[INFO] [stdout] help: consider importing one of these items
[INFO] [stdout]     |
[INFO] [stdout] 1   + use anyhow::Error;
[INFO] [stdout]     |
[INFO] [stdout] 1   + use arbitrary::Error;
[INFO] [stdout]     |
[INFO] [stdout] 1   + use chia_traits::Error;
[INFO] [stdout]     |
[INFO] [stdout] 1   + use core::error::Error;
[INFO] [stdout]     |
[INFO] [stdout]       and 6 other candidates
[INFO] [stdout] help: if you import `Error`, refer to it directly
[INFO] [stdout]     |
[INFO] [stdout] 400 -         .map_err(|error| clvm_traits::Error::Custom(error.to_string()))
[INFO] [stdout] 400 +         .map_err(|error| Error::Custom(error.to_string()))
[INFO] [stdout]     |
[INFO] [stdout] 
[INFO] [stdout] 
[INFO] [stdout] error[E0412]: cannot find type `Result` in crate `clvm_traits`
[INFO] [stdout]    --> src/public_key.rs:405:58
[INFO] [stdout]     |
[INFO] [stdout] 405 |     fn to_clvm(&self, a: &mut Allocator) -> clvm_traits::Result<NodePtr> {
[INFO] [stdout]     |                                                          ^^^^^^ not found in `clvm_traits`
[INFO] [stdout]     |
[INFO] [stdout] help: consider importing one of these items
[INFO] [stdout]     |
[INFO] [stdout] 1   + use anyhow::Result;
[INFO] [stdout]     |
[INFO] [stdout] 1   + use arbitrary::Result;
[INFO] [stdout]     |
[INFO] [stdout] 1   + use chia_traits::Result;
[INFO] [stdout]     |
[INFO] [stdout] 1   + use core::fmt::Result;
[INFO] [stdout]     |
[INFO] [stdout]       and 7 other candidates
[INFO] [stdout] help: if you import `Result`, refer to it directly
[INFO] [stdout]     |
[INFO] [stdout] 405 -     fn to_clvm(&self, a: &mut Allocator) -> clvm_traits::Result<NodePtr> {
[INFO] [stdout] 405 +     fn to_clvm(&self, a: &mut Allocator) -> Result<NodePtr> {
[INFO] [stdout]     |
[INFO] [stdout] 
[INFO] [stdout] 
[INFO] [stdout] error[E0412]: cannot find type `Result` in crate `clvm_traits`
[INFO] [stdout]    --> src/signature.rs:252:63
[INFO] [stdout]     |
[INFO] [stdout] 252 |     fn from_clvm(a: &Allocator, ptr: NodePtr) -> clvm_traits::Result<Self> {
[INFO] [stdout]     |                                                               ^^^^^^ not found in `clvm_traits`
[INFO] [stdout]     |
[INFO] [stdout] help: consider importing one of these items
[INFO] [stdout]     |
[INFO] [stdout] 1   + use anyhow::Result;
[INFO] [stdout]     |
[INFO] [stdout] 1   + use arbitrary::Result;
[INFO] [stdout]     |
[INFO] [stdout] 1   + use chia_traits::Result;
[INFO] [stdout]     |
[INFO] [stdout] 1   + use core::fmt::Result;
[INFO] [stdout]     |
[INFO] [stdout]       and 7 other candidates
[INFO] [stdout] help: if you import `Result`, refer to it directly
[INFO] [stdout]     |
[INFO] [stdout] 252 -     fn from_clvm(a: &Allocator, ptr: NodePtr) -> clvm_traits::Result<Self> {
[INFO] [stdout] 252 +     fn from_clvm(a: &Allocator, ptr: NodePtr) -> Result<Self> {
[INFO] [stdout]     |
[INFO] [stdout] 
[INFO] [stdout] 
[INFO] [stdout] error[E0433]: failed to resolve: could not find `Error` in `clvm_traits`
[INFO] [stdout]    --> src/signature.rs:256:41
[INFO] [stdout]     |
[INFO] [stdout] 256 |                 return Err(clvm_traits::Error::ExpectedAtom(ptr));
[INFO] [stdout]     |                                         ^^^^^ could not find `Error` in `clvm_traits`
[INFO] [stdout]     |
[INFO] [stdout] help: consider importing one of these items
[INFO] [stdout]     |
[INFO] [stdout] 1   + use anyhow::Error;
[INFO] [stdout]     |
[INFO] [stdout] 1   + use arbitrary::Error;
[INFO] [stdout]     |
[INFO] [stdout] 1   + use chia_traits::Error;
[INFO] [stdout]     |
[INFO] [stdout] 1   + use core::error::Error;
[INFO] [stdout]     |
[INFO] [stdout]       and 6 other candidates
[INFO] [stdout] help: if you import `Error`, refer to it directly
[INFO] [stdout]     |
[INFO] [stdout] 256 -                 return Err(clvm_traits::Error::ExpectedAtom(ptr));
[INFO] [stdout] 256 +                 return Err(Error::ExpectedAtom(ptr));
[INFO] [stdout]     |
[INFO] [stdout] 
[INFO] [stdout] 
[INFO] [stdout] error[E0433]: failed to resolve: could not find `Error` in `clvm_traits`
[INFO] [stdout]    --> src/signature.rs:261:48
[INFO] [stdout]     |
[INFO] [stdout] 261 |                 .map_err(|_error| clvm_traits::Error::Custom("invalid size".to_string()))?,
[INFO] [stdout]     |                                                ^^^^^ could not find `Error` in `clvm_traits`
[INFO] [stdout]     |
[INFO] [stdout] help: consider importing one of these items
[INFO] [stdout]     |
[INFO] [stdout] 1   + use anyhow::Error;
[INFO] [stdout]     |
[INFO] [stdout] 1   + use arbitrary::Error;
[INFO] [stdout]     |
[INFO] [stdout] 1   + use chia_traits::Error;
[INFO] [stdout]     |
[INFO] [stdout] 1   + use core::error::Error;
[INFO] [stdout]     |
[INFO] [stdout]       and 6 other candidates
[INFO] [stdout] help: if you import `Error`, refer to it directly
[INFO] [stdout]     |
[INFO] [stdout] 261 -                 .map_err(|_error| clvm_traits::Error::Custom("invalid size".to_string()))?,
[INFO] [stdout] 261 +                 .map_err(|_error| Error::Custom("invalid size".to_string()))?,
[INFO] [stdout]     |
[INFO] [stdout] 
[INFO] [stdout] 
[INFO] [stdout] error[E0433]: failed to resolve: could not find `Error` in `clvm_traits`
[INFO] [stdout]    --> src/signature.rs:263:39
[INFO] [stdout]     |
[INFO] [stdout] 263 |         .map_err(|error| clvm_traits::Error::Custom(error.to_string()))
[INFO] [stdout]     |                                       ^^^^^ could not find `Error` in `clvm_traits`
[INFO] [stdout]     |
[INFO] [stdout] help: consider importing one of these items
[INFO] [stdout]     |
[INFO] [stdout] 1   + use anyhow::Error;
[INFO] [stdout]     |
[INFO] [stdout] 1   + use arbitrary::Error;
[INFO] [stdout]     |
[INFO] [stdout] 1   + use chia_traits::Error;
[INFO] [stdout]     |
[INFO] [stdout] 1   + use core::error::Error;
[INFO] [stdout]     |
[INFO] [stdout]       and 6 other candidates
[INFO] [stdout] help: if you import `Error`, refer to it directly
[INFO] [stdout]     |
[INFO] [stdout] 263 -         .map_err(|error| clvm_traits::Error::Custom(error.to_string()))
[INFO] [stdout] 263 +         .map_err(|error| Error::Custom(error.to_string()))
[INFO] [stdout]     |
[INFO] [stdout] 
[INFO] [stdout] 
[INFO] [stdout] error[E0412]: cannot find type `Result` in crate `clvm_traits`
[INFO] [stdout]    --> src/signature.rs:268:58
[INFO] [stdout]     |
[INFO] [stdout] 268 |     fn to_clvm(&self, a: &mut Allocator) -> clvm_traits::Result<NodePtr> {
[INFO] [stdout]     |                                                          ^^^^^^ not found in `clvm_traits`
[INFO] [stdout]     |
[INFO] [stdout] help: consider importing one of these items
[INFO] [stdout]     |
[INFO] [stdout] 1   + use anyhow::Result;
[INFO] [stdout]     |
[INFO] [stdout] 1   + use arbitrary::Result;
[INFO] [stdout]     |
[INFO] [stdout] 1   + use chia_traits::Result;
[INFO] [stdout]     |
[INFO] [stdout] 1   + use core::fmt::Result;
[INFO] [stdout]     |
[INFO] [stdout]       and 7 other candidates
[INFO] [stdout] help: if you import `Result`, refer to it directly
[INFO] [stdout]     |
[INFO] [stdout] 268 -     fn to_clvm(&self, a: &mut Allocator) -> clvm_traits::Result<NodePtr> {
[INFO] [stdout] 268 +     fn to_clvm(&self, a: &mut Allocator) -> Result<NodePtr> {
[INFO] [stdout]     |
[INFO] [stdout] 
[INFO] [stdout] 
[INFO] [stdout] error: unexpected `cfg` condition name: `fuzzing`
[INFO] [stdout]   --> src/public_key.rs:33:7
[INFO] [stdout]    |
[INFO] [stdout] 33 | #[cfg(fuzzing)]
[INFO] [stdout]    |       ^^^^^^^
[INFO] [stdout]    |
[INFO] [stdout]    = help: expected names are: `debug_assertions`, `doc`, `doctest`, `feature`, `miri`, `overflow_checks`, `panic`, `proc_macro`, `relocation_model`, `sanitize`, `sanitizer_cfi_generalize_pointers`, `sanitizer_cfi_normalize_integers`, `target_abi`, `target_arch`, `target_endian`, `target_env`, `target_family`, `target_feature`, `target_has_atomic`, `target_has_atomic_equal_alignment`, `target_has_atomic_load_store`, `target_os`, `target_pointer_width`, `target_thread_local`, `target_vendor`, `test`, `unix`, `windows`
[INFO] [stdout]    = help: consider using a Cargo feature instead or adding `println!("cargo:rustc-check-cfg=cfg(fuzzing)");` to the top of a `build.rs`
[INFO] [stdout]    = note: see <https://doc.rust-lang.org/nightly/cargo/reference/unstable.html#check-cfg> for more information about checking conditional configuration
[INFO] [stdout]    = note: requested on the command line with `-D unexpected-cfgs`
[INFO] [stdout] 
[INFO] [stdout] 
[INFO] [stdout] error: unexpected `cfg` condition name: `fuzzing`
[INFO] [stdout]   --> src/secret_key.rs:32:7
[INFO] [stdout]    |
[INFO] [stdout] 32 | #[cfg(fuzzing)]
[INFO] [stdout]    |       ^^^^^^^
[INFO] [stdout]    |
[INFO] [stdout]    = help: consider using a Cargo feature instead or adding `println!("cargo:rustc-check-cfg=cfg(fuzzing)");` to the top of a `build.rs`
[INFO] [stdout]    = note: see <https://doc.rust-lang.org/nightly/cargo/reference/unstable.html#check-cfg> for more information about checking conditional configuration
[INFO] [stdout] 
[INFO] [stdout] 
[INFO] [stdout] error: unexpected `cfg` condition name: `fuzzing`
[INFO] [stdout]   --> src/signature.rs:37:7
[INFO] [stdout]    |
[INFO] [stdout] 37 | #[cfg(fuzzing)]
[INFO] [stdout]    |       ^^^^^^^
[INFO] [stdout]    |
[INFO] [stdout]    = help: consider using a Cargo feature instead or adding `println!("cargo:rustc-check-cfg=cfg(fuzzing)");` to the top of a `build.rs`
[INFO] [stdout]    = note: see <https://doc.rust-lang.org/nightly/cargo/reference/unstable.html#check-cfg> for more information about checking conditional configuration
[INFO] [stdout] 
[INFO] [stdout] 
[INFO] [stdout] error[E0107]: missing generics for trait `FromClvm`
[INFO] [stdout]    --> src/public_key.rs:388:6
[INFO] [stdout]     |
[INFO] [stdout] 388 | impl FromClvm for PublicKey {
[INFO] [stdout]     |      ^^^^^^^^ expected 1 generic argument
[INFO] [stdout]     |
[INFO] [stdout] note: trait defined here, with 1 generic parameter: `N`
[INFO] [stdout]    --> /opt/rustwide/cargo-home/registry/src/index.crates.io-6f17d22bba15001f/clvm-traits-0.2.14/src/from_clvm.rs:6:11
[INFO] [stdout]     |
[INFO] [stdout] 6   | pub trait FromClvm<N>: Sized {
[INFO] [stdout]     |           ^^^^^^^^ -
[INFO] [stdout] help: add missing generic argument
[INFO] [stdout]     |
[INFO] [stdout] 388 | impl FromClvm<N> for PublicKey {
[INFO] [stdout]     |              +++
[INFO] [stdout] 
[INFO] [stdout] 
[INFO] [stdout] error[E0107]: missing generics for trait `ToClvm`
[INFO] [stdout]    --> src/public_key.rs:404:6
[INFO] [stdout]     |
[INFO] [stdout] 404 | impl ToClvm for PublicKey {
[INFO] [stdout]     |      ^^^^^^ expected 1 generic argument
[INFO] [stdout]     |
[INFO] [stdout] note: trait defined here, with 1 generic parameter: `N`
[INFO] [stdout]    --> /opt/rustwide/cargo-home/registry/src/index.crates.io-6f17d22bba15001f/clvm-traits-0.2.14/src/to_clvm.rs:6:11
[INFO] [stdout]     |
[INFO] [stdout] 6   | pub trait ToClvm<N> {
[INFO] [stdout]     |           ^^^^^^ -
[INFO] [stdout] help: add missing generic argument
[INFO] [stdout]     |
[INFO] [stdout] 404 | impl ToClvm<N> for PublicKey {
[INFO] [stdout]     |            +++
[INFO] [stdout] 
[INFO] [stdout] 
[INFO] [stdout] error[E0107]: missing generics for trait `FromClvm`
[INFO] [stdout]    --> src/signature.rs:251:6
[INFO] [stdout]     |
[INFO] [stdout] 251 | impl FromClvm for Signature {
[INFO] [stdout]     |      ^^^^^^^^ expected 1 generic argument
[INFO] [stdout]     |
[INFO] [stdout] note: trait defined here, with 1 generic parameter: `N`
[INFO] [stdout]    --> /opt/rustwide/cargo-home/registry/src/index.crates.io-6f17d22bba15001f/clvm-traits-0.2.14/src/from_clvm.rs:6:11
[INFO] [stdout]     |
[INFO] [stdout] 6   | pub trait FromClvm<N>: Sized {
[INFO] [stdout]     |           ^^^^^^^^ -
[INFO] [stdout] help: add missing generic argument
[INFO] [stdout]     |
[INFO] [stdout] 251 | impl FromClvm<N> for Signature {
[INFO] [stdout]     |              +++
[INFO] [stdout] 
[INFO] [stdout] 
[INFO] [stdout] error[E0107]: missing generics for trait `ToClvm`
[INFO] [stdout]    --> src/signature.rs:267:6
[INFO] [stdout]     |
[INFO] [stdout] 267 | impl ToClvm for Signature {
[INFO] [stdout]     |      ^^^^^^ expected 1 generic argument
[INFO] [stdout]     |
[INFO] [stdout] note: trait defined here, with 1 generic parameter: `N`
[INFO] [stdout]    --> /opt/rustwide/cargo-home/registry/src/index.crates.io-6f17d22bba15001f/clvm-traits-0.2.14/src/to_clvm.rs:6:11
[INFO] [stdout]     |
[INFO] [stdout] 6   | pub trait ToClvm<N> {
[INFO] [stdout]     |           ^^^^^^ -
[INFO] [stdout] help: add missing generic argument
[INFO] [stdout]     |
[INFO] [stdout] 267 | impl ToClvm<N> for Signature {
[INFO] [stdout]     |            +++
[INFO] [stdout] 
[INFO] [stdout] 
[INFO] [stdout] error: aborting due to 17 previous errors
[INFO] [stdout] 
[INFO] [stdout] 
[INFO] [stdout] Some errors have detailed explanations: E0107, E0412, E0433.
[INFO] [stdout] 
[INFO] [stdout] For more information about an error, try `rustc --explain E0107`.
[INFO] [stdout] 
[INFO] [stderr] error: could not compile `chia-bls` (lib) due to 18 previous errors
[INFO] [stderr] warning: build failed, waiting for other jobs to finish...
[INFO] running `Command { std: "docker" "inspect" "d099be031f0064ab01e98a78409359a476ccdbfcd7703900f3a168d002e6142c", kill_on_drop: false }`
[INFO] running `Command { std: "docker" "rm" "-f" "d099be031f0064ab01e98a78409359a476ccdbfcd7703900f3a168d002e6142c", kill_on_drop: false }`
[INFO] [stdout] d099be031f0064ab01e98a78409359a476ccdbfcd7703900f3a168d002e6142c
