[INFO] fetching crate charts-rs 0.2.0...
[INFO] checking charts-rs-0.2.0 against nightly-2024-02-05 for check-cfg
[INFO] extracting crate charts-rs 0.2.0 into /workspace/builds/worker-1-tc1/source
[INFO] validating manifest of crates.io crate charts-rs 0.2.0 on toolchain nightly-2024-02-05
[INFO] running `Command { std: CARGO_HOME="/workspace/cargo-home" RUSTUP_HOME="/workspace/rustup-home" "/workspace/cargo-home/bin/cargo" "+nightly-2024-02-05" "metadata" "--manifest-path" "Cargo.toml" "--no-deps", kill_on_drop: false }`
[INFO] started tweaking crates.io crate charts-rs 0.2.0
[INFO] finished tweaking crates.io crate charts-rs 0.2.0
[INFO] tweaked toml for crates.io crate charts-rs 0.2.0 written to /workspace/builds/worker-1-tc1/source/Cargo.toml
[INFO] running `Command { std: CARGO_HOME="/workspace/cargo-home" RUSTUP_HOME="/workspace/rustup-home" "/workspace/cargo-home/bin/cargo" "+nightly-2024-02-05" "generate-lockfile" "--manifest-path" "Cargo.toml", kill_on_drop: false }`
[INFO] [stderr]     Updating crates.io index
[INFO] running `Command { std: CARGO_HOME="/workspace/cargo-home" RUSTUP_HOME="/workspace/rustup-home" "/workspace/cargo-home/bin/cargo" "+nightly-2024-02-05" "fetch" "--manifest-path" "Cargo.toml", kill_on_drop: false }`
[INFO] [stderr]  Downloading crates ...
[INFO] [stderr]   Downloaded xmlwriter v0.1.0
[INFO] [stderr]   Downloaded unicode-vo v0.1.0
[INFO] [stderr]   Downloaded substring v1.4.5
[INFO] [stderr]   Downloaded usvg-parser v0.36.0
[INFO] [stderr]   Downloaded simplecss v0.2.1
[INFO] [stderr]   Downloaded fontconfig-parser v0.5.6
[INFO] [stderr]   Downloaded resvg v0.36.0
[INFO] [stderr]   Downloaded tiny-skia v0.11.4
[INFO] [stderr]   Downloaded rustybuzz v0.10.0
[INFO] [stderr]   Downloaded fontdue v0.8.0
[INFO] [stderr]   Downloaded unicode-script v0.5.5
[INFO] [stderr]   Downloaded tiny-skia-path v0.11.4
[INFO] [stderr]   Downloaded roxmltree v0.18.1
[INFO] [stderr]   Downloaded usvg v0.36.0
[INFO] [stderr]   Downloaded unicode-bidi-mirroring v0.1.0
[INFO] [stderr]   Downloaded rctree v0.5.0
[INFO] [stderr]   Downloaded fontdb v0.15.0
[INFO] [stderr]   Downloaded unicode-ccc v0.1.2
[INFO] [stderr]   Downloaded data-url v0.3.1
[INFO] [stderr]   Downloaded imagesize v0.12.0
[INFO] [stderr]   Downloaded usvg-tree v0.36.0
[INFO] [stderr]   Downloaded usvg-text-layout v0.36.0
[INFO] [stderr]   Downloaded unicode-properties v0.1.1
[INFO] [stderr]   Downloaded charts-rs-derive v0.1.23
[INFO] running `Command { std: "docker" "create" "-v" "/var/lib/crater-agent-workspace/builds/worker-1-tc1/target:/opt/rustwide/target:rw,Z" "-v" "/var/lib/crater-agent-workspace/builds/worker-1-tc1/source:/opt/rustwide/workdir:ro,Z" "-v" "/var/lib/crater-agent-workspace/cargo-home:/opt/rustwide/cargo-home:ro,Z" "-v" "/var/lib/crater-agent-workspace/rustup-home:/opt/rustwide/rustup-home:ro,Z" "-e" "SOURCE_DIR=/opt/rustwide/workdir" "-e" "CARGO_TARGET_DIR=/opt/rustwide/target" "-e" "CARGO_HOME=/opt/rustwide/cargo-home" "-e" "RUSTUP_HOME=/opt/rustwide/rustup-home" "-w" "/opt/rustwide/workdir" "-m" "1610612736" "--user" "0:0" "--network" "none" "ghcr.io/rust-lang/crates-build-env/linux@sha256:2788e3201cd34a07e3172128adcd8b3090168a8e3bcc40d7c032b9dda1df7d1c" "/opt/rustwide/cargo-home/bin/cargo" "+nightly-2024-02-05" "metadata" "--no-deps" "--format-version=1", kill_on_drop: false }`
[INFO] [stdout] e72f7231e9bb97e42ef36ca69f1c1a061fd3f30bfbd681c85d18592d29cd19c2
[INFO] running `Command { std: "docker" "start" "-a" "e72f7231e9bb97e42ef36ca69f1c1a061fd3f30bfbd681c85d18592d29cd19c2", kill_on_drop: false }`
[INFO] running `Command { std: "docker" "inspect" "e72f7231e9bb97e42ef36ca69f1c1a061fd3f30bfbd681c85d18592d29cd19c2", kill_on_drop: false }`
[INFO] running `Command { std: "docker" "rm" "-f" "e72f7231e9bb97e42ef36ca69f1c1a061fd3f30bfbd681c85d18592d29cd19c2", kill_on_drop: false }`
[INFO] [stdout] e72f7231e9bb97e42ef36ca69f1c1a061fd3f30bfbd681c85d18592d29cd19c2
[INFO] running `Command { std: "docker" "create" "-v" "/var/lib/crater-agent-workspace/builds/worker-1-tc1/target:/opt/rustwide/target:rw,Z" "-v" "/var/lib/crater-agent-workspace/builds/worker-1-tc1/source:/opt/rustwide/workdir:ro,Z" "-v" "/var/lib/crater-agent-workspace/cargo-home:/opt/rustwide/cargo-home:ro,Z" "-v" "/var/lib/crater-agent-workspace/rustup-home:/opt/rustwide/rustup-home:ro,Z" "-e" "SOURCE_DIR=/opt/rustwide/workdir" "-e" "CARGO_TARGET_DIR=/opt/rustwide/target" "-e" "CARGO_INCREMENTAL=0" "-e" "RUST_BACKTRACE=full" "-e" "RUSTFLAGS=--cap-lints=forbid" "-e" "RUSTDOCFLAGS=--cap-lints=forbid" "-e" "CARGO_HOME=/opt/rustwide/cargo-home" "-e" "RUSTUP_HOME=/opt/rustwide/rustup-home" "-w" "/opt/rustwide/workdir" "-m" "1610612736" "--user" "0:0" "--network" "none" "ghcr.io/rust-lang/crates-build-env/linux@sha256:2788e3201cd34a07e3172128adcd8b3090168a8e3bcc40d7c032b9dda1df7d1c" "/opt/rustwide/cargo-home/bin/cargo" "+nightly-2024-02-05" "check" "--frozen" "--all" "--all-targets" "--message-format=json", kill_on_drop: false }`
[INFO] [stdout] cdb1910c87925b689fd3e5b0fb0fa695d0f084b368b0f36f8d1d236d901c4ae8
[INFO] running `Command { std: "docker" "start" "-a" "cdb1910c87925b689fd3e5b0fb0fa695d0f084b368b0f36f8d1d236d901c4ae8", kill_on_drop: false }`
[INFO] [stderr]    Compiling serde v1.0.196
[INFO] [stderr]    Compiling substring v1.4.5
[INFO] [stderr]     Checking anstyle v1.0.6
[INFO] [stderr]     Checking allocator-api2 v0.2.16
[INFO] [stderr]     Checking ciborium-io v0.2.2
[INFO] [stderr]     Checking plotters-backend v0.3.5
[INFO] [stderr]     Checking ttf-parser v0.20.0
[INFO] [stderr]     Checking cast v0.3.0
[INFO] [stderr]    Compiling serde_derive v1.0.196
[INFO] [stderr]    Compiling snafu-derive v0.7.5
[INFO] [stderr]    Compiling charts-rs-derive v0.1.23
[INFO] [stderr]     Checking anes v0.1.6
[INFO] [stderr]     Checking oorandom v11.1.3
[INFO] [stderr]     Checking rayon v1.8.1
[INFO] [stderr]     Checking ciborium-ll v0.2.2
[INFO] [stderr]     Checking criterion-plot v0.5.0
[INFO] [stderr]     Checking plotters-svg v0.3.5
[INFO] [stderr]     Checking clap_builder v4.4.18
[INFO] [stderr]     Checking plotters v0.3.5
[INFO] [stderr]     Checking hashbrown v0.14.3
[INFO] [stderr]     Checking fontdue v0.8.0
[INFO] [stderr]     Checking clap v4.4.18
[INFO] [stderr]     Checking snafu v0.7.5
[INFO] [stderr]     Checking serde_json v1.0.113
[INFO] [stderr]     Checking ciborium v0.2.2
[INFO] [stderr]     Checking tinytemplate v1.2.1
[INFO] [stderr]     Checking charts-rs v0.2.0 (/opt/rustwide/workdir)
[INFO] [stderr]     Checking criterion v0.5.1
[INFO] [stdout] error[E0609]: no field `axis_name_align` on type `&common::YAxisConfig`
[INFO] [stdout]   --> src/charts/bar_chart.rs:14:57
[INFO] [stdout]    |
[INFO] [stdout] 14 | #[derive(Serialize, Deserialize, Clone, Debug, Default, Chart)]
[INFO] [stdout]    |                                                         ^^^^^ unknown field
[INFO] [stdout]    |
[INFO] [stdout]    = note: this error originates in the derive macro `Chart` (in Nightly builds, run with -Z macro-backtrace for more info)
[INFO] [stdout] 
[INFO] [stdout] 
[INFO] [stdout] error[E0560]: struct `component::SmoothLine` has no field named `stroke_dash_array`
[INFO] [stdout]   --> src/charts/bar_chart.rs:14:57
[INFO] [stdout]    |
[INFO] [stdout] 14 | #[derive(Serialize, Deserialize, Clone, Debug, Default, Chart)]
[INFO] [stdout]    |                                                         ^^^^^ `component::SmoothLine` does not have this field
[INFO] [stdout]    |
[INFO] [stdout]    = note: all struct fields are already assigned
[INFO] [stdout]    = note: this error originates in the derive macro `Chart` (in Nightly builds, run with -Z macro-backtrace for more info)
[INFO] [stdout] 
[INFO] [stdout] 
[INFO] [stdout] error[E0609]: no field `stroke_dash_array` on type `&&common::Series`
[INFO] [stdout]   --> src/charts/bar_chart.rs:14:57
[INFO] [stdout]    |
[INFO] [stdout] 14 | #[derive(Serialize, Deserialize, Clone, Debug, Default, Chart)]
[INFO] [stdout]    |                                                         ^^^^^ unknown field
[INFO] [stdout]    |
[INFO] [stdout]    = note: this error originates in the derive macro `Chart` (in Nightly builds, run with -Z macro-backtrace for more info)
[INFO] [stdout] 
[INFO] [stdout] 
[INFO] [stdout] error[E0560]: struct `component::StraightLine` has no field named `stroke_dash_array`
[INFO] [stdout]   --> src/charts/bar_chart.rs:14:57
[INFO] [stdout]    |
[INFO] [stdout] 14 | #[derive(Serialize, Deserialize, Clone, Debug, Default, Chart)]
[INFO] [stdout]    |                                                         ^^^^^ `component::StraightLine` does not have this field
[INFO] [stdout]    |
[INFO] [stdout]    = note: all struct fields are already assigned
[INFO] [stdout]    = note: this error originates in the derive macro `Chart` (in Nightly builds, run with -Z macro-backtrace for more info)
[INFO] [stdout] 
[INFO] [stdout] 
[INFO] [stdout] error[E0609]: no field `axis_name_align` on type `&common::YAxisConfig`
[INFO] [stdout]   --> src/charts/candlestick_chart.rs:14:57
[INFO] [stdout]    |
[INFO] [stdout] 14 | #[derive(Serialize, Deserialize, Clone, Debug, Default, Chart)]
[INFO] [stdout]    |                                                         ^^^^^ unknown field
[INFO] [stdout]    |
[INFO] [stdout]    = note: this error originates in the derive macro `Chart` (in Nightly builds, run with -Z macro-backtrace for more info)
[INFO] [stdout] 
[INFO] [stdout] 
[INFO] [stdout] error[E0560]: struct `component::SmoothLine` has no field named `stroke_dash_array`
[INFO] [stdout]   --> src/charts/candlestick_chart.rs:14:57
[INFO] [stdout]    |
[INFO] [stdout] 14 | #[derive(Serialize, Deserialize, Clone, Debug, Default, Chart)]
[INFO] [stdout]    |                                                         ^^^^^ `component::SmoothLine` does not have this field
[INFO] [stdout]    |
[INFO] [stdout]    = note: all struct fields are already assigned
[INFO] [stdout]    = note: this error originates in the derive macro `Chart` (in Nightly builds, run with -Z macro-backtrace for more info)
[INFO] [stdout] 
[INFO] [stdout] 
[INFO] [stdout] error[E0609]: no field `stroke_dash_array` on type `&&common::Series`
[INFO] [stdout]   --> src/charts/candlestick_chart.rs:14:57
[INFO] [stdout]    |
[INFO] [stdout] 14 | #[derive(Serialize, Deserialize, Clone, Debug, Default, Chart)]
[INFO] [stdout]    |                                                         ^^^^^ unknown field
[INFO] [stdout]    |
[INFO] [stdout]    = note: this error originates in the derive macro `Chart` (in Nightly builds, run with -Z macro-backtrace for more info)
[INFO] [stdout] 
[INFO] [stdout] 
[INFO] [stdout] error[E0560]: struct `component::StraightLine` has no field named `stroke_dash_array`
[INFO] [stdout]   --> src/charts/candlestick_chart.rs:14:57
[INFO] [stdout]    |
[INFO] [stdout] 14 | #[derive(Serialize, Deserialize, Clone, Debug, Default, Chart)]
[INFO] [stdout]    |                                                         ^^^^^ `component::StraightLine` does not have this field
[INFO] [stdout]    |
[INFO] [stdout]    = note: all struct fields are already assigned
[INFO] [stdout]    = note: this error originates in the derive macro `Chart` (in Nightly builds, run with -Z macro-backtrace for more info)
[INFO] [stdout] 
[INFO] [stdout] 
[INFO] [stdout] error[E0609]: no field `axis_name_align` on type `&common::YAxisConfig`
[INFO] [stdout]   --> src/charts/horizontal_bar_chart.rs:13:33
[INFO] [stdout]    |
[INFO] [stdout] 13 | #[derive(Clone, Debug, Default, Chart)]
[INFO] [stdout]    |                                 ^^^^^ unknown field
[INFO] [stdout]    |
[INFO] [stdout]    = note: this error originates in the derive macro `Chart` (in Nightly builds, run with -Z macro-backtrace for more info)
[INFO] [stdout] 
[INFO] [stdout] 
[INFO] [stdout] error[E0560]: struct `component::SmoothLine` has no field named `stroke_dash_array`
[INFO] [stdout]   --> src/charts/horizontal_bar_chart.rs:13:33
[INFO] [stdout]    |
[INFO] [stdout] 13 | #[derive(Clone, Debug, Default, Chart)]
[INFO] [stdout]    |                                 ^^^^^ `component::SmoothLine` does not have this field
[INFO] [stdout]    |
[INFO] [stdout]    = note: all struct fields are already assigned
[INFO] [stdout]    = note: this error originates in the derive macro `Chart` (in Nightly builds, run with -Z macro-backtrace for more info)
[INFO] [stdout] 
[INFO] [stdout] 
[INFO] [stdout] error[E0609]: no field `stroke_dash_array` on type `&&common::Series`
[INFO] [stdout]   --> src/charts/horizontal_bar_chart.rs:13:33
[INFO] [stdout]    |
[INFO] [stdout] 13 | #[derive(Clone, Debug, Default, Chart)]
[INFO] [stdout]    |                                 ^^^^^ unknown field
[INFO] [stdout]    |
[INFO] [stdout]    = note: this error originates in the derive macro `Chart` (in Nightly builds, run with -Z macro-backtrace for more info)
[INFO] [stdout] 
[INFO] [stdout] 
[INFO] [stdout] error[E0560]: struct `component::StraightLine` has no field named `stroke_dash_array`
[INFO] [stdout]   --> src/charts/horizontal_bar_chart.rs:13:33
[INFO] [stdout]    |
[INFO] [stdout] 13 | #[derive(Clone, Debug, Default, Chart)]
[INFO] [stdout]    |                                 ^^^^^ `component::StraightLine` does not have this field
[INFO] [stdout]    |
[INFO] [stdout]    = note: all struct fields are already assigned
[INFO] [stdout]    = note: this error originates in the derive macro `Chart` (in Nightly builds, run with -Z macro-backtrace for more info)
[INFO] [stdout] 
[INFO] [stdout] 
[INFO] [stdout] error[E0609]: no field `axis_name_align` on type `&common::YAxisConfig`
[INFO] [stdout]   --> src/charts/line_chart.rs:13:33
[INFO] [stdout]    |
[INFO] [stdout] 13 | #[derive(Clone, Debug, Default, Chart)]
[INFO] [stdout]    |                                 ^^^^^ unknown field
[INFO] [stdout]    |
[INFO] [stdout]    = note: this error originates in the derive macro `Chart` (in Nightly builds, run with -Z macro-backtrace for more info)
[INFO] [stdout] 
[INFO] [stdout] 
[INFO] [stdout] error[E0560]: struct `component::SmoothLine` has no field named `stroke_dash_array`
[INFO] [stdout]   --> src/charts/line_chart.rs:13:33
[INFO] [stdout]    |
[INFO] [stdout] 13 | #[derive(Clone, Debug, Default, Chart)]
[INFO] [stdout]    |                                 ^^^^^ `component::SmoothLine` does not have this field
[INFO] [stdout]    |
[INFO] [stdout]    = note: all struct fields are already assigned
[INFO] [stdout]    = note: this error originates in the derive macro `Chart` (in Nightly builds, run with -Z macro-backtrace for more info)
[INFO] [stdout] 
[INFO] [stdout] 
[INFO] [stdout] error[E0609]: no field `stroke_dash_array` on type `&&common::Series`
[INFO] [stdout]   --> src/charts/line_chart.rs:13:33
[INFO] [stdout]    |
[INFO] [stdout] 13 | #[derive(Clone, Debug, Default, Chart)]
[INFO] [stdout]    |                                 ^^^^^ unknown field
[INFO] [stdout]    |
[INFO] [stdout]    = note: this error originates in the derive macro `Chart` (in Nightly builds, run with -Z macro-backtrace for more info)
[INFO] [stdout] 
[INFO] [stdout] 
[INFO] [stdout] error[E0560]: struct `component::StraightLine` has no field named `stroke_dash_array`
[INFO] [stdout]   --> src/charts/line_chart.rs:13:33
[INFO] [stdout]    |
[INFO] [stdout] 13 | #[derive(Clone, Debug, Default, Chart)]
[INFO] [stdout]    |                                 ^^^^^ `component::StraightLine` does not have this field
[INFO] [stdout]    |
[INFO] [stdout]    = note: all struct fields are already assigned
[INFO] [stdout]    = note: this error originates in the derive macro `Chart` (in Nightly builds, run with -Z macro-backtrace for more info)
[INFO] [stdout] 
[INFO] [stdout] 
[INFO] [stdout] error[E0609]: no field `axis_name_align` on type `&common::YAxisConfig`
[INFO] [stdout]   --> src/charts/pie_chart.rs:13:33
[INFO] [stdout]    |
[INFO] [stdout] 13 | #[derive(Clone, Debug, Default, Chart)]
[INFO] [stdout]    |                                 ^^^^^ unknown field
[INFO] [stdout]    |
[INFO] [stdout]    = note: this error originates in the derive macro `Chart` (in Nightly builds, run with -Z macro-backtrace for more info)
[INFO] [stdout] 
[INFO] [stdout] 
[INFO] [stdout] error[E0560]: struct `component::SmoothLine` has no field named `stroke_dash_array`
[INFO] [stdout]   --> src/charts/pie_chart.rs:13:33
[INFO] [stdout]    |
[INFO] [stdout] 13 | #[derive(Clone, Debug, Default, Chart)]
[INFO] [stdout]    |                                 ^^^^^ `component::SmoothLine` does not have this field
[INFO] [stdout]    |
[INFO] [stdout]    = note: all struct fields are already assigned
[INFO] [stdout]    = note: this error originates in the derive macro `Chart` (in Nightly builds, run with -Z macro-backtrace for more info)
[INFO] [stdout] 
[INFO] [stdout] 
[INFO] [stdout] error[E0609]: no field `stroke_dash_array` on type `&&common::Series`
[INFO] [stdout]   --> src/charts/pie_chart.rs:13:33
[INFO] [stdout]    |
[INFO] [stdout] 13 | #[derive(Clone, Debug, Default, Chart)]
[INFO] [stdout]    |                                 ^^^^^ unknown field
[INFO] [stdout]    |
[INFO] [stdout]    = note: this error originates in the derive macro `Chart` (in Nightly builds, run with -Z macro-backtrace for more info)
[INFO] [stdout] 
[INFO] [stdout] 
[INFO] [stdout] error[E0560]: struct `component::StraightLine` has no field named `stroke_dash_array`
[INFO] [stdout]   --> src/charts/pie_chart.rs:13:33
[INFO] [stdout]    |
[INFO] [stdout] 13 | #[derive(Clone, Debug, Default, Chart)]
[INFO] [stdout]    |                                 ^^^^^ `component::StraightLine` does not have this field
[INFO] [stdout]    |
[INFO] [stdout]    = note: all struct fields are already assigned
[INFO] [stdout]    = note: this error originates in the derive macro `Chart` (in Nightly builds, run with -Z macro-backtrace for more info)
[INFO] [stdout] 
[INFO] [stdout] 
[INFO] [stdout] error[E0609]: no field `axis_name_align` on type `&common::YAxisConfig`
[INFO] [stdout]   --> src/charts/radar_chart.rs:44:33
[INFO] [stdout]    |
[INFO] [stdout] 44 | #[derive(Clone, Debug, Default, Chart)]
[INFO] [stdout]    |                                 ^^^^^ unknown field
[INFO] [stdout]    |
[INFO] [stdout]    = note: this error originates in the derive macro `Chart` (in Nightly builds, run with -Z macro-backtrace for more info)
[INFO] [stdout] 
[INFO] [stdout] 
[INFO] [stdout] error[E0560]: struct `component::SmoothLine` has no field named `stroke_dash_array`
[INFO] [stdout]   --> src/charts/radar_chart.rs:44:33
[INFO] [stdout]    |
[INFO] [stdout] 44 | #[derive(Clone, Debug, Default, Chart)]
[INFO] [stdout]    |                                 ^^^^^ `component::SmoothLine` does not have this field
[INFO] [stdout]    |
[INFO] [stdout]    = note: all struct fields are already assigned
[INFO] [stdout]    = note: this error originates in the derive macro `Chart` (in Nightly builds, run with -Z macro-backtrace for more info)
[INFO] [stdout] 
[INFO] [stdout] 
[INFO] [stdout] error[E0609]: no field `stroke_dash_array` on type `&&common::Series`
[INFO] [stdout]   --> src/charts/radar_chart.rs:44:33
[INFO] [stdout]    |
[INFO] [stdout] 44 | #[derive(Clone, Debug, Default, Chart)]
[INFO] [stdout]    |                                 ^^^^^ unknown field
[INFO] [stdout]    |
[INFO] [stdout]    = note: this error originates in the derive macro `Chart` (in Nightly builds, run with -Z macro-backtrace for more info)
[INFO] [stdout] 
[INFO] [stdout] 
[INFO] [stdout] error[E0560]: struct `component::StraightLine` has no field named `stroke_dash_array`
[INFO] [stdout]   --> src/charts/radar_chart.rs:44:33
[INFO] [stdout]    |
[INFO] [stdout] 44 | #[derive(Clone, Debug, Default, Chart)]
[INFO] [stdout]    |                                 ^^^^^ `component::StraightLine` does not have this field
[INFO] [stdout]    |
[INFO] [stdout]    = note: all struct fields are already assigned
[INFO] [stdout]    = note: this error originates in the derive macro `Chart` (in Nightly builds, run with -Z macro-backtrace for more info)
[INFO] [stdout] 
[INFO] [stdout] 
[INFO] [stdout] error[E0609]: no field `axis_name_align` on type `&common::YAxisConfig`
[INFO] [stdout]   --> src/charts/scatter_chart.rs:14:57
[INFO] [stdout]    |
[INFO] [stdout] 14 | #[derive(Serialize, Deserialize, Clone, Debug, Default, Chart)]
[INFO] [stdout]    |                                                         ^^^^^ unknown field
[INFO] [stdout]    |
[INFO] [stdout]    = note: this error originates in the derive macro `Chart` (in Nightly builds, run with -Z macro-backtrace for more info)
[INFO] [stdout] 
[INFO] [stdout] 
[INFO] [stdout] error[E0560]: struct `component::SmoothLine` has no field named `stroke_dash_array`
[INFO] [stdout]   --> src/charts/scatter_chart.rs:14:57
[INFO] [stdout]    |
[INFO] [stdout] 14 | #[derive(Serialize, Deserialize, Clone, Debug, Default, Chart)]
[INFO] [stdout]    |                                                         ^^^^^ `component::SmoothLine` does not have this field
[INFO] [stdout]    |
[INFO] [stdout]    = note: all struct fields are already assigned
[INFO] [stdout]    = note: this error originates in the derive macro `Chart` (in Nightly builds, run with -Z macro-backtrace for more info)
[INFO] [stdout] 
[INFO] [stdout] 
[INFO] [stdout] error[E0609]: no field `stroke_dash_array` on type `&&common::Series`
[INFO] [stdout]   --> src/charts/scatter_chart.rs:14:57
[INFO] [stdout]    |
[INFO] [stdout] 14 | #[derive(Serialize, Deserialize, Clone, Debug, Default, Chart)]
[INFO] [stdout]    |                                                         ^^^^^ unknown field
[INFO] [stdout]    |
[INFO] [stdout]    = note: this error originates in the derive macro `Chart` (in Nightly builds, run with -Z macro-backtrace for more info)
[INFO] [stdout] 
[INFO] [stdout] 
[INFO] [stdout] error[E0560]: struct `component::StraightLine` has no field named `stroke_dash_array`
[INFO] [stdout]   --> src/charts/scatter_chart.rs:14:57
[INFO] [stdout]    |
[INFO] [stdout] 14 | #[derive(Serialize, Deserialize, Clone, Debug, Default, Chart)]
[INFO] [stdout]    |                                                         ^^^^^ `component::StraightLine` does not have this field
[INFO] [stdout]    |
[INFO] [stdout]    = note: all struct fields are already assigned
[INFO] [stdout]    = note: this error originates in the derive macro `Chart` (in Nightly builds, run with -Z macro-backtrace for more info)
[INFO] [stdout] 
[INFO] [stdout] 
[INFO] [stdout] error: aborting due to 28 previous errors
[INFO] [stdout] 
[INFO] [stdout] 
[INFO] [stdout] Some errors have detailed explanations: E0560, E0609.
[INFO] [stdout] 
[INFO] [stdout] For more information about an error, try `rustc --explain E0560`.
[INFO] [stdout] 
[INFO] [stderr] error: could not compile `charts-rs` (lib) due to 29 previous errors
[INFO] [stderr] warning: build failed, waiting for other jobs to finish...
[INFO] running `Command { std: "docker" "inspect" "cdb1910c87925b689fd3e5b0fb0fa695d0f084b368b0f36f8d1d236d901c4ae8", kill_on_drop: false }`
[INFO] running `Command { std: "docker" "rm" "-f" "cdb1910c87925b689fd3e5b0fb0fa695d0f084b368b0f36f8d1d236d901c4ae8", kill_on_drop: false }`
[INFO] [stdout] cdb1910c87925b689fd3e5b0fb0fa695d0f084b368b0f36f8d1d236d901c4ae8
[INFO] checking charts-rs-0.2.0 against nightly-2024-02-05+rustflags=-Dunexpected_cfgs+cargoflags=-Zcheck-cfg for check-cfg
[INFO] extracting crate charts-rs 0.2.0 into /workspace/builds/worker-1-tc2/source
[INFO] validating manifest of crates.io crate charts-rs 0.2.0 on toolchain nightly-2024-02-05
[INFO] running `Command { std: CARGO_HOME="/workspace/cargo-home" RUSTUP_HOME="/workspace/rustup-home" "/workspace/cargo-home/bin/cargo" "+nightly-2024-02-05" "metadata" "--manifest-path" "Cargo.toml" "--no-deps", kill_on_drop: false }`
[INFO] started tweaking crates.io crate charts-rs 0.2.0
[INFO] finished tweaking crates.io crate charts-rs 0.2.0
[INFO] tweaked toml for crates.io crate charts-rs 0.2.0 written to /workspace/builds/worker-1-tc2/source/Cargo.toml
[INFO] running `Command { std: CARGO_HOME="/workspace/cargo-home" RUSTUP_HOME="/workspace/rustup-home" "/workspace/cargo-home/bin/cargo" "+nightly-2024-02-05" "generate-lockfile" "--manifest-path" "Cargo.toml", kill_on_drop: false }`
[INFO] [stderr]     Updating crates.io index
[INFO] running `Command { std: CARGO_HOME="/workspace/cargo-home" RUSTUP_HOME="/workspace/rustup-home" "/workspace/cargo-home/bin/cargo" "+nightly-2024-02-05" "fetch" "--manifest-path" "Cargo.toml", kill_on_drop: false }`
[INFO] running `Command { std: "docker" "create" "-v" "/var/lib/crater-agent-workspace/builds/worker-1-tc2/target:/opt/rustwide/target:rw,Z" "-v" "/var/lib/crater-agent-workspace/builds/worker-1-tc2/source:/opt/rustwide/workdir:ro,Z" "-v" "/var/lib/crater-agent-workspace/cargo-home:/opt/rustwide/cargo-home:ro,Z" "-v" "/var/lib/crater-agent-workspace/rustup-home:/opt/rustwide/rustup-home:ro,Z" "-e" "SOURCE_DIR=/opt/rustwide/workdir" "-e" "CARGO_TARGET_DIR=/opt/rustwide/target" "-e" "CARGO_HOME=/opt/rustwide/cargo-home" "-e" "RUSTUP_HOME=/opt/rustwide/rustup-home" "-w" "/opt/rustwide/workdir" "-m" "1610612736" "--user" "0:0" "--network" "none" "ghcr.io/rust-lang/crates-build-env/linux@sha256:2788e3201cd34a07e3172128adcd8b3090168a8e3bcc40d7c032b9dda1df7d1c" "/opt/rustwide/cargo-home/bin/cargo" "+nightly-2024-02-05" "metadata" "--no-deps" "--format-version=1", kill_on_drop: false }`
[INFO] [stdout] 29d3e6ed1a7571d916c8e9b73fcbbb48319d21458a006ddde974b7a30647baa0
[INFO] running `Command { std: "docker" "start" "-a" "29d3e6ed1a7571d916c8e9b73fcbbb48319d21458a006ddde974b7a30647baa0", kill_on_drop: false }`
[INFO] running `Command { std: "docker" "inspect" "29d3e6ed1a7571d916c8e9b73fcbbb48319d21458a006ddde974b7a30647baa0", kill_on_drop: false }`
[INFO] running `Command { std: "docker" "rm" "-f" "29d3e6ed1a7571d916c8e9b73fcbbb48319d21458a006ddde974b7a30647baa0", kill_on_drop: false }`
[INFO] [stdout] 29d3e6ed1a7571d916c8e9b73fcbbb48319d21458a006ddde974b7a30647baa0
[INFO] running `Command { std: "docker" "create" "-v" "/var/lib/crater-agent-workspace/builds/worker-1-tc2/target:/opt/rustwide/target:rw,Z" "-v" "/var/lib/crater-agent-workspace/builds/worker-1-tc2/source:/opt/rustwide/workdir:ro,Z" "-v" "/var/lib/crater-agent-workspace/cargo-home:/opt/rustwide/cargo-home:ro,Z" "-v" "/var/lib/crater-agent-workspace/rustup-home:/opt/rustwide/rustup-home:ro,Z" "-e" "SOURCE_DIR=/opt/rustwide/workdir" "-e" "CARGO_TARGET_DIR=/opt/rustwide/target" "-e" "CARGO_INCREMENTAL=0" "-e" "RUST_BACKTRACE=full" "-e" "RUSTFLAGS=--cap-lints=forbid -Dunexpected_cfgs" "-e" "RUSTDOCFLAGS=--cap-lints=forbid" "-e" "CARGO_HOME=/opt/rustwide/cargo-home" "-e" "RUSTUP_HOME=/opt/rustwide/rustup-home" "-w" "/opt/rustwide/workdir" "-m" "1610612736" "--user" "0:0" "--network" "none" "ghcr.io/rust-lang/crates-build-env/linux@sha256:2788e3201cd34a07e3172128adcd8b3090168a8e3bcc40d7c032b9dda1df7d1c" "/opt/rustwide/cargo-home/bin/cargo" "+nightly-2024-02-05" "check" "--frozen" "--all" "--all-targets" "--message-format=json" "-Zcheck-cfg", kill_on_drop: false }`
[INFO] [stdout] 9b8b78c368ef7804ff73bf94e00f2ad9e9d1db7b7badbc393b3b8f8eacfe2dd5
[INFO] running `Command { std: "docker" "start" "-a" "9b8b78c368ef7804ff73bf94e00f2ad9e9d1db7b7badbc393b3b8f8eacfe2dd5", kill_on_drop: false }`
[INFO] [stderr]    Compiling serde v1.0.196
[INFO] [stderr]    Compiling substring v1.4.5
[INFO] [stderr]     Checking plotters-backend v0.3.5
[INFO] [stderr]     Checking ciborium-io v0.2.2
[INFO] [stderr]     Checking anstyle v1.0.6
[INFO] [stderr]     Checking allocator-api2 v0.2.16
[INFO] [stderr]     Checking ttf-parser v0.20.0
[INFO] [stderr]     Checking cast v0.3.0
[INFO] [stderr]    Compiling serde_derive v1.0.196
[INFO] [stderr]    Compiling snafu-derive v0.7.5
[INFO] [stderr]    Compiling charts-rs-derive v0.1.23
[INFO] [stderr]     Checking oorandom v11.1.3
[INFO] [stderr]     Checking anes v0.1.6
[INFO] [stderr]     Checking rayon v1.8.1
[INFO] [stderr]     Checking ciborium-ll v0.2.2
[INFO] [stderr]     Checking criterion-plot v0.5.0
[INFO] [stderr]     Checking clap_builder v4.4.18
[INFO] [stderr]     Checking plotters-svg v0.3.5
[INFO] [stderr]     Checking plotters v0.3.5
[INFO] [stderr]     Checking hashbrown v0.14.3
[INFO] [stderr]     Checking fontdue v0.8.0
[INFO] [stderr]     Checking clap v4.4.18
[INFO] [stderr]     Checking snafu v0.7.5
[INFO] [stderr]     Checking serde_json v1.0.113
[INFO] [stderr]     Checking ciborium v0.2.2
[INFO] [stderr]     Checking tinytemplate v1.2.1
[INFO] [stderr]     Checking charts-rs v0.2.0 (/opt/rustwide/workdir)
[INFO] [stderr]     Checking criterion v0.5.1
[INFO] [stdout] error[E0609]: no field `axis_name_align` on type `&common::YAxisConfig`
[INFO] [stdout]   --> src/charts/bar_chart.rs:14:57
[INFO] [stdout]    |
[INFO] [stdout] 14 | #[derive(Serialize, Deserialize, Clone, Debug, Default, Chart)]
[INFO] [stdout]    |                                                         ^^^^^ unknown field
[INFO] [stdout]    |
[INFO] [stdout]    = note: this error originates in the derive macro `Chart` (in Nightly builds, run with -Z macro-backtrace for more info)
[INFO] [stdout] 
[INFO] [stdout] 
[INFO] [stdout] error[E0560]: struct `component::SmoothLine` has no field named `stroke_dash_array`
[INFO] [stdout]   --> src/charts/bar_chart.rs:14:57
[INFO] [stdout]    |
[INFO] [stdout] 14 | #[derive(Serialize, Deserialize, Clone, Debug, Default, Chart)]
[INFO] [stdout]    |                                                         ^^^^^ `component::SmoothLine` does not have this field
[INFO] [stdout]    |
[INFO] [stdout]    = note: all struct fields are already assigned
[INFO] [stdout]    = note: this error originates in the derive macro `Chart` (in Nightly builds, run with -Z macro-backtrace for more info)
[INFO] [stdout] 
[INFO] [stdout] 
[INFO] [stdout] error[E0609]: no field `stroke_dash_array` on type `&&common::Series`
[INFO] [stdout]   --> src/charts/bar_chart.rs:14:57
[INFO] [stdout]    |
[INFO] [stdout] 14 | #[derive(Serialize, Deserialize, Clone, Debug, Default, Chart)]
[INFO] [stdout]    |                                                         ^^^^^ unknown field
[INFO] [stdout]    |
[INFO] [stdout]    = note: this error originates in the derive macro `Chart` (in Nightly builds, run with -Z macro-backtrace for more info)
[INFO] [stdout] 
[INFO] [stdout] 
[INFO] [stdout] error[E0560]: struct `component::StraightLine` has no field named `stroke_dash_array`
[INFO] [stdout]   --> src/charts/bar_chart.rs:14:57
[INFO] [stdout]    |
[INFO] [stdout] 14 | #[derive(Serialize, Deserialize, Clone, Debug, Default, Chart)]
[INFO] [stdout]    |                                                         ^^^^^ `component::StraightLine` does not have this field
[INFO] [stdout]    |
[INFO] [stdout]    = note: all struct fields are already assigned
[INFO] [stdout]    = note: this error originates in the derive macro `Chart` (in Nightly builds, run with -Z macro-backtrace for more info)
[INFO] [stdout] 
[INFO] [stdout] 
[INFO] [stdout] error[E0609]: no field `axis_name_align` on type `&common::YAxisConfig`
[INFO] [stdout]   --> src/charts/candlestick_chart.rs:14:57
[INFO] [stdout]    |
[INFO] [stdout] 14 | #[derive(Serialize, Deserialize, Clone, Debug, Default, Chart)]
[INFO] [stdout]    |                                                         ^^^^^ unknown field
[INFO] [stdout]    |
[INFO] [stdout]    = note: this error originates in the derive macro `Chart` (in Nightly builds, run with -Z macro-backtrace for more info)
[INFO] [stdout] 
[INFO] [stdout] 
[INFO] [stdout] error[E0560]: struct `component::SmoothLine` has no field named `stroke_dash_array`
[INFO] [stdout]   --> src/charts/candlestick_chart.rs:14:57
[INFO] [stdout]    |
[INFO] [stdout] 14 | #[derive(Serialize, Deserialize, Clone, Debug, Default, Chart)]
[INFO] [stdout]    |                                                         ^^^^^ `component::SmoothLine` does not have this field
[INFO] [stdout]    |
[INFO] [stdout]    = note: all struct fields are already assigned
[INFO] [stdout]    = note: this error originates in the derive macro `Chart` (in Nightly builds, run with -Z macro-backtrace for more info)
[INFO] [stdout] 
[INFO] [stdout] 
[INFO] [stdout] error[E0609]: no field `stroke_dash_array` on type `&&common::Series`
[INFO] [stdout]   --> src/charts/candlestick_chart.rs:14:57
[INFO] [stdout]    |
[INFO] [stdout] 14 | #[derive(Serialize, Deserialize, Clone, Debug, Default, Chart)]
[INFO] [stdout]    |                                                         ^^^^^ unknown field
[INFO] [stdout]    |
[INFO] [stdout]    = note: this error originates in the derive macro `Chart` (in Nightly builds, run with -Z macro-backtrace for more info)
[INFO] [stdout] 
[INFO] [stdout] 
[INFO] [stdout] error[E0560]: struct `component::StraightLine` has no field named `stroke_dash_array`
[INFO] [stdout]   --> src/charts/candlestick_chart.rs:14:57
[INFO] [stdout]    |
[INFO] [stdout] 14 | #[derive(Serialize, Deserialize, Clone, Debug, Default, Chart)]
[INFO] [stdout]    |                                                         ^^^^^ `component::StraightLine` does not have this field
[INFO] [stdout]    |
[INFO] [stdout]    = note: all struct fields are already assigned
[INFO] [stdout]    = note: this error originates in the derive macro `Chart` (in Nightly builds, run with -Z macro-backtrace for more info)
[INFO] [stdout] 
[INFO] [stdout] 
[INFO] [stdout] error[E0609]: no field `axis_name_align` on type `&common::YAxisConfig`
[INFO] [stdout]   --> src/charts/horizontal_bar_chart.rs:13:33
[INFO] [stdout]    |
[INFO] [stdout] 13 | #[derive(Clone, Debug, Default, Chart)]
[INFO] [stdout]    |                                 ^^^^^ unknown field
[INFO] [stdout]    |
[INFO] [stdout]    = note: this error originates in the derive macro `Chart` (in Nightly builds, run with -Z macro-backtrace for more info)
[INFO] [stdout] 
[INFO] [stdout] 
[INFO] [stdout] error[E0560]: struct `component::SmoothLine` has no field named `stroke_dash_array`
[INFO] [stdout]   --> src/charts/horizontal_bar_chart.rs:13:33
[INFO] [stdout]    |
[INFO] [stdout] 13 | #[derive(Clone, Debug, Default, Chart)]
[INFO] [stdout]    |                                 ^^^^^ `component::SmoothLine` does not have this field
[INFO] [stdout]    |
[INFO] [stdout]    = note: all struct fields are already assigned
[INFO] [stdout]    = note: this error originates in the derive macro `Chart` (in Nightly builds, run with -Z macro-backtrace for more info)
[INFO] [stdout] 
[INFO] [stdout] 
[INFO] [stdout] error[E0609]: no field `stroke_dash_array` on type `&&common::Series`
[INFO] [stdout]   --> src/charts/horizontal_bar_chart.rs:13:33
[INFO] [stdout]    |
[INFO] [stdout] 13 | #[derive(Clone, Debug, Default, Chart)]
[INFO] [stdout]    |                                 ^^^^^ unknown field
[INFO] [stdout]    |
[INFO] [stdout]    = note: this error originates in the derive macro `Chart` (in Nightly builds, run with -Z macro-backtrace for more info)
[INFO] [stdout] 
[INFO] [stdout] 
[INFO] [stdout] error[E0560]: struct `component::StraightLine` has no field named `stroke_dash_array`
[INFO] [stdout]   --> src/charts/horizontal_bar_chart.rs:13:33
[INFO] [stdout]    |
[INFO] [stdout] 13 | #[derive(Clone, Debug, Default, Chart)]
[INFO] [stdout]    |                                 ^^^^^ `component::StraightLine` does not have this field
[INFO] [stdout]    |
[INFO] [stdout]    = note: all struct fields are already assigned
[INFO] [stdout]    = note: this error originates in the derive macro `Chart` (in Nightly builds, run with -Z macro-backtrace for more info)
[INFO] [stdout] 
[INFO] [stdout] 
[INFO] [stdout] error[E0609]: no field `axis_name_align` on type `&common::YAxisConfig`
[INFO] [stdout]   --> src/charts/line_chart.rs:13:33
[INFO] [stdout]    |
[INFO] [stdout] 13 | #[derive(Clone, Debug, Default, Chart)]
[INFO] [stdout]    |                                 ^^^^^ unknown field
[INFO] [stdout]    |
[INFO] [stdout]    = note: this error originates in the derive macro `Chart` (in Nightly builds, run with -Z macro-backtrace for more info)
[INFO] [stdout] 
[INFO] [stdout] 
[INFO] [stdout] error[E0560]: struct `component::SmoothLine` has no field named `stroke_dash_array`
[INFO] [stdout]   --> src/charts/line_chart.rs:13:33
[INFO] [stdout]    |
[INFO] [stdout] 13 | #[derive(Clone, Debug, Default, Chart)]
[INFO] [stdout]    |                                 ^^^^^ `component::SmoothLine` does not have this field
[INFO] [stdout]    |
[INFO] [stdout]    = note: all struct fields are already assigned
[INFO] [stdout]    = note: this error originates in the derive macro `Chart` (in Nightly builds, run with -Z macro-backtrace for more info)
[INFO] [stdout] 
[INFO] [stdout] 
[INFO] [stdout] error[E0609]: no field `stroke_dash_array` on type `&&common::Series`
[INFO] [stdout]   --> src/charts/line_chart.rs:13:33
[INFO] [stdout]    |
[INFO] [stdout] 13 | #[derive(Clone, Debug, Default, Chart)]
[INFO] [stdout]    |                                 ^^^^^ unknown field
[INFO] [stdout]    |
[INFO] [stdout]    = note: this error originates in the derive macro `Chart` (in Nightly builds, run with -Z macro-backtrace for more info)
[INFO] [stdout] 
[INFO] [stdout] 
[INFO] [stdout] error[E0560]: struct `component::StraightLine` has no field named `stroke_dash_array`
[INFO] [stdout]   --> src/charts/line_chart.rs:13:33
[INFO] [stdout]    |
[INFO] [stdout] 13 | #[derive(Clone, Debug, Default, Chart)]
[INFO] [stdout]    |                                 ^^^^^ `component::StraightLine` does not have this field
[INFO] [stdout]    |
[INFO] [stdout]    = note: all struct fields are already assigned
[INFO] [stdout]    = note: this error originates in the derive macro `Chart` (in Nightly builds, run with -Z macro-backtrace for more info)
[INFO] [stdout] 
[INFO] [stdout] 
[INFO] [stdout] error[E0609]: no field `axis_name_align` on type `&common::YAxisConfig`
[INFO] [stdout]   --> src/charts/pie_chart.rs:13:33
[INFO] [stdout]    |
[INFO] [stdout] 13 | #[derive(Clone, Debug, Default, Chart)]
[INFO] [stdout]    |                                 ^^^^^ unknown field
[INFO] [stdout]    |
[INFO] [stdout]    = note: this error originates in the derive macro `Chart` (in Nightly builds, run with -Z macro-backtrace for more info)
[INFO] [stdout] 
[INFO] [stdout] 
[INFO] [stdout] error[E0560]: struct `component::SmoothLine` has no field named `stroke_dash_array`
[INFO] [stdout]   --> src/charts/pie_chart.rs:13:33
[INFO] [stdout]    |
[INFO] [stdout] 13 | #[derive(Clone, Debug, Default, Chart)]
[INFO] [stdout]    |                                 ^^^^^ `component::SmoothLine` does not have this field
[INFO] [stdout]    |
[INFO] [stdout]    = note: all struct fields are already assigned
[INFO] [stdout]    = note: this error originates in the derive macro `Chart` (in Nightly builds, run with -Z macro-backtrace for more info)
[INFO] [stdout] 
[INFO] [stdout] 
[INFO] [stdout] error[E0609]: no field `stroke_dash_array` on type `&&common::Series`
[INFO] [stdout]   --> src/charts/pie_chart.rs:13:33
[INFO] [stdout]    |
[INFO] [stdout] 13 | #[derive(Clone, Debug, Default, Chart)]
[INFO] [stdout]    |                                 ^^^^^ unknown field
[INFO] [stdout]    |
[INFO] [stdout]    = note: this error originates in the derive macro `Chart` (in Nightly builds, run with -Z macro-backtrace for more info)
[INFO] [stdout] 
[INFO] [stdout] 
[INFO] [stdout] error[E0560]: struct `component::StraightLine` has no field named `stroke_dash_array`
[INFO] [stdout]   --> src/charts/pie_chart.rs:13:33
[INFO] [stdout]    |
[INFO] [stdout] 13 | #[derive(Clone, Debug, Default, Chart)]
[INFO] [stdout]    |                                 ^^^^^ `component::StraightLine` does not have this field
[INFO] [stdout]    |
[INFO] [stdout]    = note: all struct fields are already assigned
[INFO] [stdout]    = note: this error originates in the derive macro `Chart` (in Nightly builds, run with -Z macro-backtrace for more info)
[INFO] [stdout] 
[INFO] [stdout] 
[INFO] [stdout] error[E0609]: no field `axis_name_align` on type `&common::YAxisConfig`
[INFO] [stdout]   --> src/charts/radar_chart.rs:44:33
[INFO] [stdout]    |
[INFO] [stdout] 44 | #[derive(Clone, Debug, Default, Chart)]
[INFO] [stdout]    |                                 ^^^^^ unknown field
[INFO] [stdout]    |
[INFO] [stdout]    = note: this error originates in the derive macro `Chart` (in Nightly builds, run with -Z macro-backtrace for more info)
[INFO] [stdout] 
[INFO] [stdout] 
[INFO] [stdout] error[E0560]: struct `component::SmoothLine` has no field named `stroke_dash_array`
[INFO] [stdout]   --> src/charts/radar_chart.rs:44:33
[INFO] [stdout]    |
[INFO] [stdout] 44 | #[derive(Clone, Debug, Default, Chart)]
[INFO] [stdout]    |                                 ^^^^^ `component::SmoothLine` does not have this field
[INFO] [stdout]    |
[INFO] [stdout]    = note: all struct fields are already assigned
[INFO] [stdout]    = note: this error originates in the derive macro `Chart` (in Nightly builds, run with -Z macro-backtrace for more info)
[INFO] [stdout] 
[INFO] [stdout] 
[INFO] [stdout] error[E0609]: no field `stroke_dash_array` on type `&&common::Series`
[INFO] [stdout]   --> src/charts/radar_chart.rs:44:33
[INFO] [stdout]    |
[INFO] [stdout] 44 | #[derive(Clone, Debug, Default, Chart)]
[INFO] [stdout]    |                                 ^^^^^ unknown field
[INFO] [stdout]    |
[INFO] [stdout]    = note: this error originates in the derive macro `Chart` (in Nightly builds, run with -Z macro-backtrace for more info)
[INFO] [stdout] 
[INFO] [stdout] 
[INFO] [stdout] error[E0560]: struct `component::StraightLine` has no field named `stroke_dash_array`
[INFO] [stdout]   --> src/charts/radar_chart.rs:44:33
[INFO] [stdout]    |
[INFO] [stdout] 44 | #[derive(Clone, Debug, Default, Chart)]
[INFO] [stdout]    |                                 ^^^^^ `component::StraightLine` does not have this field
[INFO] [stdout]    |
[INFO] [stdout]    = note: all struct fields are already assigned
[INFO] [stdout]    = note: this error originates in the derive macro `Chart` (in Nightly builds, run with -Z macro-backtrace for more info)
[INFO] [stdout] 
[INFO] [stdout] 
[INFO] [stdout] error[E0609]: no field `axis_name_align` on type `&common::YAxisConfig`
[INFO] [stdout]   --> src/charts/scatter_chart.rs:14:57
[INFO] [stdout]    |
[INFO] [stdout] 14 | #[derive(Serialize, Deserialize, Clone, Debug, Default, Chart)]
[INFO] [stdout]    |                                                         ^^^^^ unknown field
[INFO] [stdout]    |
[INFO] [stdout]    = note: this error originates in the derive macro `Chart` (in Nightly builds, run with -Z macro-backtrace for more info)
[INFO] [stdout] 
[INFO] [stdout] 
[INFO] [stdout] error[E0560]: struct `component::SmoothLine` has no field named `stroke_dash_array`
[INFO] [stdout]   --> src/charts/scatter_chart.rs:14:57
[INFO] [stdout]    |
[INFO] [stdout] 14 | #[derive(Serialize, Deserialize, Clone, Debug, Default, Chart)]
[INFO] [stdout]    |                                                         ^^^^^ `component::SmoothLine` does not have this field
[INFO] [stdout]    |
[INFO] [stdout]    = note: all struct fields are already assigned
[INFO] [stdout]    = note: this error originates in the derive macro `Chart` (in Nightly builds, run with -Z macro-backtrace for more info)
[INFO] [stdout] 
[INFO] [stdout] 
[INFO] [stdout] error[E0609]: no field `stroke_dash_array` on type `&&common::Series`
[INFO] [stdout]   --> src/charts/scatter_chart.rs:14:57
[INFO] [stdout]    |
[INFO] [stdout] 14 | #[derive(Serialize, Deserialize, Clone, Debug, Default, Chart)]
[INFO] [stdout]    |                                                         ^^^^^ unknown field
[INFO] [stdout]    |
[INFO] [stdout]    = note: this error originates in the derive macro `Chart` (in Nightly builds, run with -Z macro-backtrace for more info)
[INFO] [stdout] 
[INFO] [stdout] 
[INFO] [stdout] error[E0560]: struct `component::StraightLine` has no field named `stroke_dash_array`
[INFO] [stdout]   --> src/charts/scatter_chart.rs:14:57
[INFO] [stdout]    |
[INFO] [stdout] 14 | #[derive(Serialize, Deserialize, Clone, Debug, Default, Chart)]
[INFO] [stdout]    |                                                         ^^^^^ `component::StraightLine` does not have this field
[INFO] [stdout]    |
[INFO] [stdout]    = note: all struct fields are already assigned
[INFO] [stdout]    = note: this error originates in the derive macro `Chart` (in Nightly builds, run with -Z macro-backtrace for more info)
[INFO] [stdout] 
[INFO] [stdout] 
[INFO] [stdout] error: aborting due to 28 previous errors
[INFO] [stdout] 
[INFO] [stdout] 
[INFO] [stdout] Some errors have detailed explanations: E0560, E0609.
[INFO] [stdout] 
[INFO] [stdout] For more information about an error, try `rustc --explain E0560`.
[INFO] [stdout] 
[INFO] [stderr] error: could not compile `charts-rs` (lib) due to 29 previous errors
[INFO] [stderr] warning: build failed, waiting for other jobs to finish...
[INFO] running `Command { std: "docker" "inspect" "9b8b78c368ef7804ff73bf94e00f2ad9e9d1db7b7badbc393b3b8f8eacfe2dd5", kill_on_drop: false }`
[INFO] running `Command { std: "docker" "rm" "-f" "9b8b78c368ef7804ff73bf94e00f2ad9e9d1db7b7badbc393b3b8f8eacfe2dd5", kill_on_drop: false }`
[INFO] [stdout] 9b8b78c368ef7804ff73bf94e00f2ad9e9d1db7b7badbc393b3b8f8eacfe2dd5
