[INFO] fetching crate ceres-std 0.2.0...
[INFO] checking ceres-std-0.2.0 against nightly-2024-02-05 for check-cfg
[INFO] extracting crate ceres-std 0.2.0 into /workspace/builds/worker-7-tc1/source
[INFO] validating manifest of crates.io crate ceres-std 0.2.0 on toolchain nightly-2024-02-05
[INFO] running `Command { std: CARGO_HOME="/workspace/cargo-home" RUSTUP_HOME="/workspace/rustup-home" "/workspace/cargo-home/bin/cargo" "+nightly-2024-02-05" "metadata" "--manifest-path" "Cargo.toml" "--no-deps", kill_on_drop: false }`
[INFO] started tweaking crates.io crate ceres-std 0.2.0
[INFO] finished tweaking crates.io crate ceres-std 0.2.0
[INFO] tweaked toml for crates.io crate ceres-std 0.2.0 written to /workspace/builds/worker-7-tc1/source/Cargo.toml
[INFO] running `Command { std: CARGO_HOME="/workspace/cargo-home" RUSTUP_HOME="/workspace/rustup-home" "/workspace/cargo-home/bin/cargo" "+nightly-2024-02-05" "generate-lockfile" "--manifest-path" "Cargo.toml", kill_on_drop: false }`
[INFO] running `Command { std: CARGO_HOME="/workspace/cargo-home" RUSTUP_HOME="/workspace/rustup-home" "/workspace/cargo-home/bin/cargo" "+nightly-2024-02-05" "fetch" "--manifest-path" "Cargo.toml", kill_on_drop: false }`
[INFO] running `Command { std: "docker" "create" "-v" "/var/lib/crater-agent-workspace/builds/worker-7-tc1/target:/opt/rustwide/target:rw,Z" "-v" "/var/lib/crater-agent-workspace/builds/worker-7-tc1/source:/opt/rustwide/workdir:ro,Z" "-v" "/var/lib/crater-agent-workspace/cargo-home:/opt/rustwide/cargo-home:ro,Z" "-v" "/var/lib/crater-agent-workspace/rustup-home:/opt/rustwide/rustup-home:ro,Z" "-e" "SOURCE_DIR=/opt/rustwide/workdir" "-e" "CARGO_TARGET_DIR=/opt/rustwide/target" "-e" "CARGO_HOME=/opt/rustwide/cargo-home" "-e" "RUSTUP_HOME=/opt/rustwide/rustup-home" "-w" "/opt/rustwide/workdir" "-m" "1610612736" "--user" "0:0" "--network" "none" "ghcr.io/rust-lang/crates-build-env/linux@sha256:2788e3201cd34a07e3172128adcd8b3090168a8e3bcc40d7c032b9dda1df7d1c" "/opt/rustwide/cargo-home/bin/cargo" "+nightly-2024-02-05" "metadata" "--no-deps" "--format-version=1", kill_on_drop: false }`
[INFO] [stdout] 4bd899ff2f3580a222e2ca41aafbe4820cced67ee3f082d8e15df5f4a26373c9
[INFO] running `Command { std: "docker" "start" "-a" "4bd899ff2f3580a222e2ca41aafbe4820cced67ee3f082d8e15df5f4a26373c9", kill_on_drop: false }`
[INFO] running `Command { std: "docker" "inspect" "4bd899ff2f3580a222e2ca41aafbe4820cced67ee3f082d8e15df5f4a26373c9", kill_on_drop: false }`
[INFO] running `Command { std: "docker" "rm" "-f" "4bd899ff2f3580a222e2ca41aafbe4820cced67ee3f082d8e15df5f4a26373c9", kill_on_drop: false }`
[INFO] [stdout] 4bd899ff2f3580a222e2ca41aafbe4820cced67ee3f082d8e15df5f4a26373c9
[INFO] running `Command { std: "docker" "create" "-v" "/var/lib/crater-agent-workspace/builds/worker-7-tc1/target:/opt/rustwide/target:rw,Z" "-v" "/var/lib/crater-agent-workspace/builds/worker-7-tc1/source:/opt/rustwide/workdir:ro,Z" "-v" "/var/lib/crater-agent-workspace/cargo-home:/opt/rustwide/cargo-home:ro,Z" "-v" "/var/lib/crater-agent-workspace/rustup-home:/opt/rustwide/rustup-home:ro,Z" "-e" "SOURCE_DIR=/opt/rustwide/workdir" "-e" "CARGO_TARGET_DIR=/opt/rustwide/target" "-e" "CARGO_INCREMENTAL=0" "-e" "RUST_BACKTRACE=full" "-e" "RUSTFLAGS=--cap-lints=forbid" "-e" "RUSTDOCFLAGS=--cap-lints=forbid" "-e" "CARGO_HOME=/opt/rustwide/cargo-home" "-e" "RUSTUP_HOME=/opt/rustwide/rustup-home" "-w" "/opt/rustwide/workdir" "-m" "1610612736" "--user" "0:0" "--network" "none" "ghcr.io/rust-lang/crates-build-env/linux@sha256:2788e3201cd34a07e3172128adcd8b3090168a8e3bcc40d7c032b9dda1df7d1c" "/opt/rustwide/cargo-home/bin/cargo" "+nightly-2024-02-05" "check" "--frozen" "--all" "--all-targets" "--message-format=json", kill_on_drop: false }`
[INFO] [stdout] 8088dc33b7e133a90400b32b79dc24a1338d5dc34a03dfc870bc78cc2fc88c7f
[INFO] running `Command { std: "docker" "start" "-a" "8088dc33b7e133a90400b32b79dc24a1338d5dc34a03dfc870bc78cc2fc88c7f", kill_on_drop: false }`
[INFO] [stderr]     Checking ceres-std v0.2.0 (/opt/rustwide/workdir)
[INFO] [stdout] error[E0433]: failed to resolve: could not find `prelude` in `alloc`
[INFO] [stdout]  --> src/no_std.rs:7:5
[INFO] [stdout]   |
[INFO] [stdout] 7 |     prelude::v1::Box,
[INFO] [stdout]   |     ^^^^^^^ could not find `prelude` in `alloc`
[INFO] [stdout] 
[INFO] [stdout] 
[INFO] [stdout] error: aborting due to 1 previous error
[INFO] [stdout] 
[INFO] [stdout] 
[INFO] [stdout] For more information about this error, try `rustc --explain E0433`.
[INFO] [stdout] 
[INFO] [stdout] error[E0433]: failed to resolve: could not find `prelude` in `alloc`
[INFO] [stdout]  --> src/no_std.rs:7:5
[INFO] [stdout]   |
[INFO] [stdout] 7 |     prelude::v1::Box,
[INFO] [stdout]   |     ^^^^^^^ could not find `prelude` in `alloc`
[INFO] [stdout] 
[INFO] [stdout] 
[INFO] [stdout] error: aborting due to 1 previous error
[INFO] [stdout] 
[INFO] [stdout] 
[INFO] [stdout] For more information about this error, try `rustc --explain E0433`.
[INFO] [stdout] 
[INFO] [stderr] error: could not compile `ceres-std` (lib) due to 2 previous errors
[INFO] [stderr] warning: build failed, waiting for other jobs to finish...
[INFO] [stderr] error: could not compile `ceres-std` (lib test) due to 2 previous errors
[INFO] running `Command { std: "docker" "inspect" "8088dc33b7e133a90400b32b79dc24a1338d5dc34a03dfc870bc78cc2fc88c7f", kill_on_drop: false }`
[INFO] running `Command { std: "docker" "rm" "-f" "8088dc33b7e133a90400b32b79dc24a1338d5dc34a03dfc870bc78cc2fc88c7f", kill_on_drop: false }`
[INFO] [stdout] 8088dc33b7e133a90400b32b79dc24a1338d5dc34a03dfc870bc78cc2fc88c7f
[INFO] checking ceres-std-0.2.0 against nightly-2024-02-05+rustflags=-Dunexpected_cfgs+cargoflags=-Zcheck-cfg for check-cfg
[INFO] extracting crate ceres-std 0.2.0 into /workspace/builds/worker-7-tc2/source
[INFO] validating manifest of crates.io crate ceres-std 0.2.0 on toolchain nightly-2024-02-05
[INFO] running `Command { std: CARGO_HOME="/workspace/cargo-home" RUSTUP_HOME="/workspace/rustup-home" "/workspace/cargo-home/bin/cargo" "+nightly-2024-02-05" "metadata" "--manifest-path" "Cargo.toml" "--no-deps", kill_on_drop: false }`
[INFO] started tweaking crates.io crate ceres-std 0.2.0
[INFO] finished tweaking crates.io crate ceres-std 0.2.0
[INFO] tweaked toml for crates.io crate ceres-std 0.2.0 written to /workspace/builds/worker-7-tc2/source/Cargo.toml
[INFO] running `Command { std: CARGO_HOME="/workspace/cargo-home" RUSTUP_HOME="/workspace/rustup-home" "/workspace/cargo-home/bin/cargo" "+nightly-2024-02-05" "generate-lockfile" "--manifest-path" "Cargo.toml", kill_on_drop: false }`
[INFO] running `Command { std: CARGO_HOME="/workspace/cargo-home" RUSTUP_HOME="/workspace/rustup-home" "/workspace/cargo-home/bin/cargo" "+nightly-2024-02-05" "fetch" "--manifest-path" "Cargo.toml", kill_on_drop: false }`
[INFO] running `Command { std: "docker" "create" "-v" "/var/lib/crater-agent-workspace/builds/worker-7-tc2/target:/opt/rustwide/target:rw,Z" "-v" "/var/lib/crater-agent-workspace/builds/worker-7-tc2/source:/opt/rustwide/workdir:ro,Z" "-v" "/var/lib/crater-agent-workspace/cargo-home:/opt/rustwide/cargo-home:ro,Z" "-v" "/var/lib/crater-agent-workspace/rustup-home:/opt/rustwide/rustup-home:ro,Z" "-e" "SOURCE_DIR=/opt/rustwide/workdir" "-e" "CARGO_TARGET_DIR=/opt/rustwide/target" "-e" "CARGO_HOME=/opt/rustwide/cargo-home" "-e" "RUSTUP_HOME=/opt/rustwide/rustup-home" "-w" "/opt/rustwide/workdir" "-m" "1610612736" "--user" "0:0" "--network" "none" "ghcr.io/rust-lang/crates-build-env/linux@sha256:2788e3201cd34a07e3172128adcd8b3090168a8e3bcc40d7c032b9dda1df7d1c" "/opt/rustwide/cargo-home/bin/cargo" "+nightly-2024-02-05" "metadata" "--no-deps" "--format-version=1", kill_on_drop: false }`
[INFO] [stdout] 10011befa70125374fbef7fe88c1fb4f60331568e615e084dd30a64b35ef0a89
[INFO] running `Command { std: "docker" "start" "-a" "10011befa70125374fbef7fe88c1fb4f60331568e615e084dd30a64b35ef0a89", kill_on_drop: false }`
[INFO] running `Command { std: "docker" "inspect" "10011befa70125374fbef7fe88c1fb4f60331568e615e084dd30a64b35ef0a89", kill_on_drop: false }`
[INFO] running `Command { std: "docker" "rm" "-f" "10011befa70125374fbef7fe88c1fb4f60331568e615e084dd30a64b35ef0a89", kill_on_drop: false }`
[INFO] [stdout] 10011befa70125374fbef7fe88c1fb4f60331568e615e084dd30a64b35ef0a89
[INFO] running `Command { std: "docker" "create" "-v" "/var/lib/crater-agent-workspace/builds/worker-7-tc2/target:/opt/rustwide/target:rw,Z" "-v" "/var/lib/crater-agent-workspace/builds/worker-7-tc2/source:/opt/rustwide/workdir:ro,Z" "-v" "/var/lib/crater-agent-workspace/cargo-home:/opt/rustwide/cargo-home:ro,Z" "-v" "/var/lib/crater-agent-workspace/rustup-home:/opt/rustwide/rustup-home:ro,Z" "-e" "SOURCE_DIR=/opt/rustwide/workdir" "-e" "CARGO_TARGET_DIR=/opt/rustwide/target" "-e" "CARGO_INCREMENTAL=0" "-e" "RUST_BACKTRACE=full" "-e" "RUSTFLAGS=--cap-lints=forbid -Dunexpected_cfgs" "-e" "RUSTDOCFLAGS=--cap-lints=forbid" "-e" "CARGO_HOME=/opt/rustwide/cargo-home" "-e" "RUSTUP_HOME=/opt/rustwide/rustup-home" "-w" "/opt/rustwide/workdir" "-m" "1610612736" "--user" "0:0" "--network" "none" "ghcr.io/rust-lang/crates-build-env/linux@sha256:2788e3201cd34a07e3172128adcd8b3090168a8e3bcc40d7c032b9dda1df7d1c" "/opt/rustwide/cargo-home/bin/cargo" "+nightly-2024-02-05" "check" "--frozen" "--all" "--all-targets" "--message-format=json" "-Zcheck-cfg", kill_on_drop: false }`
[INFO] [stdout] 2488430fd6478bcdec577eb23f5a545e93f1335604e7f88e7e4775f69bc83caa
[INFO] running `Command { std: "docker" "start" "-a" "2488430fd6478bcdec577eb23f5a545e93f1335604e7f88e7e4775f69bc83caa", kill_on_drop: false }`
[INFO] [stderr]     Checking ceres-std v0.2.0 (/opt/rustwide/workdir)
[INFO] [stdout] error[E0433]: failed to resolve: could not find `prelude` in `alloc`
[INFO] [stdout]  --> src/no_std.rs:7:5
[INFO] [stdout]   |
[INFO] [stdout] 7 |     prelude::v1::Box,
[INFO] [stdout]   |     ^^^^^^^ could not find `prelude` in `alloc`
[INFO] [stdout] 
[INFO] [stdout] 
[INFO] [stdout] error: aborting due to 1 previous error
[INFO] [stdout] 
[INFO] [stdout] 
[INFO] [stdout] For more information about this error, try `rustc --explain E0433`.
[INFO] [stdout] 
[INFO] [stdout] error[E0433]: failed to resolve: could not find `prelude` in `alloc`
[INFO] [stdout]  --> src/no_std.rs:7:5
[INFO] [stdout]   |
[INFO] [stdout] 7 |     prelude::v1::Box,
[INFO] [stdout]   |     ^^^^^^^ could not find `prelude` in `alloc`
[INFO] [stdout] 
[INFO] [stdout] 
[INFO] [stderr] error: could not compile `ceres-std` (lib) due to 2 previous errors
[INFO] [stdout] error: aborting due to 1 previous error
[INFO] [stdout] 
[INFO] [stdout] 
[INFO] [stderr] warning: build failed, waiting for other jobs to finish...
[INFO] [stdout] For more information about this error, try `rustc --explain E0433`.
[INFO] [stdout] 
[INFO] [stderr] error: could not compile `ceres-std` (lib test) due to 2 previous errors
[INFO] running `Command { std: "docker" "inspect" "2488430fd6478bcdec577eb23f5a545e93f1335604e7f88e7e4775f69bc83caa", kill_on_drop: false }`
[INFO] running `Command { std: "docker" "rm" "-f" "2488430fd6478bcdec577eb23f5a545e93f1335604e7f88e7e4775f69bc83caa", kill_on_drop: false }`
[INFO] [stdout] 2488430fd6478bcdec577eb23f5a545e93f1335604e7f88e7e4775f69bc83caa
