[INFO] fetching crate cell-map-macro 0.2.0...
[INFO] checking cell-map-macro-0.2.0 against nightly-2024-02-05 for check-cfg
[INFO] extracting crate cell-map-macro 0.2.0 into /workspace/builds/worker-0-tc1/source
[INFO] validating manifest of crates.io crate cell-map-macro 0.2.0 on toolchain nightly-2024-02-05
[INFO] running `Command { std: CARGO_HOME="/workspace/cargo-home" RUSTUP_HOME="/workspace/rustup-home" "/workspace/cargo-home/bin/cargo" "+nightly-2024-02-05" "metadata" "--manifest-path" "Cargo.toml" "--no-deps", kill_on_drop: false }`
[INFO] started tweaking crates.io crate cell-map-macro 0.2.0
[INFO] removed 0 missing tests
[INFO] finished tweaking crates.io crate cell-map-macro 0.2.0
[INFO] tweaked toml for crates.io crate cell-map-macro 0.2.0 written to /workspace/builds/worker-0-tc1/source/Cargo.toml
[INFO] running `Command { std: CARGO_HOME="/workspace/cargo-home" RUSTUP_HOME="/workspace/rustup-home" "/workspace/cargo-home/bin/cargo" "+nightly-2024-02-05" "generate-lockfile" "--manifest-path" "Cargo.toml", kill_on_drop: false }`
[INFO] [stderr]     Updating crates.io index
[INFO] running `Command { std: CARGO_HOME="/workspace/cargo-home" RUSTUP_HOME="/workspace/rustup-home" "/workspace/cargo-home/bin/cargo" "+nightly-2024-02-05" "fetch" "--manifest-path" "Cargo.toml", kill_on_drop: false }`
[INFO] [stderr]  Downloading crates ...
[INFO] [stderr]   Downloaded trybuild v1.0.89
[INFO] [stderr]   Downloaded dissimilar v1.0.7
[INFO] [stderr]   Downloaded basic-toml v0.1.8
[INFO] running `Command { std: "docker" "create" "-v" "/var/lib/crater-agent-workspace/builds/worker-0-tc1/target:/opt/rustwide/target:rw,Z" "-v" "/var/lib/crater-agent-workspace/builds/worker-0-tc1/source:/opt/rustwide/workdir:ro,Z" "-v" "/var/lib/crater-agent-workspace/cargo-home:/opt/rustwide/cargo-home:ro,Z" "-v" "/var/lib/crater-agent-workspace/rustup-home:/opt/rustwide/rustup-home:ro,Z" "-e" "SOURCE_DIR=/opt/rustwide/workdir" "-e" "CARGO_TARGET_DIR=/opt/rustwide/target" "-e" "CARGO_HOME=/opt/rustwide/cargo-home" "-e" "RUSTUP_HOME=/opt/rustwide/rustup-home" "-w" "/opt/rustwide/workdir" "-m" "1610612736" "--user" "0:0" "--network" "none" "ghcr.io/rust-lang/crates-build-env/linux@sha256:2788e3201cd34a07e3172128adcd8b3090168a8e3bcc40d7c032b9dda1df7d1c" "/opt/rustwide/cargo-home/bin/cargo" "+nightly-2024-02-05" "metadata" "--no-deps" "--format-version=1", kill_on_drop: false }`
[INFO] [stdout] f96bc6b594dd2b53a4d2e040d54d47a3fda10a7d12b8a3ae39d4e5499c2d0ca3
[INFO] running `Command { std: "docker" "start" "-a" "f96bc6b594dd2b53a4d2e040d54d47a3fda10a7d12b8a3ae39d4e5499c2d0ca3", kill_on_drop: false }`
[INFO] running `Command { std: "docker" "inspect" "f96bc6b594dd2b53a4d2e040d54d47a3fda10a7d12b8a3ae39d4e5499c2d0ca3", kill_on_drop: false }`
[INFO] running `Command { std: "docker" "rm" "-f" "f96bc6b594dd2b53a4d2e040d54d47a3fda10a7d12b8a3ae39d4e5499c2d0ca3", kill_on_drop: false }`
[INFO] [stdout] f96bc6b594dd2b53a4d2e040d54d47a3fda10a7d12b8a3ae39d4e5499c2d0ca3
[INFO] running `Command { std: "docker" "create" "-v" "/var/lib/crater-agent-workspace/builds/worker-0-tc1/target:/opt/rustwide/target:rw,Z" "-v" "/var/lib/crater-agent-workspace/builds/worker-0-tc1/source:/opt/rustwide/workdir:ro,Z" "-v" "/var/lib/crater-agent-workspace/cargo-home:/opt/rustwide/cargo-home:ro,Z" "-v" "/var/lib/crater-agent-workspace/rustup-home:/opt/rustwide/rustup-home:ro,Z" "-e" "SOURCE_DIR=/opt/rustwide/workdir" "-e" "CARGO_TARGET_DIR=/opt/rustwide/target" "-e" "CARGO_INCREMENTAL=0" "-e" "RUST_BACKTRACE=full" "-e" "RUSTFLAGS=--cap-lints=forbid" "-e" "RUSTDOCFLAGS=--cap-lints=forbid" "-e" "CARGO_HOME=/opt/rustwide/cargo-home" "-e" "RUSTUP_HOME=/opt/rustwide/rustup-home" "-w" "/opt/rustwide/workdir" "-m" "1610612736" "--user" "0:0" "--network" "none" "ghcr.io/rust-lang/crates-build-env/linux@sha256:2788e3201cd34a07e3172128adcd8b3090168a8e3bcc40d7c032b9dda1df7d1c" "/opt/rustwide/cargo-home/bin/cargo" "+nightly-2024-02-05" "check" "--frozen" "--all" "--all-targets" "--message-format=json", kill_on_drop: false }`
[INFO] [stdout] b3abb7a9d1c39ffc66fa020e2259ae18d19b2c593315cb9cb5240dc5d40b3814
[INFO] running `Command { std: "docker" "start" "-a" "b3abb7a9d1c39ffc66fa020e2259ae18d19b2c593315cb9cb5240dc5d40b3814", kill_on_drop: false }`
[INFO] [stderr]    Compiling proc-macro2 v1.0.78
[INFO] [stderr]    Compiling trybuild v1.0.89
[INFO] [stderr]    Compiling syn v1.0.109
[INFO] [stderr]     Checking dissimilar v1.0.7
[INFO] [stderr]     Checking basic-toml v0.1.8
[INFO] [stderr]     Checking quote v1.0.35
[INFO] [stderr]    Compiling syn v2.0.48
[INFO] [stderr]     Checking cell-map-macro v0.2.0 (/opt/rustwide/workdir)
[INFO] [stderr]    Compiling serde_derive v1.0.196
[INFO] [stdout] error[E0432]: unresolved import `cell_map`
[INFO] [stdout]  --> tests/layer-fail.rs:3:5
[INFO] [stdout]   |
[INFO] [stdout] 3 | use cell_map::Layer;
[INFO] [stdout]   |     ^^^^^^^^ use of undeclared crate or module `cell_map`
[INFO] [stdout] 
[INFO] [stdout] 
[INFO] [stdout] error[E0432]: unresolved import `cell_map`
[INFO] [stdout]  --> tests/layer-pass.rs:3:5
[INFO] [stdout]   |
[INFO] [stdout] 3 | use cell_map::Layer;
[INFO] [stdout]   |     ^^^^^^^^ use of undeclared crate or module `cell_map`
[INFO] [stdout] 
[INFO] [stdout] 
[INFO] [stdout] error: aborting due to 1 previous error
[INFO] [stdout] 
[INFO] [stdout] 
[INFO] [stdout] For more information about this error, try `rustc --explain E0432`.
[INFO] [stdout] 
[INFO] [stderr] error: could not compile `cell-map-macro` (test "layer-fail") due to 2 previous errors
[INFO] [stderr] warning: build failed, waiting for other jobs to finish...
[INFO] [stdout] error: aborting due to 1 previous error
[INFO] [stdout] 
[INFO] [stdout] 
[INFO] [stdout] For more information about this error, try `rustc --explain E0432`.
[INFO] [stdout] 
[INFO] [stderr] error: could not compile `cell-map-macro` (test "layer-pass") due to 2 previous errors
[INFO] running `Command { std: "docker" "inspect" "b3abb7a9d1c39ffc66fa020e2259ae18d19b2c593315cb9cb5240dc5d40b3814", kill_on_drop: false }`
[INFO] running `Command { std: "docker" "rm" "-f" "b3abb7a9d1c39ffc66fa020e2259ae18d19b2c593315cb9cb5240dc5d40b3814", kill_on_drop: false }`
[INFO] [stdout] b3abb7a9d1c39ffc66fa020e2259ae18d19b2c593315cb9cb5240dc5d40b3814
[INFO] checking cell-map-macro-0.2.0 against nightly-2024-02-05+rustflags=-Dunexpected_cfgs+cargoflags=-Zcheck-cfg for check-cfg
[INFO] extracting crate cell-map-macro 0.2.0 into /workspace/builds/worker-0-tc2/source
[INFO] validating manifest of crates.io crate cell-map-macro 0.2.0 on toolchain nightly-2024-02-05
[INFO] running `Command { std: CARGO_HOME="/workspace/cargo-home" RUSTUP_HOME="/workspace/rustup-home" "/workspace/cargo-home/bin/cargo" "+nightly-2024-02-05" "metadata" "--manifest-path" "Cargo.toml" "--no-deps", kill_on_drop: false }`
[INFO] started tweaking crates.io crate cell-map-macro 0.2.0
[INFO] removed 0 missing tests
[INFO] finished tweaking crates.io crate cell-map-macro 0.2.0
[INFO] tweaked toml for crates.io crate cell-map-macro 0.2.0 written to /workspace/builds/worker-0-tc2/source/Cargo.toml
[INFO] running `Command { std: CARGO_HOME="/workspace/cargo-home" RUSTUP_HOME="/workspace/rustup-home" "/workspace/cargo-home/bin/cargo" "+nightly-2024-02-05" "generate-lockfile" "--manifest-path" "Cargo.toml", kill_on_drop: false }`
[INFO] [stderr]     Updating crates.io index
[INFO] running `Command { std: CARGO_HOME="/workspace/cargo-home" RUSTUP_HOME="/workspace/rustup-home" "/workspace/cargo-home/bin/cargo" "+nightly-2024-02-05" "fetch" "--manifest-path" "Cargo.toml", kill_on_drop: false }`
[INFO] running `Command { std: "docker" "create" "-v" "/var/lib/crater-agent-workspace/builds/worker-0-tc2/target:/opt/rustwide/target:rw,Z" "-v" "/var/lib/crater-agent-workspace/builds/worker-0-tc2/source:/opt/rustwide/workdir:ro,Z" "-v" "/var/lib/crater-agent-workspace/cargo-home:/opt/rustwide/cargo-home:ro,Z" "-v" "/var/lib/crater-agent-workspace/rustup-home:/opt/rustwide/rustup-home:ro,Z" "-e" "SOURCE_DIR=/opt/rustwide/workdir" "-e" "CARGO_TARGET_DIR=/opt/rustwide/target" "-e" "CARGO_HOME=/opt/rustwide/cargo-home" "-e" "RUSTUP_HOME=/opt/rustwide/rustup-home" "-w" "/opt/rustwide/workdir" "-m" "1610612736" "--user" "0:0" "--network" "none" "ghcr.io/rust-lang/crates-build-env/linux@sha256:2788e3201cd34a07e3172128adcd8b3090168a8e3bcc40d7c032b9dda1df7d1c" "/opt/rustwide/cargo-home/bin/cargo" "+nightly-2024-02-05" "metadata" "--no-deps" "--format-version=1", kill_on_drop: false }`
[INFO] [stdout] b47310414e254822552ac2e900c5e323bb93ca2207d4ded881d124889620ddad
[INFO] running `Command { std: "docker" "start" "-a" "b47310414e254822552ac2e900c5e323bb93ca2207d4ded881d124889620ddad", kill_on_drop: false }`
[INFO] running `Command { std: "docker" "inspect" "b47310414e254822552ac2e900c5e323bb93ca2207d4ded881d124889620ddad", kill_on_drop: false }`
[INFO] running `Command { std: "docker" "rm" "-f" "b47310414e254822552ac2e900c5e323bb93ca2207d4ded881d124889620ddad", kill_on_drop: false }`
[INFO] [stdout] b47310414e254822552ac2e900c5e323bb93ca2207d4ded881d124889620ddad
[INFO] running `Command { std: "docker" "create" "-v" "/var/lib/crater-agent-workspace/builds/worker-0-tc2/target:/opt/rustwide/target:rw,Z" "-v" "/var/lib/crater-agent-workspace/builds/worker-0-tc2/source:/opt/rustwide/workdir:ro,Z" "-v" "/var/lib/crater-agent-workspace/cargo-home:/opt/rustwide/cargo-home:ro,Z" "-v" "/var/lib/crater-agent-workspace/rustup-home:/opt/rustwide/rustup-home:ro,Z" "-e" "SOURCE_DIR=/opt/rustwide/workdir" "-e" "CARGO_TARGET_DIR=/opt/rustwide/target" "-e" "CARGO_INCREMENTAL=0" "-e" "RUST_BACKTRACE=full" "-e" "RUSTFLAGS=--cap-lints=forbid -Dunexpected_cfgs" "-e" "RUSTDOCFLAGS=--cap-lints=forbid" "-e" "CARGO_HOME=/opt/rustwide/cargo-home" "-e" "RUSTUP_HOME=/opt/rustwide/rustup-home" "-w" "/opt/rustwide/workdir" "-m" "1610612736" "--user" "0:0" "--network" "none" "ghcr.io/rust-lang/crates-build-env/linux@sha256:2788e3201cd34a07e3172128adcd8b3090168a8e3bcc40d7c032b9dda1df7d1c" "/opt/rustwide/cargo-home/bin/cargo" "+nightly-2024-02-05" "check" "--frozen" "--all" "--all-targets" "--message-format=json" "-Zcheck-cfg", kill_on_drop: false }`
[INFO] [stdout] e53d4a697281d7e5346fe067dc1aeddbbf97df4792d55277f4c9838e89298d17
[INFO] running `Command { std: "docker" "start" "-a" "e53d4a697281d7e5346fe067dc1aeddbbf97df4792d55277f4c9838e89298d17", kill_on_drop: false }`
[INFO] [stderr]    Compiling proc-macro2 v1.0.78
[INFO] [stderr]    Compiling syn v1.0.109
[INFO] [stderr]    Compiling trybuild v1.0.89
[INFO] [stderr]     Checking dissimilar v1.0.7
[INFO] [stderr]     Checking basic-toml v0.1.8
[INFO] [stderr]     Checking quote v1.0.35
[INFO] [stderr]    Compiling syn v2.0.48
[INFO] [stderr]     Checking cell-map-macro v0.2.0 (/opt/rustwide/workdir)
[INFO] [stderr]    Compiling serde_derive v1.0.196
[INFO] [stdout] error[E0432]: unresolved import `cell_map`
[INFO] [stdout]  --> tests/layer-pass.rs:3:5
[INFO] [stdout]   |
[INFO] [stdout] 3 | use cell_map::Layer;
[INFO] [stdout]   |     ^^^^^^^^ use of undeclared crate or module `cell_map`
[INFO] [stdout] 
[INFO] [stdout] 
[INFO] [stdout] error[E0432]: unresolved import `cell_map`
[INFO] [stdout]  --> tests/layer-fail.rs:3:5
[INFO] [stdout]   |
[INFO] [stdout] 3 | use cell_map::Layer;
[INFO] [stdout]   |     ^^^^^^^^ use of undeclared crate or module `cell_map`
[INFO] [stdout] 
[INFO] [stdout] 
[INFO] [stdout] error: aborting due to 1 previous error
[INFO] [stdout] 
[INFO] [stdout] 
[INFO] [stdout] For more information about this error, try `rustc --explain E0432`.
[INFO] [stdout] 
[INFO] [stderr] error: could not compile `cell-map-macro` (test "layer-fail") due to 2 previous errors
[INFO] [stderr] warning: build failed, waiting for other jobs to finish...
[INFO] [stdout] error: aborting due to 1 previous error
[INFO] [stdout] 
[INFO] [stdout] 
[INFO] [stdout] For more information about this error, try `rustc --explain E0432`.
[INFO] [stdout] 
[INFO] [stderr] error: could not compile `cell-map-macro` (test "layer-pass") due to 2 previous errors
[INFO] running `Command { std: "docker" "inspect" "e53d4a697281d7e5346fe067dc1aeddbbf97df4792d55277f4c9838e89298d17", kill_on_drop: false }`
[INFO] running `Command { std: "docker" "rm" "-f" "e53d4a697281d7e5346fe067dc1aeddbbf97df4792d55277f4c9838e89298d17", kill_on_drop: false }`
[INFO] [stdout] e53d4a697281d7e5346fe067dc1aeddbbf97df4792d55277f4c9838e89298d17
