[INFO] fetching crate catalytic_query_parser 0.1.20...
[INFO] checking catalytic_query_parser-0.1.20 against nightly-2024-02-05 for check-cfg
[INFO] extracting crate catalytic_query_parser 0.1.20 into /workspace/builds/worker-3-tc1/source
[INFO] validating manifest of crates.io crate catalytic_query_parser 0.1.20 on toolchain nightly-2024-02-05
[INFO] running `Command { std: CARGO_HOME="/workspace/cargo-home" RUSTUP_HOME="/workspace/rustup-home" "/workspace/cargo-home/bin/cargo" "+nightly-2024-02-05" "metadata" "--manifest-path" "Cargo.toml" "--no-deps", kill_on_drop: false }`
[INFO] started tweaking crates.io crate catalytic_query_parser 0.1.20
[INFO] finished tweaking crates.io crate catalytic_query_parser 0.1.20
[INFO] tweaked toml for crates.io crate catalytic_query_parser 0.1.20 written to /workspace/builds/worker-3-tc1/source/Cargo.toml
[INFO] running `Command { std: CARGO_HOME="/workspace/cargo-home" RUSTUP_HOME="/workspace/rustup-home" "/workspace/cargo-home/bin/cargo" "+nightly-2024-02-05" "generate-lockfile" "--manifest-path" "Cargo.toml", kill_on_drop: false }`
[INFO] [stderr]     Blocking waiting for file lock on package cache
[INFO] [stderr]     Updating crates.io index
[INFO] running `Command { std: CARGO_HOME="/workspace/cargo-home" RUSTUP_HOME="/workspace/rustup-home" "/workspace/cargo-home/bin/cargo" "+nightly-2024-02-05" "fetch" "--manifest-path" "Cargo.toml", kill_on_drop: false }`
[INFO] [stderr]  Downloading crates ...
[INFO] [stderr]   Downloaded trybuild v1.0.89
[INFO] [stderr]   Downloaded catalytic_table_to_struct v0.1.24
[INFO] [stderr]   Downloaded strum_macros v0.23.1
[INFO] [stderr]   Downloaded strum v0.23.0
[INFO] [stderr]   Downloaded lz4_flex v0.11.2
[INFO] [stderr]   Downloaded snap v1.1.1
[INFO] [stderr]   Downloaded basic-toml v0.1.8
[INFO] [stderr]   Downloaded bigdecimal v0.2.2
[INFO] [stderr]   Downloaded catalytic v0.1.24
[INFO] [stderr]   Downloaded scylla-macros v0.3.0
[INFO] [stderr]   Downloaded scylla-cql v0.0.11
[INFO] [stderr]   Downloaded scylla v0.11.1
[INFO] running `Command { std: "docker" "create" "-v" "/var/lib/crater-agent-workspace/builds/worker-3-tc1/target:/opt/rustwide/target:rw,Z" "-v" "/var/lib/crater-agent-workspace/builds/worker-3-tc1/source:/opt/rustwide/workdir:ro,Z" "-v" "/var/lib/crater-agent-workspace/cargo-home:/opt/rustwide/cargo-home:ro,Z" "-v" "/var/lib/crater-agent-workspace/rustup-home:/opt/rustwide/rustup-home:ro,Z" "-e" "SOURCE_DIR=/opt/rustwide/workdir" "-e" "CARGO_TARGET_DIR=/opt/rustwide/target" "-e" "CARGO_HOME=/opt/rustwide/cargo-home" "-e" "RUSTUP_HOME=/opt/rustwide/rustup-home" "-w" "/opt/rustwide/workdir" "-m" "1610612736" "--user" "0:0" "--network" "none" "ghcr.io/rust-lang/crates-build-env/linux@sha256:2788e3201cd34a07e3172128adcd8b3090168a8e3bcc40d7c032b9dda1df7d1c" "/opt/rustwide/cargo-home/bin/cargo" "+nightly-2024-02-05" "metadata" "--no-deps" "--format-version=1", kill_on_drop: false }`
[INFO] [stdout] 5610bd3be92cd1506fafd0c7bd3c089bf806dbb22ef0f82c8e9739f0f79e076c
[INFO] running `Command { std: "docker" "start" "-a" "5610bd3be92cd1506fafd0c7bd3c089bf806dbb22ef0f82c8e9739f0f79e076c", kill_on_drop: false }`
[INFO] running `Command { std: "docker" "inspect" "5610bd3be92cd1506fafd0c7bd3c089bf806dbb22ef0f82c8e9739f0f79e076c", kill_on_drop: false }`
[INFO] running `Command { std: "docker" "rm" "-f" "5610bd3be92cd1506fafd0c7bd3c089bf806dbb22ef0f82c8e9739f0f79e076c", kill_on_drop: false }`
[INFO] [stdout] 5610bd3be92cd1506fafd0c7bd3c089bf806dbb22ef0f82c8e9739f0f79e076c
[INFO] running `Command { std: "docker" "create" "-v" "/var/lib/crater-agent-workspace/builds/worker-3-tc1/target:/opt/rustwide/target:rw,Z" "-v" "/var/lib/crater-agent-workspace/builds/worker-3-tc1/source:/opt/rustwide/workdir:ro,Z" "-v" "/var/lib/crater-agent-workspace/cargo-home:/opt/rustwide/cargo-home:ro,Z" "-v" "/var/lib/crater-agent-workspace/rustup-home:/opt/rustwide/rustup-home:ro,Z" "-e" "SOURCE_DIR=/opt/rustwide/workdir" "-e" "CARGO_TARGET_DIR=/opt/rustwide/target" "-e" "CARGO_INCREMENTAL=0" "-e" "RUST_BACKTRACE=full" "-e" "RUSTFLAGS=--cap-lints=forbid" "-e" "RUSTDOCFLAGS=--cap-lints=forbid" "-e" "CARGO_HOME=/opt/rustwide/cargo-home" "-e" "RUSTUP_HOME=/opt/rustwide/rustup-home" "-w" "/opt/rustwide/workdir" "-m" "1610612736" "--user" "0:0" "--network" "none" "ghcr.io/rust-lang/crates-build-env/linux@sha256:2788e3201cd34a07e3172128adcd8b3090168a8e3bcc40d7c032b9dda1df7d1c" "/opt/rustwide/cargo-home/bin/cargo" "+nightly-2024-02-05" "check" "--frozen" "--all" "--all-targets" "--message-format=json", kill_on_drop: false }`
[INFO] [stdout] f4b0224b55fe6b315664ea784c1f8a0e303195c54e1de59eb3dfbeaff98a22a5
[INFO] running `Command { std: "docker" "start" "-a" "f4b0224b55fe6b315664ea784c1f8a0e303195c54e1de59eb3dfbeaff98a22a5", kill_on_drop: false }`
[INFO] [stderr]    Compiling proc-macro2 v1.0.78
[INFO] [stderr]    Compiling unicode-ident v1.0.12
[INFO] [stderr]    Compiling autocfg v1.1.0
[INFO] [stderr]    Compiling libc v0.2.153
[INFO] [stderr]     Checking cfg-if v1.0.0
[INFO] [stderr]     Checking memchr v2.7.1
[INFO] [stderr]     Checking pin-project-lite v0.2.13
[INFO] [stderr]    Compiling hashbrown v0.14.3
[INFO] [stderr]    Compiling equivalent v1.0.1
[INFO] [stderr]    Compiling toml_datetime v0.6.5
[INFO] [stderr]    Compiling winnow v0.5.37
[INFO] [stderr]    Compiling fnv v1.0.7
[INFO] [stderr]    Compiling ident_case v1.0.1
[INFO] [stderr]    Compiling strsim v0.10.0
[INFO] [stderr]    Compiling once_cell v1.19.0
[INFO] [stderr]     Checking futures-sink v0.3.30
[INFO] [stderr]     Checking futures-core v0.3.30
[INFO] [stderr]     Checking futures-task v0.3.30
[INFO] [stderr]     Checking pin-utils v0.1.0
[INFO] [stderr]    Compiling rustversion v1.0.14
[INFO] [stderr]     Checking futures-io v0.3.30
[INFO] [stderr]    Compiling parking_lot_core v0.9.9
[INFO] [stderr]    Compiling snap v1.1.1
[INFO] [stderr]     Checking static_assertions v1.1.0
[INFO] [stderr]     Checking futures-channel v0.3.30
[INFO] [stderr]    Compiling thiserror v1.0.56
[INFO] [stderr]    Compiling syn v1.0.109
[INFO] [stderr]    Compiling async-trait v0.1.77
[INFO] [stderr]     Checking twox-hash v1.6.3
[INFO] [stderr]     Checking bytes v1.5.0
[INFO] [stderr]    Compiling num-traits v0.2.17
[INFO] [stderr]    Compiling num-integer v0.1.45
[INFO] [stderr]    Compiling slab v0.4.9
[INFO] [stderr]    Compiling num-bigint v0.3.3
[INFO] [stderr]    Compiling lock_api v0.4.11
[INFO] [stderr]     Checking ppv-lite86 v0.2.17
[INFO] [stderr]     Checking scopeguard v1.2.0
[INFO] [stderr]     Checking smallvec v1.13.1
[INFO] [stderr]    Compiling unicode-segmentation v1.10.1
[INFO] [stderr]     Checking lz4_flex v0.11.2
[INFO] [stderr]     Checking tracing-core v0.1.32
[INFO] [stderr]    Compiling indexmap v2.2.2
[INFO] [stderr]     Checking iana-time-zone v0.1.60
[INFO] [stderr]    Compiling serde v1.0.196
[INFO] [stderr]    Compiling quote v1.0.35
[INFO] [stderr]    Compiling heck v0.3.3
[INFO] [stderr]     Checking either v1.9.0
[INFO] [stderr]    Compiling syn v2.0.48
[INFO] [stderr]     Checking byteorder v1.5.0
[INFO] [stderr]     Checking itertools v0.11.0
[INFO] [stderr]     Checking arc-swap v1.6.0
[INFO] [stderr]     Checking histogram v0.6.9
[INFO] [stderr]     Checking strum v0.23.0
[INFO] [stderr]     Checking getrandom v0.2.12
[INFO] [stderr]     Checking num_cpus v1.16.0
[INFO] [stderr]     Checking socket2 v0.5.5
[INFO] [stderr]     Checking rand_core v0.6.4
[INFO] [stderr]     Checking mio v0.8.10
[INFO] [stderr]     Checking uuid v1.7.0
[INFO] [stderr]     Checking aho-corasick v1.1.2
[INFO] [stderr]     Checking regex-syntax v0.8.2
[INFO] [stderr]     Checking rand_chacha v0.3.1
[INFO] [stderr]     Checking rand_pcg v0.3.1
[INFO] [stderr]     Checking heck v0.4.1
[INFO] [stderr]     Checking dotenvy v0.15.7
[INFO] [stderr]    Compiling serde_json v1.0.113
[INFO] [stderr]     Checking itoa v1.0.10
[INFO] [stderr]     Checking rand v0.8.5
[INFO] [stderr]     Checking ryu v1.0.16
[INFO] [stderr]     Checking dashmap v5.5.3
[INFO] [stderr]    Compiling trybuild v1.0.89
[INFO] [stderr]     Checking dotenv v0.15.0
[INFO] [stderr]     Checking termcolor v1.4.1
[INFO] [stderr]     Checking glob v0.3.1
[INFO] [stderr]    Compiling toml_edit v0.19.15
[INFO] [stderr]     Checking chrono v0.4.33
[INFO] [stderr]     Checking regex-automata v0.4.5
[INFO] [stderr]     Checking bigdecimal v0.2.2
[INFO] [stderr]    Compiling proc-macro-crate v1.3.1
[INFO] [stderr]    Compiling strum_macros v0.23.1
[INFO] [stderr]     Checking basic-toml v0.1.8
[INFO] [stderr]    Compiling darling_core v0.20.5
[INFO] [stderr]     Checking regex v1.10.3
[INFO] [stderr]    Compiling futures-macro v0.3.30
[INFO] [stderr]    Compiling thiserror-impl v1.0.56
[INFO] [stderr]    Compiling num_enum_derive v0.6.1
[INFO] [stderr]    Compiling tokio-macros v2.2.0
[INFO] [stderr]    Compiling tracing-attributes v0.1.27
[INFO] [stderr]    Compiling serde_derive v1.0.196
[INFO] [stderr]     Checking tokio v1.36.0
[INFO] [stderr]     Checking futures-util v0.3.30
[INFO] [stderr]    Compiling darling_macro v0.20.5
[INFO] [stderr]     Checking num_enum v0.6.1
[INFO] [stderr]     Checking tracing v0.1.40
[INFO] [stderr]    Compiling darling v0.20.5
[INFO] [stderr]    Compiling scylla-macros v0.3.0
[INFO] [stderr]     Checking futures-executor v0.3.30
[INFO] [stderr]     Checking futures v0.3.30
[INFO] [stderr]     Checking scylla-cql v0.0.11
[INFO] [stderr]     Checking scylla v0.11.1
[INFO] [stderr]     Checking catalytic v0.1.24
[INFO] [stderr]     Checking catalytic_table_to_struct v0.1.24
[INFO] [stderr]     Checking catalytic_query_parser v0.1.20 (/opt/rustwide/workdir)
[INFO] [stdout] error[E0432]: unresolved import `catalytic::scylla::frame::value::SerializedValues`
[INFO] [stdout]  --> src/extract_query_metadata.rs:8:5
[INFO] [stdout]   |
[INFO] [stdout] 8 | use catalytic::scylla::frame::value::SerializedValues;
[INFO] [stdout]   |     ^^^^^^^^^^^^^^^^^^^^^^^^^^^^^^^^^----------------
[INFO] [stdout]   |     |                                |
[INFO] [stdout]   |     |                                help: a similar name exists in the module: `SerializedResult`
[INFO] [stdout]   |     no `SerializedValues` in `frame::value`
[INFO] [stdout] 
[INFO] [stdout] 
[INFO] [stdout] error[E0432]: unresolved import `catalytic::scylla::frame::value::SerializedValues`
[INFO] [stdout]  --> src/extract_query_metadata.rs:8:5
[INFO] [stdout]   |
[INFO] [stdout] 8 | use catalytic::scylla::frame::value::SerializedValues;
[INFO] [stdout]   |     ^^^^^^^^^^^^^^^^^^^^^^^^^^^^^^^^^----------------
[INFO] [stdout]   |     |                                |
[INFO] [stdout]   |     |                                help: a similar name exists in the module: `SerializedResult`
[INFO] [stdout]   |     no `SerializedValues` in `frame::value`
[INFO] [stdout] 
[INFO] [stdout] 
[INFO] [stdout] error: aborting due to 1 previous error
[INFO] [stdout] 
[INFO] [stdout] 
[INFO] [stdout] For more information about this error, try `rustc --explain E0432`.
[INFO] [stdout] 
[INFO] [stderr] error: could not compile `catalytic_query_parser` (lib) due to 2 previous errors
[INFO] [stderr] warning: build failed, waiting for other jobs to finish...
[INFO] [stdout] error: aborting due to 1 previous error
[INFO] [stdout] 
[INFO] [stdout] 
[INFO] [stdout] For more information about this error, try `rustc --explain E0432`.
[INFO] [stdout] 
[INFO] [stderr] error: could not compile `catalytic_query_parser` (lib test) due to 2 previous errors
[INFO] running `Command { std: "docker" "inspect" "f4b0224b55fe6b315664ea784c1f8a0e303195c54e1de59eb3dfbeaff98a22a5", kill_on_drop: false }`
[INFO] running `Command { std: "docker" "rm" "-f" "f4b0224b55fe6b315664ea784c1f8a0e303195c54e1de59eb3dfbeaff98a22a5", kill_on_drop: false }`
[INFO] [stdout] f4b0224b55fe6b315664ea784c1f8a0e303195c54e1de59eb3dfbeaff98a22a5
[INFO] checking catalytic_query_parser-0.1.20 against nightly-2024-02-05+rustflags=-Dunexpected_cfgs+cargoflags=-Zcheck-cfg for check-cfg
[INFO] extracting crate catalytic_query_parser 0.1.20 into /workspace/builds/worker-3-tc2/source
[INFO] validating manifest of crates.io crate catalytic_query_parser 0.1.20 on toolchain nightly-2024-02-05
[INFO] running `Command { std: CARGO_HOME="/workspace/cargo-home" RUSTUP_HOME="/workspace/rustup-home" "/workspace/cargo-home/bin/cargo" "+nightly-2024-02-05" "metadata" "--manifest-path" "Cargo.toml" "--no-deps", kill_on_drop: false }`
[INFO] started tweaking crates.io crate catalytic_query_parser 0.1.20
[INFO] finished tweaking crates.io crate catalytic_query_parser 0.1.20
[INFO] tweaked toml for crates.io crate catalytic_query_parser 0.1.20 written to /workspace/builds/worker-3-tc2/source/Cargo.toml
[INFO] running `Command { std: CARGO_HOME="/workspace/cargo-home" RUSTUP_HOME="/workspace/rustup-home" "/workspace/cargo-home/bin/cargo" "+nightly-2024-02-05" "generate-lockfile" "--manifest-path" "Cargo.toml", kill_on_drop: false }`
[INFO] [stderr]     Updating crates.io index
[INFO] running `Command { std: CARGO_HOME="/workspace/cargo-home" RUSTUP_HOME="/workspace/rustup-home" "/workspace/cargo-home/bin/cargo" "+nightly-2024-02-05" "fetch" "--manifest-path" "Cargo.toml", kill_on_drop: false }`
[INFO] running `Command { std: "docker" "create" "-v" "/var/lib/crater-agent-workspace/builds/worker-3-tc2/target:/opt/rustwide/target:rw,Z" "-v" "/var/lib/crater-agent-workspace/builds/worker-3-tc2/source:/opt/rustwide/workdir:ro,Z" "-v" "/var/lib/crater-agent-workspace/cargo-home:/opt/rustwide/cargo-home:ro,Z" "-v" "/var/lib/crater-agent-workspace/rustup-home:/opt/rustwide/rustup-home:ro,Z" "-e" "SOURCE_DIR=/opt/rustwide/workdir" "-e" "CARGO_TARGET_DIR=/opt/rustwide/target" "-e" "CARGO_HOME=/opt/rustwide/cargo-home" "-e" "RUSTUP_HOME=/opt/rustwide/rustup-home" "-w" "/opt/rustwide/workdir" "-m" "1610612736" "--user" "0:0" "--network" "none" "ghcr.io/rust-lang/crates-build-env/linux@sha256:2788e3201cd34a07e3172128adcd8b3090168a8e3bcc40d7c032b9dda1df7d1c" "/opt/rustwide/cargo-home/bin/cargo" "+nightly-2024-02-05" "metadata" "--no-deps" "--format-version=1", kill_on_drop: false }`
[INFO] [stdout] 9ade6d67d1a252a6fb4608c4cb00b0291bae3c7dfc8c05e01c987ed4dd0cbaed
[INFO] running `Command { std: "docker" "start" "-a" "9ade6d67d1a252a6fb4608c4cb00b0291bae3c7dfc8c05e01c987ed4dd0cbaed", kill_on_drop: false }`
[INFO] running `Command { std: "docker" "inspect" "9ade6d67d1a252a6fb4608c4cb00b0291bae3c7dfc8c05e01c987ed4dd0cbaed", kill_on_drop: false }`
[INFO] running `Command { std: "docker" "rm" "-f" "9ade6d67d1a252a6fb4608c4cb00b0291bae3c7dfc8c05e01c987ed4dd0cbaed", kill_on_drop: false }`
[INFO] [stdout] 9ade6d67d1a252a6fb4608c4cb00b0291bae3c7dfc8c05e01c987ed4dd0cbaed
[INFO] running `Command { std: "docker" "create" "-v" "/var/lib/crater-agent-workspace/builds/worker-3-tc2/target:/opt/rustwide/target:rw,Z" "-v" "/var/lib/crater-agent-workspace/builds/worker-3-tc2/source:/opt/rustwide/workdir:ro,Z" "-v" "/var/lib/crater-agent-workspace/cargo-home:/opt/rustwide/cargo-home:ro,Z" "-v" "/var/lib/crater-agent-workspace/rustup-home:/opt/rustwide/rustup-home:ro,Z" "-e" "SOURCE_DIR=/opt/rustwide/workdir" "-e" "CARGO_TARGET_DIR=/opt/rustwide/target" "-e" "CARGO_INCREMENTAL=0" "-e" "RUST_BACKTRACE=full" "-e" "RUSTFLAGS=--cap-lints=forbid -Dunexpected_cfgs" "-e" "RUSTDOCFLAGS=--cap-lints=forbid" "-e" "CARGO_HOME=/opt/rustwide/cargo-home" "-e" "RUSTUP_HOME=/opt/rustwide/rustup-home" "-w" "/opt/rustwide/workdir" "-m" "1610612736" "--user" "0:0" "--network" "none" "ghcr.io/rust-lang/crates-build-env/linux@sha256:2788e3201cd34a07e3172128adcd8b3090168a8e3bcc40d7c032b9dda1df7d1c" "/opt/rustwide/cargo-home/bin/cargo" "+nightly-2024-02-05" "check" "--frozen" "--all" "--all-targets" "--message-format=json" "-Zcheck-cfg", kill_on_drop: false }`
[INFO] [stdout] a57870c67a15c2856ec268c1ab23662f434dc17c60ac40a1b395241ff1170d66
[INFO] running `Command { std: "docker" "start" "-a" "a57870c67a15c2856ec268c1ab23662f434dc17c60ac40a1b395241ff1170d66", kill_on_drop: false }`
[INFO] [stderr]    Compiling proc-macro2 v1.0.78
[INFO] [stderr]    Compiling unicode-ident v1.0.12
[INFO] [stderr]    Compiling autocfg v1.1.0
[INFO] [stderr]    Compiling libc v0.2.153
[INFO] [stderr]     Checking cfg-if v1.0.0
[INFO] [stderr]     Checking pin-project-lite v0.2.13
[INFO] [stderr]     Checking memchr v2.7.1
[INFO] [stderr]    Compiling hashbrown v0.14.3
[INFO] [stderr]    Compiling equivalent v1.0.1
[INFO] [stderr]    Compiling strsim v0.10.0
[INFO] [stderr]    Compiling toml_datetime v0.6.5
[INFO] [stderr]    Compiling fnv v1.0.7
[INFO] [stderr]    Compiling winnow v0.5.37
[INFO] [stderr]    Compiling ident_case v1.0.1
[INFO] [stderr]     Checking futures-core v0.3.30
[INFO] [stderr]     Checking futures-sink v0.3.30
[INFO] [stderr]     Checking once_cell v1.19.0
[INFO] [stderr]    Compiling async-trait v0.1.77
[INFO] [stderr]     Checking pin-utils v0.1.0
[INFO] [stderr]    Compiling thiserror v1.0.56
[INFO] [stderr]    Compiling syn v1.0.109
[INFO] [stderr]     Checking futures-io v0.3.30
[INFO] [stderr]     Checking futures-channel v0.3.30
[INFO] [stderr]    Compiling snap v1.1.1
[INFO] [stderr]     Checking static_assertions v1.1.0
[INFO] [stderr]    Compiling parking_lot_core v0.9.9
[INFO] [stderr]    Compiling rustversion v1.0.14
[INFO] [stderr]     Checking futures-task v0.3.30
[INFO] [stderr]     Checking twox-hash v1.6.3
[INFO] [stderr]     Checking scopeguard v1.2.0
[INFO] [stderr]     Checking ppv-lite86 v0.2.17
[INFO] [stderr]     Checking smallvec v1.13.1
[INFO] [stderr]     Checking bytes v1.5.0
[INFO] [stderr]    Compiling unicode-segmentation v1.10.1
[INFO] [stderr]    Compiling num-traits v0.2.17
[INFO] [stderr]    Compiling slab v0.4.9
[INFO] [stderr]    Compiling num-integer v0.1.45
[INFO] [stderr]    Compiling num-bigint v0.3.3
[INFO] [stderr]    Compiling lock_api v0.4.11
[INFO] [stderr]     Checking lz4_flex v0.11.2
[INFO] [stderr]    Compiling heck v0.3.3
[INFO] [stderr]     Checking tracing-core v0.1.32
[INFO] [stderr]    Compiling indexmap v2.2.2
[INFO] [stderr]    Compiling quote v1.0.35
[INFO] [stderr]     Checking byteorder v1.5.0
[INFO] [stderr]     Checking either v1.9.0
[INFO] [stderr]    Compiling serde v1.0.196
[INFO] [stderr]    Compiling syn v2.0.48
[INFO] [stderr]     Checking iana-time-zone v0.1.60
[INFO] [stderr]     Checking getrandom v0.2.12
[INFO] [stderr]     Checking socket2 v0.5.5
[INFO] [stderr]     Checking mio v0.8.10
[INFO] [stderr]     Checking num_cpus v1.16.0
[INFO] [stderr]     Checking itertools v0.11.0
[INFO] [stderr]     Checking rand_core v0.6.4
[INFO] [stderr]     Checking uuid v1.7.0
[INFO] [stderr]     Checking histogram v0.6.9
[INFO] [stderr]     Checking arc-swap v1.6.0
[INFO] [stderr]     Checking strum v0.23.0
[INFO] [stderr]     Checking rand_chacha v0.3.1
[INFO] [stderr]     Checking rand_pcg v0.3.1
[INFO] [stderr]     Checking aho-corasick v1.1.2
[INFO] [stderr]     Checking heck v0.4.1
[INFO] [stderr]    Compiling serde_json v1.0.113
[INFO] [stderr]     Checking dotenvy v0.15.7
[INFO] [stderr]     Checking regex-syntax v0.8.2
[INFO] [stderr]     Checking ryu v1.0.16
[INFO] [stderr]    Compiling trybuild v1.0.89
[INFO] [stderr]     Checking rand v0.8.5
[INFO] [stderr]     Checking itoa v1.0.10
[INFO] [stderr]     Checking termcolor v1.4.1
[INFO] [stderr]     Checking dashmap v5.5.3
[INFO] [stderr]     Checking dotenv v0.15.0
[INFO] [stderr]     Checking glob v0.3.1
[INFO] [stderr]    Compiling toml_edit v0.19.15
[INFO] [stderr]     Checking chrono v0.4.33
[INFO] [stderr]     Checking regex-automata v0.4.5
[INFO] [stderr]     Checking bigdecimal v0.2.2
[INFO] [stderr]    Compiling strum_macros v0.23.1
[INFO] [stderr]    Compiling proc-macro-crate v1.3.1
[INFO] [stderr]     Checking basic-toml v0.1.8
[INFO] [stderr]    Compiling darling_core v0.20.5
[INFO] [stderr]    Compiling futures-macro v0.3.30
[INFO] [stderr]    Compiling thiserror-impl v1.0.56
[INFO] [stderr]    Compiling tokio-macros v2.2.0
[INFO] [stderr]    Compiling num_enum_derive v0.6.1
[INFO] [stderr]    Compiling tracing-attributes v0.1.27
[INFO] [stderr]    Compiling serde_derive v1.0.196
[INFO] [stderr]     Checking regex v1.10.3
[INFO] [stderr]     Checking tokio v1.36.0
[INFO] [stderr]    Compiling darling_macro v0.20.5
[INFO] [stderr]     Checking futures-util v0.3.30
[INFO] [stderr]     Checking num_enum v0.6.1
[INFO] [stderr]     Checking tracing v0.1.40
[INFO] [stderr]    Compiling darling v0.20.5
[INFO] [stderr]    Compiling scylla-macros v0.3.0
[INFO] [stderr]     Checking futures-executor v0.3.30
[INFO] [stderr]     Checking futures v0.3.30
[INFO] [stderr]     Checking scylla-cql v0.0.11
[INFO] [stderr]     Checking scylla v0.11.1
[INFO] [stderr]     Checking catalytic v0.1.24
[INFO] [stderr]     Checking catalytic_table_to_struct v0.1.24
[INFO] [stderr]     Checking catalytic_query_parser v0.1.20 (/opt/rustwide/workdir)
[INFO] [stdout] error[E0432]: unresolved import `catalytic::scylla::frame::value::SerializedValues`
[INFO] [stdout]  --> src/extract_query_metadata.rs:8:5
[INFO] [stdout]   |
[INFO] [stdout] 8 | use catalytic::scylla::frame::value::SerializedValues;
[INFO] [stdout]   |     ^^^^^^^^^^^^^^^^^^^^^^^^^^^^^^^^^----------------
[INFO] [stdout]   |     |                                |
[INFO] [stdout]   |     |                                help: a similar name exists in the module: `SerializedResult`
[INFO] [stdout]   |     no `SerializedValues` in `frame::value`
[INFO] [stdout] 
[INFO] [stdout] 
[INFO] [stdout] error[E0432]: unresolved import `catalytic::scylla::frame::value::SerializedValues`
[INFO] [stdout]  --> src/extract_query_metadata.rs:8:5
[INFO] [stdout]   |
[INFO] [stdout] 8 | use catalytic::scylla::frame::value::SerializedValues;
[INFO] [stdout]   |     ^^^^^^^^^^^^^^^^^^^^^^^^^^^^^^^^^----------------
[INFO] [stdout]   |     |                                |
[INFO] [stdout]   |     |                                help: a similar name exists in the module: `SerializedResult`
[INFO] [stdout]   |     no `SerializedValues` in `frame::value`
[INFO] [stdout] 
[INFO] [stdout] 
[INFO] [stdout] error: aborting due to 1 previous error
[INFO] [stdout] 
[INFO] [stdout] 
[INFO] [stdout] For more information about this error, try `rustc --explain E0432`.
[INFO] [stdout] 
[INFO] [stderr] error: could not compile `catalytic_query_parser` (lib) due to 2 previous errors
[INFO] [stderr] warning: build failed, waiting for other jobs to finish...
[INFO] [stdout] error: aborting due to 1 previous error
[INFO] [stdout] 
[INFO] [stdout] 
[INFO] [stdout] For more information about this error, try `rustc --explain E0432`.
[INFO] [stdout] 
[INFO] [stderr] error: could not compile `catalytic_query_parser` (lib test) due to 2 previous errors
[INFO] running `Command { std: "docker" "inspect" "a57870c67a15c2856ec268c1ab23662f434dc17c60ac40a1b395241ff1170d66", kill_on_drop: false }`
[INFO] running `Command { std: "docker" "rm" "-f" "a57870c67a15c2856ec268c1ab23662f434dc17c60ac40a1b395241ff1170d66", kill_on_drop: false }`
[INFO] [stdout] a57870c67a15c2856ec268c1ab23662f434dc17c60ac40a1b395241ff1170d66
