[INFO] fetching crate cashweb-bitcoin 0.1.0-alpha.4...
[INFO] checking cashweb-bitcoin-0.1.0-alpha.4 against nightly-2024-02-05 for check-cfg
[INFO] extracting crate cashweb-bitcoin 0.1.0-alpha.4 into /workspace/builds/worker-3-tc1/source
[INFO] validating manifest of crates.io crate cashweb-bitcoin 0.1.0-alpha.4 on toolchain nightly-2024-02-05
[INFO] running `Command { std: CARGO_HOME="/workspace/cargo-home" RUSTUP_HOME="/workspace/rustup-home" "/workspace/cargo-home/bin/cargo" "+nightly-2024-02-05" "metadata" "--manifest-path" "Cargo.toml" "--no-deps", kill_on_drop: false }`
[INFO] started tweaking crates.io crate cashweb-bitcoin 0.1.0-alpha.4
[INFO] finished tweaking crates.io crate cashweb-bitcoin 0.1.0-alpha.4
[INFO] tweaked toml for crates.io crate cashweb-bitcoin 0.1.0-alpha.4 written to /workspace/builds/worker-3-tc1/source/Cargo.toml
[INFO] running `Command { std: CARGO_HOME="/workspace/cargo-home" RUSTUP_HOME="/workspace/rustup-home" "/workspace/cargo-home/bin/cargo" "+nightly-2024-02-05" "generate-lockfile" "--manifest-path" "Cargo.toml", kill_on_drop: false }`
[INFO] [stderr]     Updating crates.io index
[INFO] running `Command { std: CARGO_HOME="/workspace/cargo-home" RUSTUP_HOME="/workspace/rustup-home" "/workspace/cargo-home/bin/cargo" "+nightly-2024-02-05" "fetch" "--manifest-path" "Cargo.toml", kill_on_drop: false }`
[INFO] [stderr]  Downloading crates ...
[INFO] [stderr]   Downloaded cashweb-secp256k1 v0.19.1
[INFO] [stderr]   Downloaded cashweb-secp256k1-sys v0.3.1
[INFO] running `Command { std: "docker" "create" "-v" "/var/lib/crater-agent-workspace/builds/worker-3-tc1/target:/opt/rustwide/target:rw,Z" "-v" "/var/lib/crater-agent-workspace/builds/worker-3-tc1/source:/opt/rustwide/workdir:ro,Z" "-v" "/var/lib/crater-agent-workspace/cargo-home:/opt/rustwide/cargo-home:ro,Z" "-v" "/var/lib/crater-agent-workspace/rustup-home:/opt/rustwide/rustup-home:ro,Z" "-e" "SOURCE_DIR=/opt/rustwide/workdir" "-e" "CARGO_TARGET_DIR=/opt/rustwide/target" "-e" "CARGO_HOME=/opt/rustwide/cargo-home" "-e" "RUSTUP_HOME=/opt/rustwide/rustup-home" "-w" "/opt/rustwide/workdir" "-m" "1610612736" "--user" "0:0" "--network" "none" "ghcr.io/rust-lang/crates-build-env/linux@sha256:2788e3201cd34a07e3172128adcd8b3090168a8e3bcc40d7c032b9dda1df7d1c" "/opt/rustwide/cargo-home/bin/cargo" "+nightly-2024-02-05" "metadata" "--no-deps" "--format-version=1", kill_on_drop: false }`
[INFO] [stdout] bfc952bcbb0538818c166fbad205b5056e5cde33d077c67f48bbf84bca39736b
[INFO] running `Command { std: "docker" "start" "-a" "bfc952bcbb0538818c166fbad205b5056e5cde33d077c67f48bbf84bca39736b", kill_on_drop: false }`
[INFO] running `Command { std: "docker" "inspect" "bfc952bcbb0538818c166fbad205b5056e5cde33d077c67f48bbf84bca39736b", kill_on_drop: false }`
[INFO] running `Command { std: "docker" "rm" "-f" "bfc952bcbb0538818c166fbad205b5056e5cde33d077c67f48bbf84bca39736b", kill_on_drop: false }`
[INFO] [stdout] bfc952bcbb0538818c166fbad205b5056e5cde33d077c67f48bbf84bca39736b
[INFO] running `Command { std: "docker" "create" "-v" "/var/lib/crater-agent-workspace/builds/worker-3-tc1/target:/opt/rustwide/target:rw,Z" "-v" "/var/lib/crater-agent-workspace/builds/worker-3-tc1/source:/opt/rustwide/workdir:ro,Z" "-v" "/var/lib/crater-agent-workspace/cargo-home:/opt/rustwide/cargo-home:ro,Z" "-v" "/var/lib/crater-agent-workspace/rustup-home:/opt/rustwide/rustup-home:ro,Z" "-e" "SOURCE_DIR=/opt/rustwide/workdir" "-e" "CARGO_TARGET_DIR=/opt/rustwide/target" "-e" "CARGO_INCREMENTAL=0" "-e" "RUST_BACKTRACE=full" "-e" "RUSTFLAGS=--cap-lints=forbid" "-e" "RUSTDOCFLAGS=--cap-lints=forbid" "-e" "CARGO_HOME=/opt/rustwide/cargo-home" "-e" "RUSTUP_HOME=/opt/rustwide/rustup-home" "-w" "/opt/rustwide/workdir" "-m" "1610612736" "--user" "0:0" "--network" "none" "ghcr.io/rust-lang/crates-build-env/linux@sha256:2788e3201cd34a07e3172128adcd8b3090168a8e3bcc40d7c032b9dda1df7d1c" "/opt/rustwide/cargo-home/bin/cargo" "+nightly-2024-02-05" "check" "--frozen" "--all" "--all-targets" "--message-format=json", kill_on_drop: false }`
[INFO] [stdout] c1bd085b1d83b950d1e58d4686f8d123b2ea9adfef05b349f9333cdba5c96ec4
[INFO] running `Command { std: "docker" "start" "-a" "c1bd085b1d83b950d1e58d4686f8d123b2ea9adfef05b349f9333cdba5c96ec4", kill_on_drop: false }`
[INFO] [stderr]    Compiling autocfg v0.1.8
[INFO] [stderr]     Checking rand_core v0.4.2
[INFO] [stderr]     Checking memchr v2.7.1
[INFO] [stderr]     Checking half v1.8.2
[INFO] [stderr]     Checking clap v2.34.0
[INFO] [stderr]     Checking criterion-plot v0.4.5
[INFO] [stderr]    Compiling syn v2.0.48
[INFO] [stderr]    Compiling cashweb-secp256k1-sys v0.3.1
[INFO] [stderr]    Compiling ring v0.16.20
[INFO] [stderr]    Compiling rand_pcg v0.1.2
[INFO] [stderr]    Compiling rand_chacha v0.1.1
[INFO] [stderr]    Compiling rand v0.6.5
[INFO] [stderr]     Checking rand_core v0.3.1
[INFO] [stderr]     Checking rand_os v0.1.3
[INFO] [stderr]     Checking rand_jitter v0.1.4
[INFO] [stderr]     Checking rand_xorshift v0.1.1
[INFO] [stderr]     Checking rand_hc v0.1.0
[INFO] [stderr]     Checking rand_isaac v0.1.1
[INFO] [stderr]     Checking csv-core v0.1.11
[INFO] [stderr]     Checking cashweb-secp256k1 v0.19.1
[INFO] [stderr]    Compiling serde_derive v1.0.196
[INFO] [stderr]    Compiling thiserror-impl v1.0.56
[INFO] [stderr]     Checking thiserror v1.0.56
[INFO] [stderr]     Checking serde v1.0.196
[INFO] [stderr]     Checking serde_json v1.0.113
[INFO] [stderr]     Checking csv v1.3.0
[INFO] [stderr]     Checking serde_cbor v0.11.2
[INFO] [stderr]     Checking cashweb-bitcoin v0.1.0-alpha.4 (/opt/rustwide/workdir)
[INFO] [stderr]     Checking tinytemplate v1.2.1
[INFO] [stderr]     Checking criterion v0.3.6
[INFO] [stdout] error[E0282]: type annotations needed for `Vec<T>`
[INFO] [stdout]    --> src/transaction/mod.rs:337:17
[INFO] [stdout]     |
[INFO] [stdout] 337 |             let mut raw_tx_output = Vec::with_capacity(0);
[INFO] [stdout]     |                 ^^^^^^^^^^^^^^^^^   --------------------- type must be known at this point
[INFO] [stdout]     |
[INFO] [stdout] help: consider giving `raw_tx_output` an explicit type, where the type for type parameter `T` is specified
[INFO] [stdout]     |
[INFO] [stdout] 337 |             let mut raw_tx_output: Vec<T> = Vec::with_capacity(0);
[INFO] [stdout]     |                                  ++++++++
[INFO] [stdout] 
[INFO] [stdout] 
[INFO] [stdout] error[E0283]: type annotations needed
[INFO] [stdout]    --> src/transaction/mod.rs:338:24
[INFO] [stdout]     |
[INFO] [stdout] 338 |             assert!(tx.encode(&mut raw_tx_output.as_mut_slice()).is_err());
[INFO] [stdout]     |                        ^^^^^^ cannot infer type of the type parameter `B` declared on the method `encode`
[INFO] [stdout]     |
[INFO] [stdout]     = note: multiple `impl`s satisfying `&mut [_]: BufMut` found in the `bytes` crate:
[INFO] [stdout]             - impl BufMut for &mut [MaybeUninit<u8>];
[INFO] [stdout]             - impl BufMut for &mut [u8];
[INFO] [stdout] note: required by a bound in `Encodable::encode`
[INFO] [stdout]    --> src/lib.rs:36:18
[INFO] [stdout]     |
[INFO] [stdout] 36  |     fn encode<B: BufMut>(&self, buf: &mut B) -> Result<(), InsufficientCapacity> {
[INFO] [stdout]     |                  ^^^^^^ required by this bound in `Encodable::encode`
[INFO] [stdout] help: consider specifying the generic argument
[INFO] [stdout]     |
[INFO] [stdout] 338 |             assert!(tx.encode::<&mut [T]>(&mut raw_tx_output.as_mut_slice()).is_err());
[INFO] [stdout]     |                              ++++++++++++
[INFO] [stdout] 
[INFO] [stdout] 
[INFO] [stdout] error: aborting due to 2 previous errors
[INFO] [stdout] 
[INFO] [stdout] 
[INFO] [stdout] Some errors have detailed explanations: E0282, E0283.
[INFO] [stdout] 
[INFO] [stdout] For more information about an error, try `rustc --explain E0282`.
[INFO] [stdout] 
[INFO] [stderr] error: could not compile `cashweb-bitcoin` (lib test) due to 3 previous errors
[INFO] running `Command { std: "docker" "inspect" "c1bd085b1d83b950d1e58d4686f8d123b2ea9adfef05b349f9333cdba5c96ec4", kill_on_drop: false }`
[INFO] running `Command { std: "docker" "rm" "-f" "c1bd085b1d83b950d1e58d4686f8d123b2ea9adfef05b349f9333cdba5c96ec4", kill_on_drop: false }`
[INFO] [stdout] c1bd085b1d83b950d1e58d4686f8d123b2ea9adfef05b349f9333cdba5c96ec4
[INFO] checking cashweb-bitcoin-0.1.0-alpha.4 against nightly-2024-02-05+rustflags=-Dunexpected_cfgs+cargoflags=-Zcheck-cfg for check-cfg
[INFO] extracting crate cashweb-bitcoin 0.1.0-alpha.4 into /workspace/builds/worker-3-tc2/source
[INFO] validating manifest of crates.io crate cashweb-bitcoin 0.1.0-alpha.4 on toolchain nightly-2024-02-05
[INFO] running `Command { std: CARGO_HOME="/workspace/cargo-home" RUSTUP_HOME="/workspace/rustup-home" "/workspace/cargo-home/bin/cargo" "+nightly-2024-02-05" "metadata" "--manifest-path" "Cargo.toml" "--no-deps", kill_on_drop: false }`
[INFO] started tweaking crates.io crate cashweb-bitcoin 0.1.0-alpha.4
[INFO] finished tweaking crates.io crate cashweb-bitcoin 0.1.0-alpha.4
[INFO] tweaked toml for crates.io crate cashweb-bitcoin 0.1.0-alpha.4 written to /workspace/builds/worker-3-tc2/source/Cargo.toml
[INFO] running `Command { std: CARGO_HOME="/workspace/cargo-home" RUSTUP_HOME="/workspace/rustup-home" "/workspace/cargo-home/bin/cargo" "+nightly-2024-02-05" "generate-lockfile" "--manifest-path" "Cargo.toml", kill_on_drop: false }`
[INFO] [stderr]     Updating crates.io index
[INFO] running `Command { std: CARGO_HOME="/workspace/cargo-home" RUSTUP_HOME="/workspace/rustup-home" "/workspace/cargo-home/bin/cargo" "+nightly-2024-02-05" "fetch" "--manifest-path" "Cargo.toml", kill_on_drop: false }`
[INFO] running `Command { std: "docker" "create" "-v" "/var/lib/crater-agent-workspace/builds/worker-3-tc2/target:/opt/rustwide/target:rw,Z" "-v" "/var/lib/crater-agent-workspace/builds/worker-3-tc2/source:/opt/rustwide/workdir:ro,Z" "-v" "/var/lib/crater-agent-workspace/cargo-home:/opt/rustwide/cargo-home:ro,Z" "-v" "/var/lib/crater-agent-workspace/rustup-home:/opt/rustwide/rustup-home:ro,Z" "-e" "SOURCE_DIR=/opt/rustwide/workdir" "-e" "CARGO_TARGET_DIR=/opt/rustwide/target" "-e" "CARGO_HOME=/opt/rustwide/cargo-home" "-e" "RUSTUP_HOME=/opt/rustwide/rustup-home" "-w" "/opt/rustwide/workdir" "-m" "1610612736" "--user" "0:0" "--network" "none" "ghcr.io/rust-lang/crates-build-env/linux@sha256:2788e3201cd34a07e3172128adcd8b3090168a8e3bcc40d7c032b9dda1df7d1c" "/opt/rustwide/cargo-home/bin/cargo" "+nightly-2024-02-05" "metadata" "--no-deps" "--format-version=1", kill_on_drop: false }`
[INFO] [stdout] efeca067f00e931d61e4eed9c61f261bf77df541dae000b10a3671f329446fc5
[INFO] running `Command { std: "docker" "start" "-a" "efeca067f00e931d61e4eed9c61f261bf77df541dae000b10a3671f329446fc5", kill_on_drop: false }`
[INFO] running `Command { std: "docker" "inspect" "efeca067f00e931d61e4eed9c61f261bf77df541dae000b10a3671f329446fc5", kill_on_drop: false }`
[INFO] running `Command { std: "docker" "rm" "-f" "efeca067f00e931d61e4eed9c61f261bf77df541dae000b10a3671f329446fc5", kill_on_drop: false }`
[INFO] [stdout] efeca067f00e931d61e4eed9c61f261bf77df541dae000b10a3671f329446fc5
[INFO] running `Command { std: "docker" "create" "-v" "/var/lib/crater-agent-workspace/builds/worker-3-tc2/target:/opt/rustwide/target:rw,Z" "-v" "/var/lib/crater-agent-workspace/builds/worker-3-tc2/source:/opt/rustwide/workdir:ro,Z" "-v" "/var/lib/crater-agent-workspace/cargo-home:/opt/rustwide/cargo-home:ro,Z" "-v" "/var/lib/crater-agent-workspace/rustup-home:/opt/rustwide/rustup-home:ro,Z" "-e" "SOURCE_DIR=/opt/rustwide/workdir" "-e" "CARGO_TARGET_DIR=/opt/rustwide/target" "-e" "CARGO_INCREMENTAL=0" "-e" "RUST_BACKTRACE=full" "-e" "RUSTFLAGS=--cap-lints=forbid -Dunexpected_cfgs" "-e" "RUSTDOCFLAGS=--cap-lints=forbid" "-e" "CARGO_HOME=/opt/rustwide/cargo-home" "-e" "RUSTUP_HOME=/opt/rustwide/rustup-home" "-w" "/opt/rustwide/workdir" "-m" "1610612736" "--user" "0:0" "--network" "none" "ghcr.io/rust-lang/crates-build-env/linux@sha256:2788e3201cd34a07e3172128adcd8b3090168a8e3bcc40d7c032b9dda1df7d1c" "/opt/rustwide/cargo-home/bin/cargo" "+nightly-2024-02-05" "check" "--frozen" "--all" "--all-targets" "--message-format=json" "-Zcheck-cfg", kill_on_drop: false }`
[INFO] [stdout] 9e334400f560b7ed3114e61f080d1bb041a7902bd83284308c687d1a1c6b0026
[INFO] running `Command { std: "docker" "start" "-a" "9e334400f560b7ed3114e61f080d1bb041a7902bd83284308c687d1a1c6b0026", kill_on_drop: false }`
[INFO] [stderr]    Compiling autocfg v0.1.8
[INFO] [stderr]     Checking rand_core v0.4.2
[INFO] [stderr]    Compiling cashweb-secp256k1-sys v0.3.1
[INFO] [stderr]    Compiling ring v0.16.20
[INFO] [stderr]     Checking memchr v2.7.1
[INFO] [stderr]    Compiling syn v2.0.48
[INFO] [stderr]     Checking half v1.8.2
[INFO] [stderr]     Checking criterion-plot v0.4.5
[INFO] [stderr]     Checking clap v2.34.0
[INFO] [stderr]    Compiling rand_chacha v0.1.1
[INFO] [stderr]    Compiling rand_pcg v0.1.2
[INFO] [stderr]    Compiling rand v0.6.5
[INFO] [stderr]     Checking rand_core v0.3.1
[INFO] [stderr]     Checking rand_os v0.1.3
[INFO] [stderr]     Checking rand_jitter v0.1.4
[INFO] [stderr]     Checking rand_hc v0.1.0
[INFO] [stderr]     Checking rand_xorshift v0.1.1
[INFO] [stderr]     Checking rand_isaac v0.1.1
[INFO] [stderr]     Checking csv-core v0.1.11
[INFO] [stderr]     Checking cashweb-secp256k1 v0.19.1
[INFO] [stderr]    Compiling serde_derive v1.0.196
[INFO] [stderr]    Compiling thiserror-impl v1.0.56
[INFO] [stderr]     Checking thiserror v1.0.56
[INFO] [stderr]     Checking serde v1.0.196
[INFO] [stderr]     Checking serde_json v1.0.113
[INFO] [stderr]     Checking csv v1.3.0
[INFO] [stderr]     Checking serde_cbor v0.11.2
[INFO] [stderr]     Checking cashweb-bitcoin v0.1.0-alpha.4 (/opt/rustwide/workdir)
[INFO] [stderr]     Checking tinytemplate v1.2.1
[INFO] [stderr]     Checking criterion v0.3.6
[INFO] [stdout] error[E0282]: type annotations needed for `Vec<T>`
[INFO] [stdout]    --> src/transaction/mod.rs:337:17
[INFO] [stdout]     |
[INFO] [stdout] 337 |             let mut raw_tx_output = Vec::with_capacity(0);
[INFO] [stdout]     |                 ^^^^^^^^^^^^^^^^^   --------------------- type must be known at this point
[INFO] [stdout]     |
[INFO] [stdout] help: consider giving `raw_tx_output` an explicit type, where the type for type parameter `T` is specified
[INFO] [stdout]     |
[INFO] [stdout] 337 |             let mut raw_tx_output: Vec<T> = Vec::with_capacity(0);
[INFO] [stdout]     |                                  ++++++++
[INFO] [stdout] 
[INFO] [stdout] 
[INFO] [stdout] error[E0283]: type annotations needed
[INFO] [stdout]    --> src/transaction/mod.rs:338:24
[INFO] [stdout]     |
[INFO] [stdout] 338 |             assert!(tx.encode(&mut raw_tx_output.as_mut_slice()).is_err());
[INFO] [stdout]     |                        ^^^^^^ cannot infer type of the type parameter `B` declared on the method `encode`
[INFO] [stdout]     |
[INFO] [stdout]     = note: multiple `impl`s satisfying `&mut [_]: BufMut` found in the `bytes` crate:
[INFO] [stdout]             - impl BufMut for &mut [MaybeUninit<u8>];
[INFO] [stdout]             - impl BufMut for &mut [u8];
[INFO] [stdout] note: required by a bound in `Encodable::encode`
[INFO] [stdout]    --> src/lib.rs:36:18
[INFO] [stdout]     |
[INFO] [stdout] 36  |     fn encode<B: BufMut>(&self, buf: &mut B) -> Result<(), InsufficientCapacity> {
[INFO] [stdout]     |                  ^^^^^^ required by this bound in `Encodable::encode`
[INFO] [stdout] help: consider specifying the generic argument
[INFO] [stdout]     |
[INFO] [stdout] 338 |             assert!(tx.encode::<&mut [T]>(&mut raw_tx_output.as_mut_slice()).is_err());
[INFO] [stdout]     |                              ++++++++++++
[INFO] [stdout] 
[INFO] [stdout] 
[INFO] [stdout] error: aborting due to 2 previous errors
[INFO] [stdout] 
[INFO] [stdout] 
[INFO] [stdout] Some errors have detailed explanations: E0282, E0283.
[INFO] [stdout] 
[INFO] [stdout] For more information about an error, try `rustc --explain E0282`.
[INFO] [stdout] 
[INFO] [stderr] error: could not compile `cashweb-bitcoin` (lib test) due to 3 previous errors
[INFO] running `Command { std: "docker" "inspect" "9e334400f560b7ed3114e61f080d1bb041a7902bd83284308c687d1a1c6b0026", kill_on_drop: false }`
[INFO] running `Command { std: "docker" "rm" "-f" "9e334400f560b7ed3114e61f080d1bb041a7902bd83284308c687d1a1c6b0026", kill_on_drop: false }`
[INFO] [stdout] 9e334400f560b7ed3114e61f080d1bb041a7902bd83284308c687d1a1c6b0026
