[INFO] fetching crate cartes_rbpf 0.6.0...
[INFO] checking cartes_rbpf-0.6.0 against nightly-2024-02-05 for check-cfg
[INFO] extracting crate cartes_rbpf 0.6.0 into /workspace/builds/worker-1-tc1/source
[INFO] validating manifest of crates.io crate cartes_rbpf 0.6.0 on toolchain nightly-2024-02-05
[INFO] running `Command { std: CARGO_HOME="/workspace/cargo-home" RUSTUP_HOME="/workspace/rustup-home" "/workspace/cargo-home/bin/cargo" "+nightly-2024-02-05" "metadata" "--manifest-path" "Cargo.toml" "--no-deps", kill_on_drop: false }`
[INFO] started tweaking crates.io crate cartes_rbpf 0.6.0
[INFO] finished tweaking crates.io crate cartes_rbpf 0.6.0
[INFO] tweaked toml for crates.io crate cartes_rbpf 0.6.0 written to /workspace/builds/worker-1-tc1/source/Cargo.toml
[INFO] crate crates.io crate cartes_rbpf 0.6.0 already has a lockfile, it will not be regenerated
[INFO] running `Command { std: CARGO_HOME="/workspace/cargo-home" RUSTUP_HOME="/workspace/rustup-home" "/workspace/cargo-home/bin/cargo" "+nightly-2024-02-05" "fetch" "--manifest-path" "Cargo.toml", kill_on_drop: false }`
[INFO] [stderr]     Updating crates.io index
[INFO] [stderr]  Downloading crates ...
[INFO] [stderr]   Downloaded derive_arbitrary v1.3.2
[INFO] [stderr]   Downloaded arbitrary v1.3.2
[INFO] [stderr]   Downloaded managed v0.8.0
[INFO] [stderr]   Downloaded elf v0.0.10
[INFO] [stderr]   Downloaded ascii v0.9.3
[INFO] [stderr]   Downloaded goblin v0.5.4
[INFO] [stderr]   Downloaded combine v3.8.1
[INFO] [stderr]   Downloaded gdbstub v0.6.6
[INFO] running `Command { std: "docker" "create" "-v" "/var/lib/crater-agent-workspace/builds/worker-1-tc1/target:/opt/rustwide/target:rw,Z" "-v" "/var/lib/crater-agent-workspace/builds/worker-1-tc1/source:/opt/rustwide/workdir:ro,Z" "-v" "/var/lib/crater-agent-workspace/cargo-home:/opt/rustwide/cargo-home:ro,Z" "-v" "/var/lib/crater-agent-workspace/rustup-home:/opt/rustwide/rustup-home:ro,Z" "-e" "SOURCE_DIR=/opt/rustwide/workdir" "-e" "CARGO_TARGET_DIR=/opt/rustwide/target" "-e" "CARGO_HOME=/opt/rustwide/cargo-home" "-e" "RUSTUP_HOME=/opt/rustwide/rustup-home" "-w" "/opt/rustwide/workdir" "-m" "1610612736" "--user" "0:0" "--network" "none" "ghcr.io/rust-lang/crates-build-env/linux@sha256:2788e3201cd34a07e3172128adcd8b3090168a8e3bcc40d7c032b9dda1df7d1c" "/opt/rustwide/cargo-home/bin/cargo" "+nightly-2024-02-05" "metadata" "--no-deps" "--format-version=1", kill_on_drop: false }`
[INFO] [stdout] 86f32d6bc05ddd214909536cb473a6a73d704e6e06ab5ac7f76e56333af10ae9
[INFO] running `Command { std: "docker" "start" "-a" "86f32d6bc05ddd214909536cb473a6a73d704e6e06ab5ac7f76e56333af10ae9", kill_on_drop: false }`
[INFO] running `Command { std: "docker" "inspect" "86f32d6bc05ddd214909536cb473a6a73d704e6e06ab5ac7f76e56333af10ae9", kill_on_drop: false }`
[INFO] running `Command { std: "docker" "rm" "-f" "86f32d6bc05ddd214909536cb473a6a73d704e6e06ab5ac7f76e56333af10ae9", kill_on_drop: false }`
[INFO] [stdout] 86f32d6bc05ddd214909536cb473a6a73d704e6e06ab5ac7f76e56333af10ae9
[INFO] running `Command { std: "docker" "create" "-v" "/var/lib/crater-agent-workspace/builds/worker-1-tc1/target:/opt/rustwide/target:rw,Z" "-v" "/var/lib/crater-agent-workspace/builds/worker-1-tc1/source:/opt/rustwide/workdir:ro,Z" "-v" "/var/lib/crater-agent-workspace/cargo-home:/opt/rustwide/cargo-home:ro,Z" "-v" "/var/lib/crater-agent-workspace/rustup-home:/opt/rustwide/rustup-home:ro,Z" "-e" "SOURCE_DIR=/opt/rustwide/workdir" "-e" "CARGO_TARGET_DIR=/opt/rustwide/target" "-e" "CARGO_INCREMENTAL=0" "-e" "RUST_BACKTRACE=full" "-e" "RUSTFLAGS=--cap-lints=forbid" "-e" "RUSTDOCFLAGS=--cap-lints=forbid" "-e" "CARGO_HOME=/opt/rustwide/cargo-home" "-e" "RUSTUP_HOME=/opt/rustwide/rustup-home" "-w" "/opt/rustwide/workdir" "-m" "1610612736" "--user" "0:0" "--network" "none" "ghcr.io/rust-lang/crates-build-env/linux@sha256:2788e3201cd34a07e3172128adcd8b3090168a8e3bcc40d7c032b9dda1df7d1c" "/opt/rustwide/cargo-home/bin/cargo" "+nightly-2024-02-05" "check" "--frozen" "--all" "--all-targets" "--message-format=json", kill_on_drop: false }`
[INFO] [stdout] 6b8a2b30ffdd27e01b0706b2e40bd30f9120619820d0ed68f7ddd864c571b0f7
[INFO] running `Command { std: "docker" "start" "-a" "6b8a2b30ffdd27e01b0706b2e40bd30f9120619820d0ed68f7ddd864c571b0f7", kill_on_drop: false }`
[INFO] [stderr]    Compiling proc-macro2 v1.0.69
[INFO] [stderr]    Compiling winapi v0.3.9
[INFO] [stderr]    Compiling thiserror v1.0.50
[INFO] [stderr]     Checking ascii v0.9.3
[INFO] [stderr]     Checking memchr v2.6.4
[INFO] [stderr]     Checking byteorder v0.5.3
[INFO] [stderr]     Checking unreachable v1.0.0
[INFO] [stderr]     Checking hash32 v0.2.1
[INFO] [stderr]     Checking json v0.12.4
[INFO] [stderr]     Checking getrandom v0.2.11
[INFO] [stderr]     Checking elf v0.0.10
[INFO] [stderr]     Checking rand_core v0.6.4
[INFO] [stderr]     Checking rand_chacha v0.3.1
[INFO] [stderr]     Checking combine v3.8.1
[INFO] [stderr]     Checking rand v0.8.5
[INFO] [stderr]    Compiling quote v1.0.33
[INFO] [stderr]    Compiling syn v2.0.39
[INFO] [stderr]    Compiling scroll_derive v0.11.1
[INFO] [stderr]    Compiling thiserror-impl v1.0.50
[INFO] [stderr]     Checking scroll v0.11.0
[INFO] [stderr]     Checking goblin v0.5.4
[INFO] [stderr]     Checking cartes_rbpf v0.6.0 (/opt/rustwide/workdir)
[INFO] [stdout] error[E0432]: unresolved import `test_utils`
[INFO] [stdout]     --> src/elf.rs:1335:9
[INFO] [stdout]      |
[INFO] [stdout] 1335 |     use test_utils::assert_error;
[INFO] [stdout]      |         ^^^^^^^^^^ use of undeclared crate or module `test_utils`
[INFO] [stdout] 
[INFO] [stdout] 
[INFO] [stdout] error[E0432]: unresolved import `test_utils`
[INFO] [stdout]    --> src/memory_region.rs:986:9
[INFO] [stdout]     |
[INFO] [stdout] 986 |     use test_utils::assert_error;
[INFO] [stdout]     |         ^^^^^^^^^^ use of undeclared crate or module `test_utils`
[INFO] [stdout] 
[INFO] [stdout] 
[INFO] [stdout] error: aborting due to 2 previous errors
[INFO] [stdout] 
[INFO] [stdout] 
[INFO] [stdout] For more information about this error, try `rustc --explain E0432`.
[INFO] [stdout] 
[INFO] [stderr] error: could not compile `cartes_rbpf` (lib test) due to 3 previous errors
[INFO] [stderr] warning: build failed, waiting for other jobs to finish...
[INFO] running `Command { std: "docker" "inspect" "6b8a2b30ffdd27e01b0706b2e40bd30f9120619820d0ed68f7ddd864c571b0f7", kill_on_drop: false }`
[INFO] running `Command { std: "docker" "rm" "-f" "6b8a2b30ffdd27e01b0706b2e40bd30f9120619820d0ed68f7ddd864c571b0f7", kill_on_drop: false }`
[INFO] [stdout] 6b8a2b30ffdd27e01b0706b2e40bd30f9120619820d0ed68f7ddd864c571b0f7
[INFO] checking cartes_rbpf-0.6.0 against nightly-2024-02-05+rustflags=-Dunexpected_cfgs+cargoflags=-Zcheck-cfg for check-cfg
[INFO] extracting crate cartes_rbpf 0.6.0 into /workspace/builds/worker-1-tc2/source
[INFO] validating manifest of crates.io crate cartes_rbpf 0.6.0 on toolchain nightly-2024-02-05
[INFO] running `Command { std: CARGO_HOME="/workspace/cargo-home" RUSTUP_HOME="/workspace/rustup-home" "/workspace/cargo-home/bin/cargo" "+nightly-2024-02-05" "metadata" "--manifest-path" "Cargo.toml" "--no-deps", kill_on_drop: false }`
[INFO] started tweaking crates.io crate cartes_rbpf 0.6.0
[INFO] finished tweaking crates.io crate cartes_rbpf 0.6.0
[INFO] tweaked toml for crates.io crate cartes_rbpf 0.6.0 written to /workspace/builds/worker-1-tc2/source/Cargo.toml
[INFO] crate crates.io crate cartes_rbpf 0.6.0 already has a lockfile, it will not be regenerated
[INFO] running `Command { std: CARGO_HOME="/workspace/cargo-home" RUSTUP_HOME="/workspace/rustup-home" "/workspace/cargo-home/bin/cargo" "+nightly-2024-02-05" "fetch" "--manifest-path" "Cargo.toml", kill_on_drop: false }`
[INFO] running `Command { std: "docker" "create" "-v" "/var/lib/crater-agent-workspace/builds/worker-1-tc2/target:/opt/rustwide/target:rw,Z" "-v" "/var/lib/crater-agent-workspace/builds/worker-1-tc2/source:/opt/rustwide/workdir:ro,Z" "-v" "/var/lib/crater-agent-workspace/cargo-home:/opt/rustwide/cargo-home:ro,Z" "-v" "/var/lib/crater-agent-workspace/rustup-home:/opt/rustwide/rustup-home:ro,Z" "-e" "SOURCE_DIR=/opt/rustwide/workdir" "-e" "CARGO_TARGET_DIR=/opt/rustwide/target" "-e" "CARGO_HOME=/opt/rustwide/cargo-home" "-e" "RUSTUP_HOME=/opt/rustwide/rustup-home" "-w" "/opt/rustwide/workdir" "-m" "1610612736" "--user" "0:0" "--network" "none" "ghcr.io/rust-lang/crates-build-env/linux@sha256:2788e3201cd34a07e3172128adcd8b3090168a8e3bcc40d7c032b9dda1df7d1c" "/opt/rustwide/cargo-home/bin/cargo" "+nightly-2024-02-05" "metadata" "--no-deps" "--format-version=1", kill_on_drop: false }`
[INFO] [stdout] 889e2bb62342595532a8eca43afc00fba7e62e024c72557b31f8a638046409dd
[INFO] running `Command { std: "docker" "start" "-a" "889e2bb62342595532a8eca43afc00fba7e62e024c72557b31f8a638046409dd", kill_on_drop: false }`
[INFO] running `Command { std: "docker" "inspect" "889e2bb62342595532a8eca43afc00fba7e62e024c72557b31f8a638046409dd", kill_on_drop: false }`
[INFO] running `Command { std: "docker" "rm" "-f" "889e2bb62342595532a8eca43afc00fba7e62e024c72557b31f8a638046409dd", kill_on_drop: false }`
[INFO] [stdout] 889e2bb62342595532a8eca43afc00fba7e62e024c72557b31f8a638046409dd
[INFO] running `Command { std: "docker" "create" "-v" "/var/lib/crater-agent-workspace/builds/worker-1-tc2/target:/opt/rustwide/target:rw,Z" "-v" "/var/lib/crater-agent-workspace/builds/worker-1-tc2/source:/opt/rustwide/workdir:ro,Z" "-v" "/var/lib/crater-agent-workspace/cargo-home:/opt/rustwide/cargo-home:ro,Z" "-v" "/var/lib/crater-agent-workspace/rustup-home:/opt/rustwide/rustup-home:ro,Z" "-e" "SOURCE_DIR=/opt/rustwide/workdir" "-e" "CARGO_TARGET_DIR=/opt/rustwide/target" "-e" "CARGO_INCREMENTAL=0" "-e" "RUST_BACKTRACE=full" "-e" "RUSTFLAGS=--cap-lints=forbid -Dunexpected_cfgs" "-e" "RUSTDOCFLAGS=--cap-lints=forbid" "-e" "CARGO_HOME=/opt/rustwide/cargo-home" "-e" "RUSTUP_HOME=/opt/rustwide/rustup-home" "-w" "/opt/rustwide/workdir" "-m" "1610612736" "--user" "0:0" "--network" "none" "ghcr.io/rust-lang/crates-build-env/linux@sha256:2788e3201cd34a07e3172128adcd8b3090168a8e3bcc40d7c032b9dda1df7d1c" "/opt/rustwide/cargo-home/bin/cargo" "+nightly-2024-02-05" "check" "--frozen" "--all" "--all-targets" "--message-format=json" "-Zcheck-cfg", kill_on_drop: false }`
[INFO] [stdout] 9cfaa3963474789978e8cd2ba82a7a90f02d26941d2a072514bb6c3a83a451eb
[INFO] running `Command { std: "docker" "start" "-a" "9cfaa3963474789978e8cd2ba82a7a90f02d26941d2a072514bb6c3a83a451eb", kill_on_drop: false }`
[INFO] [stderr]    Compiling proc-macro2 v1.0.69
[INFO] [stderr]    Compiling winapi v0.3.9
[INFO] [stderr]    Compiling thiserror v1.0.50
[INFO] [stderr]     Checking unreachable v1.0.0
[INFO] [stderr]     Checking ascii v0.9.3
[INFO] [stderr]     Checking memchr v2.6.4
[INFO] [stderr]     Checking byteorder v0.5.3
[INFO] [stderr]     Checking json v0.12.4
[INFO] [stderr]     Checking hash32 v0.2.1
[INFO] [stderr]     Checking getrandom v0.2.11
[INFO] [stderr]     Checking elf v0.0.10
[INFO] [stderr]     Checking rand_core v0.6.4
[INFO] [stderr]     Checking rand_chacha v0.3.1
[INFO] [stderr]     Checking combine v3.8.1
[INFO] [stderr]     Checking rand v0.8.5
[INFO] [stderr]    Compiling quote v1.0.33
[INFO] [stderr]    Compiling syn v2.0.39
[INFO] [stderr]    Compiling scroll_derive v0.11.1
[INFO] [stderr]    Compiling thiserror-impl v1.0.50
[INFO] [stderr]     Checking scroll v0.11.0
[INFO] [stderr]     Checking goblin v0.5.4
[INFO] [stderr]     Checking cartes_rbpf v0.6.0 (/opt/rustwide/workdir)
[INFO] [stdout] error[E0432]: unresolved import `test_utils`
[INFO] [stdout]     --> src/elf.rs:1335:9
[INFO] [stdout]      |
[INFO] [stdout] 1335 |     use test_utils::assert_error;
[INFO] [stdout]      |         ^^^^^^^^^^ use of undeclared crate or module `test_utils`
[INFO] [stdout] 
[INFO] [stdout] 
[INFO] [stdout] error[E0432]: unresolved import `test_utils`
[INFO] [stdout]    --> src/memory_region.rs:986:9
[INFO] [stdout]     |
[INFO] [stdout] 986 |     use test_utils::assert_error;
[INFO] [stdout]     |         ^^^^^^^^^^ use of undeclared crate or module `test_utils`
[INFO] [stdout] 
[INFO] [stdout] 
[INFO] [stdout] error: aborting due to 2 previous errors
[INFO] [stdout] 
[INFO] [stdout] 
[INFO] [stdout] For more information about this error, try `rustc --explain E0432`.
[INFO] [stdout] 
[INFO] [stderr] error: could not compile `cartes_rbpf` (lib test) due to 3 previous errors
[INFO] [stderr] warning: build failed, waiting for other jobs to finish...
[INFO] running `Command { std: "docker" "inspect" "9cfaa3963474789978e8cd2ba82a7a90f02d26941d2a072514bb6c3a83a451eb", kill_on_drop: false }`
[INFO] running `Command { std: "docker" "rm" "-f" "9cfaa3963474789978e8cd2ba82a7a90f02d26941d2a072514bb6c3a83a451eb", kill_on_drop: false }`
[INFO] [stdout] 9cfaa3963474789978e8cd2ba82a7a90f02d26941d2a072514bb6c3a83a451eb
