[INFO] fetching crate caldera 0.2.0...
[INFO] checking caldera-0.2.0 against nightly-2024-02-05 for check-cfg
[INFO] extracting crate caldera 0.2.0 into /workspace/builds/worker-2-tc1/source
[INFO] validating manifest of crates.io crate caldera 0.2.0 on toolchain nightly-2024-02-05
[INFO] running `Command { std: CARGO_HOME="/workspace/cargo-home" RUSTUP_HOME="/workspace/rustup-home" "/workspace/cargo-home/bin/cargo" "+nightly-2024-02-05" "metadata" "--manifest-path" "Cargo.toml" "--no-deps", kill_on_drop: false }`
[INFO] started tweaking crates.io crate caldera 0.2.0
[INFO] finished tweaking crates.io crate caldera 0.2.0
[INFO] tweaked toml for crates.io crate caldera 0.2.0 written to /workspace/builds/worker-2-tc1/source/Cargo.toml
[INFO] crate crates.io crate caldera 0.2.0 already has a lockfile, it will not be regenerated
[INFO] running `Command { std: CARGO_HOME="/workspace/cargo-home" RUSTUP_HOME="/workspace/rustup-home" "/workspace/cargo-home/bin/cargo" "+nightly-2024-02-05" "fetch" "--manifest-path" "Cargo.toml", kill_on_drop: false }`
[INFO] [stderr]     Updating crates.io index
[INFO] [stderr]  Downloading crates ...
[INFO] [stderr]   Downloaded cocoa v0.18.5
[INFO] [stderr]   Downloaded cmake v0.1.42
[INFO] [stderr]   Downloaded parking_lot_core v0.6.2
[INFO] [stderr]   Downloaded quote v1.0.2
[INFO] [stderr]   Downloaded serde v1.0.102
[INFO] [stderr]   Downloaded jpeg-decoder v0.1.16
[INFO] [stderr]   Downloaded schannel v0.1.16
[INFO] [stderr]   Downloaded serde_derive v1.0.102
[INFO] [stderr]   Downloaded rayon v1.2.0
[INFO] [stderr]   Downloaded decorum v0.1.3
[INFO] [stderr]   Downloaded winapi-util v0.1.2
[INFO] [stderr]   Downloaded chrono v0.4.9
[INFO] [stderr]   Downloaded libz-sys v1.0.25
[INFO] [stderr]   Downloaded rusttype v0.8.1
[INFO] [stderr]   Downloaded wayland-protocols v0.21.13
[INFO] [stderr]   Downloaded smithay-client-toolkit v0.4.6
[INFO] [stderr]   Downloaded getrandom v0.1.13
[INFO] [stderr]   Downloaded xml-rs v0.8.0
[INFO] [stderr]   Downloaded num-traits v0.2.8
[INFO] [stderr]   Downloaded same-file v1.0.5
[INFO] [stderr]   Downloaded wayland-scanner v0.21.13
[INFO] [stderr]   Downloaded x11-dl v2.18.4
[INFO] [stderr]   Downloaded wasi v0.7.0
[INFO] [stderr]   Downloaded vcpkg v0.2.7
[INFO] [stderr]   Downloaded failure_derive v0.1.6
[INFO] [stderr]   Downloaded dbus v0.6.5
[INFO] [stderr]   Downloaded claxon v0.4.2
[INFO] [stderr]   Downloaded num-iter v0.1.39
[INFO] [stderr]   Downloaded num-rational v0.2.2
[INFO] [stderr]   Downloaded image v0.22.3
[INFO] [stderr]   Downloaded wayland-commons v0.21.13
[INFO] [stderr]   Downloaded walkdir v2.2.9
[INFO] [stderr]   Downloaded wayland-client v0.21.13
[INFO] [stderr]   Downloaded winit v0.19.5
[INFO] [stderr]   Downloaded shaderc v0.6.1
[INFO] [stderr]   Downloaded time v0.1.42
[INFO] [stderr]   Downloaded alsa-sys v0.1.2
[INFO] [stderr]   Downloaded bindgen v0.51.1
[INFO] [stderr]   Downloaded coreaudio-rs v0.9.1
[INFO] [stderr]   Downloaded cpal v0.10.0
[INFO] [stderr]   Downloaded openssl-sys v0.9.52
[INFO] [stderr]   Downloaded raw-window-handle v0.3.1
[INFO] [stderr]   Downloaded splines v3.0.0
[INFO] [stderr]   Downloaded curl v0.4.25
[INFO] [stderr]   Downloaded include_dir v0.4.1
[INFO] [stderr]   Downloaded failure v0.1.6
[INFO] [stderr]   Downloaded json v0.12.0
[INFO] [stderr]   Downloaded include_dir_impl v0.4.1
[INFO] [stderr]   Downloaded lock_api v0.3.1
[INFO] [stderr]   Downloaded rand v0.7.2
[INFO] [stderr]   Downloaded vk-sys v0.5.0
[INFO] [stderr]   Downloaded synstructure v0.12.2
[INFO] [stderr]   Downloaded gobject-sys v0.9.0
[INFO] [stderr]   Downloaded vulkano-win v0.16.0
[INFO] [stderr]   Downloaded objc_exception v0.1.1
[INFO] [stderr]   Downloaded wayland-sys v0.21.13
[INFO] [stderr]   Downloaded num-integer v0.1.41
[INFO] [stderr]   Downloaded cc v1.0.47
[INFO] [stderr]   Downloaded backtrace-sys v0.1.32
[INFO] [stderr]   Downloaded proc-macro-hack v0.5.11
[INFO] [stderr]   Downloaded png v0.15.0
[INFO] [stderr]   Downloaded stb_truetype v0.3.0
[INFO] [stderr]   Downloaded rustc-hash v1.0.1
[INFO] [stderr]   Downloaded backtrace v0.3.40
[INFO] [stderr]   Downloaded freetype-sys v0.9.0
[INFO] [stderr]   Downloaded coreaudio-sys v0.2.3
[INFO] [stderr]   Downloaded metal v0.17.0
[INFO] [stderr]   Downloaded mpris-player v0.4.0
[INFO] [stderr]   Downloaded vulkano-shaders v0.16.0
[INFO] [stderr]   Downloaded libdbus-sys v0.2.1
[INFO] [stderr]   Downloaded rayon-core v1.6.0
[INFO] [stderr]   Downloaded syn v1.0.7
[INFO] [stderr]   Downloaded half v1.4.0
[INFO] [stderr]   Downloaded glib-sys v0.9.0
[INFO] [stderr]   Downloaded glib v0.8.2
[INFO] [stderr]   Downloaded proc-macro2 v1.0.6
[INFO] [stderr]   Downloaded basalt v0.6.0
[INFO] [stderr]   Downloaded vulkano v0.16.0
[INFO] [stderr]   Downloaded curl-sys v0.4.23
[INFO] [stderr]   Downloaded shaderc-sys v0.6.1
[INFO] running `Command { std: "docker" "create" "-v" "/var/lib/crater-agent-workspace/builds/worker-2-tc1/target:/opt/rustwide/target:rw,Z" "-v" "/var/lib/crater-agent-workspace/builds/worker-2-tc1/source:/opt/rustwide/workdir:ro,Z" "-v" "/var/lib/crater-agent-workspace/cargo-home:/opt/rustwide/cargo-home:ro,Z" "-v" "/var/lib/crater-agent-workspace/rustup-home:/opt/rustwide/rustup-home:ro,Z" "-e" "SOURCE_DIR=/opt/rustwide/workdir" "-e" "CARGO_TARGET_DIR=/opt/rustwide/target" "-e" "CARGO_HOME=/opt/rustwide/cargo-home" "-e" "RUSTUP_HOME=/opt/rustwide/rustup-home" "-w" "/opt/rustwide/workdir" "-m" "1610612736" "--user" "0:0" "--network" "none" "ghcr.io/rust-lang/crates-build-env/linux@sha256:2788e3201cd34a07e3172128adcd8b3090168a8e3bcc40d7c032b9dda1df7d1c" "/opt/rustwide/cargo-home/bin/cargo" "+nightly-2024-02-05" "metadata" "--no-deps" "--format-version=1", kill_on_drop: false }`
[INFO] [stdout] 19931cc3f706b865f8d6147e8f864d6bc57784c97a934bfc8cd273714c44eee4
[INFO] running `Command { std: "docker" "start" "-a" "19931cc3f706b865f8d6147e8f864d6bc57784c97a934bfc8cd273714c44eee4", kill_on_drop: false }`
[INFO] running `Command { std: "docker" "inspect" "19931cc3f706b865f8d6147e8f864d6bc57784c97a934bfc8cd273714c44eee4", kill_on_drop: false }`
[INFO] running `Command { std: "docker" "rm" "-f" "19931cc3f706b865f8d6147e8f864d6bc57784c97a934bfc8cd273714c44eee4", kill_on_drop: false }`
[INFO] [stdout] 19931cc3f706b865f8d6147e8f864d6bc57784c97a934bfc8cd273714c44eee4
[INFO] running `Command { std: "docker" "create" "-v" "/var/lib/crater-agent-workspace/builds/worker-2-tc1/target:/opt/rustwide/target:rw,Z" "-v" "/var/lib/crater-agent-workspace/builds/worker-2-tc1/source:/opt/rustwide/workdir:ro,Z" "-v" "/var/lib/crater-agent-workspace/cargo-home:/opt/rustwide/cargo-home:ro,Z" "-v" "/var/lib/crater-agent-workspace/rustup-home:/opt/rustwide/rustup-home:ro,Z" "-e" "SOURCE_DIR=/opt/rustwide/workdir" "-e" "CARGO_TARGET_DIR=/opt/rustwide/target" "-e" "CARGO_INCREMENTAL=0" "-e" "RUST_BACKTRACE=full" "-e" "RUSTFLAGS=--cap-lints=forbid" "-e" "RUSTDOCFLAGS=--cap-lints=forbid" "-e" "CARGO_HOME=/opt/rustwide/cargo-home" "-e" "RUSTUP_HOME=/opt/rustwide/rustup-home" "-w" "/opt/rustwide/workdir" "-m" "1610612736" "--user" "0:0" "--network" "none" "ghcr.io/rust-lang/crates-build-env/linux@sha256:2788e3201cd34a07e3172128adcd8b3090168a8e3bcc40d7c032b9dda1df7d1c" "/opt/rustwide/cargo-home/bin/cargo" "+nightly-2024-02-05" "check" "--frozen" "--all" "--all-targets" "--message-format=json", kill_on_drop: false }`
[INFO] [stdout] b5c322888c121bcc290a8b1eec6db876155798865430946593372be6630b7b09
[INFO] running `Command { std: "docker" "start" "-a" "b5c322888c121bcc290a8b1eec6db876155798865430946593372be6630b7b09", kill_on_drop: false }`
[INFO] [stderr]    Compiling libc v0.2.65
[INFO] [stderr]    Compiling cc v1.0.47
[INFO] [stderr]    Compiling pkg-config v0.3.17
[INFO] [stderr]    Compiling autocfg v0.1.7
[INFO] [stderr]    Compiling proc-macro2 v1.0.6
[INFO] [stderr]    Compiling byteorder v1.3.2
[INFO] [stderr]    Compiling unicode-xid v0.2.0
[INFO] [stderr]    Compiling syn v1.0.7
[INFO] [stderr]     Checking scopeguard v1.0.0
[INFO] [stderr]    Compiling arrayvec v0.4.12
[INFO] [stderr]     Checking crossbeam-utils v0.6.6
[INFO] [stderr]     Checking nodrop v0.1.14
[INFO] [stderr]    Compiling xml-rs v0.8.0
[INFO] [stderr]    Compiling rustc_version v0.2.3
[INFO] [stderr]    Compiling nix v0.14.1
[INFO] [stderr]     Checking void v1.0.2
[INFO] [stderr]    Compiling failure_derive v0.1.6
[INFO] [stderr]     Checking arrayvec v0.5.1
[INFO] [stderr]     Checking smallvec v0.6.13
[INFO] [stderr]    Compiling getrandom v0.1.13
[INFO] [stderr]     Checking same-file v1.0.5
[INFO] [stderr]    Compiling memoffset v0.5.2
[INFO] [stderr]    Compiling parking_lot_core v0.6.2
[INFO] [stderr]     Checking crossbeam-queue v0.1.2
[INFO] [stderr]    Compiling num-traits v0.2.8
[INFO] [stderr]    Compiling num-integer v0.1.41
[INFO] [stderr]     Checking downcast-rs v1.1.1
[INFO] [stderr]    Compiling cmake v0.1.42
[INFO] [stderr]    Compiling rayon-core v1.6.0
[INFO] [stderr]     Checking walkdir v2.2.9
[INFO] [stderr]    Compiling parking_lot v0.9.0
[INFO] [stderr]    Compiling wayland-scanner v0.21.13
[INFO] [stderr]    Compiling glib-sys v0.9.0
[INFO] [stderr]     Checking stb_truetype v0.3.0
[INFO] [stderr]    Compiling x11-dl v2.18.4
[INFO] [stderr]     Checking xdg v2.2.0
[INFO] [stderr]     Checking crossbeam-epoch v0.7.2
[INFO] [stderr]    Compiling log v0.4.8
[INFO] [stderr]     Checking adler32 v1.0.4
[INFO] [stderr]     Checking num_cpus v1.11.0
[INFO] [stderr]    Compiling quote v1.0.2
[INFO] [stderr]     Checking memmap v0.7.0
[INFO] [stderr]    Compiling alsa-sys v0.1.2
[INFO] [stderr]    Compiling gobject-sys v0.9.0
[INFO] [stderr]     Checking crossbeam-deque v0.7.1
[INFO] [stderr]    Compiling libdbus-sys v0.2.1
[INFO] [stderr]    Compiling num-rational v0.2.2
[INFO] [stderr]    Compiling num-iter v0.1.39
[INFO] [stderr]    Compiling libloading v0.5.2
[INFO] [stderr]    Compiling backtrace-sys v0.1.32
[INFO] [stderr]    Compiling libz-sys v1.0.25
[INFO] [stderr]    Compiling openssl-sys v0.9.52
[INFO] [stderr]    Compiling curl-sys v0.4.23
[INFO] [stderr]    Compiling shaderc-sys v0.6.1
[INFO] [stderr]     Checking crossbeam-channel v0.3.9
[INFO] [stderr]     Checking lock_api v0.3.1
[INFO] [stderr]     Checking ppv-lite86 v0.2.6
[INFO] [stderr]     Checking either v1.5.3
[INFO] [stderr]    Compiling rustc-demangle v0.1.16
[INFO] [stderr]    Compiling serde v1.0.102
[INFO] [stderr]    Compiling vulkano v0.16.0
[INFO] [stderr]     Checking approx v0.3.2
[INFO] [stderr]     Checking ordered-float v1.0.2
[INFO] [stderr]     Checking dlib v0.4.1
[INFO] [stderr]     Checking line_drawing v0.7.0
[INFO] [stderr]     Checking c2-chacha v0.2.3
[INFO] [stderr]     Checking rusttype v0.8.1
[INFO] [stderr]     Checking wayland-sys v0.21.13
[INFO] [stderr]     Checking crossbeam v0.7.2
[INFO] [stderr]     Checking rayon v1.2.0
[INFO] [stderr] The following warnings were emitted during compilation:
[INFO] [stderr] 
[INFO] [stderr] warning: shaderc-sys@0.6.1: Checking for system installed libraries.  Use --features = build-from-source to disable this behavior
[INFO] [stderr] warning: shaderc-sys@0.6.1: System installed library not found.  Falling back to build from source
[INFO] [stderr] 
[INFO] [stderr] error: failed to run custom build command for `shaderc-sys v0.6.1`
[INFO] [stderr] note: To improve backtraces for build dependencies, set the CARGO_PROFILE_DEV_BUILD_OVERRIDE_DEBUG=true environment variable to enable debug information generation.
[INFO] [stderr] 
[INFO] [stderr] Caused by:
[INFO] [stderr]   process didn't exit successfully: `/opt/rustwide/target/debug/build/shaderc-sys-5043c6d7720dd058/build-script-build` (exit status: 101)
[INFO] [stderr]   --- stdout
[INFO] [stderr]   cargo:warning=Checking for system installed libraries.  Use --features = build-from-source to disable this behavior
[INFO] [stderr]   cargo:warning=System installed library not found.  Falling back to build from source
[INFO] [stderr] 
[INFO] [stderr]   --- stderr
[INFO] [stderr]   thread 'main' panicked at /opt/rustwide/cargo-home/registry/src/index.crates.io-6f17d22bba15001f/shaderc-sys-0.6.1/build/cmd_finder.rs:50:13:
[INFO] [stderr] 
[INFO] [stderr] 
[INFO] [stderr]   couldn't find required command: "python"
[INFO] [stderr] 
[INFO] [stderr] 
[INFO] [stderr]   stack backtrace:
[INFO] [stderr]      0:     0x55d852d88186 - std::backtrace_rs::backtrace::libunwind::trace::heebc7766b165eb2a
[INFO] [stderr]                                  at /rustc/268dbbbc4b3fd71c5f360a4d0728295252430b5b/library/std/src/../../backtrace/src/backtrace/libunwind.rs:104:5
[INFO] [stderr]      1:     0x55d852d88186 - std::backtrace_rs::backtrace::trace_unsynchronized::ha677020d8fc0296d
[INFO] [stderr]                                  at /rustc/268dbbbc4b3fd71c5f360a4d0728295252430b5b/library/std/src/../../backtrace/src/backtrace/mod.rs:66:5
[INFO] [stderr]      2:     0x55d852d88186 - std::sys_common::backtrace::_print_fmt::hcaff2fd86a1aeaa3
[INFO] [stderr]                                  at /rustc/268dbbbc4b3fd71c5f360a4d0728295252430b5b/library/std/src/sys_common/backtrace.rs:68:5
[INFO] [stderr]      3:     0x55d852d88186 - <std::sys_common::backtrace::_print::DisplayBacktrace as core::fmt::Display>::fmt::hc2446d8aa0059188
[INFO] [stderr]                                  at /rustc/268dbbbc4b3fd71c5f360a4d0728295252430b5b/library/std/src/sys_common/backtrace.rs:44:22
[INFO] [stderr]      4:     0x55d852dacf30 - core::fmt::rt::Argument::fmt::h2fbb6454da37999b
[INFO] [stderr]                                  at /rustc/268dbbbc4b3fd71c5f360a4d0728295252430b5b/library/core/src/fmt/rt.rs:142:9
[INFO] [stderr]      5:     0x55d852dacf30 - core::fmt::write::had96bdeda7d49d3a
[INFO] [stderr]                                  at /rustc/268dbbbc4b3fd71c5f360a4d0728295252430b5b/library/core/src/fmt/mod.rs:1120:17
[INFO] [stderr]      6:     0x55d852d853ef - std::io::Write::write_fmt::h30b1f36eea05b391
[INFO] [stderr]                                  at /rustc/268dbbbc4b3fd71c5f360a4d0728295252430b5b/library/std/src/io/mod.rs:1849:15
[INFO] [stderr]      7:     0x55d852d87f64 - std::sys_common::backtrace::_print::hc333bb91ae972137
[INFO] [stderr]                                  at /rustc/268dbbbc4b3fd71c5f360a4d0728295252430b5b/library/std/src/sys_common/backtrace.rs:47:5
[INFO] [stderr]      8:     0x55d852d87f64 - std::sys_common::backtrace::print::h18fd3c71a95a3169
[INFO] [stderr]                                  at /rustc/268dbbbc4b3fd71c5f360a4d0728295252430b5b/library/std/src/sys_common/backtrace.rs:34:9
[INFO] [stderr]      9:     0x55d852d896d7 - std::panicking::default_hook::{{closure}}::ha3473f9bcb4e9a37
[INFO] [stderr]     10:     0x55d852d89439 - std::panicking::default_hook::h23d9d43185db6584
[INFO] [stderr]                                  at /rustc/268dbbbc4b3fd71c5f360a4d0728295252430b5b/library/std/src/panicking.rs:292:9
[INFO] [stderr]     11:     0x55d852d89b68 - std::panicking::rust_panic_with_hook::h94aceaa7df3a6edd
[INFO] [stderr]                                  at /rustc/268dbbbc4b3fd71c5f360a4d0728295252430b5b/library/std/src/panicking.rs:781:13
[INFO] [stderr]     12:     0x55d852d89a42 - std::panicking::begin_panic_handler::{{closure}}::h9905d45d1d82fc42
[INFO] [stderr]                                  at /rustc/268dbbbc4b3fd71c5f360a4d0728295252430b5b/library/std/src/panicking.rs:659:13
[INFO] [stderr]     13:     0x55d852d88686 - std::sys_common::backtrace::__rust_end_short_backtrace::hb02085545dc143b9
[INFO] [stderr]                                  at /rustc/268dbbbc4b3fd71c5f360a4d0728295252430b5b/library/std/src/sys_common/backtrace.rs:171:18
[INFO] [stderr]     14:     0x55d852d89794 - rust_begin_unwind
[INFO] [stderr]                                  at /rustc/268dbbbc4b3fd71c5f360a4d0728295252430b5b/library/std/src/panicking.rs:647:5
[INFO] [stderr]     15:     0x55d852d1c5e5 - core::panicking::panic_fmt::h6dca3983f8a9f4d0
[INFO] [stderr]                                  at /rustc/268dbbbc4b3fd71c5f360a4d0728295252430b5b/library/core/src/panicking.rs:72:14
[INFO] [stderr]     16:     0x55d852d20a16 - build_script_build::cmd_finder::CommandFinder::must_have::{{closure}}::h894f1d33beba5a68
[INFO] [stderr]     17:     0x55d852d1e00f - core::option::Option<T>::unwrap_or_else::he6a16b5bb453b01f
[INFO] [stderr]     18:     0x55d852d20978 - build_script_build::cmd_finder::CommandFinder::must_have::h7ed4ccaada58dbdd
[INFO] [stderr]     19:     0x55d852d2390e - build_script_build::main::hd9853d20bfbfbf47
[INFO] [stderr]     20:     0x55d852d1da83 - core::ops::function::FnOnce::call_once::hb7bb10af296aa177
[INFO] [stderr]     21:     0x55d852d1cde6 - std::sys_common::backtrace::__rust_begin_short_backtrace::h8b3701d9e2d5f82a
[INFO] [stderr]     22:     0x55d852d1d469 - std::rt::lang_start::{{closure}}::hf691c07dd662704d
[INFO] [stderr]     23:     0x55d852d81251 - core::ops::function::impls::<impl core::ops::function::FnOnce<A> for &F>::call_once::h298d8ff12ebcec8c
[INFO] [stderr]                                  at /rustc/268dbbbc4b3fd71c5f360a4d0728295252430b5b/library/core/src/ops/function.rs:284:13
[INFO] [stderr]     24:     0x55d852d81251 - std::panicking::try::do_call::hbd0ffb05da5bd343
[INFO] [stderr]                                  at /rustc/268dbbbc4b3fd71c5f360a4d0728295252430b5b/library/std/src/panicking.rs:554:40
[INFO] [stderr]     25:     0x55d852d81251 - std::panicking::try::h11c9a152defd5d2a
[INFO] [stderr]                                  at /rustc/268dbbbc4b3fd71c5f360a4d0728295252430b5b/library/std/src/panicking.rs:518:19
[INFO] [stderr]     26:     0x55d852d81251 - std::panic::catch_unwind::h0d6db2fa902b4d64
[INFO] [stderr]                                  at /rustc/268dbbbc4b3fd71c5f360a4d0728295252430b5b/library/std/src/panic.rs:142:14
[INFO] [stderr]     27:     0x55d852d81251 - std::rt::lang_start_internal::{{closure}}::hdcc09b4aad7ef821
[INFO] [stderr]                                  at /rustc/268dbbbc4b3fd71c5f360a4d0728295252430b5b/library/std/src/rt.rs:148:48
[INFO] [stderr]     28:     0x55d852d81251 - std::panicking::try::do_call::h3ffd2f162d60900f
[INFO] [stderr]                                  at /rustc/268dbbbc4b3fd71c5f360a4d0728295252430b5b/library/std/src/panicking.rs:554:40
[INFO] [stderr]     29:     0x55d852d81251 - std::panicking::try::heeba82b9c3e190fb
[INFO] [stderr]                                  at /rustc/268dbbbc4b3fd71c5f360a4d0728295252430b5b/library/std/src/panicking.rs:518:19
[INFO] [stderr]     30:     0x55d852d81251 - std::panic::catch_unwind::hdaab8f1c188f387f
[INFO] [stderr]                                  at /rustc/268dbbbc4b3fd71c5f360a4d0728295252430b5b/library/std/src/panic.rs:142:14
[INFO] [stderr]     31:     0x55d852d81251 - std::rt::lang_start_internal::h9989e088c48b7903
[INFO] [stderr]                                  at /rustc/268dbbbc4b3fd71c5f360a4d0728295252430b5b/library/std/src/rt.rs:148:20
[INFO] [stderr]     32:     0x55d852d1d447 - std::rt::lang_start::hd7d9a703aebcab86
[INFO] [stderr]     33:     0x55d852d242c5 - main
[INFO] [stderr]     34:     0x7f1f106e3d90 - <unknown>
[INFO] [stderr]     35:     0x7f1f106e3e40 - __libc_start_main
[INFO] [stderr]     36:     0x55d852d1cd15 - _start
[INFO] [stderr]     37:                0x0 - <unknown>
[INFO] [stderr] warning: build failed, waiting for other jobs to finish...
[INFO] [stderr] The following warnings were emitted during compilation:
[INFO] [stderr] 
[INFO] [stderr] warning: openssl-sys@0.9.52: build/expando.c:4:24: error: pasting "RUST_VERSION_OPENSSL_" and "(" does not give a valid preprocessing token
[INFO] [stderr] warning: openssl-sys@0.9.52:     4 | #define VERSION2(n, v) RUST_VERSION_##n##_##v
[INFO] [stderr] warning: openssl-sys@0.9.52:       |                        ^~~~~~~~~~~~~
[INFO] [stderr] warning: openssl-sys@0.9.52: build/expando.c:5:23: note: in expansion of macro 'VERSION2'
[INFO] [stderr] warning: openssl-sys@0.9.52:     5 | #define VERSION(n, v) VERSION2(n, v)
[INFO] [stderr] warning: openssl-sys@0.9.52:       |                       ^~~~~~~~
[INFO] [stderr] warning: openssl-sys@0.9.52: build/expando.c:10:1: note: in expansion of macro 'VERSION'
[INFO] [stderr] warning: openssl-sys@0.9.52:    10 | VERSION(OPENSSL, OPENSSL_VERSION_NUMBER)
[INFO] [stderr] warning: openssl-sys@0.9.52:       | ^~~~~~~
[INFO] [stderr] 
[INFO] [stderr] error: failed to run custom build command for `openssl-sys v0.9.52`
[INFO] [stderr] note: To improve backtraces for build dependencies, set the CARGO_PROFILE_DEV_BUILD_OVERRIDE_DEBUG=true environment variable to enable debug information generation.
[INFO] [stderr] 
[INFO] [stderr] Caused by:
[INFO] [stderr]   process didn't exit successfully: `/opt/rustwide/target/debug/build/openssl-sys-9dc59de748275f5b/build-script-main` (exit status: 101)
[INFO] [stderr]   --- stdout
[INFO] [stderr]   cargo:rustc-cfg=const_fn
[INFO] [stderr]   cargo:rerun-if-env-changed=X86_64_UNKNOWN_LINUX_GNU_OPENSSL_LIB_DIR
[INFO] [stderr]   X86_64_UNKNOWN_LINUX_GNU_OPENSSL_LIB_DIR unset
[INFO] [stderr]   cargo:rerun-if-env-changed=OPENSSL_LIB_DIR
[INFO] [stderr]   OPENSSL_LIB_DIR unset
[INFO] [stderr]   cargo:rerun-if-env-changed=X86_64_UNKNOWN_LINUX_GNU_OPENSSL_INCLUDE_DIR
[INFO] [stderr]   X86_64_UNKNOWN_LINUX_GNU_OPENSSL_INCLUDE_DIR unset
[INFO] [stderr]   cargo:rerun-if-env-changed=OPENSSL_INCLUDE_DIR
[INFO] [stderr]   OPENSSL_INCLUDE_DIR unset
[INFO] [stderr]   cargo:rerun-if-env-changed=X86_64_UNKNOWN_LINUX_GNU_OPENSSL_DIR
[INFO] [stderr]   X86_64_UNKNOWN_LINUX_GNU_OPENSSL_DIR unset
[INFO] [stderr]   cargo:rerun-if-env-changed=OPENSSL_DIR
[INFO] [stderr]   OPENSSL_DIR unset
[INFO] [stderr]   cargo:rustc-link-lib=ssl
[INFO] [stderr]   cargo:rustc-link-lib=crypto
[INFO] [stderr]   OPT_LEVEL = Some("0")
[INFO] [stderr]   TARGET = Some("x86_64-unknown-linux-gnu")
[INFO] [stderr]   HOST = Some("x86_64-unknown-linux-gnu")
[INFO] [stderr]   CC_x86_64-unknown-linux-gnu = None
[INFO] [stderr]   CC_x86_64_unknown_linux_gnu = None
[INFO] [stderr]   HOST_CC = None
[INFO] [stderr]   CC = None
[INFO] [stderr]   CFLAGS_x86_64-unknown-linux-gnu = None
[INFO] [stderr]   CFLAGS_x86_64_unknown_linux_gnu = None
[INFO] [stderr]   HOST_CFLAGS = None
[INFO] [stderr]   CFLAGS = None
[INFO] [stderr]   CRATE_CC_NO_DEFAULTS = None
[INFO] [stderr]   DEBUG = Some("true")
[INFO] [stderr]   CARGO_CFG_TARGET_FEATURE = Some("fxsr,sse,sse2")
[INFO] [stderr]   running: "cc" "-O0" "-ffunction-sections" "-fdata-sections" "-fPIC" "-g" "-fno-omit-frame-pointer" "-m64" "-I" "/usr/include" "-Wall" "-Wextra" "-E" "build/expando.c"
[INFO] [stderr]   cargo:warning=build/expando.c:4:24: error: pasting "RUST_VERSION_OPENSSL_" and "(" does not give a valid preprocessing token
[INFO] [stderr]   cargo:warning=    4 | #define VERSION2(n, v) RUST_VERSION_##n##_##v
[INFO] [stderr]   cargo:warning=      |                        ^~~~~~~~~~~~~
[INFO] [stderr]   cargo:warning=build/expando.c:5:23: note: in expansion of macro 'VERSION2'
[INFO] [stderr]   cargo:warning=    5 | #define VERSION(n, v) VERSION2(n, v)
[INFO] [stderr]   cargo:warning=      |                       ^~~~~~~~
[INFO] [stderr]   cargo:warning=build/expando.c:10:1: note: in expansion of macro 'VERSION'
[INFO] [stderr]   cargo:warning=   10 | VERSION(OPENSSL, OPENSSL_VERSION_NUMBER)
[INFO] [stderr]   cargo:warning=      | ^~~~~~~
[INFO] [stderr]   exit status: 1
[INFO] [stderr] 
[INFO] [stderr]   --- stderr
[INFO] [stderr]   thread 'main' panicked at /opt/rustwide/cargo-home/registry/src/index.crates.io-6f17d22bba15001f/openssl-sys-0.9.52/build/main.rs:126:13:
[INFO] [stderr] 
[INFO] [stderr]   Header expansion error:
[INFO] [stderr]   Error { kind: ToolExecError, message: "Command \"cc\" \"-O0\" \"-ffunction-sections\" \"-fdata-sections\" \"-fPIC\" \"-g\" \"-fno-omit-frame-pointer\" \"-m64\" \"-I\" \"/usr/include\" \"-Wall\" \"-Wextra\" \"-E\" \"build/expando.c\" with args \"cc\" did not execute successfully (status code exit status: 1)." }
[INFO] [stderr] 
[INFO] [stderr]   Failed to find OpenSSL development headers.
[INFO] [stderr] 
[INFO] [stderr]   You can try fixing this setting the `OPENSSL_DIR` environment variable
[INFO] [stderr]   pointing to your OpenSSL installation or installing OpenSSL headers package
[INFO] [stderr]   specific to your distribution:
[INFO] [stderr] 
[INFO] [stderr]       # On Ubuntu
[INFO] [stderr]       sudo apt-get install libssl-dev
[INFO] [stderr]       # On Arch Linux
[INFO] [stderr]       sudo pacman -S openssl
[INFO] [stderr]       # On Fedora
[INFO] [stderr]       sudo dnf install openssl-devel
[INFO] [stderr] 
[INFO] [stderr]   See rust-openssl README for more information:
[INFO] [stderr] 
[INFO] [stderr]       https://github.com/sfackler/rust-openssl#linux
[INFO] [stderr] 
[INFO] [stderr]   stack backtrace:
[INFO] [stderr]      0:     0x5578d11e23c6 - std::backtrace_rs::backtrace::libunwind::trace::heebc7766b165eb2a
[INFO] [stderr]                                  at /rustc/268dbbbc4b3fd71c5f360a4d0728295252430b5b/library/std/src/../../backtrace/src/backtrace/libunwind.rs:104:5
[INFO] [stderr]      1:     0x5578d11e23c6 - std::backtrace_rs::backtrace::trace_unsynchronized::ha677020d8fc0296d
[INFO] [stderr]                                  at /rustc/268dbbbc4b3fd71c5f360a4d0728295252430b5b/library/std/src/../../backtrace/src/backtrace/mod.rs:66:5
[INFO] [stderr]      2:     0x5578d11e23c6 - std::sys_common::backtrace::_print_fmt::hcaff2fd86a1aeaa3
[INFO] [stderr]                                  at /rustc/268dbbbc4b3fd71c5f360a4d0728295252430b5b/library/std/src/sys_common/backtrace.rs:68:5
[INFO] [stderr]      3:     0x5578d11e23c6 - <std::sys_common::backtrace::_print::DisplayBacktrace as core::fmt::Display>::fmt::hc2446d8aa0059188
[INFO] [stderr]                                  at /rustc/268dbbbc4b3fd71c5f360a4d0728295252430b5b/library/std/src/sys_common/backtrace.rs:44:22
[INFO] [stderr]      4:     0x5578d12076c0 - core::fmt::rt::Argument::fmt::h2fbb6454da37999b
[INFO] [stderr]                                  at /rustc/268dbbbc4b3fd71c5f360a4d0728295252430b5b/library/core/src/fmt/rt.rs:142:9
[INFO] [stderr]      5:     0x5578d12076c0 - core::fmt::write::had96bdeda7d49d3a
[INFO] [stderr]                                  at /rustc/268dbbbc4b3fd71c5f360a4d0728295252430b5b/library/core/src/fmt/mod.rs:1120:17
[INFO] [stderr]      6:     0x5578d11dfb8f - std::io::Write::write_fmt::h30b1f36eea05b391
[INFO] [stderr]                                  at /rustc/268dbbbc4b3fd71c5f360a4d0728295252430b5b/library/std/src/io/mod.rs:1849:15
[INFO] [stderr]      7:     0x5578d11e21a4 - std::sys_common::backtrace::_print::hc333bb91ae972137
[INFO] [stderr]                                  at /rustc/268dbbbc4b3fd71c5f360a4d0728295252430b5b/library/std/src/sys_common/backtrace.rs:47:5
[INFO] [stderr]      8:     0x5578d11e21a4 - std::sys_common::backtrace::print::h18fd3c71a95a3169
[INFO] [stderr]                                  at /rustc/268dbbbc4b3fd71c5f360a4d0728295252430b5b/library/std/src/sys_common/backtrace.rs:34:9
[INFO] [stderr]      9:     0x5578d11e3a87 - std::panicking::default_hook::{{closure}}::ha3473f9bcb4e9a37
[INFO] [stderr]     10:     0x5578d11e37e9 - std::panicking::default_hook::h23d9d43185db6584
[INFO] [stderr]                                  at /rustc/268dbbbc4b3fd71c5f360a4d0728295252430b5b/library/std/src/panicking.rs:292:9
[INFO] [stderr]     11:     0x5578d11e3f18 - std::panicking::rust_panic_with_hook::h94aceaa7df3a6edd
[INFO] [stderr]                                  at /rustc/268dbbbc4b3fd71c5f360a4d0728295252430b5b/library/std/src/panicking.rs:781:13
[INFO] [stderr]     12:     0x5578d11e3df2 - std::panicking::begin_panic_handler::{{closure}}::h9905d45d1d82fc42
[INFO] [stderr]                                  at /rustc/268dbbbc4b3fd71c5f360a4d0728295252430b5b/library/std/src/panicking.rs:659:13
[INFO] [stderr]     13:     0x5578d11e28c6 - std::sys_common::backtrace::__rust_end_short_backtrace::hb02085545dc143b9
[INFO] [stderr]                                  at /rustc/268dbbbc4b3fd71c5f360a4d0728295252430b5b/library/std/src/sys_common/backtrace.rs:171:18
[INFO] [stderr]     14:     0x5578d11e3b44 - rust_begin_unwind
[INFO] [stderr]                                  at /rustc/268dbbbc4b3fd71c5f360a4d0728295252430b5b/library/std/src/panicking.rs:647:5
[INFO] [stderr]     15:     0x5578d1152685 - core::panicking::panic_fmt::h6dca3983f8a9f4d0
[INFO] [stderr]                                  at /rustc/268dbbbc4b3fd71c5f360a4d0728295252430b5b/library/core/src/panicking.rs:72:14
[INFO] [stderr]     16:     0x5578d115b25b - build_script_main::validate_headers::h42a6d56dcaf88089
[INFO] [stderr]     17:     0x5578d1157cbe - build_script_main::find::try_pkg_config::h0d3173b4c6102e22
[INFO] [stderr]     18:     0x5578d11569d8 - build_script_main::find::find_openssl_dir::he9d569764c25f60c
[INFO] [stderr]     19:     0x5578d11567e2 - build_script_main::find::get_openssl::{{closure}}::h2ac993ee039c9607
[INFO] [stderr]     20:     0x5578d115dc2f - core::option::Option<T>::unwrap_or_else::h01d6942f82e10c77
[INFO] [stderr]     21:     0x5578d11565dd - build_script_main::find::get_openssl::hcabd01db50017b2a
[INFO] [stderr]     22:     0x5578d1158ba9 - build_script_main::main::h4564a3f46671dde3
[INFO] [stderr]     23:     0x5578d1153923 - core::ops::function::FnOnce::call_once::h7a97512500abb171
[INFO] [stderr]     24:     0x5578d115c866 - std::sys_common::backtrace::__rust_begin_short_backtrace::hebfee94ac6f8cba1
[INFO] [stderr]     25:     0x5578d1153409 - std::rt::lang_start::{{closure}}::h14cf8720301f6228
[INFO] [stderr]     26:     0x5578d11dbcb1 - core::ops::function::impls::<impl core::ops::function::FnOnce<A> for &F>::call_once::h298d8ff12ebcec8c
[INFO] [stderr]                                  at /rustc/268dbbbc4b3fd71c5f360a4d0728295252430b5b/library/core/src/ops/function.rs:284:13
[INFO] [stderr]     27:     0x5578d11dbcb1 - std::panicking::try::do_call::hbd0ffb05da5bd343
[INFO] [stderr]                                  at /rustc/268dbbbc4b3fd71c5f360a4d0728295252430b5b/library/std/src/panicking.rs:554:40
[INFO] [stderr]     28:     0x5578d11dbcb1 - std::panicking::try::h11c9a152defd5d2a
[INFO] [stderr]                                  at /rustc/268dbbbc4b3fd71c5f360a4d0728295252430b5b/library/std/src/panicking.rs:518:19
[INFO] [stderr]     29:     0x5578d11dbcb1 - std::panic::catch_unwind::h0d6db2fa902b4d64
[INFO] [stderr]                                  at /rustc/268dbbbc4b3fd71c5f360a4d0728295252430b5b/library/std/src/panic.rs:142:14
[INFO] [stderr]     30:     0x5578d11dbcb1 - std::rt::lang_start_internal::{{closure}}::hdcc09b4aad7ef821
[INFO] [stderr]                                  at /rustc/268dbbbc4b3fd71c5f360a4d0728295252430b5b/library/std/src/rt.rs:148:48
[INFO] [stderr]     31:     0x5578d11dbcb1 - std::panicking::try::do_call::h3ffd2f162d60900f
[INFO] [stderr]                                  at /rustc/268dbbbc4b3fd71c5f360a4d0728295252430b5b/library/std/src/panicking.rs:554:40
[INFO] [stderr]     32:     0x5578d11dbcb1 - std::panicking::try::heeba82b9c3e190fb
[INFO] [stderr]                                  at /rustc/268dbbbc4b3fd71c5f360a4d0728295252430b5b/library/std/src/panicking.rs:518:19
[INFO] [stderr]     33:     0x5578d11dbcb1 - std::panic::catch_unwind::hdaab8f1c188f387f
[INFO] [stderr]                                  at /rustc/268dbbbc4b3fd71c5f360a4d0728295252430b5b/library/std/src/panic.rs:142:14
[INFO] [stderr]     34:     0x5578d11dbcb1 - std::rt::lang_start_internal::h9989e088c48b7903
[INFO] [stderr]                                  at /rustc/268dbbbc4b3fd71c5f360a4d0728295252430b5b/library/std/src/rt.rs:148:20
[INFO] [stderr]     35:     0x5578d11533e7 - std::rt::lang_start::h6068e22b860a1b45
[INFO] [stderr]     36:     0x5578d115c155 - main
[INFO] [stderr]     37:     0x7fa5a304ed90 - <unknown>
[INFO] [stderr]     38:     0x7fa5a304ee40 - __libc_start_main
[INFO] [stderr]     39:     0x5578d1152ea5 - _start
[INFO] [stderr]     40:                0x0 - <unknown>
[INFO] running `Command { std: "docker" "inspect" "b5c322888c121bcc290a8b1eec6db876155798865430946593372be6630b7b09", kill_on_drop: false }`
[INFO] running `Command { std: "docker" "rm" "-f" "b5c322888c121bcc290a8b1eec6db876155798865430946593372be6630b7b09", kill_on_drop: false }`
[INFO] [stdout] b5c322888c121bcc290a8b1eec6db876155798865430946593372be6630b7b09
