[INFO] fetching crate cairo-lang-sierra-ap-change 2.4.0-rc6...
[INFO] checking cairo-lang-sierra-ap-change-2.4.0-rc6 against nightly-2024-02-05 for check-cfg
[INFO] extracting crate cairo-lang-sierra-ap-change 2.4.0-rc6 into /workspace/builds/worker-1-tc1/source
[INFO] validating manifest of crates.io crate cairo-lang-sierra-ap-change 2.4.0-rc6 on toolchain nightly-2024-02-05
[INFO] running `Command { std: CARGO_HOME="/workspace/cargo-home" RUSTUP_HOME="/workspace/rustup-home" "/workspace/cargo-home/bin/cargo" "+nightly-2024-02-05" "metadata" "--manifest-path" "Cargo.toml" "--no-deps", kill_on_drop: false }`
[INFO] started tweaking crates.io crate cairo-lang-sierra-ap-change 2.4.0-rc6
[INFO] finished tweaking crates.io crate cairo-lang-sierra-ap-change 2.4.0-rc6
[INFO] tweaked toml for crates.io crate cairo-lang-sierra-ap-change 2.4.0-rc6 written to /workspace/builds/worker-1-tc1/source/Cargo.toml
[INFO] running `Command { std: CARGO_HOME="/workspace/cargo-home" RUSTUP_HOME="/workspace/rustup-home" "/workspace/cargo-home/bin/cargo" "+nightly-2024-02-05" "generate-lockfile" "--manifest-path" "Cargo.toml", kill_on_drop: false }`
[INFO] [stderr]     Updating crates.io index
[INFO] running `Command { std: CARGO_HOME="/workspace/cargo-home" RUSTUP_HOME="/workspace/rustup-home" "/workspace/cargo-home/bin/cargo" "+nightly-2024-02-05" "fetch" "--manifest-path" "Cargo.toml", kill_on_drop: false }`
[INFO] [stderr]  Downloading crates ...
[INFO] [stderr]   Downloaded salsa-macros v0.16.0
[INFO] [stderr]   Downloaded pico-args v0.5.0
[INFO] [stderr]   Downloaded cairo-lang-sierra-type-size v2.5.3
[INFO] [stderr]   Downloaded good_lp v1.7.0
[INFO] [stderr]   Downloaded cairo-felt v0.9.1
[INFO] [stderr]   Downloaded const-fnv1a-hash v1.1.0
[INFO] [stderr]   Downloaded cairo-lang-eq-solver v2.5.3
[INFO] [stderr]   Downloaded minilp v0.2.2
[INFO] [stderr]   Downloaded cairo-lang-utils v2.5.3
[INFO] [stderr]   Downloaded smol_str v0.2.1
[INFO] [stderr]   Downloaded lalrpop-util v0.20.0
[INFO] [stderr]   Downloaded sprs v0.7.1
[INFO] [stderr]   Downloaded cairo-lang-sierra v2.5.3
[INFO] [stderr]   Downloaded salsa v0.16.1
[INFO] [stderr]   Downloaded ndarray v0.13.1
[INFO] [stderr]   Downloaded lalrpop v0.20.0
[INFO] running `Command { std: "docker" "create" "-v" "/var/lib/crater-agent-workspace/builds/worker-1-tc1/target:/opt/rustwide/target:rw,Z" "-v" "/var/lib/crater-agent-workspace/builds/worker-1-tc1/source:/opt/rustwide/workdir:ro,Z" "-v" "/var/lib/crater-agent-workspace/cargo-home:/opt/rustwide/cargo-home:ro,Z" "-v" "/var/lib/crater-agent-workspace/rustup-home:/opt/rustwide/rustup-home:ro,Z" "-e" "SOURCE_DIR=/opt/rustwide/workdir" "-e" "CARGO_TARGET_DIR=/opt/rustwide/target" "-e" "CARGO_HOME=/opt/rustwide/cargo-home" "-e" "RUSTUP_HOME=/opt/rustwide/rustup-home" "-w" "/opt/rustwide/workdir" "-m" "1610612736" "--user" "0:0" "--network" "none" "ghcr.io/rust-lang/crates-build-env/linux@sha256:2788e3201cd34a07e3172128adcd8b3090168a8e3bcc40d7c032b9dda1df7d1c" "/opt/rustwide/cargo-home/bin/cargo" "+nightly-2024-02-05" "metadata" "--no-deps" "--format-version=1", kill_on_drop: false }`
[INFO] [stdout] 47b3fdb784094f19fbc293bee67524dbb36027a2389a3dc828c80bc5e03a1561
[INFO] running `Command { std: "docker" "start" "-a" "47b3fdb784094f19fbc293bee67524dbb36027a2389a3dc828c80bc5e03a1561", kill_on_drop: false }`
[INFO] running `Command { std: "docker" "inspect" "47b3fdb784094f19fbc293bee67524dbb36027a2389a3dc828c80bc5e03a1561", kill_on_drop: false }`
[INFO] running `Command { std: "docker" "rm" "-f" "47b3fdb784094f19fbc293bee67524dbb36027a2389a3dc828c80bc5e03a1561", kill_on_drop: false }`
[INFO] [stdout] 47b3fdb784094f19fbc293bee67524dbb36027a2389a3dc828c80bc5e03a1561
[INFO] running `Command { std: "docker" "create" "-v" "/var/lib/crater-agent-workspace/builds/worker-1-tc1/target:/opt/rustwide/target:rw,Z" "-v" "/var/lib/crater-agent-workspace/builds/worker-1-tc1/source:/opt/rustwide/workdir:ro,Z" "-v" "/var/lib/crater-agent-workspace/cargo-home:/opt/rustwide/cargo-home:ro,Z" "-v" "/var/lib/crater-agent-workspace/rustup-home:/opt/rustwide/rustup-home:ro,Z" "-e" "SOURCE_DIR=/opt/rustwide/workdir" "-e" "CARGO_TARGET_DIR=/opt/rustwide/target" "-e" "CARGO_INCREMENTAL=0" "-e" "RUST_BACKTRACE=full" "-e" "RUSTFLAGS=--cap-lints=forbid" "-e" "RUSTDOCFLAGS=--cap-lints=forbid" "-e" "CARGO_HOME=/opt/rustwide/cargo-home" "-e" "RUSTUP_HOME=/opt/rustwide/rustup-home" "-w" "/opt/rustwide/workdir" "-m" "1610612736" "--user" "0:0" "--network" "none" "ghcr.io/rust-lang/crates-build-env/linux@sha256:2788e3201cd34a07e3172128adcd8b3090168a8e3bcc40d7c032b9dda1df7d1c" "/opt/rustwide/cargo-home/bin/cargo" "+nightly-2024-02-05" "check" "--frozen" "--all" "--all-targets" "--message-format=json", kill_on_drop: false }`
[INFO] [stdout] 4435d51d98fe6fd3820e9a719f920f9e8dffdf9a26295291a8cc3f43937b0272
[INFO] running `Command { std: "docker" "start" "-a" "4435d51d98fe6fd3820e9a719f920f9e8dffdf9a26295291a8cc3f43937b0272", kill_on_drop: false }`
[INFO] [stderr]    Compiling num-integer v0.1.45
[INFO] [stderr]    Compiling syn v1.0.109
[INFO] [stderr]    Compiling dirs-sys-next v0.1.2
[INFO] [stderr]    Compiling ahash v0.8.7
[INFO] [stderr]     Checking serde v1.0.196
[INFO] [stderr]    Compiling indexmap v1.9.3
[INFO] [stderr]    Compiling parking_lot_core v0.9.9
[INFO] [stderr]    Compiling num-complex v0.2.4
[INFO] [stderr]    Compiling dirs-next v2.0.0
[INFO] [stderr]     Checking zerocopy v0.7.32
[INFO] [stderr]     Checking once_cell v1.19.0
[INFO] [stderr]    Compiling rustix v0.38.31
[INFO] [stderr]    Compiling term v0.7.0
[INFO] [stderr]    Compiling parking_lot v0.12.1
[INFO] [stderr]    Compiling ndarray v0.13.1
[INFO] [stderr]    Compiling schemars v0.8.16
[INFO] [stderr]    Compiling parking_lot_core v0.8.6
[INFO] [stderr]    Compiling ascii-canvas v3.0.0
[INFO] [stderr]    Compiling string_cache v0.8.7
[INFO] [stderr]     Checking regex-automata v0.4.5
[INFO] [stderr]     Checking matrixmultiply v0.2.4
[INFO] [stderr]    Compiling lalrpop-util v0.20.0
[INFO] [stderr]    Compiling is-terminal v0.4.10
[INFO] [stderr]    Compiling regex-syntax v0.7.5
[INFO] [stderr]     Checking either v1.9.0
[INFO] [stderr]    Compiling pico-args v0.5.0
[INFO] [stderr]     Checking itertools v0.11.0
[INFO] [stderr]     Checking num-traits v0.1.43
[INFO] [stderr]     Checking lazy_static v1.4.0
[INFO] [stderr]     Checking parking_lot v0.11.2
[INFO] [stderr]     Checking oorandom v11.1.3
[INFO] [stderr]     Checking keccak v0.1.5
[INFO] [stderr]     Checking unicode-segmentation v1.10.1
[INFO] [stderr]     Checking sha3 v0.10.8
[INFO] [stderr]     Checking const-fnv1a-hash v1.1.0
[INFO] [stderr]     Checking convert_case v0.6.0
[INFO] [stderr]     Checking hashbrown v0.14.3
[INFO] [stderr]     Checking num-bigint v0.4.4
[INFO] [stderr]     Checking serde_json v1.0.113
[INFO] [stderr]     Checking regex v1.10.3
[INFO] [stderr]    Compiling lalrpop v0.20.0
[INFO] [stderr]     Checking indexmap v2.2.2
[INFO] [stderr]     Checking smol_str v0.2.1
[INFO] [stderr]     Checking env_logger v0.10.2
[INFO] [stderr]     Checking sprs v0.7.1
[INFO] [stderr]    Compiling serde_derive_internals v0.26.0
[INFO] [stderr]     Checking cairo-felt v0.9.1
[INFO] [stderr]     Checking minilp v0.2.2
[INFO] [stderr]    Compiling schemars_derive v0.8.16
[INFO] [stderr]    Compiling salsa-macros v0.16.0
[INFO] [stderr]    Compiling derivative v2.2.0
[INFO] [stderr]     Checking good_lp v1.7.0
[INFO] [stderr]     Checking salsa v0.16.1
[INFO] [stderr]     Checking cairo-lang-utils v2.5.3
[INFO] [stderr]     Checking cairo-lang-eq-solver v2.5.3
[INFO] [stderr]    Compiling cairo-lang-sierra v2.5.3
[INFO] [stderr]     Checking cairo-lang-sierra-type-size v2.5.3
[INFO] [stderr]     Checking cairo-lang-sierra-ap-change v2.4.0-rc6 (/opt/rustwide/workdir)
[INFO] [stdout] error[E0609]: no field `from_info` on type `&DowncastConcreteLibfunc`
[INFO] [stdout]    --> src/core_libfunc_ap_change.rs:100:31
[INFO] [stdout]     |
[INFO] [stdout] 100 |                 match libfunc.from_info.cast_type(&libfunc.to_info) {
[INFO] [stdout]     |                               ^^^^^^^^^ unknown field
[INFO] [stdout]     |
[INFO] [stdout]     = note: available fields are: `signature`, `from_ty`, `from_range`, `to_ty`, `to_range`
[INFO] [stdout] 
[INFO] [stdout] 
[INFO] [stdout] error[E0609]: no field `from_info` on type `&DowncastConcreteLibfunc`
[INFO] [stdout]    --> src/core_libfunc_ap_change.rs:100:31
[INFO] [stdout]     |
[INFO] [stdout] 100 |                 match libfunc.from_info.cast_type(&libfunc.to_info) {
[INFO] [stdout]     |                               ^^^^^^^^^ unknown field
[INFO] [stdout]     |
[INFO] [stdout]     = note: available fields are: `signature`, `from_ty`, `from_range`, `to_ty`, `to_range`
[INFO] [stdout] 
[INFO] [stdout] 
[INFO] [stdout] error[E0609]: no field `to_info` on type `&DowncastConcreteLibfunc`
[INFO] [stdout]    --> src/core_libfunc_ap_change.rs:100:60
[INFO] [stdout]     |
[INFO] [stdout] 100 |                 match libfunc.from_info.cast_type(&libfunc.to_info) {
[INFO] [stdout]     |                                                            ^^^^^^^ unknown field
[INFO] [stdout]     |
[INFO] [stdout]     = note: available fields are: `signature`, `from_ty`, `from_range`, `to_ty`, `to_range`
[INFO] [stdout] 
[INFO] [stdout] 
[INFO] [stdout] error[E0609]: no field `to_info` on type `&DowncastConcreteLibfunc`
[INFO] [stdout]    --> src/core_libfunc_ap_change.rs:100:60
[INFO] [stdout]     |
[INFO] [stdout] 100 |                 match libfunc.from_info.cast_type(&libfunc.to_info) {
[INFO] [stdout]     |                                                            ^^^^^^^ unknown field
[INFO] [stdout]     |
[INFO] [stdout]     = note: available fields are: `signature`, `from_ty`, `from_range`, `to_ty`, `to_range`
[INFO] [stdout] 
[INFO] [stdout] 
[INFO] [stdout] error[E0609]: no field `to_info` on type `&DowncastConcreteLibfunc`
[INFO] [stdout]    --> src/core_libfunc_ap_change.rs:109:65
[INFO] [stdout]     |
[INFO] [stdout] 109 |                         ApChange::Known(1 + usize::from(libfunc.to_info.signed)),
[INFO] [stdout]     |                                                                 ^^^^^^^ unknown field
[INFO] [stdout]     |
[INFO] [stdout]     = note: available fields are: `signature`, `from_ty`, `from_range`, `to_ty`, `to_range`
[INFO] [stdout] 
[INFO] [stdout] 
[INFO] [stdout] error[E0609]: no field `to_info` on type `&DowncastConcreteLibfunc`
[INFO] [stdout]    --> src/core_libfunc_ap_change.rs:109:65
[INFO] [stdout]     |
[INFO] [stdout] 109 |                         ApChange::Known(1 + usize::from(libfunc.to_info.signed)),
[INFO] [stdout]     |                                                                 ^^^^^^^ unknown field
[INFO] [stdout]     |
[INFO] [stdout]     = note: available fields are: `signature`, `from_ty`, `from_range`, `to_ty`, `to_range`
[INFO] [stdout] 
[INFO] [stdout] 
[INFO] [stdout] error[E0609]: no field `to_info` on type `&DowncastConcreteLibfunc`
[INFO] [stdout]    --> src/core_libfunc_ap_change.rs:114:65
[INFO] [stdout]     |
[INFO] [stdout] 114 |                         ApChange::Known(2 + usize::from(libfunc.to_info.signed)),
[INFO] [stdout]     |                                                                 ^^^^^^^ unknown field
[INFO] [stdout]     |
[INFO] [stdout]     = note: available fields are: `signature`, `from_ty`, `from_range`, `to_ty`, `to_range`
[INFO] [stdout] 
[INFO] [stdout] 
[INFO] [stdout] error[E0609]: no field `to_info` on type `&DowncastConcreteLibfunc`
[INFO] [stdout]    --> src/core_libfunc_ap_change.rs:114:65
[INFO] [stdout]     |
[INFO] [stdout] 114 |                         ApChange::Known(2 + usize::from(libfunc.to_info.signed)),
[INFO] [stdout]     |                                                                 ^^^^^^^ unknown field
[INFO] [stdout]     |
[INFO] [stdout]     = note: available fields are: `signature`, `from_ty`, `from_range`, `to_ty`, `to_range`
[INFO] [stdout] 
[INFO] [stdout] 
[INFO] [stdout] error[E0599]: no variant or associated item named `MatchNullableSnapshot` found for enum `NullableConcreteLibfunc` in the current scope
[INFO] [stdout]    --> src/core_libfunc_ap_change.rs:293:40
[INFO] [stdout]     |
[INFO] [stdout] 293 |             | NullableConcreteLibfunc::MatchNullableSnapshot(_) => {
[INFO] [stdout]     |                                        ^^^^^^^^^^^^^^^^^^^^^ variant or associated item not found in `NullableConcreteLibfunc`
[INFO] [stdout] 
[INFO] [stdout] 
[INFO] [stdout] error[E0599]: no variant or associated item named `MatchNullableSnapshot` found for enum `NullableConcreteLibfunc` in the current scope
[INFO] [stdout]    --> src/core_libfunc_ap_change.rs:293:40
[INFO] [stdout]     |
[INFO] [stdout] 293 |             | NullableConcreteLibfunc::MatchNullableSnapshot(_) => {
[INFO] [stdout]     |                                        ^^^^^^^^^^^^^^^^^^^^^ variant or associated item not found in `NullableConcreteLibfunc`
[INFO] [stdout] 
[INFO] [stdout] 
[INFO] [stdout] error: aborting due to 5 previous errors
[INFO] [stdout] 
[INFO] [stdout] 
[INFO] [stdout] Some errors have detailed explanations: E0599, E0609.
[INFO] [stdout] 
[INFO] [stdout] For more information about an error, try `rustc --explain E0599`.
[INFO] [stdout] 
[INFO] [stdout] error: aborting due to 5 previous errors
[INFO] [stdout] 
[INFO] [stdout] 
[INFO] [stdout] Some errors have detailed explanations: E0599, E0609.
[INFO] [stdout] 
[INFO] [stdout] For more information about an error, try `rustc --explain E0599`.
[INFO] [stdout] 
[INFO] [stderr] error: could not compile `cairo-lang-sierra-ap-change` (lib) due to 6 previous errors
[INFO] [stderr] warning: build failed, waiting for other jobs to finish...
[INFO] [stderr] error: could not compile `cairo-lang-sierra-ap-change` (lib test) due to 6 previous errors
[INFO] running `Command { std: "docker" "inspect" "4435d51d98fe6fd3820e9a719f920f9e8dffdf9a26295291a8cc3f43937b0272", kill_on_drop: false }`
[INFO] running `Command { std: "docker" "rm" "-f" "4435d51d98fe6fd3820e9a719f920f9e8dffdf9a26295291a8cc3f43937b0272", kill_on_drop: false }`
[INFO] [stdout] 4435d51d98fe6fd3820e9a719f920f9e8dffdf9a26295291a8cc3f43937b0272
[INFO] checking cairo-lang-sierra-ap-change-2.4.0-rc6 against nightly-2024-02-05+rustflags=-Dunexpected_cfgs+cargoflags=-Zcheck-cfg for check-cfg
[INFO] extracting crate cairo-lang-sierra-ap-change 2.4.0-rc6 into /workspace/builds/worker-1-tc2/source
[INFO] validating manifest of crates.io crate cairo-lang-sierra-ap-change 2.4.0-rc6 on toolchain nightly-2024-02-05
[INFO] running `Command { std: CARGO_HOME="/workspace/cargo-home" RUSTUP_HOME="/workspace/rustup-home" "/workspace/cargo-home/bin/cargo" "+nightly-2024-02-05" "metadata" "--manifest-path" "Cargo.toml" "--no-deps", kill_on_drop: false }`
[INFO] started tweaking crates.io crate cairo-lang-sierra-ap-change 2.4.0-rc6
[INFO] finished tweaking crates.io crate cairo-lang-sierra-ap-change 2.4.0-rc6
[INFO] tweaked toml for crates.io crate cairo-lang-sierra-ap-change 2.4.0-rc6 written to /workspace/builds/worker-1-tc2/source/Cargo.toml
[INFO] running `Command { std: CARGO_HOME="/workspace/cargo-home" RUSTUP_HOME="/workspace/rustup-home" "/workspace/cargo-home/bin/cargo" "+nightly-2024-02-05" "generate-lockfile" "--manifest-path" "Cargo.toml", kill_on_drop: false }`
[INFO] [stderr]     Updating crates.io index
[INFO] running `Command { std: CARGO_HOME="/workspace/cargo-home" RUSTUP_HOME="/workspace/rustup-home" "/workspace/cargo-home/bin/cargo" "+nightly-2024-02-05" "fetch" "--manifest-path" "Cargo.toml", kill_on_drop: false }`
[INFO] running `Command { std: "docker" "create" "-v" "/var/lib/crater-agent-workspace/builds/worker-1-tc2/target:/opt/rustwide/target:rw,Z" "-v" "/var/lib/crater-agent-workspace/builds/worker-1-tc2/source:/opt/rustwide/workdir:ro,Z" "-v" "/var/lib/crater-agent-workspace/cargo-home:/opt/rustwide/cargo-home:ro,Z" "-v" "/var/lib/crater-agent-workspace/rustup-home:/opt/rustwide/rustup-home:ro,Z" "-e" "SOURCE_DIR=/opt/rustwide/workdir" "-e" "CARGO_TARGET_DIR=/opt/rustwide/target" "-e" "CARGO_HOME=/opt/rustwide/cargo-home" "-e" "RUSTUP_HOME=/opt/rustwide/rustup-home" "-w" "/opt/rustwide/workdir" "-m" "1610612736" "--user" "0:0" "--network" "none" "ghcr.io/rust-lang/crates-build-env/linux@sha256:2788e3201cd34a07e3172128adcd8b3090168a8e3bcc40d7c032b9dda1df7d1c" "/opt/rustwide/cargo-home/bin/cargo" "+nightly-2024-02-05" "metadata" "--no-deps" "--format-version=1", kill_on_drop: false }`
[INFO] [stdout] 3482e4521356f3f15ebb7d5228ea1a443cc46a021005f74a26c03cc32ca775bb
[INFO] running `Command { std: "docker" "start" "-a" "3482e4521356f3f15ebb7d5228ea1a443cc46a021005f74a26c03cc32ca775bb", kill_on_drop: false }`
[INFO] running `Command { std: "docker" "inspect" "3482e4521356f3f15ebb7d5228ea1a443cc46a021005f74a26c03cc32ca775bb", kill_on_drop: false }`
[INFO] running `Command { std: "docker" "rm" "-f" "3482e4521356f3f15ebb7d5228ea1a443cc46a021005f74a26c03cc32ca775bb", kill_on_drop: false }`
[INFO] [stdout] 3482e4521356f3f15ebb7d5228ea1a443cc46a021005f74a26c03cc32ca775bb
[INFO] running `Command { std: "docker" "create" "-v" "/var/lib/crater-agent-workspace/builds/worker-1-tc2/target:/opt/rustwide/target:rw,Z" "-v" "/var/lib/crater-agent-workspace/builds/worker-1-tc2/source:/opt/rustwide/workdir:ro,Z" "-v" "/var/lib/crater-agent-workspace/cargo-home:/opt/rustwide/cargo-home:ro,Z" "-v" "/var/lib/crater-agent-workspace/rustup-home:/opt/rustwide/rustup-home:ro,Z" "-e" "SOURCE_DIR=/opt/rustwide/workdir" "-e" "CARGO_TARGET_DIR=/opt/rustwide/target" "-e" "CARGO_INCREMENTAL=0" "-e" "RUST_BACKTRACE=full" "-e" "RUSTFLAGS=--cap-lints=forbid -Dunexpected_cfgs" "-e" "RUSTDOCFLAGS=--cap-lints=forbid" "-e" "CARGO_HOME=/opt/rustwide/cargo-home" "-e" "RUSTUP_HOME=/opt/rustwide/rustup-home" "-w" "/opt/rustwide/workdir" "-m" "1610612736" "--user" "0:0" "--network" "none" "ghcr.io/rust-lang/crates-build-env/linux@sha256:2788e3201cd34a07e3172128adcd8b3090168a8e3bcc40d7c032b9dda1df7d1c" "/opt/rustwide/cargo-home/bin/cargo" "+nightly-2024-02-05" "check" "--frozen" "--all" "--all-targets" "--message-format=json" "-Zcheck-cfg", kill_on_drop: false }`
[INFO] [stdout] b961960a21a936e0d1a69a7f92817e0d7a9e0941b591be99aa642859dc2d7ad6
[INFO] running `Command { std: "docker" "start" "-a" "b961960a21a936e0d1a69a7f92817e0d7a9e0941b591be99aa642859dc2d7ad6", kill_on_drop: false }`
[INFO] [stderr]    Compiling num-integer v0.1.45
[INFO] [stderr]    Compiling syn v1.0.109
[INFO] [stderr]    Compiling dirs-sys-next v0.1.2
[INFO] [stderr]    Compiling ahash v0.8.7
[INFO] [stderr]    Compiling indexmap v1.9.3
[INFO] [stderr]     Checking serde v1.0.196
[INFO] [stderr]    Compiling parking_lot_core v0.9.9
[INFO] [stderr]    Compiling num-complex v0.2.4
[INFO] [stderr]    Compiling dirs-next v2.0.0
[INFO] [stderr]     Checking once_cell v1.19.0
[INFO] [stderr]     Checking zerocopy v0.7.32
[INFO] [stderr]    Compiling rustix v0.38.31
[INFO] [stderr]    Compiling term v0.7.0
[INFO] [stderr]    Compiling parking_lot v0.12.1
[INFO] [stderr]    Compiling schemars v0.8.16
[INFO] [stderr]    Compiling parking_lot_core v0.8.6
[INFO] [stderr]    Compiling ndarray v0.13.1
[INFO] [stderr]     Checking regex-automata v0.4.5
[INFO] [stderr]    Compiling string_cache v0.8.7
[INFO] [stderr]    Compiling ascii-canvas v3.0.0
[INFO] [stderr]     Checking matrixmultiply v0.2.4
[INFO] [stderr]    Compiling lalrpop-util v0.20.0
[INFO] [stderr]    Compiling is-terminal v0.4.10
[INFO] [stderr]    Compiling pico-args v0.5.0
[INFO] [stderr]     Checking either v1.9.0
[INFO] [stderr]    Compiling regex-syntax v0.7.5
[INFO] [stderr]     Checking itertools v0.11.0
[INFO] [stderr]     Checking num-traits v0.1.43
[INFO] [stderr]     Checking lazy_static v1.4.0
[INFO] [stderr]     Checking unicode-segmentation v1.10.1
[INFO] [stderr]     Checking parking_lot v0.11.2
[INFO] [stderr]     Checking oorandom v11.1.3
[INFO] [stderr]     Checking keccak v0.1.5
[INFO] [stderr]     Checking convert_case v0.6.0
[INFO] [stderr]     Checking sha3 v0.10.8
[INFO] [stderr]     Checking const-fnv1a-hash v1.1.0
[INFO] [stderr]     Checking regex v1.10.3
[INFO] [stderr]    Compiling lalrpop v0.20.0
[INFO] [stderr]     Checking env_logger v0.10.2
[INFO] [stderr]     Checking serde_json v1.0.113
[INFO] [stderr]     Checking num-bigint v0.4.4
[INFO] [stderr]     Checking hashbrown v0.14.3
[INFO] [stderr]     Checking smol_str v0.2.1
[INFO] [stderr]     Checking sprs v0.7.1
[INFO] [stderr]    Compiling serde_derive_internals v0.26.0
[INFO] [stderr]     Checking indexmap v2.2.2
[INFO] [stderr]     Checking cairo-felt v0.9.1
[INFO] [stderr]     Checking minilp v0.2.2
[INFO] [stderr]    Compiling schemars_derive v0.8.16
[INFO] [stderr]    Compiling salsa-macros v0.16.0
[INFO] [stderr]    Compiling derivative v2.2.0
[INFO] [stderr]     Checking good_lp v1.7.0
[INFO] [stderr]     Checking salsa v0.16.1
[INFO] [stderr]     Checking cairo-lang-utils v2.5.3
[INFO] [stderr]     Checking cairo-lang-eq-solver v2.5.3
[INFO] [stderr]    Compiling cairo-lang-sierra v2.5.3
[INFO] [stderr]     Checking cairo-lang-sierra-type-size v2.5.3
[INFO] [stderr]     Checking cairo-lang-sierra-ap-change v2.4.0-rc6 (/opt/rustwide/workdir)
[INFO] [stdout] error[E0609]: no field `from_info` on type `&DowncastConcreteLibfunc`
[INFO] [stdout]    --> src/core_libfunc_ap_change.rs:100:31
[INFO] [stdout]     |
[INFO] [stdout] 100 |                 match libfunc.from_info.cast_type(&libfunc.to_info) {
[INFO] [stdout]     |                               ^^^^^^^^^ unknown field
[INFO] [stdout]     |
[INFO] [stdout]     = note: available fields are: `signature`, `from_ty`, `from_range`, `to_ty`, `to_range`
[INFO] [stdout] 
[INFO] [stdout] 
[INFO] [stdout] error[E0609]: no field `from_info` on type `&DowncastConcreteLibfunc`
[INFO] [stdout]    --> src/core_libfunc_ap_change.rs:100:31
[INFO] [stdout]     |
[INFO] [stdout] 100 |                 match libfunc.from_info.cast_type(&libfunc.to_info) {
[INFO] [stdout]     |                               ^^^^^^^^^ unknown field
[INFO] [stdout]     |
[INFO] [stdout]     = note: available fields are: `signature`, `from_ty`, `from_range`, `to_ty`, `to_range`
[INFO] [stdout] 
[INFO] [stdout] 
[INFO] [stdout] error[E0609]: no field `to_info` on type `&DowncastConcreteLibfunc`
[INFO] [stdout]    --> src/core_libfunc_ap_change.rs:100:60
[INFO] [stdout]     |
[INFO] [stdout] 100 |                 match libfunc.from_info.cast_type(&libfunc.to_info) {
[INFO] [stdout]     |                                                            ^^^^^^^ unknown field
[INFO] [stdout]     |
[INFO] [stdout]     = note: available fields are: `signature`, `from_ty`, `from_range`, `to_ty`, `to_range`
[INFO] [stdout] 
[INFO] [stdout] 
[INFO] [stdout] error[E0609]: no field `to_info` on type `&DowncastConcreteLibfunc`
[INFO] [stdout]    --> src/core_libfunc_ap_change.rs:100:60
[INFO] [stdout]     |
[INFO] [stdout] 100 |                 match libfunc.from_info.cast_type(&libfunc.to_info) {
[INFO] [stdout]     |                                                            ^^^^^^^ unknown field
[INFO] [stdout]     |
[INFO] [stdout]     = note: available fields are: `signature`, `from_ty`, `from_range`, `to_ty`, `to_range`
[INFO] [stdout] 
[INFO] [stdout] 
[INFO] [stdout] error[E0609]: no field `to_info` on type `&DowncastConcreteLibfunc`
[INFO] [stdout]    --> src/core_libfunc_ap_change.rs:109:65
[INFO] [stdout]     |
[INFO] [stdout] 109 |                         ApChange::Known(1 + usize::from(libfunc.to_info.signed)),
[INFO] [stdout]     |                                                                 ^^^^^^^ unknown field
[INFO] [stdout]     |
[INFO] [stdout]     = note: available fields are: `signature`, `from_ty`, `from_range`, `to_ty`, `to_range`
[INFO] [stdout] 
[INFO] [stdout] 
[INFO] [stdout] error[E0609]: no field `to_info` on type `&DowncastConcreteLibfunc`
[INFO] [stdout]    --> src/core_libfunc_ap_change.rs:109:65
[INFO] [stdout]     |
[INFO] [stdout] 109 |                         ApChange::Known(1 + usize::from(libfunc.to_info.signed)),
[INFO] [stdout]     |                                                                 ^^^^^^^ unknown field
[INFO] [stdout]     |
[INFO] [stdout]     = note: available fields are: `signature`, `from_ty`, `from_range`, `to_ty`, `to_range`
[INFO] [stdout] 
[INFO] [stdout] 
[INFO] [stdout] error[E0609]: no field `to_info` on type `&DowncastConcreteLibfunc`
[INFO] [stdout]    --> src/core_libfunc_ap_change.rs:114:65
[INFO] [stdout]     |
[INFO] [stdout] 114 |                         ApChange::Known(2 + usize::from(libfunc.to_info.signed)),
[INFO] [stdout]     |                                                                 ^^^^^^^ unknown field
[INFO] [stdout]     |
[INFO] [stdout]     = note: available fields are: `signature`, `from_ty`, `from_range`, `to_ty`, `to_range`
[INFO] [stdout] 
[INFO] [stdout] 
[INFO] [stdout] error[E0609]: no field `to_info` on type `&DowncastConcreteLibfunc`
[INFO] [stdout]    --> src/core_libfunc_ap_change.rs:114:65
[INFO] [stdout]     |
[INFO] [stdout] 114 |                         ApChange::Known(2 + usize::from(libfunc.to_info.signed)),
[INFO] [stdout]     |                                                                 ^^^^^^^ unknown field
[INFO] [stdout]     |
[INFO] [stdout]     = note: available fields are: `signature`, `from_ty`, `from_range`, `to_ty`, `to_range`
[INFO] [stdout] 
[INFO] [stdout] 
[INFO] [stdout] error[E0599]: no variant or associated item named `MatchNullableSnapshot` found for enum `NullableConcreteLibfunc` in the current scope
[INFO] [stdout]    --> src/core_libfunc_ap_change.rs:293:40
[INFO] [stdout]     |
[INFO] [stdout] 293 |             | NullableConcreteLibfunc::MatchNullableSnapshot(_) => {
[INFO] [stdout]     |                                        ^^^^^^^^^^^^^^^^^^^^^ variant or associated item not found in `NullableConcreteLibfunc`
[INFO] [stdout] 
[INFO] [stdout] 
[INFO] [stdout] error[E0599]: no variant or associated item named `MatchNullableSnapshot` found for enum `NullableConcreteLibfunc` in the current scope
[INFO] [stdout]    --> src/core_libfunc_ap_change.rs:293:40
[INFO] [stdout]     |
[INFO] [stdout] 293 |             | NullableConcreteLibfunc::MatchNullableSnapshot(_) => {
[INFO] [stdout]     |                                        ^^^^^^^^^^^^^^^^^^^^^ variant or associated item not found in `NullableConcreteLibfunc`
[INFO] [stdout] 
[INFO] [stdout] 
[INFO] [stdout] error: aborting due to 5 previous errors
[INFO] [stdout] 
[INFO] [stdout] 
[INFO] [stdout] Some errors have detailed explanations: E0599, E0609.
[INFO] [stdout] 
[INFO] [stdout] For more information about an error, try `rustc --explain E0599`.
[INFO] [stdout] 
[INFO] [stdout] error: aborting due to 5 previous errors
[INFO] [stdout] 
[INFO] [stdout] 
[INFO] [stdout] Some errors have detailed explanations: E0599, E0609.
[INFO] [stdout] 
[INFO] [stdout] For more information about an error, try `rustc --explain E0599`.
[INFO] [stdout] 
[INFO] [stderr] error: could not compile `cairo-lang-sierra-ap-change` (lib) due to 6 previous errors
[INFO] [stderr] warning: build failed, waiting for other jobs to finish...
[INFO] [stderr] error: could not compile `cairo-lang-sierra-ap-change` (lib test) due to 6 previous errors
[INFO] running `Command { std: "docker" "inspect" "b961960a21a936e0d1a69a7f92817e0d7a9e0941b591be99aa642859dc2d7ad6", kill_on_drop: false }`
[INFO] running `Command { std: "docker" "rm" "-f" "b961960a21a936e0d1a69a7f92817e0d7a9e0941b591be99aa642859dc2d7ad6", kill_on_drop: false }`
[INFO] [stdout] b961960a21a936e0d1a69a7f92817e0d7a9e0941b591be99aa642859dc2d7ad6
